76.97.178.11 - - [08/Sep/2008:05:35:06 -0700] "GET /musotica/images/tell.gif HTTP/1.1" 200 67 "http://musotica.com/seitbibi.html" "Mozilla/5.0 (Windows; U; Windows NT 6.0; en-US; rv:1.9.0.1) Gecko/2008070208 Firefox/3.0.1 (.NET CLR 3.5.30729)" "site.musotica.com"
76.97.178.11 - - [08/Sep/2008:05:35:06 -0700] "GET /musotica/images/home.gif HTTP/1.1" 200 70 "http://musotica.com/seitbibi.html" "Mozilla/5.0 (Windows; U; Windows NT 6.0; en-US; rv:1.9.0.1) Gecko/2008070208 Firefox/3.0.1 (.NET CLR 3.5.30729)" "site.musotica.com"
76.97.178.11 - - [08/Sep/2008:05:35:06 -0700] "GET /musotica/images/go.gif HTTP/1.1" 200 731 "http://musotica.com/seitbibi.html" "Mozilla/5.0 (Windows; U; Windows NT 6.0; en-US; rv:1.9.0.1) Gecko/2008070208 Firefox/3.0.1 (.NET CLR 3.5.30729)" "site.musotica.com"
76.97.178.11 - - [08/Sep/2008:05:35:06 -0700] "GET /musotica/images/logo.gif HTTP/1.1" 200 2006 "http://musotica.com/seitbibi.html" "Mozilla/5.0 (Windows; U; Windows NT 6.0; en-US; rv:1.9.0.1) Gecko/2008070208 Firefox/3.0.1 (.NET CLR 3.5.30729)" "site.musotica.com"
76.97.178.11 - - [08/Sep/2008:05:35:06 -0700] "GET /musotica/images/bookmark.gif HTTP/1.1" 200 124 "http://musotica.com/seitbibi.html" "Mozilla/5.0 (Windows; U; Windows NT 6.0; en-US; rv:1.9.0.1) Gecko/2008070208 Firefox/3.0.1 (.NET CLR 3.5.30729)" "site.musotica.com"
76.97.178.11 - - [08/Sep/2008:05:35:06 -0700] "GET /musotica/images/phone.gif HTTP/1.1" 200 385 "http://musotica.com/seitbibi.html" "Mozilla/5.0 (Windows; U; Windows NT 6.0; en-US; rv:1.9.0.1) Gecko/2008070208 Firefox/3.0.1 (.NET CLR 3.5.30729)" "site.musotica.com"
76.97.178.11 - - [08/Sep/2008:05:35:06 -0700] "GET /musotica/images/arrow.gif HTTP/1.1" 200 61 "http://musotica.com/seitbibi.html" "Mozilla/5.0 (Windows; U; Windows NT 6.0; en-US; rv:1.9.0.1) Gecko/2008070208 Firefox/3.0.1 (.NET CLR 3.5.30729)" "site.musotica.com"
76.97.178.11 - - [08/Sep/2008:05:35:06 -0700] "GET /musotica/images/head_strip.gif HTTP/1.1" 200 63 "http://site.musotica.com/musotica/style/style.css" "Mozilla/5.0 (Windows; U; Windows NT 6.0; en-US; rv:1.9.0.1) Gecko/2008070208 Firefox/3.0.1 (.NET CLR 3.5.30729)" "site.musotica.com"
76.97.178.11 - - [08/Sep/2008:05:35:06 -0700] "GET /musotica/images/shop.gif HTTP/1.1" 200 83 "http://musotica.com/seitbibi.html" "Mozilla/5.0 (Windows; U; Windows NT 6.0; en-US; rv:1.9.0.1) Gecko/2008070208 Firefox/3.0.1 (.NET CLR 3.5.30729)" "site.musotica.com"
76.97.178.11 - - [08/Sep/2008:05:35:06 -0700] "GET /musotica/images/search.gif HTTP/1.1" 200 1538 "http://site.musotica.com/musotica/style/style.css" "Mozilla/5.0 (Windows; U; Windows NT 6.0; en-US; rv:1.9.0.1) Gecko/2008070208 Firefox/3.0.1 (.NET CLR 3.5.30729)" "site.musotica.com"
76.97.178.11 - - [08/Sep/2008:05:35:06 -0700] "GET /musotica/images/newdot.gif HTTP/1.1" 200 62 "http://site.musotica.com/musotica/style/style.css" "Mozilla/5.0 (Windows; U; Windows NT 6.0; en-US; rv:1.9.0.1) Gecko/2008070208 Firefox/3.0.1 (.NET CLR 3.5.30729)" "site.musotica.com"
76.97.178.11 - - [08/Sep/2008:05:35:06 -0700] "GET /musotica/images/midline.gif HTTP/1.1" 200 49 "http://site.musotica.com/musotica/style/style.css" "Mozilla/5.0 (Windows; U; Windows NT 6.0; en-US; rv:1.9.0.1) Gecko/2008070208 Firefox/3.0.1 (.NET CLR 3.5.30729)" "site.musotica.com"
76.97.178.11 - - [08/Sep/2008:05:35:06 -0700] "GET /scripts/cookies.js HTTP/1.1" 200 1429 "http://musotica.com/seitbibi.html" "Mozilla/5.0 (Windows; U; Windows NT 6.0; en-US; rv:1.9.0.1) Gecko/2008070208 Firefox/3.0.1 (.NET CLR 3.5.30729)" "site.musotica.com"
76.97.178.11 - - [08/Sep/2008:05:35:06 -0700] "GET /scripts/pagging-inner.js HTTP/1.1" 200 24676 "http://musotica.com/seitbibi.html" "Mozilla/5.0 (Windows; U; Windows NT 6.0; en-US; rv:1.9.0.1) Gecko/2008070208 Firefox/3.0.1 (.NET CLR 3.5.30729)" "site.musotica.com"
76.97.178.11 - - [08/Sep/2008:05:35:06 -0700] "GET /scripts/dpv.js HTTP/1.1" 200 1545 "http://musotica.com/seitbibi.html" "Mozilla/5.0 (Windows; U; Windows NT 6.0; en-US; rv:1.9.0.1) Gecko/2008070208 Firefox/3.0.1 (.NET CLR 3.5.30729)" "site.musotica.com"
76.97.178.11 - - [08/Sep/2008:05:35:07 -0700] "GET /musotica/images/lingeris.jpg HTTP/1.1" 200 17260 "http://musotica.com/seitbibi.html" "Mozilla/5.0 (Windows; U; Windows NT 6.0; en-US; rv:1.9.0.1) Gecko/2008070208 Firefox/3.0.1 (.NET CLR 3.5.30729)" "site.musotica.com"
76.97.178.11 - - [08/Sep/2008:05:35:07 -0700] "GET /musotica/images/spacer.gif HTTP/1.1" 404 275 "http://musotica.com/seitbibi.html" "Mozilla/5.0 (Windows; U; Windows NT 6.0; en-US; rv:1.9.0.1) Gecko/2008070208 Firefox/3.0.1 (.NET CLR 3.5.30729)" "site.musotica.com"
76.97.178.11 - - [08/Sep/2008:05:35:07 -0700] "GET /musotica/images/bannerdot.gif HTTP/1.1" 200 49 "http://site.musotica.com/musotica/style/style.css" "Mozilla/5.0 (Windows; U; Windows NT 6.0; en-US; rv:1.9.0.1) Gecko/2008070208 Firefox/3.0.1 (.NET CLR 3.5.30729)" "site.musotica.com"
76.97.178.11 - - [08/Sep/2008:05:35:07 -0700] "GET /musotica/images/newgreendot.gif HTTP/1.1" 200 49 "http://site.musotica.com/musotica/style/style.css" "Mozilla/5.0 (Windows; U; Windows NT 6.0; en-US; rv:1.9.0.1) Gecko/2008070208 Firefox/3.0.1 (.NET CLR 3.5.30729)" "site.musotica.com"
76.97.178.11 - - [08/Sep/2008:05:35:07 -0700] "GET /musotica/images/clubwear.jpg HTTP/1.1" 200 15480 "http://musotica.com/seitbibi.html" "Mozilla/5.0 (Windows; U; Windows NT 6.0; en-US; rv:1.9.0.1) Gecko/2008070208 Firefox/3.0.1 (.NET CLR 3.5.30729)" "site.musotica.com"
76.97.178.11 - - [08/Sep/2008:05:35:07 -0700] "GET /musotica/images/stockings.jpg HTTP/1.1" 200 15303 "http://musotica.com/seitbibi.html" "Mozilla/5.0 (Windows; U; Windows NT 6.0; en-US; rv:1.9.0.1) Gecko/2008070208 Firefox/3.0.1 (.NET CLR 3.5.30729)" "site.musotica.com"
76.97.178.11 - - [08/Sep/2008:05:35:07 -0700] "GET /musotica/images/pay.jpg HTTP/1.1" 200 13131 "http://musotica.com/seitbibi.html" "Mozilla/5.0 (Windows; U; Windows NT 6.0; en-US; rv:1.9.0.1) Gecko/2008070208 Firefox/3.0.1 (.NET CLR 3.5.30729)" "site.musotica.com"
76.97.178.11 - - [08/Sep/2008:05:35:07 -0700] "GET /musotica/images/shoes.jpg HTTP/1.1" 200 14412 "http://musotica.com/seitbibi.html" "Mozilla/5.0 (Windows; U; Windows NT 6.0; en-US; rv:1.9.0.1) Gecko/2008070208 Firefox/3.0.1 (.NET CLR 3.5.30729)" "site.musotica.com"
76.97.178.11 - - [08/Sep/2008:05:35:07 -0700] "GET /musotica/images/ss.jpg HTTP/1.1" 200 5500 "http://musotica.com/seitbibi.html" "Mozilla/5.0 (Windows; U; Windows NT 6.0; en-US; rv:1.9.0.1) Gecko/2008070208 Firefox/3.0.1 (.NET CLR 3.5.30729)" "site.musotica.com"
76.97.178.11 - - [08/Sep/2008:05:35:07 -0700] "GET /musotica/images/accessories.jpg HTTP/1.1" 200 17113 "http://musotica.com/seitbibi.html" "Mozilla/5.0 (Windows; U; Windows NT 6.0; en-US; rv:1.9.0.1) Gecko/2008070208 Firefox/3.0.1 (.NET CLR 3.5.30729)" "site.musotica.com"
80.229.35.40 - - [08/Sep/2008:05:35:07 -0700] "GET /scripts/paging-images/images/spacer.gif HTTP/1.1" 404 275 "http://musotica.com/seshcucoseha.html" "Mozilla/4.0 (compatible; MSIE 6.0; Windows NT 5.1; BT Openworld BB; SV1; AntivirXP08; .NET CLR 1.1.4322; InfoPath.1)" "site.musotica.com"
80.229.35.40 - - [08/Sep/2008:05:35:08 -0700] "GET /musotica/images/spacer.gif HTTP/1.1" 404 275 "http://musotica.com/seshcucoseha.html" "Mozilla/4.0 (compatible; MSIE 6.0; Windows NT 5.1; BT Openworld BB; SV1; AntivirXP08; .NET CLR 1.1.4322; InfoPath.1)" "site.musotica.com"
67.225.12.37 - - [08/Sep/2008:05:35:30 -0700] "GET /musotica/images/spacer.gif HTTP/1.1" 404 275 "http://musotica.com/dancerwear1.html" "Mozilla/5.0 (Windows; U; Windows NT 5.1; en-US) AppleWebKit/525.13 (KHTML, like Gecko) Chrome/0.2.149.29 Safari/525.13" "site.musotica.com"
76.97.178.11 - - [08/Sep/2008:05:35:39 -0700] "GET /musotica/images/spacer.gif HTTP/1.1" 404 275 "http://musotica.com/musoticawear.html" "Mozilla/5.0 (Windows; U; Windows NT 6.0; en-US; rv:1.9.0.1) Gecko/2008070208 Firefox/3.0.1 (.NET CLR 3.5.30729)" "site.musotica.com"
79.74.130.69 - - [08/Sep/2008:05:35:43 -0700] "GET /musotica/style/style.css HTTP/1.1" 200 2675 "http://musotica.com/bodyshapers.html" "Mozilla/4.0 (compatible; MSIE 6.0; Windows NT 5.1; SV1; .NET CLR 2.0.50727)" "site.musotica.com"
79.74.130.69 - - [08/Sep/2008:05:35:44 -0700] "GET /style/rolldiv-ie.css HTTP/1.1" 200 809 "http://musotica.com/bodyshapers.html" "Mozilla/4.0 (compatible; MSIE 6.0; Windows NT 5.1; SV1; .NET CLR 2.0.50727)" "site.musotica.com"
79.74.130.69 - - [08/Sep/2008:05:35:44 -0700] "GET /scripts/rolldiv.js HTTP/1.1" 200 623 "http://musotica.com/bodyshapers.html" "Mozilla/4.0 (compatible; MSIE 6.0; Windows NT 5.1; SV1; .NET CLR 2.0.50727)" "site.musotica.com"
79.74.130.69 - - [08/Sep/2008:05:35:44 -0700] "GET /musotica/images/phone.gif HTTP/1.1" 200 385 "http://musotica.com/bodyshapers.html" "Mozilla/4.0 (compatible; MSIE 6.0; Windows NT 5.1; SV1; .NET CLR 2.0.50727)" "site.musotica.com"
79.74.130.69 - - [08/Sep/2008:05:35:44 -0700] "GET /musotica/images/logo.gif HTTP/1.1" 200 2006 "http://musotica.com/bodyshapers.html" "Mozilla/4.0 (compatible; MSIE 6.0; Windows NT 5.1; SV1; .NET CLR 2.0.50727)" "site.musotica.com"
79.74.130.69 - - [08/Sep/2008:05:35:45 -0700] "GET /rolldiv-images/shadow.png HTTP/1.1" 200 175 "-" "Mozilla/4.0 (compatible; MSIE 6.0; Windows NT 5.1; SV1; .NET CLR 2.0.50727)" "site.musotica.com"
79.74.130.69 - - [08/Sep/2008:05:35:45 -0700] "GET /musotica/images/home.gif HTTP/1.1" 200 70 "http://musotica.com/bodyshapers.html" "Mozilla/4.0 (compatible; MSIE 6.0; Windows NT 5.1; SV1; .NET CLR 2.0.50727)" "site.musotica.com"
79.74.130.69 - - [08/Sep/2008:05:35:45 -0700] "GET /musotica/images/tell.gif HTTP/1.1" 200 67 "http://musotica.com/bodyshapers.html" "Mozilla/4.0 (compatible; MSIE 6.0; Windows NT 5.1; SV1; .NET CLR 2.0.50727)" "site.musotica.com"
79.74.130.69 - - [08/Sep/2008:05:35:45 -0700] "GET /musotica/images/head_strip.gif HTTP/1.1" 200 63 "http://musotica.com/bodyshapers.html" "Mozilla/4.0 (compatible; MSIE 6.0; Windows NT 5.1; SV1; .NET CLR 2.0.50727)" "site.musotica.com"
79.74.130.69 - - [08/Sep/2008:05:35:45 -0700] "GET /musotica/images/newdot.gif HTTP/1.1" 200 62 "http://musotica.com/bodyshapers.html" "Mozilla/4.0 (compatible; MSIE 6.0; Windows NT 5.1; SV1; .NET CLR 2.0.50727)" "site.musotica.com"
79.74.130.69 - - [08/Sep/2008:05:35:45 -0700] "GET /musotica/images/bookmark.gif HTTP/1.1" 200 124 "http://musotica.com/bodyshapers.html" "Mozilla/4.0 (compatible; MSIE 6.0; Windows NT 5.1; SV1; .NET CLR 2.0.50727)" "site.musotica.com"
79.74.130.69 - - [08/Sep/2008:05:35:45 -0700] "GET /musotica/images/go.gif HTTP/1.1" 200 731 "http://musotica.com/bodyshapers.html" "Mozilla/4.0 (compatible; MSIE 6.0; Windows NT 5.1; SV1; .NET CLR 2.0.50727)" "site.musotica.com"
79.74.130.69 - - [08/Sep/2008:05:35:45 -0700] "GET /musotica/images/shop.gif HTTP/1.1" 200 83 "http://musotica.com/bodyshapers.html" "Mozilla/4.0 (compatible; MSIE 6.0; Windows NT 5.1; SV1; .NET CLR 2.0.50727)" "site.musotica.com"
79.74.130.69 - - [08/Sep/2008:05:35:46 -0700] "GET /musotica/images/arrow.gif HTTP/1.1" 200 61 "http://musotica.com/bodyshapers.html" "Mozilla/4.0 (compatible; MSIE 6.0; Windows NT 5.1; SV1; .NET CLR 2.0.50727)" "site.musotica.com"
79.74.130.69 - - [08/Sep/2008:05:35:46 -0700] "GET /musotica/images/search.gif HTTP/1.1" 200 1538 "http://musotica.com/bodyshapers.html" "Mozilla/4.0 (compatible; MSIE 6.0; Windows NT 5.1; SV1; .NET CLR 2.0.50727)" "site.musotica.com"
79.74.130.69 - - [08/Sep/2008:05:35:46 -0700] "GET /musotica/images/midline.gif HTTP/1.1" 200 49 "http://musotica.com/bodyshapers.html" "Mozilla/4.0 (compatible; MSIE 6.0; Windows NT 5.1; SV1; .NET CLR 2.0.50727)" "site.musotica.com"
79.74.130.69 - - [08/Sep/2008:05:35:46 -0700] "GET /scripts/cookies.js HTTP/1.1" 200 1429 "http://musotica.com/bodyshapers.html" "Mozilla/4.0 (compatible; MSIE 6.0; Windows NT 5.1; SV1; .NET CLR 2.0.50727)" "site.musotica.com"
79.74.130.69 - - [08/Sep/2008:05:35:46 -0700] "GET /scripts/pagging-inner.js HTTP/1.1" 200 24676 "http://musotica.com/bodyshapers.html" "Mozilla/4.0 (compatible; MSIE 6.0; Windows NT 5.1; SV1; .NET CLR 2.0.50727)" "site.musotica.com"
79.74.130.69 - - [08/Sep/2008:05:35:47 -0700] "GET /scripts/dpv.js HTTP/1.1" 200 1545 "http://musotica.com/bodyshapers.html" "Mozilla/4.0 (compatible; MSIE 6.0; Windows NT 5.1; SV1; .NET CLR 2.0.50727)" "site.musotica.com"
79.74.130.69 - - [08/Sep/2008:05:35:48 -0700] "GET /musotica/images/spacer.gif HTTP/1.1" 404 275 "http://musotica.com/bodyshapers.html" "Mozilla/4.0 (compatible; MSIE 6.0; Windows NT 5.1; SV1; .NET CLR 2.0.50727)" "site.musotica.com"
79.74.130.69 - - [08/Sep/2008:05:35:49 -0700] "GET /musotica/images/lingeris.jpg HTTP/1.1" 200 17260 "http://musotica.com/bodyshapers.html" "Mozilla/4.0 (compatible; MSIE 6.0; Windows NT 5.1; SV1; .NET CLR 2.0.50727)" "site.musotica.com"
87.16.126.246 - - [08/Sep/2008:05:35:49 -0700] "GET /musotica/style/style.css HTTP/1.1" 200 2675 "http://musotica.com/sexyminiskirts.html" "Mozilla/5.0 (Macintosh; U; PPC Mac OS X; it-it) AppleWebKit/418 (KHTML, like Gecko) Safari/417.9.3" "site.musotica.com"
79.74.130.69 - - [08/Sep/2008:05:35:49 -0700] "GET /musotica/images/clubwear.jpg HTTP/1.1" 200 15480 "http://musotica.com/bodyshapers.html" "Mozilla/4.0 (compatible; MSIE 6.0; Windows NT 5.1; SV1; .NET CLR 2.0.50727)" "site.musotica.com"
79.74.130.69 - - [08/Sep/2008:05:35:49 -0700] "GET /musotica/images/stockings.jpg HTTP/1.1" 200 15303 "http://musotica.com/bodyshapers.html" "Mozilla/4.0 (compatible; MSIE 6.0; Windows NT 5.1; SV1; .NET CLR 2.0.50727)" "site.musotica.com"
79.74.130.69 - - [08/Sep/2008:05:35:49 -0700] "GET /musotica/images/shoes.jpg HTTP/1.1" 200 14412 "http://musotica.com/bodyshapers.html" "Mozilla/4.0 (compatible; MSIE 6.0; Windows NT 5.1; SV1; .NET CLR 2.0.50727)" "site.musotica.com"
87.16.126.246 - - [08/Sep/2008:05:35:50 -0700] "GET /scripts/rolldiv.js HTTP/1.1" 200 623 "http://musotica.com/sexyminiskirts.html" "Mozilla/5.0 (Macintosh; U; PPC Mac OS X; it-it) AppleWebKit/418 (KHTML, like Gecko) Safari/417.9.3" "site.musotica.com"
87.16.126.246 - - [08/Sep/2008:05:35:50 -0700] "GET /style/rolldiv-mozilla.css HTTP/1.1" 200 711 "http://musotica.com/sexyminiskirts.html" "Mozilla/5.0 (Macintosh; U; PPC Mac OS X; it-it) AppleWebKit/418 (KHTML, like Gecko) Safari/417.9.3" "site.musotica.com"
79.74.130.69 - - [08/Sep/2008:05:35:50 -0700] "GET /rolldiv-images/header.png HTTP/1.1" 200 730 "-" "Mozilla/4.0 (compatible; MSIE 6.0; Windows NT 5.1; SV1; .NET CLR 2.0.50727)" "site.musotica.com"
79.74.130.69 - - [08/Sep/2008:05:35:50 -0700] "GET /musotica/images/accessories.jpg HTTP/1.1" 200 17113 "http://musotica.com/bodyshapers.html" "Mozilla/4.0 (compatible; MSIE 6.0; Windows NT 5.1; SV1; .NET CLR 2.0.50727)" "site.musotica.com"
79.74.130.69 - - [08/Sep/2008:05:35:50 -0700] "GET /musotica/images/pay.jpg HTTP/1.1" 200 13131 "http://musotica.com/bodyshapers.html" "Mozilla/4.0 (compatible; MSIE 6.0; Windows NT 5.1; SV1; .NET CLR 2.0.50727)" "site.musotica.com"
87.16.126.246 - - [08/Sep/2008:05:35:50 -0700] "GET /musotica/images/logo.gif HTTP/1.1" 200 2006 "http://musotica.com/sexyminiskirts.html" "Mozilla/5.0 (Macintosh; U; PPC Mac OS X; it-it) AppleWebKit/418 (KHTML, like Gecko) Safari/417.9.3" "site.musotica.com"
87.16.126.246 - - [08/Sep/2008:05:35:50 -0700] "GET /musotica/images/home.gif HTTP/1.1" 200 70 "http://musotica.com/sexyminiskirts.html" "Mozilla/5.0 (Macintosh; U; PPC Mac OS X; it-it) AppleWebKit/418 (KHTML, like Gecko) Safari/417.9.3" "site.musotica.com"
87.16.126.246 - - [08/Sep/2008:05:35:50 -0700] "GET /musotica/images/phone.gif HTTP/1.1" 200 385 "http://musotica.com/sexyminiskirts.html" "Mozilla/5.0 (Macintosh; U; PPC Mac OS X; it-it) AppleWebKit/418 (KHTML, like Gecko) Safari/417.9.3" "site.musotica.com"
79.74.130.69 - - [08/Sep/2008:05:35:50 -0700] "GET /rolldiv-images/footer.png HTTP/1.1" 200 637 "-" "Mozilla/4.0 (compatible; MSIE 6.0; Windows NT 5.1; SV1; .NET CLR 2.0.50727)" "site.musotica.com"
87.16.126.246 - - [08/Sep/2008:05:35:50 -0700] "GET /musotica/images/tell.gif HTTP/1.1" 200 67 "http://musotica.com/sexyminiskirts.html" "Mozilla/5.0 (Macintosh; U; PPC Mac OS X; it-it) AppleWebKit/418 (KHTML, like Gecko) Safari/417.9.3" "site.musotica.com"
79.74.130.69 - - [08/Sep/2008:05:35:50 -0700] "GET /musotica/images/ss.jpg HTTP/1.1" 200 5500 "http://musotica.com/bodyshapers.html" "Mozilla/4.0 (compatible; MSIE 6.0; Windows NT 5.1; SV1; .NET CLR 2.0.50727)" "site.musotica.com"
87.16.126.246 - - [08/Sep/2008:05:35:51 -0700] "GET /musotica/images/bookmark.gif HTTP/1.1" 200 124 "http://musotica.com/sexyminiskirts.html" "Mozilla/5.0 (Macintosh; U; PPC Mac OS X; it-it) AppleWebKit/418 (KHTML, like Gecko) Safari/417.9.3" "site.musotica.com"
87.16.126.246 - - [08/Sep/2008:05:35:51 -0700] "GET /musotica/images/shop.gif HTTP/1.1" 200 83 "http://musotica.com/sexyminiskirts.html" "Mozilla/5.0 (Macintosh; U; PPC Mac OS X; it-it) AppleWebKit/418 (KHTML, like Gecko) Safari/417.9.3" "site.musotica.com"
79.74.130.69 - - [08/Sep/2008:05:35:51 -0700] "GET /musotica/images/bannerdot.gif HTTP/1.1" 200 49 "http://musotica.com/bodyshapers.html" "Mozilla/4.0 (compatible; MSIE 6.0; Windows NT 5.1; SV1; .NET CLR 2.0.50727)" "site.musotica.com"
87.16.126.246 - - [08/Sep/2008:05:35:51 -0700] "GET /musotica/images/go.gif HTTP/1.1" 200 731 "http://musotica.com/sexyminiskirts.html" "Mozilla/5.0 (Macintosh; U; PPC Mac OS X; it-it) AppleWebKit/418 (KHTML, like Gecko) Safari/417.9.3" "site.musotica.com"
79.74.130.69 - - [08/Sep/2008:05:35:51 -0700] "GET /musotica/images/newgreendot.gif HTTP/1.1" 200 49 "http://musotica.com/bodyshapers.html" "Mozilla/4.0 (compatible; MSIE 6.0; Windows NT 5.1; SV1; .NET CLR 2.0.50727)" "site.musotica.com"
87.16.126.246 - - [08/Sep/2008:05:35:51 -0700] "GET /scripts/cookies.js HTTP/1.1" 200 1429 "http://musotica.com/sexyminiskirts.html" "Mozilla/5.0 (Macintosh; U; PPC Mac OS X; it-it) AppleWebKit/418 (KHTML, like Gecko) Safari/417.9.3" "site.musotica.com"
87.16.126.246 - - [08/Sep/2008:05:35:51 -0700] "GET /musotica/images/newdot.gif HTTP/1.1" 200 62 "http://musotica.com/sexyminiskirts.html" "Mozilla/5.0 (Macintosh; U; PPC Mac OS X; it-it) AppleWebKit/418 (KHTML, like Gecko) Safari/417.9.3" "site.musotica.com"
87.16.126.246 - - [08/Sep/2008:05:35:51 -0700] "GET /musotica/images/head_strip.gif HTTP/1.1" 200 63 "http://musotica.com/sexyminiskirts.html" "Mozilla/5.0 (Macintosh; U; PPC Mac OS X; it-it) AppleWebKit/418 (KHTML, like Gecko) Safari/417.9.3" "site.musotica.com"
87.16.126.246 - - [08/Sep/2008:05:35:51 -0700] "GET /musotica/images/midline.gif HTTP/1.1" 200 49 "http://musotica.com/sexyminiskirts.html" "Mozilla/5.0 (Macintosh; U; PPC Mac OS X; it-it) AppleWebKit/418 (KHTML, like Gecko) Safari/417.9.3" "site.musotica.com"
87.16.126.246 - - [08/Sep/2008:05:35:51 -0700] "GET /scripts/pagging-inner.js HTTP/1.1" 200 24676 "http://musotica.com/sexyminiskirts.html" "Mozilla/5.0 (Macintosh; U; PPC Mac OS X; it-it) AppleWebKit/418 (KHTML, like Gecko) Safari/417.9.3" "site.musotica.com"
87.16.126.246 - - [08/Sep/2008:05:35:52 -0700] "GET /musotica/images/search.gif HTTP/1.1" 200 1538 "http://musotica.com/sexyminiskirts.html" "Mozilla/5.0 (Macintosh; U; PPC Mac OS X; it-it) AppleWebKit/418 (KHTML, like Gecko) Safari/417.9.3" "site.musotica.com"
87.16.126.246 - - [08/Sep/2008:05:35:52 -0700] "GET /musotica/images/arrow.gif HTTP/1.1" 200 61 "http://musotica.com/sexyminiskirts.html" "Mozilla/5.0 (Macintosh; U; PPC Mac OS X; it-it) AppleWebKit/418 (KHTML, like Gecko) Safari/417.9.3" "site.musotica.com"
87.16.126.246 - - [08/Sep/2008:05:35:53 -0700] "GET /scripts/dpv.js HTTP/1.1" 200 1545 "http://musotica.com/sexyminiskirts.html" "Mozilla/5.0 (Macintosh; U; PPC Mac OS X; it-it) AppleWebKit/418 (KHTML, like Gecko) Safari/417.9.3" "site.musotica.com"
67.225.12.37 - - [08/Sep/2008:05:35:54 -0700] "GET /musotica/images/spacer.gif HTTP/1.1" 404 275 "http://musotica.com/trendylingerie.html" "Mozilla/5.0 (Windows; U; Windows NT 5.1; en-US) AppleWebKit/525.13 (KHTML, like Gecko) Chrome/0.2.149.29 Safari/525.13" "site.musotica.com"
87.16.126.246 - - [08/Sep/2008:05:35:54 -0700] "GET /musotica/images/newgreendot.gif HTTP/1.1" 200 49 "http://musotica.com/sexyminiskirts.html" "Mozilla/5.0 (Macintosh; U; PPC Mac OS X; it-it) AppleWebKit/418 (KHTML, like Gecko) Safari/417.9.3" "site.musotica.com"
87.16.126.246 - - [08/Sep/2008:05:35:54 -0700] "GET /musotica/images/bannerdot.gif HTTP/1.1" 200 49 "http://musotica.com/sexyminiskirts.html" "Mozilla/5.0 (Macintosh; U; PPC Mac OS X; it-it) AppleWebKit/418 (KHTML, like Gecko) Safari/417.9.3" "site.musotica.com"
87.16.126.246 - - [08/Sep/2008:05:35:54 -0700] "GET /musotica/images/lingeris.jpg HTTP/1.1" 200 17260 "http://musotica.com/sexyminiskirts.html" "Mozilla/5.0 (Macintosh; U; PPC Mac OS X; it-it) AppleWebKit/418 (KHTML, like Gecko) Safari/417.9.3" "site.musotica.com"
87.16.126.246 - - [08/Sep/2008:05:35:54 -0700] "GET /musotica/images/spacer.gif HTTP/1.1" 404 275 "http://musotica.com/sexyminiskirts.html" "Mozilla/5.0 (Macintosh; U; PPC Mac OS X; it-it) AppleWebKit/418 (KHTML, like Gecko) Safari/417.9.3" "site.musotica.com"
87.16.126.246 - - [08/Sep/2008:05:35:55 -0700] "GET /musotica/images/shoes.jpg HTTP/1.1" 200 14412 "http://musotica.com/sexyminiskirts.html" "Mozilla/5.0 (Macintosh; U; PPC Mac OS X; it-it) AppleWebKit/418 (KHTML, like Gecko) Safari/417.9.3" "site.musotica.com"
87.16.126.246 - - [08/Sep/2008:05:35:55 -0700] "GET /musotica/images/clubwear.jpg HTTP/1.1" 200 15480 "http://musotica.com/sexyminiskirts.html" "Mozilla/5.0 (Macintosh; U; PPC Mac OS X; it-it) AppleWebKit/418 (KHTML, like Gecko) Safari/417.9.3" "site.musotica.com"
87.16.126.246 - - [08/Sep/2008:05:35:55 -0700] "GET /musotica/images/stockings.jpg HTTP/1.1" 200 15303 "http://musotica.com/sexyminiskirts.html" "Mozilla/5.0 (Macintosh; U; PPC Mac OS X; it-it) AppleWebKit/418 (KHTML, like Gecko) Safari/417.9.3" "site.musotica.com"
76.97.178.11 - - [08/Sep/2008:05:35:55 -0700] "GET /musotica/images/spacer.gif HTTP/1.1" 404 275 "http://musotica.com/seitbibi.html" "Mozilla/5.0 (Windows; U; Windows NT 6.0; en-US; rv:1.9.0.1) Gecko/2008070208 Firefox/3.0.1 (.NET CLR 3.5.30729)" "site.musotica.com"
87.16.126.246 - - [08/Sep/2008:05:35:55 -0700] "GET /musotica/images/accessories.jpg HTTP/1.1" 200 17113 "http://musotica.com/sexyminiskirts.html" "Mozilla/5.0 (Macintosh; U; PPC Mac OS X; it-it) AppleWebKit/418 (KHTML, like Gecko) Safari/417.9.3" "site.musotica.com"
87.16.126.246 - - [08/Sep/2008:05:35:55 -0700] "GET /musotica/images/pay.jpg HTTP/1.1" 200 13131 "http://musotica.com/sexyminiskirts.html" "Mozilla/5.0 (Macintosh; U; PPC Mac OS X; it-it) AppleWebKit/418 (KHTML, like Gecko) Safari/417.9.3" "site.musotica.com"
87.16.126.246 - - [08/Sep/2008:05:35:56 -0700] "GET /musotica/images/ss.jpg HTTP/1.1" 200 5500 "http://musotica.com/sexyminiskirts.html" "Mozilla/5.0 (Macintosh; U; PPC Mac OS X; it-it) AppleWebKit/418 (KHTML, like Gecko) Safari/417.9.3" "site.musotica.com"
80.229.35.40 - - [08/Sep/2008:05:35:58 -0700] "GET /musotica/style/style.css HTTP/1.1" 304 - "http://musotica.com/sexynavygirls.html" "Mozilla/4.0 (compatible; MSIE 6.0; Windows NT 5.1; BT Openworld BB; SV1; AntivirXP08; .NET CLR 1.1.4322; InfoPath.1)" "site.musotica.com"
67.225.12.37 - - [08/Sep/2008:05:35:58 -0700] "GET /rolldiv-images/header.png HTTP/1.1" 200 730 "http://musotica.com/trendylingerie.html" "Mozilla/5.0 (Windows; U; Windows NT 5.1; en-US) AppleWebKit/525.13 (KHTML, like Gecko) Chrome/0.2.149.29 Safari/525.13" "site.musotica.com"
67.225.12.37 - - [08/Sep/2008:05:35:58 -0700] "GET /rolldiv-images/shadow.png HTTP/1.1" 200 175 "http://musotica.com/trendylingerie.html" "Mozilla/5.0 (Windows; U; Windows NT 5.1; en-US) AppleWebKit/525.13 (KHTML, like Gecko) Chrome/0.2.149.29 Safari/525.13" "site.musotica.com"
67.225.12.37 - - [08/Sep/2008:05:35:58 -0700] "GET /rolldiv-images/footer.png HTTP/1.1" 200 637 "http://musotica.com/trendylingerie.html" "Mozilla/5.0 (Windows; U; Windows NT 5.1; en-US) AppleWebKit/525.13 (KHTML, like Gecko) Chrome/0.2.149.29 Safari/525.13" "site.musotica.com"
80.229.35.40 - - [08/Sep/2008:05:35:59 -0700] "GET /style/rolldiv-ie.css HTTP/1.1" 304 - "http://musotica.com/sexynavygirls.html" "Mozilla/4.0 (compatible; MSIE 6.0; Windows NT 5.1; BT Openworld BB; SV1; AntivirXP08; .NET CLR 1.1.4322; InfoPath.1)" "site.musotica.com"
80.229.35.40 - - [08/Sep/2008:05:35:59 -0700] "GET /scripts/rolldiv.js HTTP/1.1" 304 - "http://musotica.com/sexynavygirls.html" "Mozilla/4.0 (compatible; MSIE 6.0; Windows NT 5.1; BT Openworld BB; SV1; AntivirXP08; .NET CLR 1.1.4322; InfoPath.1)" "site.musotica.com"
80.229.35.40 - - [08/Sep/2008:05:35:59 -0700] "GET /scripts/cookies.js HTTP/1.1" 304 - "http://musotica.com/sexynavygirls.html" "Mozilla/4.0 (compatible; MSIE 6.0; Windows NT 5.1; BT Openworld BB; SV1; AntivirXP08; .NET CLR 1.1.4322; InfoPath.1)" "site.musotica.com"
80.229.35.40 - - [08/Sep/2008:05:36:00 -0700] "GET /scripts/pagging-inner.js HTTP/1.1" 304 - "http://musotica.com/sexynavygirls.html" "Mozilla/4.0 (compatible; MSIE 6.0; Windows NT 5.1; BT Openworld BB; SV1; AntivirXP08; .NET CLR 1.1.4322; InfoPath.1)" "site.musotica.com"
80.229.35.40 - - [08/Sep/2008:05:36:00 -0700] "GET /scripts/dpv.js HTTP/1.1" 304 - "http://musotica.com/sexynavygirls.html" "Mozilla/4.0 (compatible; MSIE 6.0; Windows NT 5.1; BT Openworld BB; SV1; AntivirXP08; .NET CLR 1.1.4322; InfoPath.1)" "site.musotica.com"
80.229.35.40 - - [08/Sep/2008:05:36:02 -0700] "GET /musotica/images/spacer.gif HTTP/1.1" 404 275 "http://musotica.com/sexynavygirls.html" "Mozilla/4.0 (compatible; MSIE 6.0; Windows NT 5.1; BT Openworld BB; SV1; AntivirXP08; .NET CLR 1.1.4322; InfoPath.1)" "site.musotica.com"
76.97.178.11 - - [08/Sep/2008:05:36:03 -0700] "GET /musotica/images/spacer.gif HTTP/1.1" 404 275 "http://musotica.com/trendylingerie.html" "Mozilla/5.0 (Windows; U; Windows NT 6.0; en-US; rv:1.9.0.1) Gecko/2008070208 Firefox/3.0.1 (.NET CLR 3.5.30729)" "site.musotica.com"
88.110.197.51 - - [08/Sep/2008:05:36:09 -0700] "GET /musotica/style/style.css HTTP/1.1" 200 2675 "http://musotica.com/seswpi.html?gclid=CI7X3s6azJUCFRqH1QodQQ27hQ" "Mozilla/4.0 (compatible; MSIE 6.0; Windows NT 5.1; SV1; User-agent: Mozilla/4.0 (compatible; MSIE 6.0; Windows NT 5.1; SV1; http://bsalsa.com) ; .NET CLR 1.1.4322)" "site.musotica.com"
88.110.197.51 - - [08/Sep/2008:05:36:11 -0700] "GET /style/rolldiv-ie.css HTTP/1.1" 200 809 "http://musotica.com/seswpi.html?gclid=CI7X3s6azJUCFRqH1QodQQ27hQ" "Mozilla/4.0 (compatible; MSIE 6.0; Windows NT 5.1; SV1; User-agent: Mozilla/4.0 (compatible; MSIE 6.0; Windows NT 5.1; SV1; http://bsalsa.com) ; .NET CLR 1.1.4322)" "site.musotica.com"
88.110.197.51 - - [08/Sep/2008:05:36:11 -0700] "GET /scripts/rolldiv.js HTTP/1.1" 200 623 "http://musotica.com/seswpi.html?gclid=CI7X3s6azJUCFRqH1QodQQ27hQ" "Mozilla/4.0 (compatible; MSIE 6.0; Windows NT 5.1; SV1; User-agent: Mozilla/4.0 (compatible; MSIE 6.0; Windows NT 5.1; SV1; http://bsalsa.com) ; .NET CLR 1.1.4322)" "site.musotica.com"
88.110.197.51 - - [08/Sep/2008:05:36:11 -0700] "GET /musotica/images/logo.gif HTTP/1.1" 200 2006 "http://musotica.com/seswpi.html?gclid=CI7X3s6azJUCFRqH1QodQQ27hQ" "Mozilla/4.0 (compatible; MSIE 6.0; Windows NT 5.1; SV1; User-agent: Mozilla/4.0 (compatible; MSIE 6.0; Windows NT 5.1; SV1; http://bsalsa.com) ; .NET CLR 1.1.4322)" "site.musotica.com"
88.110.197.51 - - [08/Sep/2008:05:36:11 -0700] "GET /musotica/images/phone.gif HTTP/1.1" 200 385 "http://musotica.com/seswpi.html?gclid=CI7X3s6azJUCFRqH1QodQQ27hQ" "Mozilla/4.0 (compatible; MSIE 6.0; Windows NT 5.1; SV1; User-agent: Mozilla/4.0 (compatible; MSIE 6.0; Windows NT 5.1; SV1; http://bsalsa.com) ; .NET CLR 1.1.4322)" "site.musotica.com"
88.110.197.51 - - [08/Sep/2008:05:36:12 -0700] "GET /musotica/images/newdot.gif HTTP/1.1" 200 62 "http://musotica.com/seswpi.html?gclid=CI7X3s6azJUCFRqH1QodQQ27hQ" "Mozilla/4.0 (compatible; MSIE 6.0; Windows NT 5.1; SV1; User-agent: Mozilla/4.0 (compatible; MSIE 6.0; Windows NT 5.1; SV1; http://bsalsa.com) ; .NET CLR 1.1.4322)" "site.musotica.com"
88.110.197.51 - - [08/Sep/2008:05:36:12 -0700] "GET /rolldiv-images/shadow.png HTTP/1.1" 200 175 "-" "Mozilla/4.0 (compatible; MSIE 6.0; Windows NT 5.1; SV1; User-agent: Mozilla/4.0 (compatible; MSIE 6.0; Windows NT 5.1; SV1; http://bsalsa.com) ; .NET CLR 1.1.4322)" "site.musotica.com"
88.110.197.51 - - [08/Sep/2008:05:36:12 -0700] "GET /musotica/images/home.gif HTTP/1.1" 200 70 "http://musotica.com/seswpi.html?gclid=CI7X3s6azJUCFRqH1QodQQ27hQ" "Mozilla/4.0 (compatible; MSIE 6.0; Windows NT 5.1; SV1; User-agent: Mozilla/4.0 (compatible; MSIE 6.0; Windows NT 5.1; SV1; http://bsalsa.com) ; .NET CLR 1.1.4322)" "site.musotica.com"
88.110.197.51 - - [08/Sep/2008:05:36:12 -0700] "GET /musotica/images/head_strip.gif HTTP/1.1" 200 63 "http://musotica.com/seswpi.html?gclid=CI7X3s6azJUCFRqH1QodQQ27hQ" "Mozilla/4.0 (compatible; MSIE 6.0; Windows NT 5.1; SV1; User-agent: Mozilla/4.0 (compatible; MSIE 6.0; Windows NT 5.1; SV1; http://bsalsa.com) ; .NET CLR 1.1.4322)" "site.musotica.com"
88.110.197.51 - - [08/Sep/2008:05:36:12 -0700] "GET /musotica/images/shop.gif HTTP/1.1" 200 83 "http://musotica.com/seswpi.html?gclid=CI7X3s6azJUCFRqH1QodQQ27hQ" "Mozilla/4.0 (compatible; MSIE 6.0; Windows NT 5.1; SV1; User-agent: Mozilla/4.0 (compatible; MSIE 6.0; Windows NT 5.1; SV1; http://bsalsa.com) ; .NET CLR 1.1.4322)" "site.musotica.com"
88.110.197.51 - - [08/Sep/2008:05:36:12 -0700] "GET /musotica/images/go.gif HTTP/1.1" 200 731 "http://musotica.com/seswpi.html?gclid=CI7X3s6azJUCFRqH1QodQQ27hQ" "Mozilla/4.0 (compatible; MSIE 6.0; Windows NT 5.1; SV1; User-agent: Mozilla/4.0 (compatible; MSIE 6.0; Windows NT 5.1; SV1; http://bsalsa.com) ; .NET CLR 1.1.4322)" "site.musotica.com"
80.229.35.40 - - [08/Sep/2008:05:36:13 -0700] "GET /scripts/paging-images/images/spacer.gif HTTP/1.1" 404 275 "http://musotica.com/swsahaco.html" "Mozilla/4.0 (compatible; MSIE 6.0; Windows NT 5.1; BT Openworld BB; SV1; AntivirXP08; .NET CLR 1.1.4322; InfoPath.1)" "site.musotica.com"
88.110.197.51 - - [08/Sep/2008:05:36:13 -0700] "GET /musotica/images/search.gif HTTP/1.1" 200 1538 "http://musotica.com/seswpi.html?gclid=CI7X3s6azJUCFRqH1QodQQ27hQ" "Mozilla/4.0 (compatible; MSIE 6.0; Windows NT 5.1; SV1; User-agent: Mozilla/4.0 (compatible; MSIE 6.0; Windows NT 5.1; SV1; http://bsalsa.com) ; .NET CLR 1.1.4322)" "site.musotica.com"
88.110.197.51 - - [08/Sep/2008:05:36:13 -0700] "GET /musotica/images/bookmark.gif HTTP/1.1" 200 124 "http://musotica.com/seswpi.html?gclid=CI7X3s6azJUCFRqH1QodQQ27hQ" "Mozilla/4.0 (compatible; MSIE 6.0; Windows NT 5.1; SV1; User-agent: Mozilla/4.0 (compatible; MSIE 6.0; Windows NT 5.1; SV1; http://bsalsa.com) ; .NET CLR 1.1.4322)" "site.musotica.com"
88.110.197.51 - - [08/Sep/2008:05:36:13 -0700] "GET /musotica/images/arrow.gif HTTP/1.1" 200 61 "http://musotica.com/seswpi.html?gclid=CI7X3s6azJUCFRqH1QodQQ27hQ" "Mozilla/4.0 (compatible; MSIE 6.0; Windows NT 5.1; SV1; User-agent: Mozilla/4.0 (compatible; MSIE 6.0; Windows NT 5.1; SV1; http://bsalsa.com) ; .NET CLR 1.1.4322)" "site.musotica.com"
88.110.197.51 - - [08/Sep/2008:05:36:13 -0700] "GET /musotica/images/tell.gif HTTP/1.1" 200 67 "http://musotica.com/seswpi.html?gclid=CI7X3s6azJUCFRqH1QodQQ27hQ" "Mozilla/4.0 (compatible; MSIE 6.0; Windows NT 5.1; SV1; User-agent: Mozilla/4.0 (compatible; MSIE 6.0; Windows NT 5.1; SV1; http://bsalsa.com) ; .NET CLR 1.1.4322)" "site.musotica.com"
80.229.35.40 - - [08/Sep/2008:05:36:13 -0700] "GET /musotica/images/spacer.gif HTTP/1.1" 404 275 "http://musotica.com/swsahaco.html" "Mozilla/4.0 (compatible; MSIE 6.0; Windows NT 5.1; BT Openworld BB; SV1; AntivirXP08; .NET CLR 1.1.4322; InfoPath.1)" "site.musotica.com"
88.110.197.51 - - [08/Sep/2008:05:36:13 -0700] "GET /scripts/cookies.js HTTP/1.1" 200 1429 "http://musotica.com/seswpi.html?gclid=CI7X3s6azJUCFRqH1QodQQ27hQ" "Mozilla/4.0 (compatible; MSIE 6.0; Windows NT 5.1; SV1; User-agent: Mozilla/4.0 (compatible; MSIE 6.0; Windows NT 5.1; SV1; http://bsalsa.com) ; .NET CLR 1.1.4322)" "site.musotica.com"
88.110.197.51 - - [08/Sep/2008:05:36:14 -0700] "GET /musotica/images/midline.gif HTTP/1.1" 200 49 "http://musotica.com/seswpi.html?gclid=CI7X3s6azJUCFRqH1QodQQ27hQ" "Mozilla/4.0 (compatible; MSIE 6.0; Windows NT 5.1; SV1; User-agent: Mozilla/4.0 (compatible; MSIE 6.0; Windows NT 5.1; SV1; http://bsalsa.com) ; .NET CLR 1.1.4322)" "site.musotica.com"
88.110.197.51 - - [08/Sep/2008:05:36:14 -0700] "GET /scripts/pagging-inner.js HTTP/1.1" 200 24676 "http://musotica.com/seswpi.html?gclid=CI7X3s6azJUCFRqH1QodQQ27hQ" "Mozilla/4.0 (compatible; MSIE 6.0; Windows NT 5.1; SV1; User-agent: Mozilla/4.0 (compatible; MSIE 6.0; Windows NT 5.1; SV1; http://bsalsa.com) ; .NET CLR 1.1.4322)" "site.musotica.com"
88.110.197.51 - - [08/Sep/2008:05:36:15 -0700] "GET /scripts/dpv.js HTTP/1.1" 200 1545 "http://musotica.com/seswpi.html?gclid=CI7X3s6azJUCFRqH1QodQQ27hQ" "Mozilla/4.0 (compatible; MSIE 6.0; Windows NT 5.1; SV1; User-agent: Mozilla/4.0 (compatible; MSIE 6.0; Windows NT 5.1; SV1; http://bsalsa.com) ; .NET CLR 1.1.4322)" "site.musotica.com"
88.110.197.51 - - [08/Sep/2008:05:36:16 -0700] "GET /musotica/images/lingeris.jpg HTTP/1.1" 200 17260 "http://musotica.com/seswpi.html?gclid=CI7X3s6azJUCFRqH1QodQQ27hQ" "Mozilla/4.0 (compatible; MSIE 6.0; Windows NT 5.1; SV1; User-agent: Mozilla/4.0 (compatible; MSIE 6.0; Windows NT 5.1; SV1; http://bsalsa.com) ; .NET CLR 1.1.4322)" "site.musotica.com"
88.110.197.51 - - [08/Sep/2008:05:36:16 -0700] "GET /musotica/images/newgreendot.gif HTTP/1.1" 200 49 "http://musotica.com/seswpi.html?gclid=CI7X3s6azJUCFRqH1QodQQ27hQ" "Mozilla/4.0 (compatible; MSIE 6.0; Windows NT 5.1; SV1; User-agent: Mozilla/4.0 (compatible; MSIE 6.0; Windows NT 5.1; SV1; http://bsalsa.com) ; .NET CLR 1.1.4322)" "site.musotica.com"
88.110.197.51 - - [08/Sep/2008:05:36:16 -0700] "GET /musotica/images/spacer.gif HTTP/1.1" 404 275 "http://musotica.com/seswpi.html?gclid=CI7X3s6azJUCFRqH1QodQQ27hQ" "Mozilla/4.0 (compatible; MSIE 6.0; Windows NT 5.1; SV1; User-agent: Mozilla/4.0 (compatible; MSIE 6.0; Windows NT 5.1; SV1; http://bsalsa.com) ; .NET CLR 1.1.4322)" "site.musotica.com"
88.110.197.51 - - [08/Sep/2008:05:36:17 -0700] "GET /musotica/images/bannerdot.gif HTTP/1.1" 200 49 "http://musotica.com/seswpi.html?gclid=CI7X3s6azJUCFRqH1QodQQ27hQ" "Mozilla/4.0 (compatible; MSIE 6.0; Windows NT 5.1; SV1; User-agent: Mozilla/4.0 (compatible; MSIE 6.0; Windows NT 5.1; SV1; http://bsalsa.com) ; .NET CLR 1.1.4322)" "site.musotica.com"
88.110.197.51 - - [08/Sep/2008:05:36:17 -0700] "GET /musotica/images/stockings.jpg HTTP/1.1" 200 15303 "http://musotica.com/seswpi.html?gclid=CI7X3s6azJUCFRqH1QodQQ27hQ" "Mozilla/4.0 (compatible; MSIE 6.0; Windows NT 5.1; SV1; User-agent: Mozilla/4.0 (compatible; MSIE 6.0; Windows NT 5.1; SV1; http://bsalsa.com) ; .NET CLR 1.1.4322)" "site.musotica.com"
88.110.197.51 - - [08/Sep/2008:05:36:17 -0700] "GET /musotica/images/clubwear.jpg HTTP/1.1" 200 15480 "http://musotica.com/seswpi.html?gclid=CI7X3s6azJUCFRqH1QodQQ27hQ" "Mozilla/4.0 (compatible; MSIE 6.0; Windows NT 5.1; SV1; User-agent: Mozilla/4.0 (compatible; MSIE 6.0; Windows NT 5.1; SV1; http://bsalsa.com) ; .NET CLR 1.1.4322)" "site.musotica.com"
67.225.12.37 - - [08/Sep/2008:05:36:17 -0700] "GET /scripts/cookies.js HTTP/1.1" 200 1429 "http://musotica.com/lacythingies.html" "Mozilla/5.0 (Windows; U; Windows NT 5.1; en-US) AppleWebKit/525.13 (KHTML, like Gecko) Chrome/0.2.149.29 Safari/525.13" "site.musotica.com"
67.225.12.37 - - [08/Sep/2008:05:36:18 -0700] "GET /scripts/pagging-inner.js HTTP/1.1" 200 24676 "http://musotica.com/lacythingies.html" "Mozilla/5.0 (Windows; U; Windows NT 5.1; en-US) AppleWebKit/525.13 (KHTML, like Gecko) Chrome/0.2.149.29 Safari/525.13" "site.musotica.com"
88.110.197.51 - - [08/Sep/2008:05:36:18 -0700] "GET /musotica/images/shoes.jpg HTTP/1.1" 200 14412 "http://musotica.com/seswpi.html?gclid=CI7X3s6azJUCFRqH1QodQQ27hQ" "Mozilla/4.0 (compatible; MSIE 6.0; Windows NT 5.1; SV1; User-agent: Mozilla/4.0 (compatible; MSIE 6.0; Windows NT 5.1; SV1; http://bsalsa.com) ; .NET CLR 1.1.4322)" "site.musotica.com"
67.225.12.37 - - [08/Sep/2008:05:36:18 -0700] "GET /scripts/dpv.js HTTP/1.1" 200 1545 "http://musotica.com/lacythingies.html" "Mozilla/5.0 (Windows; U; Windows NT 5.1; en-US) AppleWebKit/525.13 (KHTML, like Gecko) Chrome/0.2.149.29 Safari/525.13" "site.musotica.com"
88.110.197.51 - - [08/Sep/2008:05:36:18 -0700] "GET /musotica/images/accessories.jpg HTTP/1.1" 200 17113 "http://musotica.com/seswpi.html?gclid=CI7X3s6azJUCFRqH1QodQQ27hQ" "Mozilla/4.0 (compatible; MSIE 6.0; Windows NT 5.1; SV1; User-agent: Mozilla/4.0 (compatible; MSIE 6.0; Windows NT 5.1; SV1; http://bsalsa.com) ; .NET CLR 1.1.4322)" "site.musotica.com"
67.225.12.37 - - [08/Sep/2008:05:36:19 -0700] "GET /musotica/images/spacer.gif HTTP/1.1" 404 275 "http://musotica.com/lacythingies.html" "Mozilla/5.0 (Windows; U; Windows NT 5.1; en-US) AppleWebKit/525.13 (KHTML, like Gecko) Chrome/0.2.149.29 Safari/525.13" "site.musotica.com"
88.110.197.51 - - [08/Sep/2008:05:36:19 -0700] "GET /musotica/images/pay.jpg HTTP/1.1" 200 13131 "http://musotica.com/seswpi.html?gclid=CI7X3s6azJUCFRqH1QodQQ27hQ" "Mozilla/4.0 (compatible; MSIE 6.0; Windows NT 5.1; SV1; User-agent: Mozilla/4.0 (compatible; MSIE 6.0; Windows NT 5.1; SV1; http://bsalsa.com) ; .NET CLR 1.1.4322)" "site.musotica.com"
76.97.178.11 - - [08/Sep/2008:05:36:19 -0700] "GET /musotica/images/spacer.gif HTTP/1.1" 404 275 "http://musotica.com/seitbibi.html" "Mozilla/5.0 (Windows; U; Windows NT 6.0; en-US; rv:1.9.0.1) Gecko/2008070208 Firefox/3.0.1 (.NET CLR 3.5.30729)" "site.musotica.com"
88.110.197.51 - - [08/Sep/2008:05:36:19 -0700] "GET /musotica/images/ss.jpg HTTP/1.1" 200 5500 "http://musotica.com/seswpi.html?gclid=CI7X3s6azJUCFRqH1QodQQ27hQ" "Mozilla/4.0 (compatible; MSIE 6.0; Windows NT 5.1; SV1; User-agent: Mozilla/4.0 (compatible; MSIE 6.0; Windows NT 5.1; SV1; http://bsalsa.com) ; .NET CLR 1.1.4322)" "site.musotica.com"
88.110.197.51 - - [08/Sep/2008:05:36:21 -0700] "GET /rolldiv-images/header.png HTTP/1.1" 200 730 "-" "Mozilla/4.0 (compatible; MSIE 6.0; Windows NT 5.1; SV1; User-agent: Mozilla/4.0 (compatible; MSIE 6.0; Windows NT 5.1; SV1; http://bsalsa.com) ; .NET CLR 1.1.4322)" "site.musotica.com"
88.110.197.51 - - [08/Sep/2008:05:36:21 -0700] "GET /rolldiv-images/footer.png HTTP/1.1" 200 637 "-" "Mozilla/4.0 (compatible; MSIE 6.0; Windows NT 5.1; SV1; User-agent: Mozilla/4.0 (compatible; MSIE 6.0; Windows NT 5.1; SV1; http://bsalsa.com) ; .NET CLR 1.1.4322)" "site.musotica.com"
70.155.212.196 - - [08/Sep/2008:05:36:24 -0700] "GET /musotica/style/style.css HTTP/1.1" 200 2675 "http://musotica.com/boots1.html" "Mozilla/4.0 (compatible; MSIE 6.0; Windows NT 5.1; SV1; .NET CLR 1.1.4322)" "site.musotica.com"
70.155.212.196 - - [08/Sep/2008:05:36:25 -0700] "GET /style/rolldiv-ie.css HTTP/1.1" 200 809 "http://musotica.com/boots1.html" "Mozilla/4.0 (compatible; MSIE 6.0; Windows NT 5.1; SV1; .NET CLR 1.1.4322)" "site.musotica.com"
70.155.212.196 - - [08/Sep/2008:05:36:25 -0700] "GET /scripts/rolldiv.js HTTP/1.1" 200 623 "http://musotica.com/boots1.html" "Mozilla/4.0 (compatible; MSIE 6.0; Windows NT 5.1; SV1; .NET CLR 1.1.4322)" "site.musotica.com"
70.155.212.196 - - [08/Sep/2008:05:36:25 -0700] "GET /musotica/images/phone.gif HTTP/1.1" 200 385 "http://musotica.com/boots1.html" "Mozilla/4.0 (compatible; MSIE 6.0; Windows NT 5.1; SV1; .NET CLR 1.1.4322)" "site.musotica.com"
70.155.212.196 - - [08/Sep/2008:05:36:25 -0700] "GET /musotica/images/logo.gif HTTP/1.1" 200 2006 "http://musotica.com/boots1.html" "Mozilla/4.0 (compatible; MSIE 6.0; Windows NT 5.1; SV1; .NET CLR 1.1.4322)" "site.musotica.com"
70.155.212.196 - - [08/Sep/2008:05:36:25 -0700] "GET /rolldiv-images/shadow.png HTTP/1.1" 200 175 "-" "Mozilla/4.0 (compatible; MSIE 6.0; Windows NT 5.1; SV1; .NET CLR 1.1.4322)" "site.musotica.com"
70.155.212.196 - - [08/Sep/2008:05:36:25 -0700] "GET /musotica/images/home.gif HTTP/1.1" 200 70 "http://musotica.com/boots1.html" "Mozilla/4.0 (compatible; MSIE 6.0; Windows NT 5.1; SV1; .NET CLR 1.1.4322)" "site.musotica.com"
70.155.212.196 - - [08/Sep/2008:05:36:26 -0700] "GET /musotica/images/tell.gif HTTP/1.1" 200 67 "http://musotica.com/boots1.html" "Mozilla/4.0 (compatible; MSIE 6.0; Windows NT 5.1; SV1; .NET CLR 1.1.4322)" "site.musotica.com"
70.155.212.196 - - [08/Sep/2008:05:36:26 -0700] "GET /musotica/images/bookmark.gif HTTP/1.1" 200 124 "http://musotica.com/boots1.html" "Mozilla/4.0 (compatible; MSIE 6.0; Windows NT 5.1; SV1; .NET CLR 1.1.4322)" "site.musotica.com"
70.155.212.196 - - [08/Sep/2008:05:36:26 -0700] "GET /musotica/images/shop.gif HTTP/1.1" 200 83 "http://musotica.com/boots1.html" "Mozilla/4.0 (compatible; MSIE 6.0; Windows NT 5.1; SV1; .NET CLR 1.1.4322)" "site.musotica.com"
70.155.212.196 - - [08/Sep/2008:05:36:26 -0700] "GET /musotica/images/go.gif HTTP/1.1" 200 731 "http://musotica.com/boots1.html" "Mozilla/4.0 (compatible; MSIE 6.0; Windows NT 5.1; SV1; .NET CLR 1.1.4322)" "site.musotica.com"
70.155.212.196 - - [08/Sep/2008:05:36:26 -0700] "GET /musotica/images/newdot.gif HTTP/1.1" 200 62 "http://musotica.com/boots1.html" "Mozilla/4.0 (compatible; MSIE 6.0; Windows NT 5.1; SV1; .NET CLR 1.1.4322)" "site.musotica.com"
70.155.212.196 - - [08/Sep/2008:05:36:26 -0700] "GET /musotica/images/head_strip.gif HTTP/1.1" 200 63 "http://musotica.com/boots1.html" "Mozilla/4.0 (compatible; MSIE 6.0; Windows NT 5.1; SV1; .NET CLR 1.1.4322)" "site.musotica.com"
70.155.212.196 - - [08/Sep/2008:05:36:26 -0700] "GET /musotica/images/arrow.gif HTTP/1.1" 200 61 "http://musotica.com/boots1.html" "Mozilla/4.0 (compatible; MSIE 6.0; Windows NT 5.1; SV1; .NET CLR 1.1.4322)" "site.musotica.com"
70.155.212.196 - - [08/Sep/2008:05:36:26 -0700] "GET /musotica/images/search.gif HTTP/1.1" 200 1538 "http://musotica.com/boots1.html" "Mozilla/4.0 (compatible; MSIE 6.0; Windows NT 5.1; SV1; .NET CLR 1.1.4322)" "site.musotica.com"
70.155.212.196 - - [08/Sep/2008:05:36:26 -0700] "GET /musotica/images/midline.gif HTTP/1.1" 200 49 "http://musotica.com/boots1.html" "Mozilla/4.0 (compatible; MSIE 6.0; Windows NT 5.1; SV1; .NET CLR 1.1.4322)" "site.musotica.com"
70.155.212.196 - - [08/Sep/2008:05:36:26 -0700] "GET /scripts/cookies.js HTTP/1.1" 200 1429 "http://musotica.com/boots1.html" "Mozilla/4.0 (compatible; MSIE 6.0; Windows NT 5.1; SV1; .NET CLR 1.1.4322)" "site.musotica.com"
70.155.212.196 - - [08/Sep/2008:05:36:27 -0700] "GET /scripts/pagging-inner.js HTTP/1.1" 200 24676 "http://musotica.com/boots1.html" "Mozilla/4.0 (compatible; MSIE 6.0; Windows NT 5.1; SV1; .NET CLR 1.1.4322)" "site.musotica.com"
70.155.212.196 - - [08/Sep/2008:05:36:27 -0700] "GET /scripts/dpv.js HTTP/1.1" 200 1545 "http://musotica.com/boots1.html" "Mozilla/4.0 (compatible; MSIE 6.0; Windows NT 5.1; SV1; .NET CLR 1.1.4322)" "site.musotica.com"
70.155.212.196 - - [08/Sep/2008:05:36:27 -0700] "GET /musotica/images/lingeris.jpg HTTP/1.1" 200 17260 "http://musotica.com/boots1.html" "Mozilla/4.0 (compatible; MSIE 6.0; Windows NT 5.1; SV1; .NET CLR 1.1.4322)" "site.musotica.com"
70.155.212.196 - - [08/Sep/2008:05:36:27 -0700] "GET /musotica/images/spacer.gif HTTP/1.1" 404 275 "http://musotica.com/boots1.html" "Mozilla/4.0 (compatible; MSIE 6.0; Windows NT 5.1; SV1; .NET CLR 1.1.4322)" "site.musotica.com"
70.155.212.196 - - [08/Sep/2008:05:36:28 -0700] "GET /musotica/images/clubwear.jpg HTTP/1.1" 200 15480 "http://musotica.com/boots1.html" "Mozilla/4.0 (compatible; MSIE 6.0; Windows NT 5.1; SV1; .NET CLR 1.1.4322)" "site.musotica.com"
70.155.212.196 - - [08/Sep/2008:05:36:28 -0700] "GET /musotica/images/stockings.jpg HTTP/1.1" 200 15303 "http://musotica.com/boots1.html" "Mozilla/4.0 (compatible; MSIE 6.0; Windows NT 5.1; SV1; .NET CLR 1.1.4322)" "site.musotica.com"
70.155.212.196 - - [08/Sep/2008:05:36:28 -0700] "GET /musotica/images/shoes.jpg HTTP/1.1" 200 14412 "http://musotica.com/boots1.html" "Mozilla/4.0 (compatible; MSIE 6.0; Windows NT 5.1; SV1; .NET CLR 1.1.4322)" "site.musotica.com"
70.155.212.196 - - [08/Sep/2008:05:36:28 -0700] "GET /musotica/images/bannerdot.gif HTTP/1.1" 200 49 "http://musotica.com/boots1.html" "Mozilla/4.0 (compatible; MSIE 6.0; Windows NT 5.1; SV1; .NET CLR 1.1.4322)" "site.musotica.com"
70.155.212.196 - - [08/Sep/2008:05:36:29 -0700] "GET /musotica/images/newgreendot.gif HTTP/1.1" 200 49 "http://musotica.com/boots1.html" "Mozilla/4.0 (compatible; MSIE 6.0; Windows NT 5.1; SV1; .NET CLR 1.1.4322)" "site.musotica.com"
70.155.212.196 - - [08/Sep/2008:05:36:29 -0700] "GET /musotica/images/accessories.jpg HTTP/1.1" 200 17113 "http://musotica.com/boots1.html" "Mozilla/4.0 (compatible; MSIE 6.0; Windows NT 5.1; SV1; .NET CLR 1.1.4322)" "site.musotica.com"
70.155.212.196 - - [08/Sep/2008:05:36:29 -0700] "GET /musotica/images/pay.jpg HTTP/1.1" 200 13131 "http://musotica.com/boots1.html" "Mozilla/4.0 (compatible; MSIE 6.0; Windows NT 5.1; SV1; .NET CLR 1.1.4322)" "site.musotica.com"
70.155.212.196 - - [08/Sep/2008:05:36:29 -0700] "GET /musotica/images/ss.jpg HTTP/1.1" 200 5500 "http://musotica.com/boots1.html" "Mozilla/4.0 (compatible; MSIE 6.0; Windows NT 5.1; SV1; .NET CLR 1.1.4322)" "site.musotica.com"
70.155.212.196 - - [08/Sep/2008:05:36:29 -0700] "GET /rolldiv-images/header.png HTTP/1.1" 200 730 "-" "Mozilla/4.0 (compatible; MSIE 6.0; Windows NT 5.1; SV1; .NET CLR 1.1.4322)" "site.musotica.com"
70.155.212.196 - - [08/Sep/2008:05:36:30 -0700] "GET /rolldiv-images/footer.png HTTP/1.1" 200 637 "-" "Mozilla/4.0 (compatible; MSIE 6.0; Windows NT 5.1; SV1; .NET CLR 1.1.4322)" "site.musotica.com"
67.225.12.37 - - [08/Sep/2008:05:36:32 -0700] "GET /scripts/paging-images/images/spacer.gif HTTP/1.1" 404 275 "http://musotica.com/noname78.html" "Mozilla/5.0 (Windows; U; Windows NT 5.1; en-US) AppleWebKit/525.13 (KHTML, like Gecko) Chrome/0.2.149.29 Safari/525.13" "site.musotica.com"
67.225.12.37 - - [08/Sep/2008:05:36:33 -0700] "GET /musotica/images/spacer.gif HTTP/1.1" 404 275 "http://musotica.com/noname78.html" "Mozilla/5.0 (Windows; U; Windows NT 5.1; en-US) AppleWebKit/525.13 (KHTML, like Gecko) Chrome/0.2.149.29 Safari/525.13" "site.musotica.com"
88.110.197.51 - - [08/Sep/2008:05:36:39 -0700] "GET /scripts/paging-images/images/spacer.gif HTTP/1.1" 404 275 "http://musotica.com/seroonepisw.html" "Mozilla/4.0 (compatible; MSIE 6.0; Windows NT 5.1; SV1; User-agent: Mozilla/4.0 (compatible; MSIE 6.0; Windows NT 5.1; SV1; http://bsalsa.com) ; .NET CLR 1.1.4322)" "site.musotica.com"
88.110.197.51 - - [08/Sep/2008:05:36:41 -0700] "GET /musotica/images/spacer.gif HTTP/1.1" 404 275 "http://musotica.com/seroonepisw.html" "Mozilla/4.0 (compatible; MSIE 6.0; Windows NT 5.1; SV1; User-agent: Mozilla/4.0 (compatible; MSIE 6.0; Windows NT 5.1; SV1; http://bsalsa.com) ; .NET CLR 1.1.4322)" "site.musotica.com"
88.110.197.51 - - [08/Sep/2008:05:36:53 -0700] "GET /musotica/style/style.css HTTP/1.1" 304 - "http://musotica.com/seswpi.html?gclid=CI7X3s6azJUCFRqH1QodQQ27hQ" "Mozilla/4.0 (compatible; MSIE 6.0; Windows NT 5.1; SV1; User-agent: Mozilla/4.0 (compatible; MSIE 6.0; Windows NT 5.1; SV1; http://bsalsa.com) ; .NET CLR 1.1.4322)" "site.musotica.com"
88.110.197.51 - - [08/Sep/2008:05:36:54 -0700] "GET /style/rolldiv-ie.css HTTP/1.1" 304 - "http://musotica.com/seswpi.html?gclid=CI7X3s6azJUCFRqH1QodQQ27hQ" "Mozilla/4.0 (compatible; MSIE 6.0; Windows NT 5.1; SV1; User-agent: Mozilla/4.0 (compatible; MSIE 6.0; Windows NT 5.1; SV1; http://bsalsa.com) ; .NET CLR 1.1.4322)" "site.musotica.com"
88.110.197.51 - - [08/Sep/2008:05:36:54 -0700] "GET /scripts/rolldiv.js HTTP/1.1" 304 - "http://musotica.com/seswpi.html?gclid=CI7X3s6azJUCFRqH1QodQQ27hQ" "Mozilla/4.0 (compatible; MSIE 6.0; Windows NT 5.1; SV1; User-agent: Mozilla/4.0 (compatible; MSIE 6.0; Windows NT 5.1; SV1; http://bsalsa.com) ; .NET CLR 1.1.4322)" "site.musotica.com"
88.110.197.51 - - [08/Sep/2008:05:36:55 -0700] "GET /scripts/cookies.js HTTP/1.1" 304 - "http://musotica.com/seswpi.html?gclid=CI7X3s6azJUCFRqH1QodQQ27hQ" "Mozilla/4.0 (compatible; MSIE 6.0; Windows NT 5.1; SV1; User-agent: Mozilla/4.0 (compatible; MSIE 6.0; Windows NT 5.1; SV1; http://bsalsa.com) ; .NET CLR 1.1.4322)" "site.musotica.com"
88.110.197.51 - - [08/Sep/2008:05:36:55 -0700] "GET /scripts/pagging-inner.js HTTP/1.1" 304 - "http://musotica.com/seswpi.html?gclid=CI7X3s6azJUCFRqH1QodQQ27hQ" "Mozilla/4.0 (compatible; MSIE 6.0; Windows NT 5.1; SV1; User-agent: Mozilla/4.0 (compatible; MSIE 6.0; Windows NT 5.1; SV1; http://bsalsa.com) ; .NET CLR 1.1.4322)" "site.musotica.com"
88.110.197.51 - - [08/Sep/2008:05:36:55 -0700] "GET /scripts/dpv.js HTTP/1.1" 304 - "http://musotica.com/seswpi.html?gclid=CI7X3s6azJUCFRqH1QodQQ27hQ" "Mozilla/4.0 (compatible; MSIE 6.0; Windows NT 5.1; SV1; User-agent: Mozilla/4.0 (compatible; MSIE 6.0; Windows NT 5.1; SV1; http://bsalsa.com) ; .NET CLR 1.1.4322)" "site.musotica.com"
88.110.197.51 - - [08/Sep/2008:05:36:57 -0700] "GET /musotica/images/spacer.gif HTTP/1.1" 404 275 "http://musotica.com/seswpi.html?gclid=CI7X3s6azJUCFRqH1QodQQ27hQ" "Mozilla/4.0 (compatible; MSIE 6.0; Windows NT 5.1; SV1; User-agent: Mozilla/4.0 (compatible; MSIE 6.0; Windows NT 5.1; SV1; http://bsalsa.com) ; .NET CLR 1.1.4322)" "site.musotica.com"
88.110.197.51 - - [08/Sep/2008:05:37:07 -0700] "GET /musotica/images/spacer.gif HTTP/1.1" 404 275 "http://musotica.com/bodystockings1.html" "Mozilla/4.0 (compatible; MSIE 6.0; Windows NT 5.1; SV1; User-agent: Mozilla/4.0 (compatible; MSIE 6.0; Windows NT 5.1; SV1; http://bsalsa.com) ; .NET CLR 1.1.4322)" "site.musotica.com"
71.72.21.6 - - [08/Sep/2008:05:37:43 -0700] "GET /musotica/style/style.css HTTP/1.1" 200 2675 "http://musotica.com/haco.html" "Mozilla/4.0 (compatible; MSIE 7.0; Windows NT 6.0; SLCC1; .NET CLR 2.0.50727; Media Center PC 5.0; .NET CLR 3.0.04506)" "site.musotica.com"
71.72.21.6 - - [08/Sep/2008:05:37:44 -0700] "GET /style/rolldiv-ie.css HTTP/1.1" 200 809 "http://musotica.com/haco.html" "Mozilla/4.0 (compatible; MSIE 7.0; Windows NT 6.0; SLCC1; .NET CLR 2.0.50727; Media Center PC 5.0; .NET CLR 3.0.04506)" "site.musotica.com"
