71.72.21.6 - - [08/Sep/2008:05:37:44 -0700] "GET /scripts/rolldiv.js HTTP/1.1" 200 623 "http://musotica.com/haco.html" "Mozilla/4.0 (compatible; MSIE 7.0; Windows NT 6.0; SLCC1; .NET CLR 2.0.50727; Media Center PC 5.0; .NET CLR 3.0.04506)" "site.musotica.com"
71.72.21.6 - - [08/Sep/2008:05:37:44 -0700] "GET /musotica/images/logo.gif HTTP/1.1" 200 2006 "http://musotica.com/haco.html" "Mozilla/4.0 (compatible; MSIE 7.0; Windows NT 6.0; SLCC1; .NET CLR 2.0.50727; Media Center PC 5.0; .NET CLR 3.0.04506)" "site.musotica.com"
71.72.21.6 - - [08/Sep/2008:05:37:44 -0700] "GET /musotica/images/home.gif HTTP/1.1" 200 70 "http://musotica.com/haco.html" "Mozilla/4.0 (compatible; MSIE 7.0; Windows NT 6.0; SLCC1; .NET CLR 2.0.50727; Media Center PC 5.0; .NET CLR 3.0.04506)" "site.musotica.com"
71.72.21.6 - - [08/Sep/2008:05:37:44 -0700] "GET /musotica/images/bookmark.gif HTTP/1.1" 200 124 "http://musotica.com/haco.html" "Mozilla/4.0 (compatible; MSIE 7.0; Windows NT 6.0; SLCC1; .NET CLR 2.0.50727; Media Center PC 5.0; .NET CLR 3.0.04506)" "site.musotica.com"
71.72.21.6 - - [08/Sep/2008:05:37:44 -0700] "GET /musotica/images/tell.gif HTTP/1.1" 200 67 "http://musotica.com/haco.html" "Mozilla/4.0 (compatible; MSIE 7.0; Windows NT 6.0; SLCC1; .NET CLR 2.0.50727; Media Center PC 5.0; .NET CLR 3.0.04506)" "site.musotica.com"
71.72.21.6 - - [08/Sep/2008:05:37:44 -0700] "GET /musotica/images/phone.gif HTTP/1.1" 200 385 "http://musotica.com/haco.html" "Mozilla/4.0 (compatible; MSIE 7.0; Windows NT 6.0; SLCC1; .NET CLR 2.0.50727; Media Center PC 5.0; .NET CLR 3.0.04506)" "site.musotica.com"
71.72.21.6 - - [08/Sep/2008:05:37:44 -0700] "GET /musotica/images/arrow.gif HTTP/1.1" 200 61 "http://musotica.com/haco.html" "Mozilla/4.0 (compatible; MSIE 7.0; Windows NT 6.0; SLCC1; .NET CLR 2.0.50727; Media Center PC 5.0; .NET CLR 3.0.04506)" "site.musotica.com"
71.72.21.6 - - [08/Sep/2008:05:37:44 -0700] "GET /musotica/images/shop.gif HTTP/1.1" 200 83 "http://musotica.com/haco.html" "Mozilla/4.0 (compatible; MSIE 7.0; Windows NT 6.0; SLCC1; .NET CLR 2.0.50727; Media Center PC 5.0; .NET CLR 3.0.04506)" "site.musotica.com"
71.72.21.6 - - [08/Sep/2008:05:37:44 -0700] "GET /musotica/images/go.gif HTTP/1.1" 200 731 "http://musotica.com/haco.html" "Mozilla/4.0 (compatible; MSIE 7.0; Windows NT 6.0; SLCC1; .NET CLR 2.0.50727; Media Center PC 5.0; .NET CLR 3.0.04506)" "site.musotica.com"
71.72.21.6 - - [08/Sep/2008:05:37:44 -0700] "GET /musotica/images/head_strip.gif HTTP/1.1" 200 63 "http://musotica.com/haco.html" "Mozilla/4.0 (compatible; MSIE 7.0; Windows NT 6.0; SLCC1; .NET CLR 2.0.50727; Media Center PC 5.0; .NET CLR 3.0.04506)" "site.musotica.com"
71.72.21.6 - - [08/Sep/2008:05:37:44 -0700] "GET /musotica/images/newdot.gif HTTP/1.1" 200 62 "http://musotica.com/haco.html" "Mozilla/4.0 (compatible; MSIE 7.0; Windows NT 6.0; SLCC1; .NET CLR 2.0.50727; Media Center PC 5.0; .NET CLR 3.0.04506)" "site.musotica.com"
71.72.21.6 - - [08/Sep/2008:05:37:44 -0700] "GET /musotica/images/search.gif HTTP/1.1" 200 1538 "http://musotica.com/haco.html" "Mozilla/4.0 (compatible; MSIE 7.0; Windows NT 6.0; SLCC1; .NET CLR 2.0.50727; Media Center PC 5.0; .NET CLR 3.0.04506)" "site.musotica.com"
71.72.21.6 - - [08/Sep/2008:05:37:44 -0700] "GET /musotica/images/midline.gif HTTP/1.1" 200 49 "http://musotica.com/haco.html" "Mozilla/4.0 (compatible; MSIE 7.0; Windows NT 6.0; SLCC1; .NET CLR 2.0.50727; Media Center PC 5.0; .NET CLR 3.0.04506)" "site.musotica.com"
71.72.21.6 - - [08/Sep/2008:05:37:44 -0700] "GET /musotica/images/lingeris.jpg HTTP/1.1" 200 17260 "http://musotica.com/haco.html" "Mozilla/4.0 (compatible; MSIE 7.0; Windows NT 6.0; SLCC1; .NET CLR 2.0.50727; Media Center PC 5.0; .NET CLR 3.0.04506)" "site.musotica.com"
71.72.21.6 - - [08/Sep/2008:05:37:44 -0700] "GET /musotica/images/ss.jpg HTTP/1.1" 200 5500 "http://musotica.com/haco.html" "Mozilla/4.0 (compatible; MSIE 7.0; Windows NT 6.0; SLCC1; .NET CLR 2.0.50727; Media Center PC 5.0; .NET CLR 3.0.04506)" "site.musotica.com"
71.72.21.6 - - [08/Sep/2008:05:37:44 -0700] "GET /musotica/images/pay.jpg HTTP/1.1" 200 13131 "http://musotica.com/haco.html" "Mozilla/4.0 (compatible; MSIE 7.0; Windows NT 6.0; SLCC1; .NET CLR 2.0.50727; Media Center PC 5.0; .NET CLR 3.0.04506)" "site.musotica.com"
71.72.21.6 - - [08/Sep/2008:05:37:44 -0700] "GET /musotica/images/stockings.jpg HTTP/1.1" 200 15303 "http://musotica.com/haco.html" "Mozilla/4.0 (compatible; MSIE 7.0; Windows NT 6.0; SLCC1; .NET CLR 2.0.50727; Media Center PC 5.0; .NET CLR 3.0.04506)" "site.musotica.com"
71.72.21.6 - - [08/Sep/2008:05:37:44 -0700] "GET /musotica/images/accessories.jpg HTTP/1.1" 200 17113 "http://musotica.com/haco.html" "Mozilla/4.0 (compatible; MSIE 7.0; Windows NT 6.0; SLCC1; .NET CLR 2.0.50727; Media Center PC 5.0; .NET CLR 3.0.04506)" "site.musotica.com"
71.72.21.6 - - [08/Sep/2008:05:37:44 -0700] "GET /musotica/images/shoes.jpg HTTP/1.1" 200 14412 "http://musotica.com/haco.html" "Mozilla/4.0 (compatible; MSIE 7.0; Windows NT 6.0; SLCC1; .NET CLR 2.0.50727; Media Center PC 5.0; .NET CLR 3.0.04506)" "site.musotica.com"
71.72.21.6 - - [08/Sep/2008:05:37:44 -0700] "GET /musotica/images/clubwear.jpg HTTP/1.1" 200 15480 "http://musotica.com/haco.html" "Mozilla/4.0 (compatible; MSIE 7.0; Windows NT 6.0; SLCC1; .NET CLR 2.0.50727; Media Center PC 5.0; .NET CLR 3.0.04506)" "site.musotica.com"
71.72.21.6 - - [08/Sep/2008:05:37:44 -0700] "GET /rolldiv-images/shadow.png HTTP/1.1" 200 175 "-" "Mozilla/4.0 (compatible; MSIE 7.0; Windows NT 6.0; SLCC1; .NET CLR 2.0.50727; Media Center PC 5.0; .NET CLR 3.0.04506)" "site.musotica.com"
71.72.21.6 - - [08/Sep/2008:05:37:44 -0700] "GET /musotica/images/spacer.gif HTTP/1.1" 404 275 "http://musotica.com/haco.html" "Mozilla/4.0 (compatible; MSIE 7.0; Windows NT 6.0; SLCC1; .NET CLR 2.0.50727; Media Center PC 5.0; .NET CLR 3.0.04506)" "site.musotica.com"
71.72.21.6 - - [08/Sep/2008:05:37:44 -0700] "GET /musotica/images/newgreendot.gif HTTP/1.1" 200 49 "http://musotica.com/haco.html" "Mozilla/4.0 (compatible; MSIE 7.0; Windows NT 6.0; SLCC1; .NET CLR 2.0.50727; Media Center PC 5.0; .NET CLR 3.0.04506)" "site.musotica.com"
71.72.21.6 - - [08/Sep/2008:05:37:44 -0700] "GET /musotica/images/bannerdot.gif HTTP/1.1" 200 49 "http://musotica.com/haco.html" "Mozilla/4.0 (compatible; MSIE 7.0; Windows NT 6.0; SLCC1; .NET CLR 2.0.50727; Media Center PC 5.0; .NET CLR 3.0.04506)" "site.musotica.com"
71.72.21.6 - - [08/Sep/2008:05:37:46 -0700] "GET /rolldiv-images/footer.png HTTP/1.1" 200 637 "-" "Mozilla/4.0 (compatible; MSIE 7.0; Windows NT 6.0; SLCC1; .NET CLR 2.0.50727; Media Center PC 5.0; .NET CLR 3.0.04506)" "site.musotica.com"
71.72.21.6 - - [08/Sep/2008:05:37:46 -0700] "GET /rolldiv-images/header.png HTTP/1.1" 200 730 "-" "Mozilla/4.0 (compatible; MSIE 7.0; Windows NT 6.0; SLCC1; .NET CLR 2.0.50727; Media Center PC 5.0; .NET CLR 3.0.04506)" "site.musotica.com"
80.229.35.40 - - [08/Sep/2008:05:37:47 -0700] "GET /musotica/style/style.css HTTP/1.1" 304 - "http://musotica.com/seshcucoseha.html" "Mozilla/4.0 (compatible; MSIE 6.0; Windows NT 5.1; BT Openworld BB; SV1; AntivirXP08; .NET CLR 1.1.4322; InfoPath.1)" "site.musotica.com"
205.188.116.206 - - [08/Sep/2008:05:37:48 -0700] "POST /php/contact.php HTTP/1.1" 302 5 "http://musotica.com/contactus-n.html" "Mozilla/4.0 (compatible; MSIE 7.0; AOL 9.0; Windows NT 5.1; Zango 10.0.370.0)" "site.musotica.com"
80.229.35.40 - - [08/Sep/2008:05:37:48 -0700] "GET /style/rolldiv-ie.css HTTP/1.1" 304 - "http://musotica.com/seshcucoseha.html" "Mozilla/4.0 (compatible; MSIE 6.0; Windows NT 5.1; BT Openworld BB; SV1; AntivirXP08; .NET CLR 1.1.4322; InfoPath.1)" "site.musotica.com"
80.229.35.40 - - [08/Sep/2008:05:37:48 -0700] "GET /scripts/rolldiv.js HTTP/1.1" 304 - "http://musotica.com/seshcucoseha.html" "Mozilla/4.0 (compatible; MSIE 6.0; Windows NT 5.1; BT Openworld BB; SV1; AntivirXP08; .NET CLR 1.1.4322; InfoPath.1)" "site.musotica.com"
80.229.35.40 - - [08/Sep/2008:05:37:49 -0700] "GET /scripts/paging-images/images/spacer.gif HTTP/1.1" 404 275 "http://musotica.com/seshcucoseha.html" "Mozilla/4.0 (compatible; MSIE 6.0; Windows NT 5.1; BT Openworld BB; SV1; AntivirXP08; .NET CLR 1.1.4322; InfoPath.1)" "site.musotica.com"
205.188.117.206 - - [08/Sep/2008:05:37:50 -0700] "GET /musotica/images/spacer.gif HTTP/1.1" 404 275 "http://musotica.com/thankyou.html" "Mozilla/4.0 (compatible; MSIE 7.0; AOL 9.0; Windows NT 5.1; Zango 10.0.370.0)" "site.musotica.com"
80.229.35.40 - - [08/Sep/2008:05:37:50 -0700] "GET /musotica/images/spacer.gif HTTP/1.1" 404 275 "http://musotica.com/seshcucoseha.html" "Mozilla/4.0 (compatible; MSIE 6.0; Windows NT 5.1; BT Openworld BB; SV1; AntivirXP08; .NET CLR 1.1.4322; InfoPath.1)" "site.musotica.com"
80.229.35.40 - - [08/Sep/2008:05:37:54 -0700] "GET /scripts/paging-images/images/spacer.gif HTTP/1.1" 404 275 "http://musotica.com/swsahaco.html" "Mozilla/4.0 (compatible; MSIE 6.0; Windows NT 5.1; BT Openworld BB; SV1; AntivirXP08; .NET CLR 1.1.4322; InfoPath.1)" "site.musotica.com"
80.229.35.40 - - [08/Sep/2008:05:37:54 -0700] "GET /musotica/images/spacer.gif HTTP/1.1" 404 275 "http://musotica.com/swsahaco.html" "Mozilla/4.0 (compatible; MSIE 6.0; Windows NT 5.1; BT Openworld BB; SV1; AntivirXP08; .NET CLR 1.1.4322; InfoPath.1)" "site.musotica.com"
205.188.117.206 - - [08/Sep/2008:05:38:02 -0700] "GET /musotica/images/spacer.gif HTTP/1.1" 404 275 "http://musotica.com/musoticawear.html" "Mozilla/4.0 (compatible; MSIE 7.0; AOL 9.0; Windows NT 5.1; Zango 10.0.370.0)" "site.musotica.com"
98.194.22.50 - - [08/Sep/2008:05:38:13 -0700] "GET /musotica/style/style.css HTTP/1.1" 200 2675 "http://musotica.com/seprfacoseha.html" "Mozilla/4.0 (compatible; MSIE 7.0; Windows NT 5.1; .NET CLR 1.1.4322)" "site.musotica.com"
98.194.22.50 - - [08/Sep/2008:05:38:14 -0700] "GET /style/rolldiv-ie.css HTTP/1.1" 200 809 "http://musotica.com/seprfacoseha.html" "Mozilla/4.0 (compatible; MSIE 7.0; Windows NT 5.1; .NET CLR 1.1.4322)" "site.musotica.com"
98.194.22.50 - - [08/Sep/2008:05:38:14 -0700] "GET /scripts/rolldiv.js HTTP/1.1" 200 623 "http://musotica.com/seprfacoseha.html" "Mozilla/4.0 (compatible; MSIE 7.0; Windows NT 5.1; .NET CLR 1.1.4322)" "site.musotica.com"
98.194.22.50 - - [08/Sep/2008:05:38:14 -0700] "GET /musotica/images/logo.gif HTTP/1.1" 200 2006 "http://musotica.com/seprfacoseha.html" "Mozilla/4.0 (compatible; MSIE 7.0; Windows NT 5.1; .NET CLR 1.1.4322)" "site.musotica.com"
98.194.22.50 - - [08/Sep/2008:05:38:14 -0700] "GET /musotica/images/phone.gif HTTP/1.1" 200 385 "http://musotica.com/seprfacoseha.html" "Mozilla/4.0 (compatible; MSIE 7.0; Windows NT 5.1; .NET CLR 1.1.4322)" "site.musotica.com"
98.194.22.50 - - [08/Sep/2008:05:38:14 -0700] "GET /musotica/images/tell.gif HTTP/1.1" 200 67 "http://musotica.com/seprfacoseha.html" "Mozilla/4.0 (compatible; MSIE 7.0; Windows NT 5.1; .NET CLR 1.1.4322)" "site.musotica.com"
98.194.22.50 - - [08/Sep/2008:05:38:14 -0700] "GET /musotica/images/home.gif HTTP/1.1" 200 70 "http://musotica.com/seprfacoseha.html" "Mozilla/4.0 (compatible; MSIE 7.0; Windows NT 5.1; .NET CLR 1.1.4322)" "site.musotica.com"
98.194.22.50 - - [08/Sep/2008:05:38:15 -0700] "GET /musotica/images/bookmark.gif HTTP/1.1" 200 124 "http://musotica.com/seprfacoseha.html" "Mozilla/4.0 (compatible; MSIE 7.0; Windows NT 5.1; .NET CLR 1.1.4322)" "site.musotica.com"
98.194.22.50 - - [08/Sep/2008:05:38:15 -0700] "GET /musotica/images/go.gif HTTP/1.1" 200 731 "http://musotica.com/seprfacoseha.html" "Mozilla/4.0 (compatible; MSIE 7.0; Windows NT 5.1; .NET CLR 1.1.4322)" "site.musotica.com"
98.194.22.50 - - [08/Sep/2008:05:38:15 -0700] "GET /musotica/images/shop.gif HTTP/1.1" 200 83 "http://musotica.com/seprfacoseha.html" "Mozilla/4.0 (compatible; MSIE 7.0; Windows NT 5.1; .NET CLR 1.1.4322)" "site.musotica.com"
98.194.22.50 - - [08/Sep/2008:05:38:15 -0700] "GET /musotica/images/arrow.gif HTTP/1.1" 200 61 "http://musotica.com/seprfacoseha.html" "Mozilla/4.0 (compatible; MSIE 7.0; Windows NT 5.1; .NET CLR 1.1.4322)" "site.musotica.com"
98.194.22.50 - - [08/Sep/2008:05:38:15 -0700] "GET /musotica/images/head_strip.gif HTTP/1.1" 200 63 "http://musotica.com/seprfacoseha.html" "Mozilla/4.0 (compatible; MSIE 7.0; Windows NT 5.1; .NET CLR 1.1.4322)" "site.musotica.com"
98.194.22.50 - - [08/Sep/2008:05:38:15 -0700] "GET /musotica/images/newdot.gif HTTP/1.1" 200 62 "http://musotica.com/seprfacoseha.html" "Mozilla/4.0 (compatible; MSIE 7.0; Windows NT 5.1; .NET CLR 1.1.4322)" "site.musotica.com"
98.194.22.50 - - [08/Sep/2008:05:38:15 -0700] "GET /musotica/images/search.gif HTTP/1.1" 200 1538 "http://musotica.com/seprfacoseha.html" "Mozilla/4.0 (compatible; MSIE 7.0; Windows NT 5.1; .NET CLR 1.1.4322)" "site.musotica.com"
98.194.22.50 - - [08/Sep/2008:05:38:15 -0700] "GET /musotica/images/midline.gif HTTP/1.1" 200 49 "http://musotica.com/seprfacoseha.html" "Mozilla/4.0 (compatible; MSIE 7.0; Windows NT 5.1; .NET CLR 1.1.4322)" "site.musotica.com"
98.194.22.50 - - [08/Sep/2008:05:38:15 -0700] "GET /scripts/paging-images/images/spacer.gif HTTP/1.1" 404 275 "http://musotica.com/seprfacoseha.html" "Mozilla/4.0 (compatible; MSIE 7.0; Windows NT 5.1; .NET CLR 1.1.4322)" "site.musotica.com"
98.194.22.50 - - [08/Sep/2008:05:38:15 -0700] "GET /musotica/images/lingeris.jpg HTTP/1.1" 200 17260 "http://musotica.com/seprfacoseha.html" "Mozilla/4.0 (compatible; MSIE 7.0; Windows NT 5.1; .NET CLR 1.1.4322)" "site.musotica.com"
98.194.22.50 - - [08/Sep/2008:05:38:15 -0700] "GET /musotica/images/spacer.gif HTTP/1.1" 404 275 "http://musotica.com/seprfacoseha.html" "Mozilla/4.0 (compatible; MSIE 7.0; Windows NT 5.1; .NET CLR 1.1.4322)" "site.musotica.com"
98.194.22.50 - - [08/Sep/2008:05:38:16 -0700] "GET /musotica/images/clubwear.jpg HTTP/1.1" 200 15480 "http://musotica.com/seprfacoseha.html" "Mozilla/4.0 (compatible; MSIE 7.0; Windows NT 5.1; .NET CLR 1.1.4322)" "site.musotica.com"
98.194.22.50 - - [08/Sep/2008:05:38:16 -0700] "GET /musotica/images/bannerdot.gif HTTP/1.1" 200 49 "http://musotica.com/seprfacoseha.html" "Mozilla/4.0 (compatible; MSIE 7.0; Windows NT 5.1; .NET CLR 1.1.4322)" "site.musotica.com"
98.194.22.50 - - [08/Sep/2008:05:38:16 -0700] "GET /musotica/images/shoes.jpg HTTP/1.1" 200 14412 "http://musotica.com/seprfacoseha.html" "Mozilla/4.0 (compatible; MSIE 7.0; Windows NT 5.1; .NET CLR 1.1.4322)" "site.musotica.com"
98.194.22.50 - - [08/Sep/2008:05:38:16 -0700] "GET /musotica/images/stockings.jpg HTTP/1.1" 200 15303 "http://musotica.com/seprfacoseha.html" "Mozilla/4.0 (compatible; MSIE 7.0; Windows NT 5.1; .NET CLR 1.1.4322)" "site.musotica.com"
98.194.22.50 - - [08/Sep/2008:05:38:16 -0700] "GET /musotica/images/accessories.jpg HTTP/1.1" 200 17113 "http://musotica.com/seprfacoseha.html" "Mozilla/4.0 (compatible; MSIE 7.0; Windows NT 5.1; .NET CLR 1.1.4322)" "site.musotica.com"
98.194.22.50 - - [08/Sep/2008:05:38:16 -0700] "GET /musotica/images/newgreendot.gif HTTP/1.1" 200 49 "http://musotica.com/seprfacoseha.html" "Mozilla/4.0 (compatible; MSIE 7.0; Windows NT 5.1; .NET CLR 1.1.4322)" "site.musotica.com"
98.194.22.50 - - [08/Sep/2008:05:38:16 -0700] "GET /musotica/images/pay.jpg HTTP/1.1" 200 13131 "http://musotica.com/seprfacoseha.html" "Mozilla/4.0 (compatible; MSIE 7.0; Windows NT 5.1; .NET CLR 1.1.4322)" "site.musotica.com"
98.194.22.50 - - [08/Sep/2008:05:38:16 -0700] "GET /musotica/images/ss.jpg HTTP/1.1" 200 5500 "http://musotica.com/seprfacoseha.html" "Mozilla/4.0 (compatible; MSIE 7.0; Windows NT 5.1; .NET CLR 1.1.4322)" "site.musotica.com"
71.229.187.125 - - [08/Sep/2008:05:39:10 -0700] "GET /musotica/style/style.css HTTP/1.1" 200 2675 "http://musotica.com/sexytops.html" "Mozilla/4.0 (compatible; MSIE 7.0; Windows NT 5.1; .NET CLR 1.0.3705; .NET CLR 1.1.4322; Media Center PC 4.0)" "site.musotica.com"
71.229.187.125 - - [08/Sep/2008:05:39:10 -0700] "GET /style/rolldiv-ie.css HTTP/1.1" 200 809 "http://musotica.com/sexytops.html" "Mozilla/4.0 (compatible; MSIE 7.0; Windows NT 5.1; .NET CLR 1.0.3705; .NET CLR 1.1.4322; Media Center PC 4.0)" "site.musotica.com"
71.229.187.125 - - [08/Sep/2008:05:39:10 -0700] "GET /scripts/rolldiv.js HTTP/1.1" 200 623 "http://musotica.com/sexytops.html" "Mozilla/4.0 (compatible; MSIE 7.0; Windows NT 5.1; .NET CLR 1.0.3705; .NET CLR 1.1.4322; Media Center PC 4.0)" "site.musotica.com"
71.229.187.125 - - [08/Sep/2008:05:39:10 -0700] "GET /musotica/images/phone.gif HTTP/1.1" 200 385 "http://musotica.com/sexytops.html" "Mozilla/4.0 (compatible; MSIE 7.0; Windows NT 5.1; .NET CLR 1.0.3705; .NET CLR 1.1.4322; Media Center PC 4.0)" "site.musotica.com"
71.229.187.125 - - [08/Sep/2008:05:39:11 -0700] "GET /musotica/images/logo.gif HTTP/1.1" 200 2006 "http://musotica.com/sexytops.html" "Mozilla/4.0 (compatible; MSIE 7.0; Windows NT 5.1; .NET CLR 1.0.3705; .NET CLR 1.1.4322; Media Center PC 4.0)" "site.musotica.com"
71.229.187.125 - - [08/Sep/2008:05:39:11 -0700] "GET /musotica/images/home.gif HTTP/1.1" 200 70 "http://musotica.com/sexytops.html" "Mozilla/4.0 (compatible; MSIE 7.0; Windows NT 5.1; .NET CLR 1.0.3705; .NET CLR 1.1.4322; Media Center PC 4.0)" "site.musotica.com"
71.229.187.125 - - [08/Sep/2008:05:39:11 -0700] "GET /musotica/images/head_strip.gif HTTP/1.1" 200 63 "http://musotica.com/sexytops.html" "Mozilla/4.0 (compatible; MSIE 7.0; Windows NT 5.1; .NET CLR 1.0.3705; .NET CLR 1.1.4322; Media Center PC 4.0)" "site.musotica.com"
71.229.187.125 - - [08/Sep/2008:05:39:11 -0700] "GET /musotica/images/tell.gif HTTP/1.1" 200 67 "http://musotica.com/sexytops.html" "Mozilla/4.0 (compatible; MSIE 7.0; Windows NT 5.1; .NET CLR 1.0.3705; .NET CLR 1.1.4322; Media Center PC 4.0)" "site.musotica.com"
71.229.187.125 - - [08/Sep/2008:05:39:11 -0700] "GET /musotica/images/bookmark.gif HTTP/1.1" 200 124 "http://musotica.com/sexytops.html" "Mozilla/4.0 (compatible; MSIE 7.0; Windows NT 5.1; .NET CLR 1.0.3705; .NET CLR 1.1.4322; Media Center PC 4.0)" "site.musotica.com"
71.229.187.125 - - [08/Sep/2008:05:39:11 -0700] "GET /musotica/images/newdot.gif HTTP/1.1" 200 62 "http://musotica.com/sexytops.html" "Mozilla/4.0 (compatible; MSIE 7.0; Windows NT 5.1; .NET CLR 1.0.3705; .NET CLR 1.1.4322; Media Center PC 4.0)" "site.musotica.com"
71.229.187.125 - - [08/Sep/2008:05:39:11 -0700] "GET /musotica/images/go.gif HTTP/1.1" 200 731 "http://musotica.com/sexytops.html" "Mozilla/4.0 (compatible; MSIE 7.0; Windows NT 5.1; .NET CLR 1.0.3705; .NET CLR 1.1.4322; Media Center PC 4.0)" "site.musotica.com"
71.229.187.125 - - [08/Sep/2008:05:39:11 -0700] "GET /musotica/images/arrow.gif HTTP/1.1" 200 61 "http://musotica.com/sexytops.html" "Mozilla/4.0 (compatible; MSIE 7.0; Windows NT 5.1; .NET CLR 1.0.3705; .NET CLR 1.1.4322; Media Center PC 4.0)" "site.musotica.com"
71.229.187.125 - - [08/Sep/2008:05:39:11 -0700] "GET /musotica/images/shop.gif HTTP/1.1" 200 83 "http://musotica.com/sexytops.html" "Mozilla/4.0 (compatible; MSIE 7.0; Windows NT 5.1; .NET CLR 1.0.3705; .NET CLR 1.1.4322; Media Center PC 4.0)" "site.musotica.com"
71.229.187.125 - - [08/Sep/2008:05:39:11 -0700] "GET /rolldiv-images/shadow.png HTTP/1.1" 200 175 "-" "Mozilla/4.0 (compatible; MSIE 7.0; Windows NT 5.1; .NET CLR 1.0.3705; .NET CLR 1.1.4322; Media Center PC 4.0)" "site.musotica.com"
71.229.187.125 - - [08/Sep/2008:05:39:11 -0700] "GET /musotica/images/search.gif HTTP/1.1" 200 1538 "http://musotica.com/sexytops.html" "Mozilla/4.0 (compatible; MSIE 7.0; Windows NT 5.1; .NET CLR 1.0.3705; .NET CLR 1.1.4322; Media Center PC 4.0)" "site.musotica.com"
71.229.187.125 - - [08/Sep/2008:05:39:11 -0700] "GET /musotica/images/midline.gif HTTP/1.1" 200 49 "http://musotica.com/sexytops.html" "Mozilla/4.0 (compatible; MSIE 7.0; Windows NT 5.1; .NET CLR 1.0.3705; .NET CLR 1.1.4322; Media Center PC 4.0)" "site.musotica.com"
71.229.187.125 - - [08/Sep/2008:05:39:11 -0700] "GET /scripts/cookies.js HTTP/1.1" 200 1429 "http://musotica.com/sexytops.html" "Mozilla/4.0 (compatible; MSIE 7.0; Windows NT 5.1; .NET CLR 1.0.3705; .NET CLR 1.1.4322; Media Center PC 4.0)" "site.musotica.com"
71.229.187.125 - - [08/Sep/2008:05:39:11 -0700] "GET /scripts/pagging-inner.js HTTP/1.1" 200 24676 "http://musotica.com/sexytops.html" "Mozilla/4.0 (compatible; MSIE 7.0; Windows NT 5.1; .NET CLR 1.0.3705; .NET CLR 1.1.4322; Media Center PC 4.0)" "site.musotica.com"
71.229.187.125 - - [08/Sep/2008:05:39:11 -0700] "GET /scripts/dpv.js HTTP/1.1" 200 1545 "http://musotica.com/sexytops.html" "Mozilla/4.0 (compatible; MSIE 7.0; Windows NT 5.1; .NET CLR 1.0.3705; .NET CLR 1.1.4322; Media Center PC 4.0)" "site.musotica.com"
71.229.187.125 - - [08/Sep/2008:05:39:12 -0700] "GET /musotica/images/lingeris.jpg HTTP/1.1" 200 17260 "http://musotica.com/sexytops.html" "Mozilla/4.0 (compatible; MSIE 7.0; Windows NT 5.1; .NET CLR 1.0.3705; .NET CLR 1.1.4322; Media Center PC 4.0)" "site.musotica.com"
71.229.187.125 - - [08/Sep/2008:05:39:12 -0700] "GET /musotica/images/spacer.gif HTTP/1.1" 404 275 "http://musotica.com/sexytops.html" "Mozilla/4.0 (compatible; MSIE 7.0; Windows NT 5.1; .NET CLR 1.0.3705; .NET CLR 1.1.4322; Media Center PC 4.0)" "site.musotica.com"
71.229.187.125 - - [08/Sep/2008:05:39:12 -0700] "GET /musotica/images/bannerdot.gif HTTP/1.1" 200 49 "http://musotica.com/sexytops.html" "Mozilla/4.0 (compatible; MSIE 7.0; Windows NT 5.1; .NET CLR 1.0.3705; .NET CLR 1.1.4322; Media Center PC 4.0)" "site.musotica.com"
71.229.187.125 - - [08/Sep/2008:05:39:12 -0700] "GET /musotica/images/clubwear.jpg HTTP/1.1" 200 15480 "http://musotica.com/sexytops.html" "Mozilla/4.0 (compatible; MSIE 7.0; Windows NT 5.1; .NET CLR 1.0.3705; .NET CLR 1.1.4322; Media Center PC 4.0)" "site.musotica.com"
71.229.187.125 - - [08/Sep/2008:05:39:12 -0700] "GET /musotica/images/shoes.jpg HTTP/1.1" 200 14412 "http://musotica.com/sexytops.html" "Mozilla/4.0 (compatible; MSIE 7.0; Windows NT 5.1; .NET CLR 1.0.3705; .NET CLR 1.1.4322; Media Center PC 4.0)" "site.musotica.com"
71.229.187.125 - - [08/Sep/2008:05:39:12 -0700] "GET /musotica/images/accessories.jpg HTTP/1.1" 200 17113 "http://musotica.com/sexytops.html" "Mozilla/4.0 (compatible; MSIE 7.0; Windows NT 5.1; .NET CLR 1.0.3705; .NET CLR 1.1.4322; Media Center PC 4.0)" "site.musotica.com"
71.229.187.125 - - [08/Sep/2008:05:39:12 -0700] "GET /musotica/images/stockings.jpg HTTP/1.1" 200 15303 "http://musotica.com/sexytops.html" "Mozilla/4.0 (compatible; MSIE 7.0; Windows NT 5.1; .NET CLR 1.0.3705; .NET CLR 1.1.4322; Media Center PC 4.0)" "site.musotica.com"
71.229.187.125 - - [08/Sep/2008:05:39:12 -0700] "GET /musotica/images/newgreendot.gif HTTP/1.1" 200 49 "http://musotica.com/sexytops.html" "Mozilla/4.0 (compatible; MSIE 7.0; Windows NT 5.1; .NET CLR 1.0.3705; .NET CLR 1.1.4322; Media Center PC 4.0)" "site.musotica.com"
71.229.187.125 - - [08/Sep/2008:05:39:12 -0700] "GET /musotica/images/pay.jpg HTTP/1.1" 200 13131 "http://musotica.com/sexytops.html" "Mozilla/4.0 (compatible; MSIE 7.0; Windows NT 5.1; .NET CLR 1.0.3705; .NET CLR 1.1.4322; Media Center PC 4.0)" "site.musotica.com"
71.229.187.125 - - [08/Sep/2008:05:39:12 -0700] "GET /musotica/images/ss.jpg HTTP/1.1" 200 5500 "http://musotica.com/sexytops.html" "Mozilla/4.0 (compatible; MSIE 7.0; Windows NT 5.1; .NET CLR 1.0.3705; .NET CLR 1.1.4322; Media Center PC 4.0)" "site.musotica.com"
82.40.203.85 - - [08/Sep/2008:05:39:24 -0700] "GET /musotica/style/style.css HTTP/1.1" 200 2675 "http://musotica.com/sexynavygirls.html" "Mozilla/4.0 (compatible; MSIE 7.0; Windows NT 6.0; SLCC1; .NET CLR 2.0.50727; Media Center PC 5.0; .NET CLR 3.0.04506)" "site.musotica.com"
82.40.203.85 - - [08/Sep/2008:05:39:24 -0700] "GET /scripts/rolldiv.js HTTP/1.1" 200 623 "http://musotica.com/sexynavygirls.html" "Mozilla/4.0 (compatible; MSIE 7.0; Windows NT 6.0; SLCC1; .NET CLR 2.0.50727; Media Center PC 5.0; .NET CLR 3.0.04506)" "site.musotica.com"
82.40.203.85 - - [08/Sep/2008:05:39:24 -0700] "GET /style/rolldiv-ie.css HTTP/1.1" 200 809 "http://musotica.com/sexynavygirls.html" "Mozilla/4.0 (compatible; MSIE 7.0; Windows NT 6.0; SLCC1; .NET CLR 2.0.50727; Media Center PC 5.0; .NET CLR 3.0.04506)" "site.musotica.com"
82.40.203.85 - - [08/Sep/2008:05:39:24 -0700] "GET /musotica/images/logo.gif HTTP/1.1" 200 2006 "http://musotica.com/sexynavygirls.html" "Mozilla/4.0 (compatible; MSIE 7.0; Windows NT 6.0; SLCC1; .NET CLR 2.0.50727; Media Center PC 5.0; .NET CLR 3.0.04506)" "site.musotica.com"
82.40.203.85 - - [08/Sep/2008:05:39:24 -0700] "GET /musotica/images/phone.gif HTTP/1.1" 200 385 "http://musotica.com/sexynavygirls.html" "Mozilla/4.0 (compatible; MSIE 7.0; Windows NT 6.0; SLCC1; .NET CLR 2.0.50727; Media Center PC 5.0; .NET CLR 3.0.04506)" "site.musotica.com"
82.40.203.85 - - [08/Sep/2008:05:39:25 -0700] "GET /rolldiv-images/shadow.png HTTP/1.1" 200 175 "-" "Mozilla/4.0 (compatible; MSIE 7.0; Windows NT 6.0; SLCC1; .NET CLR 2.0.50727; Media Center PC 5.0; .NET CLR 3.0.04506)" "site.musotica.com"
82.40.203.85 - - [08/Sep/2008:05:39:25 -0700] "GET /musotica/images/home.gif HTTP/1.1" 200 70 "http://musotica.com/sexynavygirls.html" "Mozilla/4.0 (compatible; MSIE 7.0; Windows NT 6.0; SLCC1; .NET CLR 2.0.50727; Media Center PC 5.0; .NET CLR 3.0.04506)" "site.musotica.com"
82.40.203.85 - - [08/Sep/2008:05:39:25 -0700] "GET /musotica/images/tell.gif HTTP/1.1" 200 67 "http://musotica.com/sexynavygirls.html" "Mozilla/4.0 (compatible; MSIE 7.0; Windows NT 6.0; SLCC1; .NET CLR 2.0.50727; Media Center PC 5.0; .NET CLR 3.0.04506)" "site.musotica.com"
82.40.203.85 - - [08/Sep/2008:05:39:25 -0700] "GET /musotica/images/bookmark.gif HTTP/1.1" 200 124 "http://musotica.com/sexynavygirls.html" "Mozilla/4.0 (compatible; MSIE 7.0; Windows NT 6.0; SLCC1; .NET CLR 2.0.50727; Media Center PC 5.0; .NET CLR 3.0.04506)" "site.musotica.com"
82.40.203.85 - - [08/Sep/2008:05:39:25 -0700] "GET /musotica/images/go.gif HTTP/1.1" 200 731 "http://musotica.com/sexynavygirls.html" "Mozilla/4.0 (compatible; MSIE 7.0; Windows NT 6.0; SLCC1; .NET CLR 2.0.50727; Media Center PC 5.0; .NET CLR 3.0.04506)" "site.musotica.com"
82.40.203.85 - - [08/Sep/2008:05:39:25 -0700] "GET /musotica/images/shop.gif HTTP/1.1" 200 83 "http://musotica.com/sexynavygirls.html" "Mozilla/4.0 (compatible; MSIE 7.0; Windows NT 6.0; SLCC1; .NET CLR 2.0.50727; Media Center PC 5.0; .NET CLR 3.0.04506)" "site.musotica.com"
82.40.203.85 - - [08/Sep/2008:05:39:25 -0700] "GET /musotica/images/arrow.gif HTTP/1.1" 200 61 "http://musotica.com/sexynavygirls.html" "Mozilla/4.0 (compatible; MSIE 7.0; Windows NT 6.0; SLCC1; .NET CLR 2.0.50727; Media Center PC 5.0; .NET CLR 3.0.04506)" "site.musotica.com"
82.40.203.85 - - [08/Sep/2008:05:39:25 -0700] "GET /musotica/images/head_strip.gif HTTP/1.1" 200 63 "http://musotica.com/sexynavygirls.html" "Mozilla/4.0 (compatible; MSIE 7.0; Windows NT 6.0; SLCC1; .NET CLR 2.0.50727; Media Center PC 5.0; .NET CLR 3.0.04506)" "site.musotica.com"
82.40.203.85 - - [08/Sep/2008:05:39:26 -0700] "GET /musotica/images/newdot.gif HTTP/1.1" 200 62 "http://musotica.com/sexynavygirls.html" "Mozilla/4.0 (compatible; MSIE 7.0; Windows NT 6.0; SLCC1; .NET CLR 2.0.50727; Media Center PC 5.0; .NET CLR 3.0.04506)" "site.musotica.com"
82.40.203.85 - - [08/Sep/2008:05:39:26 -0700] "GET /musotica/images/search.gif HTTP/1.1" 200 1538 "http://musotica.com/sexynavygirls.html" "Mozilla/4.0 (compatible; MSIE 7.0; Windows NT 6.0; SLCC1; .NET CLR 2.0.50727; Media Center PC 5.0; .NET CLR 3.0.04506)" "site.musotica.com"
82.40.203.85 - - [08/Sep/2008:05:39:26 -0700] "GET /musotica/images/midline.gif HTTP/1.1" 200 49 "http://musotica.com/sexynavygirls.html" "Mozilla/4.0 (compatible; MSIE 7.0; Windows NT 6.0; SLCC1; .NET CLR 2.0.50727; Media Center PC 5.0; .NET CLR 3.0.04506)" "site.musotica.com"
82.40.203.85 - - [08/Sep/2008:05:39:26 -0700] "GET /scripts/cookies.js HTTP/1.1" 200 1429 "http://musotica.com/sexynavygirls.html" "Mozilla/4.0 (compatible; MSIE 7.0; Windows NT 6.0; SLCC1; .NET CLR 2.0.50727; Media Center PC 5.0; .NET CLR 3.0.04506)" "site.musotica.com"
82.40.203.85 - - [08/Sep/2008:05:39:26 -0700] "GET /scripts/pagging-inner.js HTTP/1.1" 200 24676 "http://musotica.com/sexynavygirls.html" "Mozilla/4.0 (compatible; MSIE 7.0; Windows NT 6.0; SLCC1; .NET CLR 2.0.50727; Media Center PC 5.0; .NET CLR 3.0.04506)" "site.musotica.com"
82.40.203.85 - - [08/Sep/2008:05:39:27 -0700] "GET /scripts/dpv.js HTTP/1.1" 200 1545 "http://musotica.com/sexynavygirls.html" "Mozilla/4.0 (compatible; MSIE 7.0; Windows NT 6.0; SLCC1; .NET CLR 2.0.50727; Media Center PC 5.0; .NET CLR 3.0.04506)" "site.musotica.com"
82.40.203.85 - - [08/Sep/2008:05:39:27 -0700] "GET /musotica/images/spacer.gif HTTP/1.1" 404 275 "http://musotica.com/sexynavygirls.html" "Mozilla/4.0 (compatible; MSIE 7.0; Windows NT 6.0; SLCC1; .NET CLR 2.0.50727; Media Center PC 5.0; .NET CLR 3.0.04506)" "site.musotica.com"
82.40.203.85 - - [08/Sep/2008:05:39:27 -0700] "GET /musotica/images/lingeris.jpg HTTP/1.1" 200 17260 "http://musotica.com/sexynavygirls.html" "Mozilla/4.0 (compatible; MSIE 7.0; Windows NT 6.0; SLCC1; .NET CLR 2.0.50727; Media Center PC 5.0; .NET CLR 3.0.04506)" "site.musotica.com"
82.40.203.85 - - [08/Sep/2008:05:39:27 -0700] "GET /musotica/images/clubwear.jpg HTTP/1.1" 200 15480 "http://musotica.com/sexynavygirls.html" "Mozilla/4.0 (compatible; MSIE 7.0; Windows NT 6.0; SLCC1; .NET CLR 2.0.50727; Media Center PC 5.0; .NET CLR 3.0.04506)" "site.musotica.com"
82.40.203.85 - - [08/Sep/2008:05:39:28 -0700] "GET /musotica/images/stockings.jpg HTTP/1.1" 200 15303 "http://musotica.com/sexynavygirls.html" "Mozilla/4.0 (compatible; MSIE 7.0; Windows NT 6.0; SLCC1; .NET CLR 2.0.50727; Media Center PC 5.0; .NET CLR 3.0.04506)" "site.musotica.com"
82.40.203.85 - - [08/Sep/2008:05:39:28 -0700] "GET /musotica/images/accessories.jpg HTTP/1.1" 200 17113 "http://musotica.com/sexynavygirls.html" "Mozilla/4.0 (compatible; MSIE 7.0; Windows NT 6.0; SLCC1; .NET CLR 2.0.50727; Media Center PC 5.0; .NET CLR 3.0.04506)" "site.musotica.com"
71.245.227.96 - - [08/Sep/2008:05:39:28 -0700] "GET /musotica/style/style.css HTTP/1.1" 200 2675 "http://musotica.com/sececo.html" "Mozilla/4.0 (compatible; MSIE 7.0; Windows NT 6.0; SLCC1; .NET CLR 2.0.50727; Media Center PC 5.0; .NET CLR 3.0.04506; .NET CLR 1.1.4322)" "site.musotica.com"
82.40.203.85 - - [08/Sep/2008:05:39:28 -0700] "GET /musotica/images/shoes.jpg HTTP/1.1" 200 14412 "http://musotica.com/sexynavygirls.html" "Mozilla/4.0 (compatible; MSIE 7.0; Windows NT 6.0; SLCC1; .NET CLR 2.0.50727; Media Center PC 5.0; .NET CLR 3.0.04506)" "site.musotica.com"
82.40.203.85 - - [08/Sep/2008:05:39:28 -0700] "GET /musotica/images/ss.jpg HTTP/1.1" 200 5500 "http://musotica.com/sexynavygirls.html" "Mozilla/4.0 (compatible; MSIE 7.0; Windows NT 6.0; SLCC1; .NET CLR 2.0.50727; Media Center PC 5.0; .NET CLR 3.0.04506)" "site.musotica.com"
71.245.227.96 - - [08/Sep/2008:05:39:29 -0700] "GET /style/rolldiv-ie.css HTTP/1.1" 200 809 "http://musotica.com/sececo.html" "Mozilla/4.0 (compatible; MSIE 7.0; Windows NT 6.0; SLCC1; .NET CLR 2.0.50727; Media Center PC 5.0; .NET CLR 3.0.04506; .NET CLR 1.1.4322)" "site.musotica.com"
71.245.227.96 - - [08/Sep/2008:05:39:29 -0700] "GET /scripts/rolldiv.js HTTP/1.1" 200 623 "http://musotica.com/sececo.html" "Mozilla/4.0 (compatible; MSIE 7.0; Windows NT 6.0; SLCC1; .NET CLR 2.0.50727; Media Center PC 5.0; .NET CLR 3.0.04506; .NET CLR 1.1.4322)" "site.musotica.com"
71.245.227.96 - - [08/Sep/2008:05:39:29 -0700] "GET /musotica/images/logo.gif HTTP/1.1" 200 2006 "http://musotica.com/sececo.html" "Mozilla/4.0 (compatible; MSIE 7.0; Windows NT 6.0; SLCC1; .NET CLR 2.0.50727; Media Center PC 5.0; .NET CLR 3.0.04506; .NET CLR 1.1.4322)" "site.musotica.com"
71.245.227.96 - - [08/Sep/2008:05:39:29 -0700] "GET /musotica/images/phone.gif HTTP/1.1" 200 385 "http://musotica.com/sececo.html" "Mozilla/4.0 (compatible; MSIE 7.0; Windows NT 6.0; SLCC1; .NET CLR 2.0.50727; Media Center PC 5.0; .NET CLR 3.0.04506; .NET CLR 1.1.4322)" "site.musotica.com"
71.245.227.96 - - [08/Sep/2008:05:39:29 -0700] "GET /rolldiv-images/shadow.png HTTP/1.1" 200 175 "-" "Mozilla/4.0 (compatible; MSIE 7.0; Windows NT 6.0; SLCC1; .NET CLR 2.0.50727; Media Center PC 5.0; .NET CLR 3.0.04506; .NET CLR 1.1.4322)" "site.musotica.com"
71.245.227.96 - - [08/Sep/2008:05:39:29 -0700] "GET /musotica/images/home.gif HTTP/1.1" 200 70 "http://musotica.com/sececo.html" "Mozilla/4.0 (compatible; MSIE 7.0; Windows NT 6.0; SLCC1; .NET CLR 2.0.50727; Media Center PC 5.0; .NET CLR 3.0.04506; .NET CLR 1.1.4322)" "site.musotica.com"
82.40.203.85 - - [08/Sep/2008:05:39:29 -0700] "GET /musotica/images/bannerdot.gif HTTP/1.1" 200 49 "http://musotica.com/sexynavygirls.html" "Mozilla/4.0 (compatible; MSIE 7.0; Windows NT 6.0; SLCC1; .NET CLR 2.0.50727; Media Center PC 5.0; .NET CLR 3.0.04506)" "site.musotica.com"
82.40.203.85 - - [08/Sep/2008:05:39:29 -0700] "GET /musotica/images/pay.jpg HTTP/1.1" 200 13131 "http://musotica.com/sexynavygirls.html" "Mozilla/4.0 (compatible; MSIE 7.0; Windows NT 6.0; SLCC1; .NET CLR 2.0.50727; Media Center PC 5.0; .NET CLR 3.0.04506)" "site.musotica.com"
71.245.227.96 - - [08/Sep/2008:05:39:29 -0700] "GET /musotica/images/tell.gif HTTP/1.1" 200 67 "http://musotica.com/sececo.html" "Mozilla/4.0 (compatible; MSIE 7.0; Windows NT 6.0; SLCC1; .NET CLR 2.0.50727; Media Center PC 5.0; .NET CLR 3.0.04506; .NET CLR 1.1.4322)" "site.musotica.com"
71.245.227.96 - - [08/Sep/2008:05:39:29 -0700] "GET /musotica/images/bookmark.gif HTTP/1.1" 200 124 "http://musotica.com/sececo.html" "Mozilla/4.0 (compatible; MSIE 7.0; Windows NT 6.0; SLCC1; .NET CLR 2.0.50727; Media Center PC 5.0; .NET CLR 3.0.04506; .NET CLR 1.1.4322)" "site.musotica.com"
71.245.227.96 - - [08/Sep/2008:05:39:29 -0700] "GET /musotica/images/go.gif HTTP/1.1" 200 731 "http://musotica.com/sececo.html" "Mozilla/4.0 (compatible; MSIE 7.0; Windows NT 6.0; SLCC1; .NET CLR 2.0.50727; Media Center PC 5.0; .NET CLR 3.0.04506; .NET CLR 1.1.4322)" "site.musotica.com"
71.245.227.96 - - [08/Sep/2008:05:39:29 -0700] "GET /musotica/images/shop.gif HTTP/1.1" 200 83 "http://musotica.com/sececo.html" "Mozilla/4.0 (compatible; MSIE 7.0; Windows NT 6.0; SLCC1; .NET CLR 2.0.50727; Media Center PC 5.0; .NET CLR 3.0.04506; .NET CLR 1.1.4322)" "site.musotica.com"
71.245.227.96 - - [08/Sep/2008:05:39:29 -0700] "GET /musotica/images/arrow.gif HTTP/1.1" 200 61 "http://musotica.com/sececo.html" "Mozilla/4.0 (compatible; MSIE 7.0; Windows NT 6.0; SLCC1; .NET CLR 2.0.50727; Media Center PC 5.0; .NET CLR 3.0.04506; .NET CLR 1.1.4322)" "site.musotica.com"
71.245.227.96 - - [08/Sep/2008:05:39:29 -0700] "GET /musotica/images/head_strip.gif HTTP/1.1" 200 63 "http://musotica.com/sececo.html" "Mozilla/4.0 (compatible; MSIE 7.0; Windows NT 6.0; SLCC1; .NET CLR 2.0.50727; Media Center PC 5.0; .NET CLR 3.0.04506; .NET CLR 1.1.4322)" "site.musotica.com"
82.40.203.85 - - [08/Sep/2008:05:39:29 -0700] "GET /musotica/images/newgreendot.gif HTTP/1.1" 200 49 "http://musotica.com/sexynavygirls.html" "Mozilla/4.0 (compatible; MSIE 7.0; Windows NT 6.0; SLCC1; .NET CLR 2.0.50727; Media Center PC 5.0; .NET CLR 3.0.04506)" "site.musotica.com"
71.245.227.96 - - [08/Sep/2008:05:39:29 -0700] "GET /musotica/images/newdot.gif HTTP/1.1" 200 62 "http://musotica.com/sececo.html" "Mozilla/4.0 (compatible; MSIE 7.0; Windows NT 6.0; SLCC1; .NET CLR 2.0.50727; Media Center PC 5.0; .NET CLR 3.0.04506; .NET CLR 1.1.4322)" "site.musotica.com"
71.245.227.96 - - [08/Sep/2008:05:39:29 -0700] "GET /musotica/images/search.gif HTTP/1.1" 200 1538 "http://musotica.com/sececo.html" "Mozilla/4.0 (compatible; MSIE 7.0; Windows NT 6.0; SLCC1; .NET CLR 2.0.50727; Media Center PC 5.0; .NET CLR 3.0.04506; .NET CLR 1.1.4322)" "site.musotica.com"
71.245.227.96 - - [08/Sep/2008:05:39:29 -0700] "GET /musotica/images/midline.gif HTTP/1.1" 200 49 "http://musotica.com/sececo.html" "Mozilla/4.0 (compatible; MSIE 7.0; Windows NT 6.0; SLCC1; .NET CLR 2.0.50727; Media Center PC 5.0; .NET CLR 3.0.04506; .NET CLR 1.1.4322)" "site.musotica.com"
71.245.227.96 - - [08/Sep/2008:05:39:29 -0700] "GET /scripts/cookies.js HTTP/1.1" 200 1429 "http://musotica.com/sececo.html" "Mozilla/4.0 (compatible; MSIE 7.0; Windows NT 6.0; SLCC1; .NET CLR 2.0.50727; Media Center PC 5.0; .NET CLR 3.0.04506; .NET CLR 1.1.4322)" "site.musotica.com"
71.245.227.96 - - [08/Sep/2008:05:39:29 -0700] "GET /scripts/pagging-inner.js HTTP/1.1" 200 24676 "http://musotica.com/sececo.html" "Mozilla/4.0 (compatible; MSIE 7.0; Windows NT 6.0; SLCC1; .NET CLR 2.0.50727; Media Center PC 5.0; .NET CLR 3.0.04506; .NET CLR 1.1.4322)" "site.musotica.com"
82.40.203.85 - - [08/Sep/2008:05:39:29 -0700] "GET /rolldiv-images/header.png HTTP/1.1" 200 730 "-" "Mozilla/4.0 (compatible; MSIE 7.0; Windows NT 6.0; SLCC1; .NET CLR 2.0.50727; Media Center PC 5.0; .NET CLR 3.0.04506)" "site.musotica.com"
71.245.227.96 - - [08/Sep/2008:05:39:29 -0700] "GET /scripts/dpv.js HTTP/1.1" 200 1545 "http://musotica.com/sececo.html" "Mozilla/4.0 (compatible; MSIE 7.0; Windows NT 6.0; SLCC1; .NET CLR 2.0.50727; Media Center PC 5.0; .NET CLR 3.0.04506; .NET CLR 1.1.4322)" "site.musotica.com"
71.245.227.96 - - [08/Sep/2008:05:39:29 -0700] "GET /musotica/images/lingeris.jpg HTTP/1.1" 200 17260 "http://musotica.com/sececo.html" "Mozilla/4.0 (compatible; MSIE 7.0; Windows NT 6.0; SLCC1; .NET CLR 2.0.50727; Media Center PC 5.0; .NET CLR 3.0.04506; .NET CLR 1.1.4322)" "site.musotica.com"
71.245.227.96 - - [08/Sep/2008:05:39:29 -0700] "GET /musotica/images/spacer.gif HTTP/1.1" 404 275 "http://musotica.com/sececo.html" "Mozilla/4.0 (compatible; MSIE 7.0; Windows NT 6.0; SLCC1; .NET CLR 2.0.50727; Media Center PC 5.0; .NET CLR 3.0.04506; .NET CLR 1.1.4322)" "site.musotica.com"
88.108.172.190 - - [08/Sep/2008:05:39:29 -0700] "GET /musotica/style/style.css HTTP/1.1" 200 2675 "http://musotica.com/seswpi.html?gclid=CLi6w66bzJUCFQuH1QodQlSejA" "Mozilla/4.0 (compatible; MSIE 7.0; Windows NT 5.1; FunWebProducts; SIMBAR={39305EA8-FFFA-4C4A-9793-C8BA47B272E2}; .NET CLR 1.0.3705; .NET CLR 1.1.4322; Media Center PC 4.0; .NET CLR 2.0.50727)" "site.musotica.com"
71.245.227.96 - - [08/Sep/2008:05:39:29 -0700] "GET /musotica/images/clubwear.jpg HTTP/1.1" 200 15480 "http://musotica.com/sececo.html" "Mozilla/4.0 (compatible; MSIE 7.0; Windows NT 6.0; SLCC1; .NET CLR 2.0.50727; Media Center PC 5.0; .NET CLR 3.0.04506; .NET CLR 1.1.4322)" "site.musotica.com"
82.40.203.85 - - [08/Sep/2008:05:39:29 -0700] "GET /rolldiv-images/footer.png HTTP/1.1" 200 637 "-" "Mozilla/4.0 (compatible; MSIE 7.0; Windows NT 6.0; SLCC1; .NET CLR 2.0.50727; Media Center PC 5.0; .NET CLR 3.0.04506)" "site.musotica.com"
71.245.227.96 - - [08/Sep/2008:05:39:30 -0700] "GET /musotica/images/shoes.jpg HTTP/1.1" 200 14412 "http://musotica.com/sececo.html" "Mozilla/4.0 (compatible; MSIE 7.0; Windows NT 6.0; SLCC1; .NET CLR 2.0.50727; Media Center PC 5.0; .NET CLR 3.0.04506; .NET CLR 1.1.4322)" "site.musotica.com"
71.245.227.96 - - [08/Sep/2008:05:39:30 -0700] "GET /musotica/images/stockings.jpg HTTP/1.1" 200 15303 "http://musotica.com/sececo.html" "Mozilla/4.0 (compatible; MSIE 7.0; Windows NT 6.0; SLCC1; .NET CLR 2.0.50727; Media Center PC 5.0; .NET CLR 3.0.04506; .NET CLR 1.1.4322)" "site.musotica.com"
71.245.227.96 - - [08/Sep/2008:05:39:30 -0700] "GET /musotica/images/accessories.jpg HTTP/1.1" 200 17113 "http://musotica.com/sececo.html" "Mozilla/4.0 (compatible; MSIE 7.0; Windows NT 6.0; SLCC1; .NET CLR 2.0.50727; Media Center PC 5.0; .NET CLR 3.0.04506; .NET CLR 1.1.4322)" "site.musotica.com"
71.245.227.96 - - [08/Sep/2008:05:39:30 -0700] "GET /musotica/images/pay.jpg HTTP/1.1" 200 13131 "http://musotica.com/sececo.html" "Mozilla/4.0 (compatible; MSIE 7.0; Windows NT 6.0; SLCC1; .NET CLR 2.0.50727; Media Center PC 5.0; .NET CLR 3.0.04506; .NET CLR 1.1.4322)" "site.musotica.com"
71.245.227.96 - - [08/Sep/2008:05:39:30 -0700] "GET /musotica/images/ss.jpg HTTP/1.1" 200 5500 "http://musotica.com/sececo.html" "Mozilla/4.0 (compatible; MSIE 7.0; Windows NT 6.0; SLCC1; .NET CLR 2.0.50727; Media Center PC 5.0; .NET CLR 3.0.04506; .NET CLR 1.1.4322)" "site.musotica.com"
71.245.227.96 - - [08/Sep/2008:05:39:30 -0700] "GET /musotica/images/bannerdot.gif HTTP/1.1" 200 49 "http://musotica.com/sececo.html" "Mozilla/4.0 (compatible; MSIE 7.0; Windows NT 6.0; SLCC1; .NET CLR 2.0.50727; Media Center PC 5.0; .NET CLR 3.0.04506; .NET CLR 1.1.4322)" "site.musotica.com"
71.245.227.96 - - [08/Sep/2008:05:39:30 -0700] "GET /musotica/images/newgreendot.gif HTTP/1.1" 200 49 "http://musotica.com/sececo.html" "Mozilla/4.0 (compatible; MSIE 7.0; Windows NT 6.0; SLCC1; .NET CLR 2.0.50727; Media Center PC 5.0; .NET CLR 3.0.04506; .NET CLR 1.1.4322)" "site.musotica.com"
88.108.172.190 - - [08/Sep/2008:05:39:31 -0700] "GET /style/rolldiv-ie.css HTTP/1.1" 200 809 "http://musotica.com/seswpi.html?gclid=CLi6w66bzJUCFQuH1QodQlSejA" "Mozilla/4.0 (compatible; MSIE 7.0; Windows NT 5.1; FunWebProducts; SIMBAR={39305EA8-FFFA-4C4A-9793-C8BA47B272E2}; .NET CLR 1.0.3705; .NET CLR 1.1.4322; Media Center PC 4.0; .NET CLR 2.0.50727)" "site.musotica.com"
88.108.172.190 - - [08/Sep/2008:05:39:31 -0700] "GET /scripts/rolldiv.js HTTP/1.1" 200 623 "http://musotica.com/seswpi.html?gclid=CLi6w66bzJUCFQuH1QodQlSejA" "Mozilla/4.0 (compatible; MSIE 7.0; Windows NT 5.1; FunWebProducts; SIMBAR={39305EA8-FFFA-4C4A-9793-C8BA47B272E2}; .NET CLR 1.0.3705; .NET CLR 1.1.4322; Media Center PC 4.0; .NET CLR 2.0.50727)" "site.musotica.com"
88.108.172.190 - - [08/Sep/2008:05:39:31 -0700] "GET /musotica/images/head_strip.gif HTTP/1.1" 200 63 "http://musotica.com/seswpi.html?gclid=CLi6w66bzJUCFQuH1QodQlSejA" "Mozilla/4.0 (compatible; MSIE 7.0; Windows NT 5.1; FunWebProducts; SIMBAR={39305EA8-FFFA-4C4A-9793-C8BA47B272E2}; .NET CLR 1.0.3705; .NET CLR 1.1.4322; Media Center PC 4.0; .NET CLR 2.0.50727)" "site.musotica.com"
88.108.172.190 - - [08/Sep/2008:05:39:31 -0700] "GET /musotica/images/logo.gif HTTP/1.1" 200 2006 "http://musotica.com/seswpi.html?gclid=CLi6w66bzJUCFQuH1QodQlSejA" "Mozilla/4.0 (compatible; MSIE 7.0; Windows NT 5.1; FunWebProducts; SIMBAR={39305EA8-FFFA-4C4A-9793-C8BA47B272E2}; .NET CLR 1.0.3705; .NET CLR 1.1.4322; Media Center PC 4.0; .NET CLR 2.0.50727)" "site.musotica.com"
88.108.172.190 - - [08/Sep/2008:05:39:31 -0700] "GET /rolldiv-images/shadow.png HTTP/1.1" 200 175 "-" "Mozilla/4.0 (compatible; MSIE 7.0; Windows NT 5.1; FunWebProducts; SIMBAR={39305EA8-FFFA-4C4A-9793-C8BA47B272E2}; .NET CLR 1.0.3705; .NET CLR 1.1.4322; Media Center PC 4.0; .NET CLR 2.0.50727)" "site.musotica.com"
88.108.172.190 - - [08/Sep/2008:05:39:31 -0700] "GET /musotica/images/phone.gif HTTP/1.1" 200 385 "http://musotica.com/seswpi.html?gclid=CLi6w66bzJUCFQuH1QodQlSejA" "Mozilla/4.0 (compatible; MSIE 7.0; Windows NT 5.1; FunWebProducts; SIMBAR={39305EA8-FFFA-4C4A-9793-C8BA47B272E2}; .NET CLR 1.0.3705; .NET CLR 1.1.4322; Media Center PC 4.0; .NET CLR 2.0.50727)" "site.musotica.com"
88.108.172.190 - - [08/Sep/2008:05:39:32 -0700] "GET /musotica/images/newdot.gif HTTP/1.1" 200 62 "http://musotica.com/seswpi.html?gclid=CLi6w66bzJUCFQuH1QodQlSejA" "Mozilla/4.0 (compatible; MSIE 7.0; Windows NT 5.1; FunWebProducts; SIMBAR={39305EA8-FFFA-4C4A-9793-C8BA47B272E2}; .NET CLR 1.0.3705; .NET CLR 1.1.4322; Media Center PC 4.0; .NET CLR 2.0.50727)" "site.musotica.com"
71.245.227.96 - - [08/Sep/2008:05:39:32 -0700] "GET /rolldiv-images/header.png HTTP/1.1" 200 730 "-" "Mozilla/4.0 (compatible; MSIE 7.0; Windows NT 6.0; SLCC1; .NET CLR 2.0.50727; Media Center PC 5.0; .NET CLR 3.0.04506; .NET CLR 1.1.4322)" "site.musotica.com"
88.108.172.190 - - [08/Sep/2008:05:39:32 -0700] "GET /musotica/images/home.gif HTTP/1.1" 200 70 "http://musotica.com/seswpi.html?gclid=CLi6w66bzJUCFQuH1QodQlSejA" "Mozilla/4.0 (compatible; MSIE 7.0; Windows NT 5.1; FunWebProducts; SIMBAR={39305EA8-FFFA-4C4A-9793-C8BA47B272E2}; .NET CLR 1.0.3705; .NET CLR 1.1.4322; Media Center PC 4.0; .NET CLR 2.0.50727)" "site.musotica.com"
71.245.227.96 - - [08/Sep/2008:05:39:32 -0700] "GET /rolldiv-images/footer.png HTTP/1.1" 200 637 "-" "Mozilla/4.0 (compatible; MSIE 7.0; Windows NT 6.0; SLCC1; .NET CLR 2.0.50727; Media Center PC 5.0; .NET CLR 3.0.04506; .NET CLR 1.1.4322)" "site.musotica.com"
71.229.187.125 - - [08/Sep/2008:05:39:32 -0700] "GET /rolldiv-images/header.png HTTP/1.1" 200 730 "-" "Mozilla/4.0 (compatible; MSIE 7.0; Windows NT 5.1; .NET CLR 1.0.3705; .NET CLR 1.1.4322; Media Center PC 4.0)" "site.musotica.com"
88.108.172.190 - - [08/Sep/2008:05:39:32 -0700] "GET /musotica/images/tell.gif HTTP/1.1" 200 67 "http://musotica.com/seswpi.html?gclid=CLi6w66bzJUCFQuH1QodQlSejA" "Mozilla/4.0 (compatible; MSIE 7.0; Windows NT 5.1; FunWebProducts; SIMBAR={39305EA8-FFFA-4C4A-9793-C8BA47B272E2}; .NET CLR 1.0.3705; .NET CLR 1.1.4322; Media Center PC 4.0; .NET CLR 2.0.50727)" "site.musotica.com"
88.108.172.190 - - [08/Sep/2008:05:39:32 -0700] "GET /musotica/images/bookmark.gif HTTP/1.1" 200 124 "http://musotica.com/seswpi.html?gclid=CLi6w66bzJUCFQuH1QodQlSejA" "Mozilla/4.0 (compatible; MSIE 7.0; Windows NT 5.1; FunWebProducts; SIMBAR={39305EA8-FFFA-4C4A-9793-C8BA47B272E2}; .NET CLR 1.0.3705; .NET CLR 1.1.4322; Media Center PC 4.0; .NET CLR 2.0.50727)" "site.musotica.com"
71.229.187.125 - - [08/Sep/2008:05:39:32 -0700] "GET /rolldiv-images/footer.png HTTP/1.1" 200 637 "-" "Mozilla/4.0 (compatible; MSIE 7.0; Windows NT 5.1; .NET CLR 1.0.3705; .NET CLR 1.1.4322; Media Center PC 4.0)" "site.musotica.com"
88.108.172.190 - - [08/Sep/2008:05:39:32 -0700] "GET /musotica/images/search.gif HTTP/1.1" 200 1538 "http://musotica.com/seswpi.html?gclid=CLi6w66bzJUCFQuH1QodQlSejA" "Mozilla/4.0 (compatible; MSIE 7.0; Windows NT 5.1; FunWebProducts; SIMBAR={39305EA8-FFFA-4C4A-9793-C8BA47B272E2}; .NET CLR 1.0.3705; .NET CLR 1.1.4322; Media Center PC 4.0; .NET CLR 2.0.50727)" "site.musotica.com"
88.108.172.190 - - [08/Sep/2008:05:39:32 -0700] "GET /musotica/images/go.gif HTTP/1.1" 200 731 "http://musotica.com/seswpi.html?gclid=CLi6w66bzJUCFQuH1QodQlSejA" "Mozilla/4.0 (compatible; MSIE 7.0; Windows NT 5.1; FunWebProducts; SIMBAR={39305EA8-FFFA-4C4A-9793-C8BA47B272E2}; .NET CLR 1.0.3705; .NET CLR 1.1.4322; Media Center PC 4.0; .NET CLR 2.0.50727)" "site.musotica.com"
88.108.172.190 - - [08/Sep/2008:05:39:32 -0700] "GET /musotica/images/shop.gif HTTP/1.1" 200 83 "http://musotica.com/seswpi.html?gclid=CLi6w66bzJUCFQuH1QodQlSejA" "Mozilla/4.0 (compatible; MSIE 7.0; Windows NT 5.1; FunWebProducts; SIMBAR={39305EA8-FFFA-4C4A-9793-C8BA47B272E2}; .NET CLR 1.0.3705; .NET CLR 1.1.4322; Media Center PC 4.0; .NET CLR 2.0.50727)" "site.musotica.com"
88.108.172.190 - - [08/Sep/2008:05:39:32 -0700] "GET /musotica/images/arrow.gif HTTP/1.1" 200 61 "http://musotica.com/seswpi.html?gclid=CLi6w66bzJUCFQuH1QodQlSejA" "Mozilla/4.0 (compatible; MSIE 7.0; Windows NT 5.1; FunWebProducts; SIMBAR={39305EA8-FFFA-4C4A-9793-C8BA47B272E2}; .NET CLR 1.0.3705; .NET CLR 1.1.4322; Media Center PC 4.0; .NET CLR 2.0.50727)" "site.musotica.com"
88.108.172.190 - - [08/Sep/2008:05:39:33 -0700] "GET /musotica/images/midline.gif HTTP/1.1" 200 49 "http://musotica.com/seswpi.html?gclid=CLi6w66bzJUCFQuH1QodQlSejA" "Mozilla/4.0 (compatible; MSIE 7.0; Windows NT 5.1; FunWebProducts; SIMBAR={39305EA8-FFFA-4C4A-9793-C8BA47B272E2}; .NET CLR 1.0.3705; .NET CLR 1.1.4322; Media Center PC 4.0; .NET CLR 2.0.50727)" "site.musotica.com"
88.108.172.190 - - [08/Sep/2008:05:39:33 -0700] "GET /scripts/cookies.js HTTP/1.1" 200 1429 "http://musotica.com/seswpi.html?gclid=CLi6w66bzJUCFQuH1QodQlSejA" "Mozilla/4.0 (compatible; MSIE 7.0; Windows NT 5.1; FunWebProducts; SIMBAR={39305EA8-FFFA-4C4A-9793-C8BA47B272E2}; .NET CLR 1.0.3705; .NET CLR 1.1.4322; Media Center PC 4.0; .NET CLR 2.0.50727)" "site.musotica.com"
88.108.172.190 - - [08/Sep/2008:05:39:33 -0700] "GET /scripts/pagging-inner.js HTTP/1.1" 200 24676 "http://musotica.com/seswpi.html?gclid=CLi6w66bzJUCFQuH1QodQlSejA" "Mozilla/4.0 (compatible; MSIE 7.0; Windows NT 5.1; FunWebProducts; SIMBAR={39305EA8-FFFA-4C4A-9793-C8BA47B272E2}; .NET CLR 1.0.3705; .NET CLR 1.1.4322; Media Center PC 4.0; .NET CLR 2.0.50727)" "site.musotica.com"
88.108.172.190 - - [08/Sep/2008:05:39:34 -0700] "GET /scripts/dpv.js HTTP/1.1" 200 1545 "http://musotica.com/seswpi.html?gclid=CLi6w66bzJUCFQuH1QodQlSejA" "Mozilla/4.0 (compatible; MSIE 7.0; Windows NT 5.1; FunWebProducts; SIMBAR={39305EA8-FFFA-4C4A-9793-C8BA47B272E2}; .NET CLR 1.0.3705; .NET CLR 1.1.4322; Media Center PC 4.0; .NET CLR 2.0.50727)" "site.musotica.com"
88.108.172.190 - - [08/Sep/2008:05:39:34 -0700] "GET /musotica/images/bannerdot.gif HTTP/1.1" 200 49 "http://musotica.com/seswpi.html?gclid=CLi6w66bzJUCFQuH1QodQlSejA" "Mozilla/4.0 (compatible; MSIE 7.0; Windows NT 5.1; FunWebProducts; SIMBAR={39305EA8-FFFA-4C4A-9793-C8BA47B272E2}; .NET CLR 1.0.3705; .NET CLR 1.1.4322; Media Center PC 4.0; .NET CLR 2.0.50727)" "site.musotica.com"
88.108.172.190 - - [08/Sep/2008:05:39:34 -0700] "GET /musotica/images/lingeris.jpg HTTP/1.1" 200 17260 "http://musotica.com/seswpi.html?gclid=CLi6w66bzJUCFQuH1QodQlSejA" "Mozilla/4.0 (compatible; MSIE 7.0; Windows NT 5.1; FunWebProducts; SIMBAR={39305EA8-FFFA-4C4A-9793-C8BA47B272E2}; .NET CLR 1.0.3705; .NET CLR 1.1.4322; Media Center PC 4.0; .NET CLR 2.0.50727)" "site.musotica.com"
88.108.172.190 - - [08/Sep/2008:05:39:34 -0700] "GET /musotica/images/newgreendot.gif HTTP/1.1" 200 49 "http://musotica.com/seswpi.html?gclid=CLi6w66bzJUCFQuH1QodQlSejA" "Mozilla/4.0 (compatible; MSIE 7.0; Windows NT 5.1; FunWebProducts; SIMBAR={39305EA8-FFFA-4C4A-9793-C8BA47B272E2}; .NET CLR 1.0.3705; .NET CLR 1.1.4322; Media Center PC 4.0; .NET CLR 2.0.50727)" "site.musotica.com"
88.108.172.190 - - [08/Sep/2008:05:39:35 -0700] "GET /musotica/images/spacer.gif HTTP/1.1" 404 275 "http://musotica.com/seswpi.html?gclid=CLi6w66bzJUCFQuH1QodQlSejA" "Mozilla/4.0 (compatible; MSIE 7.0; Windows NT 5.1; FunWebProducts; SIMBAR={39305EA8-FFFA-4C4A-9793-C8BA47B272E2}; .NET CLR 1.0.3705; .NET CLR 1.1.4322; Media Center PC 4.0; .NET CLR 2.0.50727)" "site.musotica.com"
