88.108.172.190 - - [08/Sep/2008:05:39:35 -0700] "GET /musotica/images/clubwear.jpg HTTP/1.1" 200 15480 "http://musotica.com/seswpi.html?gclid=CLi6w66bzJUCFQuH1QodQlSejA" "Mozilla/4.0 (compatible; MSIE 7.0; Windows NT 5.1; FunWebProducts; SIMBAR={39305EA8-FFFA-4C4A-9793-C8BA47B272E2}; .NET CLR 1.0.3705; .NET CLR 1.1.4322; Media Center PC 4.0; .NET CLR 2.0.50727)" "site.musotica.com"
88.108.172.190 - - [08/Sep/2008:05:39:35 -0700] "GET /musotica/images/stockings.jpg HTTP/1.1" 200 15303 "http://musotica.com/seswpi.html?gclid=CLi6w66bzJUCFQuH1QodQlSejA" "Mozilla/4.0 (compatible; MSIE 7.0; Windows NT 5.1; FunWebProducts; SIMBAR={39305EA8-FFFA-4C4A-9793-C8BA47B272E2}; .NET CLR 1.0.3705; .NET CLR 1.1.4322; Media Center PC 4.0; .NET CLR 2.0.50727)" "site.musotica.com"
88.108.172.190 - - [08/Sep/2008:05:39:36 -0700] "GET /musotica/images/shoes.jpg HTTP/1.1" 200 14412 "http://musotica.com/seswpi.html?gclid=CLi6w66bzJUCFQuH1QodQlSejA" "Mozilla/4.0 (compatible; MSIE 7.0; Windows NT 5.1; FunWebProducts; SIMBAR={39305EA8-FFFA-4C4A-9793-C8BA47B272E2}; .NET CLR 1.0.3705; .NET CLR 1.1.4322; Media Center PC 4.0; .NET CLR 2.0.50727)" "site.musotica.com"
88.108.172.190 - - [08/Sep/2008:05:39:36 -0700] "GET /musotica/images/accessories.jpg HTTP/1.1" 200 17113 "http://musotica.com/seswpi.html?gclid=CLi6w66bzJUCFQuH1QodQlSejA" "Mozilla/4.0 (compatible; MSIE 7.0; Windows NT 5.1; FunWebProducts; SIMBAR={39305EA8-FFFA-4C4A-9793-C8BA47B272E2}; .NET CLR 1.0.3705; .NET CLR 1.1.4322; Media Center PC 4.0; .NET CLR 2.0.50727)" "site.musotica.com"
88.108.172.190 - - [08/Sep/2008:05:39:36 -0700] "GET /musotica/images/ss.jpg HTTP/1.1" 200 5500 "http://musotica.com/seswpi.html?gclid=CLi6w66bzJUCFQuH1QodQlSejA" "Mozilla/4.0 (compatible; MSIE 7.0; Windows NT 5.1; FunWebProducts; SIMBAR={39305EA8-FFFA-4C4A-9793-C8BA47B272E2}; .NET CLR 1.0.3705; .NET CLR 1.1.4322; Media Center PC 4.0; .NET CLR 2.0.50727)" "site.musotica.com"
88.108.172.190 - - [08/Sep/2008:05:39:36 -0700] "GET /musotica/images/pay.jpg HTTP/1.1" 200 13131 "http://musotica.com/seswpi.html?gclid=CLi6w66bzJUCFQuH1QodQlSejA" "Mozilla/4.0 (compatible; MSIE 7.0; Windows NT 5.1; FunWebProducts; SIMBAR={39305EA8-FFFA-4C4A-9793-C8BA47B272E2}; .NET CLR 1.0.3705; .NET CLR 1.1.4322; Media Center PC 4.0; .NET CLR 2.0.50727)" "site.musotica.com"
88.108.172.190 - - [08/Sep/2008:05:39:37 -0700] "GET /rolldiv-images/header.png HTTP/1.1" 200 730 "-" "Mozilla/4.0 (compatible; MSIE 7.0; Windows NT 5.1; FunWebProducts; SIMBAR={39305EA8-FFFA-4C4A-9793-C8BA47B272E2}; .NET CLR 1.0.3705; .NET CLR 1.1.4322; Media Center PC 4.0; .NET CLR 2.0.50727)" "site.musotica.com"
88.108.172.190 - - [08/Sep/2008:05:39:37 -0700] "GET /rolldiv-images/footer.png HTTP/1.1" 200 637 "-" "Mozilla/4.0 (compatible; MSIE 7.0; Windows NT 5.1; FunWebProducts; SIMBAR={39305EA8-FFFA-4C4A-9793-C8BA47B272E2}; .NET CLR 1.0.3705; .NET CLR 1.1.4322; Media Center PC 4.0; .NET CLR 2.0.50727)" "site.musotica.com"
82.40.203.85 - - [08/Sep/2008:05:39:54 -0700] "GET /scripts/paging-images/images/spacer.gif HTTP/1.1" 404 275 "http://musotica.com/sevisacoseha.html" "Mozilla/4.0 (compatible; MSIE 7.0; Windows NT 6.0; SLCC1; .NET CLR 2.0.50727; Media Center PC 5.0; .NET CLR 3.0.04506)" "site.musotica.com"
82.40.203.85 - - [08/Sep/2008:05:39:56 -0700] "GET /musotica/images/spacer.gif HTTP/1.1" 404 275 "http://musotica.com/sevisacoseha.html" "Mozilla/4.0 (compatible; MSIE 7.0; Windows NT 6.0; SLCC1; .NET CLR 2.0.50727; Media Center PC 5.0; .NET CLR 3.0.04506)" "site.musotica.com"
71.229.187.125 - - [08/Sep/2008:05:39:59 -0700] "GET /musotica/images/spacer.gif HTTP/1.1" 404 275 "http://musotica.com/dancerwear1.html" "Mozilla/4.0 (compatible; MSIE 7.0; Windows NT 5.1; .NET CLR 1.0.3705; .NET CLR 1.1.4322; Media Center PC 4.0)" "site.musotica.com"
71.229.187.125 - - [08/Sep/2008:05:40:20 -0700] "GET /musotica/images/spacer.gif HTTP/1.1" 404 275 "http://musotica.com/selegavmidr.html" "Mozilla/4.0 (compatible; MSIE 7.0; Windows NT 5.1; .NET CLR 1.0.3705; .NET CLR 1.1.4322; Media Center PC 4.0)" "site.musotica.com"
71.229.187.125 - - [08/Sep/2008:05:40:24 -0700] "GET /scripts/paging-images/images/spacer.gif HTTP/1.1" 404 275 "http://musotica.com/flcutoutdr.html" "Mozilla/4.0 (compatible; MSIE 7.0; Windows NT 5.1; .NET CLR 1.0.3705; .NET CLR 1.1.4322; Media Center PC 4.0)" "site.musotica.com"
71.229.187.125 - - [08/Sep/2008:05:40:24 -0700] "GET /musotica/images/spacer.gif HTTP/1.1" 404 275 "http://musotica.com/flcutoutdr.html" "Mozilla/4.0 (compatible; MSIE 7.0; Windows NT 5.1; .NET CLR 1.0.3705; .NET CLR 1.1.4322; Media Center PC 4.0)" "site.musotica.com"
71.229.187.125 - - [08/Sep/2008:05:40:37 -0700] "GET /musotica/style/style.css HTTP/1.1" 304 - "http://musotica.com/selegavmidr.html" "Mozilla/4.0 (compatible; MSIE 7.0; Windows NT 5.1; .NET CLR 1.0.3705; .NET CLR 1.1.4322; Media Center PC 4.0)" "site.musotica.com"
71.229.187.125 - - [08/Sep/2008:05:40:37 -0700] "GET /style/rolldiv-ie.css HTTP/1.1" 304 - "http://musotica.com/selegavmidr.html" "Mozilla/4.0 (compatible; MSIE 7.0; Windows NT 5.1; .NET CLR 1.0.3705; .NET CLR 1.1.4322; Media Center PC 4.0)" "site.musotica.com"
71.229.187.125 - - [08/Sep/2008:05:40:37 -0700] "GET /scripts/rolldiv.js HTTP/1.1" 304 - "http://musotica.com/selegavmidr.html" "Mozilla/4.0 (compatible; MSIE 7.0; Windows NT 5.1; .NET CLR 1.0.3705; .NET CLR 1.1.4322; Media Center PC 4.0)" "site.musotica.com"
71.229.187.125 - - [08/Sep/2008:05:40:37 -0700] "GET /scripts/cookies.js HTTP/1.1" 304 - "http://musotica.com/selegavmidr.html" "Mozilla/4.0 (compatible; MSIE 7.0; Windows NT 5.1; .NET CLR 1.0.3705; .NET CLR 1.1.4322; Media Center PC 4.0)" "site.musotica.com"
71.229.187.125 - - [08/Sep/2008:05:40:38 -0700] "GET /scripts/pagging-inner.js HTTP/1.1" 304 - "http://musotica.com/selegavmidr.html" "Mozilla/4.0 (compatible; MSIE 7.0; Windows NT 5.1; .NET CLR 1.0.3705; .NET CLR 1.1.4322; Media Center PC 4.0)" "site.musotica.com"
71.229.187.125 - - [08/Sep/2008:05:40:38 -0700] "GET /scripts/dpv.js HTTP/1.1" 304 - "http://musotica.com/selegavmidr.html" "Mozilla/4.0 (compatible; MSIE 7.0; Windows NT 5.1; .NET CLR 1.0.3705; .NET CLR 1.1.4322; Media Center PC 4.0)" "site.musotica.com"
71.229.187.125 - - [08/Sep/2008:05:40:38 -0700] "GET /musotica/images/spacer.gif HTTP/1.1" 404 275 "http://musotica.com/selegavmidr.html" "Mozilla/4.0 (compatible; MSIE 7.0; Windows NT 5.1; .NET CLR 1.0.3705; .NET CLR 1.1.4322; Media Center PC 4.0)" "site.musotica.com"
82.40.203.85 - - [08/Sep/2008:05:41:27 -0700] "GET /musotica/style/style.css HTTP/1.1" 304 - "http://musotica.com/sexynavygirls.html" "Mozilla/4.0 (compatible; MSIE 7.0; Windows NT 6.0; SLCC1; .NET CLR 2.0.50727; Media Center PC 5.0; .NET CLR 3.0.04506)" "site.musotica.com"
82.40.203.85 - - [08/Sep/2008:05:41:27 -0700] "GET /style/rolldiv-ie.css HTTP/1.1" 304 - "http://musotica.com/sexynavygirls.html" "Mozilla/4.0 (compatible; MSIE 7.0; Windows NT 6.0; SLCC1; .NET CLR 2.0.50727; Media Center PC 5.0; .NET CLR 3.0.04506)" "site.musotica.com"
82.40.203.85 - - [08/Sep/2008:05:41:27 -0700] "GET /scripts/rolldiv.js HTTP/1.1" 304 - "http://musotica.com/sexynavygirls.html" "Mozilla/4.0 (compatible; MSIE 7.0; Windows NT 6.0; SLCC1; .NET CLR 2.0.50727; Media Center PC 5.0; .NET CLR 3.0.04506)" "site.musotica.com"
82.40.203.85 - - [08/Sep/2008:05:41:28 -0700] "GET /scripts/cookies.js HTTP/1.1" 304 - "http://musotica.com/sexynavygirls.html" "Mozilla/4.0 (compatible; MSIE 7.0; Windows NT 6.0; SLCC1; .NET CLR 2.0.50727; Media Center PC 5.0; .NET CLR 3.0.04506)" "site.musotica.com"
82.40.203.85 - - [08/Sep/2008:05:41:28 -0700] "GET /scripts/pagging-inner.js HTTP/1.1" 304 - "http://musotica.com/sexynavygirls.html" "Mozilla/4.0 (compatible; MSIE 7.0; Windows NT 6.0; SLCC1; .NET CLR 2.0.50727; Media Center PC 5.0; .NET CLR 3.0.04506)" "site.musotica.com"
82.40.203.85 - - [08/Sep/2008:05:41:28 -0700] "GET /scripts/dpv.js HTTP/1.1" 304 - "http://musotica.com/sexynavygirls.html" "Mozilla/4.0 (compatible; MSIE 7.0; Windows NT 6.0; SLCC1; .NET CLR 2.0.50727; Media Center PC 5.0; .NET CLR 3.0.04506)" "site.musotica.com"
82.40.203.85 - - [08/Sep/2008:05:41:29 -0700] "GET /musotica/images/spacer.gif HTTP/1.1" 404 275 "http://musotica.com/sexynavygirls.html" "Mozilla/4.0 (compatible; MSIE 7.0; Windows NT 6.0; SLCC1; .NET CLR 2.0.50727; Media Center PC 5.0; .NET CLR 3.0.04506)" "site.musotica.com"
71.229.187.125 - - [08/Sep/2008:05:41:41 -0700] "GET /musotica/images/spacer.gif HTTP/1.1" 404 275 "http://musotica.com/dancerwear1.html" "Mozilla/4.0 (compatible; MSIE 7.0; Windows NT 5.1; .NET CLR 1.0.3705; .NET CLR 1.1.4322; Media Center PC 4.0)" "site.musotica.com"
71.229.187.125 - - [08/Sep/2008:05:42:12 -0700] "GET /musotica/images/spacer.gif HTTP/1.1" 404 275 "http://musotica.com/sedrbyro.html" "Mozilla/4.0 (compatible; MSIE 7.0; Windows NT 5.1; .NET CLR 1.0.3705; .NET CLR 1.1.4322; Media Center PC 4.0)" "site.musotica.com"
24.184.13.190 - - [08/Sep/2008:05:42:30 -0700] "GET /musotica/style/style.css HTTP/1.1" 200 2675 "http://musotica.com/seswpi.html?gclid=CPjxq4SczJUCFQNfFQod11Jthw" "Mozilla/5.0 (Windows; U; Windows NT 5.1; en-US; rv:1.8.1.16) Gecko/20080702 Firefox/2.0.0.16" "site.musotica.com"
24.184.13.190 - - [08/Sep/2008:05:42:30 -0700] "GET /style/rolldiv-mozilla.css HTTP/1.1" 200 711 "http://musotica.com/seswpi.html?gclid=CPjxq4SczJUCFQNfFQod11Jthw" "Mozilla/5.0 (Windows; U; Windows NT 5.1; en-US; rv:1.8.1.16) Gecko/20080702 Firefox/2.0.0.16" "site.musotica.com"
24.184.13.190 - - [08/Sep/2008:05:42:30 -0700] "GET /scripts/rolldiv.js HTTP/1.1" 200 623 "http://musotica.com/seswpi.html?gclid=CPjxq4SczJUCFQNfFQod11Jthw" "Mozilla/5.0 (Windows; U; Windows NT 5.1; en-US; rv:1.8.1.16) Gecko/20080702 Firefox/2.0.0.16" "site.musotica.com"
24.184.13.190 - - [08/Sep/2008:05:42:30 -0700] "GET /musotica/images/logo.gif HTTP/1.1" 200 2006 "http://musotica.com/seswpi.html?gclid=CPjxq4SczJUCFQNfFQod11Jthw" "Mozilla/5.0 (Windows; U; Windows NT 5.1; en-US; rv:1.8.1.16) Gecko/20080702 Firefox/2.0.0.16" "site.musotica.com"
24.184.13.190 - - [08/Sep/2008:05:42:30 -0700] "GET /musotica/images/phone.gif HTTP/1.1" 200 385 "http://musotica.com/seswpi.html?gclid=CPjxq4SczJUCFQNfFQod11Jthw" "Mozilla/5.0 (Windows; U; Windows NT 5.1; en-US; rv:1.8.1.16) Gecko/20080702 Firefox/2.0.0.16" "site.musotica.com"
24.184.13.190 - - [08/Sep/2008:05:42:30 -0700] "GET /musotica/images/tell.gif HTTP/1.1" 200 67 "http://musotica.com/seswpi.html?gclid=CPjxq4SczJUCFQNfFQod11Jthw" "Mozilla/5.0 (Windows; U; Windows NT 5.1; en-US; rv:1.8.1.16) Gecko/20080702 Firefox/2.0.0.16" "site.musotica.com"
24.184.13.190 - - [08/Sep/2008:05:42:30 -0700] "GET /musotica/images/home.gif HTTP/1.1" 200 70 "http://musotica.com/seswpi.html?gclid=CPjxq4SczJUCFQNfFQod11Jthw" "Mozilla/5.0 (Windows; U; Windows NT 5.1; en-US; rv:1.8.1.16) Gecko/20080702 Firefox/2.0.0.16" "site.musotica.com"
24.184.13.190 - - [08/Sep/2008:05:42:30 -0700] "GET /musotica/images/bookmark.gif HTTP/1.1" 200 124 "http://musotica.com/seswpi.html?gclid=CPjxq4SczJUCFQNfFQod11Jthw" "Mozilla/5.0 (Windows; U; Windows NT 5.1; en-US; rv:1.8.1.16) Gecko/20080702 Firefox/2.0.0.16" "site.musotica.com"
24.184.13.190 - - [08/Sep/2008:05:42:30 -0700] "GET /scripts/cookies.js HTTP/1.1" 200 1429 "http://musotica.com/seswpi.html?gclid=CPjxq4SczJUCFQNfFQod11Jthw" "Mozilla/5.0 (Windows; U; Windows NT 5.1; en-US; rv:1.8.1.16) Gecko/20080702 Firefox/2.0.0.16" "site.musotica.com"
24.184.13.190 - - [08/Sep/2008:05:42:30 -0700] "GET /musotica/images/go.gif HTTP/1.1" 200 731 "http://musotica.com/seswpi.html?gclid=CPjxq4SczJUCFQNfFQod11Jthw" "Mozilla/5.0 (Windows; U; Windows NT 5.1; en-US; rv:1.8.1.16) Gecko/20080702 Firefox/2.0.0.16" "site.musotica.com"
24.184.13.190 - - [08/Sep/2008:05:42:30 -0700] "GET /musotica/images/shop.gif HTTP/1.1" 200 83 "http://musotica.com/seswpi.html?gclid=CPjxq4SczJUCFQNfFQod11Jthw" "Mozilla/5.0 (Windows; U; Windows NT 5.1; en-US; rv:1.8.1.16) Gecko/20080702 Firefox/2.0.0.16" "site.musotica.com"
24.184.13.190 - - [08/Sep/2008:05:42:30 -0700] "GET /scripts/pagging-inner.js HTTP/1.1" 200 24676 "http://musotica.com/seswpi.html?gclid=CPjxq4SczJUCFQNfFQod11Jthw" "Mozilla/5.0 (Windows; U; Windows NT 5.1; en-US; rv:1.8.1.16) Gecko/20080702 Firefox/2.0.0.16" "site.musotica.com"
24.184.13.190 - - [08/Sep/2008:05:42:30 -0700] "GET /musotica/images/arrow.gif HTTP/1.1" 200 61 "http://musotica.com/seswpi.html?gclid=CPjxq4SczJUCFQNfFQod11Jthw" "Mozilla/5.0 (Windows; U; Windows NT 5.1; en-US; rv:1.8.1.16) Gecko/20080702 Firefox/2.0.0.16" "site.musotica.com"
24.184.13.190 - - [08/Sep/2008:05:42:30 -0700] "GET /musotica/images/head_strip.gif HTTP/1.1" 200 63 "http://site.musotica.com/musotica/style/style.css" "Mozilla/5.0 (Windows; U; Windows NT 5.1; en-US; rv:1.8.1.16) Gecko/20080702 Firefox/2.0.0.16" "site.musotica.com"
24.184.13.190 - - [08/Sep/2008:05:42:30 -0700] "GET /musotica/images/newdot.gif HTTP/1.1" 200 62 "http://site.musotica.com/musotica/style/style.css" "Mozilla/5.0 (Windows; U; Windows NT 5.1; en-US; rv:1.8.1.16) Gecko/20080702 Firefox/2.0.0.16" "site.musotica.com"
24.184.13.190 - - [08/Sep/2008:05:42:31 -0700] "GET /musotica/images/midline.gif HTTP/1.1" 200 49 "http://site.musotica.com/musotica/style/style.css" "Mozilla/5.0 (Windows; U; Windows NT 5.1; en-US; rv:1.8.1.16) Gecko/20080702 Firefox/2.0.0.16" "site.musotica.com"
24.184.13.190 - - [08/Sep/2008:05:42:32 -0700] "GET /scripts/dpv.js HTTP/1.1" 200 1545 "http://musotica.com/seswpi.html?gclid=CPjxq4SczJUCFQNfFQod11Jthw" "Mozilla/5.0 (Windows; U; Windows NT 5.1; en-US; rv:1.8.1.16) Gecko/20080702 Firefox/2.0.0.16" "site.musotica.com"
24.184.13.190 - - [08/Sep/2008:05:42:32 -0700] "GET /musotica/images/lingeris.jpg HTTP/1.1" 200 17260 "http://musotica.com/seswpi.html?gclid=CPjxq4SczJUCFQNfFQod11Jthw" "Mozilla/5.0 (Windows; U; Windows NT 5.1; en-US; rv:1.8.1.16) Gecko/20080702 Firefox/2.0.0.16" "site.musotica.com"
24.184.13.190 - - [08/Sep/2008:05:42:33 -0700] "GET /musotica/images/search.gif HTTP/1.1" 200 1538 "http://site.musotica.com/musotica/style/style.css" "Mozilla/5.0 (Windows; U; Windows NT 5.1; en-US; rv:1.8.1.16) Gecko/20080702 Firefox/2.0.0.16" "site.musotica.com"
24.184.13.190 - - [08/Sep/2008:05:42:34 -0700] "GET /musotica/images/clubwear.jpg HTTP/1.1" 200 15480 "http://musotica.com/seswpi.html?gclid=CPjxq4SczJUCFQNfFQod11Jthw" "Mozilla/5.0 (Windows; U; Windows NT 5.1; en-US; rv:1.8.1.16) Gecko/20080702 Firefox/2.0.0.16" "site.musotica.com"
24.184.13.190 - - [08/Sep/2008:05:42:35 -0700] "GET /musotica/images/spacer.gif HTTP/1.1" 404 275 "http://musotica.com/seswpi.html?gclid=CPjxq4SczJUCFQNfFQod11Jthw" "Mozilla/5.0 (Windows; U; Windows NT 5.1; en-US; rv:1.8.1.16) Gecko/20080702 Firefox/2.0.0.16" "site.musotica.com"
24.184.13.190 - - [08/Sep/2008:05:42:35 -0700] "GET /musotica/images/shoes.jpg HTTP/1.1" 200 14412 "http://musotica.com/seswpi.html?gclid=CPjxq4SczJUCFQNfFQod11Jthw" "Mozilla/5.0 (Windows; U; Windows NT 5.1; en-US; rv:1.8.1.16) Gecko/20080702 Firefox/2.0.0.16" "site.musotica.com"
24.184.13.190 - - [08/Sep/2008:05:42:35 -0700] "GET /musotica/images/accessories.jpg HTTP/1.1" 200 17113 "http://musotica.com/seswpi.html?gclid=CPjxq4SczJUCFQNfFQod11Jthw" "Mozilla/5.0 (Windows; U; Windows NT 5.1; en-US; rv:1.8.1.16) Gecko/20080702 Firefox/2.0.0.16" "site.musotica.com"
24.184.13.190 - - [08/Sep/2008:05:42:35 -0700] "GET /musotica/images/pay.jpg HTTP/1.1" 200 13131 "http://musotica.com/seswpi.html?gclid=CPjxq4SczJUCFQNfFQod11Jthw" "Mozilla/5.0 (Windows; U; Windows NT 5.1; en-US; rv:1.8.1.16) Gecko/20080702 Firefox/2.0.0.16" "site.musotica.com"
24.184.13.190 - - [08/Sep/2008:05:42:35 -0700] "GET /musotica/images/ss.jpg HTTP/1.1" 200 5500 "http://musotica.com/seswpi.html?gclid=CPjxq4SczJUCFQNfFQod11Jthw" "Mozilla/5.0 (Windows; U; Windows NT 5.1; en-US; rv:1.8.1.16) Gecko/20080702 Firefox/2.0.0.16" "site.musotica.com"
24.184.13.190 - - [08/Sep/2008:05:42:36 -0700] "GET /musotica/images/bannerdot.gif HTTP/1.1" 200 49 "http://site.musotica.com/musotica/style/style.css" "Mozilla/5.0 (Windows; U; Windows NT 5.1; en-US; rv:1.8.1.16) Gecko/20080702 Firefox/2.0.0.16" "site.musotica.com"
24.184.13.190 - - [08/Sep/2008:05:42:36 -0700] "GET /musotica/images/newgreendot.gif HTTP/1.1" 200 49 "http://site.musotica.com/musotica/style/style.css" "Mozilla/5.0 (Windows; U; Windows NT 5.1; en-US; rv:1.8.1.16) Gecko/20080702 Firefox/2.0.0.16" "site.musotica.com"
24.184.13.190 - - [08/Sep/2008:05:42:37 -0700] "GET /musotica/images/stockings.jpg HTTP/1.1" 200 15303 "http://musotica.com/seswpi.html?gclid=CPjxq4SczJUCFQNfFQod11Jthw" "Mozilla/5.0 (Windows; U; Windows NT 5.1; en-US; rv:1.8.1.16) Gecko/20080702 Firefox/2.0.0.16" "site.musotica.com"
71.229.187.125 - - [08/Sep/2008:05:42:39 -0700] "GET /musotica/images/spacer.gif HTTP/1.1" 404 275 "http://musotica.com/dancerwear1.html" "Mozilla/4.0 (compatible; MSIE 7.0; Windows NT 5.1; .NET CLR 1.0.3705; .NET CLR 1.1.4322; Media Center PC 4.0)" "site.musotica.com"
71.229.187.125 - - [08/Sep/2008:05:42:42 -0700] "GET /musotica/images/spacer.gif HTTP/1.1" 404 275 "http://musotica.com/sexyromper.html" "Mozilla/4.0 (compatible; MSIE 7.0; Windows NT 5.1; .NET CLR 1.0.3705; .NET CLR 1.1.4322; Media Center PC 4.0)" "site.musotica.com"
88.178.116.19 - - [08/Sep/2008:05:43:05 -0700] "GET /musotica/style/style.css HTTP/1.1" 200 2675 "http://musotica.com/pvc.html" "Mozilla/4.0 (compatible; MSIE 7.0; Windows NT 6.0; SLCC1; .NET CLR 2.0.50727; Media Center PC 5.0; .NET CLR 3.0.04506; InfoPath.2; Tablet PC 2.0; .NET CLR 1.1.4322)" "site.musotica.com"
88.178.116.19 - - [08/Sep/2008:05:43:07 -0700] "GET /style/rolldiv-ie.css HTTP/1.1" 200 809 "http://musotica.com/pvc.html" "Mozilla/4.0 (compatible; MSIE 7.0; Windows NT 6.0; SLCC1; .NET CLR 2.0.50727; Media Center PC 5.0; .NET CLR 3.0.04506; InfoPath.2; Tablet PC 2.0; .NET CLR 1.1.4322)" "site.musotica.com"
71.229.187.125 - - [08/Sep/2008:05:43:07 -0700] "GET /musotica/images/spacer.gif HTTP/1.1" 404 275 "http://musotica.com/dancerwear1.html" "Mozilla/4.0 (compatible; MSIE 7.0; Windows NT 5.1; .NET CLR 1.0.3705; .NET CLR 1.1.4322; Media Center PC 4.0)" "site.musotica.com"
88.178.116.19 - - [08/Sep/2008:05:43:07 -0700] "GET /scripts/rolldiv.js HTTP/1.1" 200 623 "http://musotica.com/pvc.html" "Mozilla/4.0 (compatible; MSIE 7.0; Windows NT 6.0; SLCC1; .NET CLR 2.0.50727; Media Center PC 5.0; .NET CLR 3.0.04506; InfoPath.2; Tablet PC 2.0; .NET CLR 1.1.4322)" "site.musotica.com"
88.178.116.19 - - [08/Sep/2008:05:43:07 -0700] "GET /musotica/images/logo.gif HTTP/1.1" 200 2006 "http://musotica.com/pvc.html" "Mozilla/4.0 (compatible; MSIE 7.0; Windows NT 6.0; SLCC1; .NET CLR 2.0.50727; Media Center PC 5.0; .NET CLR 3.0.04506; InfoPath.2; Tablet PC 2.0; .NET CLR 1.1.4322)" "site.musotica.com"
88.178.116.19 - - [08/Sep/2008:05:43:07 -0700] "GET /musotica/images/head_strip.gif HTTP/1.1" 200 63 "http://musotica.com/pvc.html" "Mozilla/4.0 (compatible; MSIE 7.0; Windows NT 6.0; SLCC1; .NET CLR 2.0.50727; Media Center PC 5.0; .NET CLR 3.0.04506; InfoPath.2; Tablet PC 2.0; .NET CLR 1.1.4322)" "site.musotica.com"
88.178.116.19 - - [08/Sep/2008:05:43:08 -0700] "GET /rolldiv-images/shadow.png HTTP/1.1" 200 175 "-" "Mozilla/4.0 (compatible; MSIE 7.0; Windows NT 6.0; SLCC1; .NET CLR 2.0.50727; Media Center PC 5.0; .NET CLR 3.0.04506; InfoPath.2; Tablet PC 2.0; .NET CLR 1.1.4322)" "site.musotica.com"
88.178.116.19 - - [08/Sep/2008:05:43:08 -0700] "GET /musotica/images/phone.gif HTTP/1.1" 200 385 "http://musotica.com/pvc.html" "Mozilla/4.0 (compatible; MSIE 7.0; Windows NT 6.0; SLCC1; .NET CLR 2.0.50727; Media Center PC 5.0; .NET CLR 3.0.04506; InfoPath.2; Tablet PC 2.0; .NET CLR 1.1.4322)" "site.musotica.com"
88.178.116.19 - - [08/Sep/2008:05:43:08 -0700] "GET /musotica/images/newdot.gif HTTP/1.1" 200 62 "http://musotica.com/pvc.html" "Mozilla/4.0 (compatible; MSIE 7.0; Windows NT 6.0; SLCC1; .NET CLR 2.0.50727; Media Center PC 5.0; .NET CLR 3.0.04506; InfoPath.2; Tablet PC 2.0; .NET CLR 1.1.4322)" "site.musotica.com"
88.178.116.19 - - [08/Sep/2008:05:43:08 -0700] "GET /musotica/images/home.gif HTTP/1.1" 200 70 "http://musotica.com/pvc.html" "Mozilla/4.0 (compatible; MSIE 7.0; Windows NT 6.0; SLCC1; .NET CLR 2.0.50727; Media Center PC 5.0; .NET CLR 3.0.04506; InfoPath.2; Tablet PC 2.0; .NET CLR 1.1.4322)" "site.musotica.com"
88.178.116.19 - - [08/Sep/2008:05:43:08 -0700] "GET /musotica/images/tell.gif HTTP/1.1" 200 67 "http://musotica.com/pvc.html" "Mozilla/4.0 (compatible; MSIE 7.0; Windows NT 6.0; SLCC1; .NET CLR 2.0.50727; Media Center PC 5.0; .NET CLR 3.0.04506; InfoPath.2; Tablet PC 2.0; .NET CLR 1.1.4322)" "site.musotica.com"
88.178.116.19 - - [08/Sep/2008:05:43:08 -0700] "GET /musotica/images/bookmark.gif HTTP/1.1" 200 124 "http://musotica.com/pvc.html" "Mozilla/4.0 (compatible; MSIE 7.0; Windows NT 6.0; SLCC1; .NET CLR 2.0.50727; Media Center PC 5.0; .NET CLR 3.0.04506; InfoPath.2; Tablet PC 2.0; .NET CLR 1.1.4322)" "site.musotica.com"
88.178.116.19 - - [08/Sep/2008:05:43:09 -0700] "GET /musotica/images/search.gif HTTP/1.1" 200 1538 "http://musotica.com/pvc.html" "Mozilla/4.0 (compatible; MSIE 7.0; Windows NT 6.0; SLCC1; .NET CLR 2.0.50727; Media Center PC 5.0; .NET CLR 3.0.04506; InfoPath.2; Tablet PC 2.0; .NET CLR 1.1.4322)" "site.musotica.com"
88.178.116.19 - - [08/Sep/2008:05:43:09 -0700] "GET /musotica/images/go.gif HTTP/1.1" 200 731 "http://musotica.com/pvc.html" "Mozilla/4.0 (compatible; MSIE 7.0; Windows NT 6.0; SLCC1; .NET CLR 2.0.50727; Media Center PC 5.0; .NET CLR 3.0.04506; InfoPath.2; Tablet PC 2.0; .NET CLR 1.1.4322)" "site.musotica.com"
88.178.116.19 - - [08/Sep/2008:05:43:09 -0700] "GET /musotica/images/shop.gif HTTP/1.1" 200 83 "http://musotica.com/pvc.html" "Mozilla/4.0 (compatible; MSIE 7.0; Windows NT 6.0; SLCC1; .NET CLR 2.0.50727; Media Center PC 5.0; .NET CLR 3.0.04506; InfoPath.2; Tablet PC 2.0; .NET CLR 1.1.4322)" "site.musotica.com"
88.178.116.19 - - [08/Sep/2008:05:43:09 -0700] "GET /musotica/images/arrow.gif HTTP/1.1" 200 61 "http://musotica.com/pvc.html" "Mozilla/4.0 (compatible; MSIE 7.0; Windows NT 6.0; SLCC1; .NET CLR 2.0.50727; Media Center PC 5.0; .NET CLR 3.0.04506; InfoPath.2; Tablet PC 2.0; .NET CLR 1.1.4322)" "site.musotica.com"
88.178.116.19 - - [08/Sep/2008:05:43:09 -0700] "GET /musotica/images/midline.gif HTTP/1.1" 200 49 "http://musotica.com/pvc.html" "Mozilla/4.0 (compatible; MSIE 7.0; Windows NT 6.0; SLCC1; .NET CLR 2.0.50727; Media Center PC 5.0; .NET CLR 3.0.04506; InfoPath.2; Tablet PC 2.0; .NET CLR 1.1.4322)" "site.musotica.com"
88.178.116.19 - - [08/Sep/2008:05:43:09 -0700] "GET /scripts/cookies.js HTTP/1.1" 200 1429 "http://musotica.com/pvc.html" "Mozilla/4.0 (compatible; MSIE 7.0; Windows NT 6.0; SLCC1; .NET CLR 2.0.50727; Media Center PC 5.0; .NET CLR 3.0.04506; InfoPath.2; Tablet PC 2.0; .NET CLR 1.1.4322)" "site.musotica.com"
88.178.116.19 - - [08/Sep/2008:05:43:10 -0700] "GET /scripts/pagging-inner.js HTTP/1.1" 200 24676 "http://musotica.com/pvc.html" "Mozilla/4.0 (compatible; MSIE 7.0; Windows NT 6.0; SLCC1; .NET CLR 2.0.50727; Media Center PC 5.0; .NET CLR 3.0.04506; InfoPath.2; Tablet PC 2.0; .NET CLR 1.1.4322)" "site.musotica.com"
88.178.116.19 - - [08/Sep/2008:05:43:11 -0700] "GET /scripts/dpv.js HTTP/1.1" 200 1545 "http://musotica.com/pvc.html" "Mozilla/4.0 (compatible; MSIE 7.0; Windows NT 6.0; SLCC1; .NET CLR 2.0.50727; Media Center PC 5.0; .NET CLR 3.0.04506; InfoPath.2; Tablet PC 2.0; .NET CLR 1.1.4322)" "site.musotica.com"
88.178.116.19 - - [08/Sep/2008:05:43:11 -0700] "GET /musotica/images/bannerdot.gif HTTP/1.1" 200 49 "http://musotica.com/pvc.html" "Mozilla/4.0 (compatible; MSIE 7.0; Windows NT 6.0; SLCC1; .NET CLR 2.0.50727; Media Center PC 5.0; .NET CLR 3.0.04506; InfoPath.2; Tablet PC 2.0; .NET CLR 1.1.4322)" "site.musotica.com"
88.178.116.19 - - [08/Sep/2008:05:43:11 -0700] "GET /musotica/images/lingeris.jpg HTTP/1.1" 200 17260 "http://musotica.com/pvc.html" "Mozilla/4.0 (compatible; MSIE 7.0; Windows NT 6.0; SLCC1; .NET CLR 2.0.50727; Media Center PC 5.0; .NET CLR 3.0.04506; InfoPath.2; Tablet PC 2.0; .NET CLR 1.1.4322)" "site.musotica.com"
88.178.116.19 - - [08/Sep/2008:05:43:11 -0700] "GET /musotica/images/newgreendot.gif HTTP/1.1" 200 49 "http://musotica.com/pvc.html" "Mozilla/4.0 (compatible; MSIE 7.0; Windows NT 6.0; SLCC1; .NET CLR 2.0.50727; Media Center PC 5.0; .NET CLR 3.0.04506; InfoPath.2; Tablet PC 2.0; .NET CLR 1.1.4322)" "site.musotica.com"
88.178.116.19 - - [08/Sep/2008:05:43:12 -0700] "GET /musotica/images/clubwear.jpg HTTP/1.1" 200 15480 "http://musotica.com/pvc.html" "Mozilla/4.0 (compatible; MSIE 7.0; Windows NT 6.0; SLCC1; .NET CLR 2.0.50727; Media Center PC 5.0; .NET CLR 3.0.04506; InfoPath.2; Tablet PC 2.0; .NET CLR 1.1.4322)" "site.musotica.com"
88.178.116.19 - - [08/Sep/2008:05:43:12 -0700] "GET /musotica/images/spacer.gif HTTP/1.1" 404 275 "http://musotica.com/pvc.html" "Mozilla/4.0 (compatible; MSIE 7.0; Windows NT 6.0; SLCC1; .NET CLR 2.0.50727; Media Center PC 5.0; .NET CLR 3.0.04506; InfoPath.2; Tablet PC 2.0; .NET CLR 1.1.4322)" "site.musotica.com"
88.178.116.19 - - [08/Sep/2008:05:43:12 -0700] "GET /musotica/images/stockings.jpg HTTP/1.1" 200 15303 "http://musotica.com/pvc.html" "Mozilla/4.0 (compatible; MSIE 7.0; Windows NT 6.0; SLCC1; .NET CLR 2.0.50727; Media Center PC 5.0; .NET CLR 3.0.04506; InfoPath.2; Tablet PC 2.0; .NET CLR 1.1.4322)" "site.musotica.com"
88.178.116.19 - - [08/Sep/2008:05:43:12 -0700] "GET /musotica/images/shoes.jpg HTTP/1.1" 200 14412 "http://musotica.com/pvc.html" "Mozilla/4.0 (compatible; MSIE 7.0; Windows NT 6.0; SLCC1; .NET CLR 2.0.50727; Media Center PC 5.0; .NET CLR 3.0.04506; InfoPath.2; Tablet PC 2.0; .NET CLR 1.1.4322)" "site.musotica.com"
88.178.116.19 - - [08/Sep/2008:05:43:13 -0700] "GET /musotica/images/accessories.jpg HTTP/1.1" 200 17113 "http://musotica.com/pvc.html" "Mozilla/4.0 (compatible; MSIE 7.0; Windows NT 6.0; SLCC1; .NET CLR 2.0.50727; Media Center PC 5.0; .NET CLR 3.0.04506; InfoPath.2; Tablet PC 2.0; .NET CLR 1.1.4322)" "site.musotica.com"
88.178.116.19 - - [08/Sep/2008:05:43:13 -0700] "GET /musotica/images/pay.jpg HTTP/1.1" 200 13131 "http://musotica.com/pvc.html" "Mozilla/4.0 (compatible; MSIE 7.0; Windows NT 6.0; SLCC1; .NET CLR 2.0.50727; Media Center PC 5.0; .NET CLR 3.0.04506; InfoPath.2; Tablet PC 2.0; .NET CLR 1.1.4322)" "site.musotica.com"
88.178.116.19 - - [08/Sep/2008:05:43:14 -0700] "GET /musotica/images/ss.jpg HTTP/1.1" 200 5500 "http://musotica.com/pvc.html" "Mozilla/4.0 (compatible; MSIE 7.0; Windows NT 6.0; SLCC1; .NET CLR 2.0.50727; Media Center PC 5.0; .NET CLR 3.0.04506; InfoPath.2; Tablet PC 2.0; .NET CLR 1.1.4322)" "site.musotica.com"
24.184.13.190 - - [08/Sep/2008:05:43:27 -0700] "GET /musotica/images/spacer.gif HTTP/1.1" 404 275 "http://musotica.com/sexymenstuff.html" "Mozilla/5.0 (Windows; U; Windows NT 5.1; en-US; rv:1.8.1.16) Gecko/20080702 Firefox/2.0.0.16" "site.musotica.com"
24.184.13.190 - - [08/Sep/2008:05:43:31 -0700] "GET /musotica/images/spacer.gif HTTP/1.1" 404 275 "http://musotica.com/seswpi.html?gclid=CPjxq4SczJUCFQNfFQod11Jthw" "Mozilla/5.0 (Windows; U; Windows NT 5.1; en-US; rv:1.8.1.16) Gecko/20080702 Firefox/2.0.0.16" "site.musotica.com"
71.229.187.125 - - [08/Sep/2008:05:43:32 -0700] "GET /musotica/images/spacer.gif HTTP/1.1" 404 275 "http://musotica.com/shoes.html" "Mozilla/4.0 (compatible; MSIE 7.0; Windows NT 5.1; .NET CLR 1.0.3705; .NET CLR 1.1.4322; Media Center PC 4.0)" "site.musotica.com"
88.178.116.19 - - [08/Sep/2008:05:43:36 -0700] "GET /rolldiv-images/header.png HTTP/1.1" 200 730 "-" "Mozilla/4.0 (compatible; MSIE 7.0; Windows NT 6.0; SLCC1; .NET CLR 2.0.50727; Media Center PC 5.0; .NET CLR 3.0.04506; InfoPath.2; Tablet PC 2.0; .NET CLR 1.1.4322)" "site.musotica.com"
71.229.187.125 - - [08/Sep/2008:05:43:36 -0700] "GET /musotica/images/spacer.gif HTTP/1.1" 404 275 "http://musotica.com/boots1.html" "Mozilla/4.0 (compatible; MSIE 7.0; Windows NT 5.1; .NET CLR 1.0.3705; .NET CLR 1.1.4322; Media Center PC 4.0)" "site.musotica.com"
88.178.116.19 - - [08/Sep/2008:05:43:36 -0700] "GET /rolldiv-images/footer.png HTTP/1.1" 200 637 "-" "Mozilla/4.0 (compatible; MSIE 7.0; Windows NT 6.0; SLCC1; .NET CLR 2.0.50727; Media Center PC 5.0; .NET CLR 3.0.04506; InfoPath.2; Tablet PC 2.0; .NET CLR 1.1.4322)" "site.musotica.com"
74.192.157.154 - - [08/Sep/2008:05:43:37 -0700] "GET /scripts/paging-images/images/spacer.gif HTTP/1.1" 404 275 "http://musotica.com/sesacacoseha.html" "Mozilla/5.0 (Windows; U; Windows NT 5.1; en-US; rv:1.9.0.1) Gecko/2008070208 Firefox/3.0.1" "site.musotica.com"
74.192.157.154 - - [08/Sep/2008:05:43:37 -0700] "GET /musotica/images/spacer.gif HTTP/1.1" 404 275 "http://musotica.com/sesacacoseha.html" "Mozilla/5.0 (Windows; U; Windows NT 5.1; en-US; rv:1.9.0.1) Gecko/2008070208 Firefox/3.0.1" "site.musotica.com"
71.229.187.125 - - [08/Sep/2008:05:43:56 -0700] "GET /musotica/images/spacer.gif HTTP/1.1" 404 275 "http://musotica.com/shoes.html" "Mozilla/4.0 (compatible; MSIE 7.0; Windows NT 5.1; .NET CLR 1.0.3705; .NET CLR 1.1.4322; Media Center PC 4.0)" "site.musotica.com"
74.192.157.154 - - [08/Sep/2008:05:44:01 -0700] "GET /scripts/paging-images/images/spacer.gif HTTP/1.1" 404 275 "http://musotica.com/seshcucoseha.html" "Mozilla/5.0 (Windows; U; Windows NT 5.1; en-US; rv:1.9.0.1) Gecko/2008070208 Firefox/3.0.1" "site.musotica.com"
74.192.157.154 - - [08/Sep/2008:05:44:01 -0700] "GET /musotica/images/spacer.gif HTTP/1.1" 404 275 "http://musotica.com/seshcucoseha.html" "Mozilla/5.0 (Windows; U; Windows NT 5.1; en-US; rv:1.9.0.1) Gecko/2008070208 Firefox/3.0.1" "site.musotica.com"
71.229.187.125 - - [08/Sep/2008:05:44:06 -0700] "GET /musotica/images/spacer.gif HTTP/1.1" 404 275 "http://musotica.com/dancerwear1.html" "Mozilla/4.0 (compatible; MSIE 7.0; Windows NT 5.1; .NET CLR 1.0.3705; .NET CLR 1.1.4322; Media Center PC 4.0)" "site.musotica.com"
71.229.187.125 - - [08/Sep/2008:05:44:08 -0700] "GET /musotica/images/spacer.gif HTTP/1.1" 404 275 "http://musotica.com/sexytops.html" "Mozilla/4.0 (compatible; MSIE 7.0; Windows NT 5.1; .NET CLR 1.0.3705; .NET CLR 1.1.4322; Media Center PC 4.0)" "site.musotica.com"
64.31.180.15 - - [08/Sep/2008:05:44:59 -0700] "GET /musotica/style/style.css HTTP/1.1" 200 2675 "http://musotica.com/sepocoroloby.html" "Mozilla/4.0 (compatible; MSIE 7.0; Windows NT 6.0; SLCC1; .NET CLR 2.0.50727; Media Center PC 5.0; .NET CLR 3.0.04506)" "site.musotica.com"
64.31.180.15 - - [08/Sep/2008:05:44:59 -0700] "GET /style/rolldiv-ie.css HTTP/1.1" 200 809 "http://musotica.com/sepocoroloby.html" "Mozilla/4.0 (compatible; MSIE 7.0; Windows NT 6.0; SLCC1; .NET CLR 2.0.50727; Media Center PC 5.0; .NET CLR 3.0.04506)" "site.musotica.com"
64.31.180.15 - - [08/Sep/2008:05:44:59 -0700] "GET /scripts/rolldiv.js HTTP/1.1" 200 623 "http://musotica.com/sepocoroloby.html" "Mozilla/4.0 (compatible; MSIE 7.0; Windows NT 6.0; SLCC1; .NET CLR 2.0.50727; Media Center PC 5.0; .NET CLR 3.0.04506)" "site.musotica.com"
64.31.180.15 - - [08/Sep/2008:05:44:59 -0700] "GET /musotica/images/logo.gif HTTP/1.1" 200 2006 "http://musotica.com/sepocoroloby.html" "Mozilla/4.0 (compatible; MSIE 7.0; Windows NT 6.0; SLCC1; .NET CLR 2.0.50727; Media Center PC 5.0; .NET CLR 3.0.04506)" "site.musotica.com"
64.31.180.15 - - [08/Sep/2008:05:44:59 -0700] "GET /musotica/images/phone.gif HTTP/1.1" 200 385 "http://musotica.com/sepocoroloby.html" "Mozilla/4.0 (compatible; MSIE 7.0; Windows NT 6.0; SLCC1; .NET CLR 2.0.50727; Media Center PC 5.0; .NET CLR 3.0.04506)" "site.musotica.com"
64.31.180.15 - - [08/Sep/2008:05:45:00 -0700] "GET /musotica/images/home.gif HTTP/1.1" 200 70 "http://musotica.com/sepocoroloby.html" "Mozilla/4.0 (compatible; MSIE 7.0; Windows NT 6.0; SLCC1; .NET CLR 2.0.50727; Media Center PC 5.0; .NET CLR 3.0.04506)" "site.musotica.com"
64.31.180.15 - - [08/Sep/2008:05:45:00 -0700] "GET /musotica/images/bookmark.gif HTTP/1.1" 200 124 "http://musotica.com/sepocoroloby.html" "Mozilla/4.0 (compatible; MSIE 7.0; Windows NT 6.0; SLCC1; .NET CLR 2.0.50727; Media Center PC 5.0; .NET CLR 3.0.04506)" "site.musotica.com"
64.31.180.15 - - [08/Sep/2008:05:45:00 -0700] "GET /musotica/images/tell.gif HTTP/1.1" 200 67 "http://musotica.com/sepocoroloby.html" "Mozilla/4.0 (compatible; MSIE 7.0; Windows NT 6.0; SLCC1; .NET CLR 2.0.50727; Media Center PC 5.0; .NET CLR 3.0.04506)" "site.musotica.com"
64.31.180.15 - - [08/Sep/2008:05:45:00 -0700] "GET /musotica/images/go.gif HTTP/1.1" 200 731 "http://musotica.com/sepocoroloby.html" "Mozilla/4.0 (compatible; MSIE 7.0; Windows NT 6.0; SLCC1; .NET CLR 2.0.50727; Media Center PC 5.0; .NET CLR 3.0.04506)" "site.musotica.com"
64.31.180.15 - - [08/Sep/2008:05:45:00 -0700] "GET /musotica/images/shop.gif HTTP/1.1" 200 83 "http://musotica.com/sepocoroloby.html" "Mozilla/4.0 (compatible; MSIE 7.0; Windows NT 6.0; SLCC1; .NET CLR 2.0.50727; Media Center PC 5.0; .NET CLR 3.0.04506)" "site.musotica.com"
64.31.180.15 - - [08/Sep/2008:05:45:00 -0700] "GET /musotica/images/arrow.gif HTTP/1.1" 200 61 "http://musotica.com/sepocoroloby.html" "Mozilla/4.0 (compatible; MSIE 7.0; Windows NT 6.0; SLCC1; .NET CLR 2.0.50727; Media Center PC 5.0; .NET CLR 3.0.04506)" "site.musotica.com"
64.31.180.15 - - [08/Sep/2008:05:45:00 -0700] "GET /musotica/images/search.gif HTTP/1.1" 200 1538 "http://musotica.com/sepocoroloby.html" "Mozilla/4.0 (compatible; MSIE 7.0; Windows NT 6.0; SLCC1; .NET CLR 2.0.50727; Media Center PC 5.0; .NET CLR 3.0.04506)" "site.musotica.com"
64.31.180.15 - - [08/Sep/2008:05:45:00 -0700] "GET /musotica/images/newdot.gif HTTP/1.1" 200 62 "http://musotica.com/sepocoroloby.html" "Mozilla/4.0 (compatible; MSIE 7.0; Windows NT 6.0; SLCC1; .NET CLR 2.0.50727; Media Center PC 5.0; .NET CLR 3.0.04506)" "site.musotica.com"
64.31.180.15 - - [08/Sep/2008:05:45:00 -0700] "GET /musotica/images/head_strip.gif HTTP/1.1" 200 63 "http://musotica.com/sepocoroloby.html" "Mozilla/4.0 (compatible; MSIE 7.0; Windows NT 6.0; SLCC1; .NET CLR 2.0.50727; Media Center PC 5.0; .NET CLR 3.0.04506)" "site.musotica.com"
64.31.180.15 - - [08/Sep/2008:05:45:00 -0700] "GET /musotica/images/midline.gif HTTP/1.1" 200 49 "http://musotica.com/sepocoroloby.html" "Mozilla/4.0 (compatible; MSIE 7.0; Windows NT 6.0; SLCC1; .NET CLR 2.0.50727; Media Center PC 5.0; .NET CLR 3.0.04506)" "site.musotica.com"
64.31.180.15 - - [08/Sep/2008:05:45:00 -0700] "GET /scripts/paging-images/images/spacer.gif HTTP/1.1" 404 275 "http://musotica.com/sepocoroloby.html" "Mozilla/4.0 (compatible; MSIE 7.0; Windows NT 6.0; SLCC1; .NET CLR 2.0.50727; Media Center PC 5.0; .NET CLR 3.0.04506)" "site.musotica.com"
64.31.180.15 - - [08/Sep/2008:05:45:01 -0700] "GET /musotica/images/lingeris.jpg HTTP/1.1" 200 17260 "http://musotica.com/sepocoroloby.html" "Mozilla/4.0 (compatible; MSIE 7.0; Windows NT 6.0; SLCC1; .NET CLR 2.0.50727; Media Center PC 5.0; .NET CLR 3.0.04506)" "site.musotica.com"
64.31.180.15 - - [08/Sep/2008:05:45:01 -0700] "GET /musotica/images/spacer.gif HTTP/1.1" 404 275 "http://musotica.com/sepocoroloby.html" "Mozilla/4.0 (compatible; MSIE 7.0; Windows NT 6.0; SLCC1; .NET CLR 2.0.50727; Media Center PC 5.0; .NET CLR 3.0.04506)" "site.musotica.com"
64.31.180.15 - - [08/Sep/2008:05:45:01 -0700] "GET /musotica/images/clubwear.jpg HTTP/1.1" 200 15480 "http://musotica.com/sepocoroloby.html" "Mozilla/4.0 (compatible; MSIE 7.0; Windows NT 6.0; SLCC1; .NET CLR 2.0.50727; Media Center PC 5.0; .NET CLR 3.0.04506)" "site.musotica.com"
64.31.180.15 - - [08/Sep/2008:05:45:01 -0700] "GET /musotica/images/stockings.jpg HTTP/1.1" 200 15303 "http://musotica.com/sepocoroloby.html" "Mozilla/4.0 (compatible; MSIE 7.0; Windows NT 6.0; SLCC1; .NET CLR 2.0.50727; Media Center PC 5.0; .NET CLR 3.0.04506)" "site.musotica.com"
64.31.180.15 - - [08/Sep/2008:05:45:01 -0700] "GET /musotica/images/shoes.jpg HTTP/1.1" 200 14412 "http://musotica.com/sepocoroloby.html" "Mozilla/4.0 (compatible; MSIE 7.0; Windows NT 6.0; SLCC1; .NET CLR 2.0.50727; Media Center PC 5.0; .NET CLR 3.0.04506)" "site.musotica.com"
64.31.180.15 - - [08/Sep/2008:05:45:01 -0700] "GET /musotica/images/accessories.jpg HTTP/1.1" 200 17113 "http://musotica.com/sepocoroloby.html" "Mozilla/4.0 (compatible; MSIE 7.0; Windows NT 6.0; SLCC1; .NET CLR 2.0.50727; Media Center PC 5.0; .NET CLR 3.0.04506)" "site.musotica.com"
64.31.180.15 - - [08/Sep/2008:05:45:01 -0700] "GET /musotica/images/pay.jpg HTTP/1.1" 200 13131 "http://musotica.com/sepocoroloby.html" "Mozilla/4.0 (compatible; MSIE 7.0; Windows NT 6.0; SLCC1; .NET CLR 2.0.50727; Media Center PC 5.0; .NET CLR 3.0.04506)" "site.musotica.com"
64.31.180.15 - - [08/Sep/2008:05:45:01 -0700] "GET /musotica/images/ss.jpg HTTP/1.1" 200 5500 "http://musotica.com/sepocoroloby.html" "Mozilla/4.0 (compatible; MSIE 7.0; Windows NT 6.0; SLCC1; .NET CLR 2.0.50727; Media Center PC 5.0; .NET CLR 3.0.04506)" "site.musotica.com"
64.31.180.15 - - [08/Sep/2008:05:45:01 -0700] "GET /musotica/images/bannerdot.gif HTTP/1.1" 200 49 "http://musotica.com/sepocoroloby.html" "Mozilla/4.0 (compatible; MSIE 7.0; Windows NT 6.0; SLCC1; .NET CLR 2.0.50727; Media Center PC 5.0; .NET CLR 3.0.04506)" "site.musotica.com"
64.31.180.15 - - [08/Sep/2008:05:45:01 -0700] "GET /musotica/images/newgreendot.gif HTTP/1.1" 200 49 "http://musotica.com/sepocoroloby.html" "Mozilla/4.0 (compatible; MSIE 7.0; Windows NT 6.0; SLCC1; .NET CLR 2.0.50727; Media Center PC 5.0; .NET CLR 3.0.04506)" "site.musotica.com"
81.170.213.61 - - [08/Sep/2008:05:45:27 -0700] "GET /musotica/style/style.css HTTP/1.1" 200 2675 "http://musotica.com/sexyminiskirts.html" "Mozilla/4.0 (compatible; MSIE 7.0; Windows NT 5.1; .NET CLR 1.1.4322)" "site.musotica.com"
81.170.213.61 - - [08/Sep/2008:05:45:28 -0700] "GET /scripts/rolldiv.js HTTP/1.1" 200 623 "http://musotica.com/sexyminiskirts.html" "Mozilla/4.0 (compatible; MSIE 7.0; Windows NT 5.1; .NET CLR 1.1.4322)" "site.musotica.com"
81.170.213.61 - - [08/Sep/2008:05:45:28 -0700] "GET /style/rolldiv-ie.css HTTP/1.1" 200 809 "http://musotica.com/sexyminiskirts.html" "Mozilla/4.0 (compatible; MSIE 7.0; Windows NT 5.1; .NET CLR 1.1.4322)" "site.musotica.com"
24.147.55.190 - - [08/Sep/2008:05:45:28 -0700] "GET /musotica/style/style.css HTTP/1.1" 200 2675 "http://musotica.com/fauxfur.html" "Mozilla/4.0 (compatible; MSIE 7.0; Windows NT 6.0; SLCC1; .NET CLR 2.0.50727; Media Center PC 5.0; .NET CLR 3.0.04506; Windows-Media-Player/10.00.00.3990)" "site.musotica.com"
81.170.213.61 - - [08/Sep/2008:05:45:29 -0700] "GET /musotica/images/logo.gif HTTP/1.1" 200 2006 "http://musotica.com/sexyminiskirts.html" "Mozilla/4.0 (compatible; MSIE 7.0; Windows NT 5.1; .NET CLR 1.1.4322)" "site.musotica.com"
81.170.213.61 - - [08/Sep/2008:05:45:29 -0700] "GET /musotica/images/phone.gif HTTP/1.1" 200 385 "http://musotica.com/sexyminiskirts.html" "Mozilla/4.0 (compatible; MSIE 7.0; Windows NT 5.1; .NET CLR 1.1.4322)" "site.musotica.com"
24.147.55.190 - - [08/Sep/2008:05:45:29 -0700] "GET /style/rolldiv-ie.css HTTP/1.1" 200 809 "http://musotica.com/fauxfur.html" "Mozilla/4.0 (compatible; MSIE 7.0; Windows NT 6.0; SLCC1; .NET CLR 2.0.50727; Media Center PC 5.0; .NET CLR 3.0.04506; Windows-Media-Player/10.00.00.3990)" "site.musotica.com"
24.147.55.190 - - [08/Sep/2008:05:45:29 -0700] "GET /scripts/rolldiv.js HTTP/1.1" 200 623 "http://musotica.com/fauxfur.html" "Mozilla/4.0 (compatible; MSIE 7.0; Windows NT 6.0; SLCC1; .NET CLR 2.0.50727; Media Center PC 5.0; .NET CLR 3.0.04506; Windows-Media-Player/10.00.00.3990)" "site.musotica.com"
24.147.55.190 - - [08/Sep/2008:05:45:29 -0700] "GET /musotica/images/logo.gif HTTP/1.1" 200 2006 "http://musotica.com/fauxfur.html" "Mozilla/4.0 (compatible; MSIE 7.0; Windows NT 6.0; SLCC1; .NET CLR 2.0.50727; Media Center PC 5.0; .NET CLR 3.0.04506; Windows-Media-Player/10.00.00.3990)" "site.musotica.com"
24.147.55.190 - - [08/Sep/2008:05:45:29 -0700] "GET /musotica/images/phone.gif HTTP/1.1" 200 385 "http://musotica.com/fauxfur.html" "Mozilla/4.0 (compatible; MSIE 7.0; Windows NT 6.0; SLCC1; .NET CLR 2.0.50727; Media Center PC 5.0; .NET CLR 3.0.04506; Windows-Media-Player/10.00.00.3990)" "site.musotica.com"
24.147.55.190 - - [08/Sep/2008:05:45:29 -0700] "GET /rolldiv-images/shadow.png HTTP/1.1" 200 175 "-" "Mozilla/4.0 (compatible; MSIE 7.0; Windows NT 6.0; SLCC1; .NET CLR 2.0.50727; Media Center PC 5.0; .NET CLR 3.0.04506; Windows-Media-Player/10.00.00.3990)" "site.musotica.com"
24.147.55.190 - - [08/Sep/2008:05:45:29 -0700] "GET /musotica/images/home.gif HTTP/1.1" 200 70 "http://musotica.com/fauxfur.html" "Mozilla/4.0 (compatible; MSIE 7.0; Windows NT 6.0; SLCC1; .NET CLR 2.0.50727; Media Center PC 5.0; .NET CLR 3.0.04506; Windows-Media-Player/10.00.00.3990)" "site.musotica.com"
81.170.213.61 - - [08/Sep/2008:05:45:29 -0700] "GET /rolldiv-images/shadow.png HTTP/1.1" 200 175 "-" "Mozilla/4.0 (compatible; MSIE 7.0; Windows NT 5.1; .NET CLR 1.1.4322)" "site.musotica.com"
81.170.213.61 - - [08/Sep/2008:05:45:29 -0700] "GET /musotica/images/home.gif HTTP/1.1" 200 70 "http://musotica.com/sexyminiskirts.html" "Mozilla/4.0 (compatible; MSIE 7.0; Windows NT 5.1; .NET CLR 1.1.4322)" "site.musotica.com"
24.147.55.190 - - [08/Sep/2008:05:45:29 -0700] "GET /musotica/images/tell.gif HTTP/1.1" 200 67 "http://musotica.com/fauxfur.html" "Mozilla/4.0 (compatible; MSIE 7.0; Windows NT 6.0; SLCC1; .NET CLR 2.0.50727; Media Center PC 5.0; .NET CLR 3.0.04506; Windows-Media-Player/10.00.00.3990)" "site.musotica.com"
24.147.55.190 - - [08/Sep/2008:05:45:29 -0700] "GET /musotica/images/bookmark.gif HTTP/1.1" 200 124 "http://musotica.com/fauxfur.html" "Mozilla/4.0 (compatible; MSIE 7.0; Windows NT 6.0; SLCC1; .NET CLR 2.0.50727; Media Center PC 5.0; .NET CLR 3.0.04506; Windows-Media-Player/10.00.00.3990)" "site.musotica.com"
24.147.55.190 - - [08/Sep/2008:05:45:29 -0700] "GET /musotica/images/go.gif HTTP/1.1" 200 731 "http://musotica.com/fauxfur.html" "Mozilla/4.0 (compatible; MSIE 7.0; Windows NT 6.0; SLCC1; .NET CLR 2.0.50727; Media Center PC 5.0; .NET CLR 3.0.04506; Windows-Media-Player/10.00.00.3990)" "site.musotica.com"
24.147.55.190 - - [08/Sep/2008:05:45:29 -0700] "GET /musotica/images/shop.gif HTTP/1.1" 200 83 "http://musotica.com/fauxfur.html" "Mozilla/4.0 (compatible; MSIE 7.0; Windows NT 6.0; SLCC1; .NET CLR 2.0.50727; Media Center PC 5.0; .NET CLR 3.0.04506; Windows-Media-Player/10.00.00.3990)" "site.musotica.com"
24.147.55.190 - - [08/Sep/2008:05:45:29 -0700] "GET /musotica/images/arrow.gif HTTP/1.1" 200 61 "http://musotica.com/fauxfur.html" "Mozilla/4.0 (compatible; MSIE 7.0; Windows NT 6.0; SLCC1; .NET CLR 2.0.50727; Media Center PC 5.0; .NET CLR 3.0.04506; Windows-Media-Player/10.00.00.3990)" "site.musotica.com"
24.147.55.190 - - [08/Sep/2008:05:45:29 -0700] "GET /musotica/images/head_strip.gif HTTP/1.1" 200 63 "http://musotica.com/fauxfur.html" "Mozilla/4.0 (compatible; MSIE 7.0; Windows NT 6.0; SLCC1; .NET CLR 2.0.50727; Media Center PC 5.0; .NET CLR 3.0.04506; Windows-Media-Player/10.00.00.3990)" "site.musotica.com"
81.170.213.61 - - [08/Sep/2008:05:45:29 -0700] "GET /musotica/images/head_strip.gif HTTP/1.1" 200 63 "http://musotica.com/sexyminiskirts.html" "Mozilla/4.0 (compatible; MSIE 7.0; Windows NT 5.1; .NET CLR 1.1.4322)" "site.musotica.com"
81.170.213.61 - - [08/Sep/2008:05:45:29 -0700] "GET /musotica/images/tell.gif HTTP/1.1" 200 67 "http://musotica.com/sexyminiskirts.html" "Mozilla/4.0 (compatible; MSIE 7.0; Windows NT 5.1; .NET CLR 1.1.4322)" "site.musotica.com"
24.147.55.190 - - [08/Sep/2008:05:45:29 -0700] "GET /musotica/images/newdot.gif HTTP/1.1" 200 62 "http://musotica.com/fauxfur.html" "Mozilla/4.0 (compatible; MSIE 7.0; Windows NT 6.0; SLCC1; .NET CLR 2.0.50727; Media Center PC 5.0; .NET CLR 3.0.04506; Windows-Media-Player/10.00.00.3990)" "site.musotica.com"
24.147.55.190 - - [08/Sep/2008:05:45:29 -0700] "GET /musotica/images/search.gif HTTP/1.1" 200 1538 "http://musotica.com/fauxfur.html" "Mozilla/4.0 (compatible; MSIE 7.0; Windows NT 6.0; SLCC1; .NET CLR 2.0.50727; Media Center PC 5.0; .NET CLR 3.0.04506; Windows-Media-Player/10.00.00.3990)" "site.musotica.com"
24.147.55.190 - - [08/Sep/2008:05:45:30 -0700] "GET /musotica/images/midline.gif HTTP/1.1" 200 49 "http://musotica.com/fauxfur.html" "Mozilla/4.0 (compatible; MSIE 7.0; Windows NT 6.0; SLCC1; .NET CLR 2.0.50727; Media Center PC 5.0; .NET CLR 3.0.04506; Windows-Media-Player/10.00.00.3990)" "site.musotica.com"
24.147.55.190 - - [08/Sep/2008:05:45:30 -0700] "GET /scripts/cookies.js HTTP/1.1" 200 1429 "http://musotica.com/fauxfur.html" "Mozilla/4.0 (compatible; MSIE 7.0; Windows NT 6.0; SLCC1; .NET CLR 2.0.50727; Media Center PC 5.0; .NET CLR 3.0.04506; Windows-Media-Player/10.00.00.3990)" "site.musotica.com"
24.147.55.190 - - [08/Sep/2008:05:45:30 -0700] "GET /scripts/pagging-inner.js HTTP/1.1" 200 24676 "http://musotica.com/fauxfur.html" "Mozilla/4.0 (compatible; MSIE 7.0; Windows NT 6.0; SLCC1; .NET CLR 2.0.50727; Media Center PC 5.0; .NET CLR 3.0.04506; Windows-Media-Player/10.00.00.3990)" "site.musotica.com"
81.170.213.61 - - [08/Sep/2008:05:45:30 -0700] "GET /musotica/images/bookmark.gif HTTP/1.1" 200 124 "http://musotica.com/sexyminiskirts.html" "Mozilla/4.0 (compatible; MSIE 7.0; Windows NT 5.1; .NET CLR 1.1.4322)" "site.musotica.com"
81.170.213.61 - - [08/Sep/2008:05:45:30 -0700] "GET /musotica/images/newdot.gif HTTP/1.1" 200 62 "http://musotica.com/sexyminiskirts.html" "Mozilla/4.0 (compatible; MSIE 7.0; Windows NT 5.1; .NET CLR 1.1.4322)" "site.musotica.com"
24.147.55.190 - - [08/Sep/2008:05:45:30 -0700] "GET /scripts/dpv.js HTTP/1.1" 200 1545 "http://musotica.com/fauxfur.html" "Mozilla/4.0 (compatible; MSIE 7.0; Windows NT 6.0; SLCC1; .NET CLR 2.0.50727; Media Center PC 5.0; .NET CLR 3.0.04506; Windows-Media-Player/10.00.00.3990)" "site.musotica.com"
81.170.213.61 - - [08/Sep/2008:05:45:30 -0700] "GET /musotica/images/shop.gif HTTP/1.1" 200 83 "http://musotica.com/sexyminiskirts.html" "Mozilla/4.0 (compatible; MSIE 7.0; Windows NT 5.1; .NET CLR 1.1.4322)" "site.musotica.com"
81.170.213.61 - - [08/Sep/2008:05:45:30 -0700] "GET /musotica/images/go.gif HTTP/1.1" 200 731 "http://musotica.com/sexyminiskirts.html" "Mozilla/4.0 (compatible; MSIE 7.0; Windows NT 5.1; .NET CLR 1.1.4322)" "site.musotica.com"
81.170.213.61 - - [08/Sep/2008:05:45:31 -0700] "GET /musotica/images/arrow.gif HTTP/1.1" 200 61 "http://musotica.com/sexyminiskirts.html" "Mozilla/4.0 (compatible; MSIE 7.0; Windows NT 5.1; .NET CLR 1.1.4322)" "site.musotica.com"
81.170.213.61 - - [08/Sep/2008:05:45:31 -0700] "GET /musotica/images/search.gif HTTP/1.1" 200 1538 "http://musotica.com/sexyminiskirts.html" "Mozilla/4.0 (compatible; MSIE 7.0; Windows NT 5.1; .NET CLR 1.1.4322)" "site.musotica.com"
81.170.213.61 - - [08/Sep/2008:05:45:31 -0700] "GET /musotica/images/midline.gif HTTP/1.1" 200 49 "http://musotica.com/sexyminiskirts.html" "Mozilla/4.0 (compatible; MSIE 7.0; Windows NT 5.1; .NET CLR 1.1.4322)" "site.musotica.com"
81.170.213.61 - - [08/Sep/2008:05:45:31 -0700] "GET /scripts/cookies.js HTTP/1.1" 200 1429 "http://musotica.com/sexyminiskirts.html" "Mozilla/4.0 (compatible; MSIE 7.0; Windows NT 5.1; .NET CLR 1.1.4322)" "site.musotica.com"
24.147.55.190 - - [08/Sep/2008:05:45:31 -0700] "GET /musotica/images/lingeris.jpg HTTP/1.1" 200 17260 "http://musotica.com/fauxfur.html" "Mozilla/4.0 (compatible; MSIE 7.0; Windows NT 6.0; SLCC1; .NET CLR 2.0.50727; Media Center PC 5.0; .NET CLR 3.0.04506; Windows-Media-Player/10.00.00.3990)" "site.musotica.com"
24.147.55.190 - - [08/Sep/2008:05:45:31 -0700] "GET /musotica/images/spacer.gif HTTP/1.1" 404 275 "http://musotica.com/fauxfur.html" "Mozilla/4.0 (compatible; MSIE 7.0; Windows NT 6.0; SLCC1; .NET CLR 2.0.50727; Media Center PC 5.0; .NET CLR 3.0.04506; Windows-Media-Player/10.00.00.3990)" "site.musotica.com"
24.147.55.190 - - [08/Sep/2008:05:45:31 -0700] "GET /musotica/images/clubwear.jpg HTTP/1.1" 200 15480 "http://musotica.com/fauxfur.html" "Mozilla/4.0 (compatible; MSIE 7.0; Windows NT 6.0; SLCC1; .NET CLR 2.0.50727; Media Center PC 5.0; .NET CLR 3.0.04506; Windows-Media-Player/10.00.00.3990)" "site.musotica.com"
24.147.55.190 - - [08/Sep/2008:05:45:31 -0700] "GET /musotica/images/stockings.jpg HTTP/1.1" 200 15303 "http://musotica.com/fauxfur.html" "Mozilla/4.0 (compatible; MSIE 7.0; Windows NT 6.0; SLCC1; .NET CLR 2.0.50727; Media Center PC 5.0; .NET CLR 3.0.04506; Windows-Media-Player/10.00.00.3990)" "site.musotica.com"
24.147.55.190 - - [08/Sep/2008:05:45:31 -0700] "GET /musotica/images/shoes.jpg HTTP/1.1" 200 14412 "http://musotica.com/fauxfur.html" "Mozilla/4.0 (compatible; MSIE 7.0; Windows NT 6.0; SLCC1; .NET CLR 2.0.50727; Media Center PC 5.0; .NET CLR 3.0.04506; Windows-Media-Player/10.00.00.3990)" "site.musotica.com"
24.147.55.190 - - [08/Sep/2008:05:45:31 -0700] "GET /musotica/images/accessories.jpg HTTP/1.1" 200 17113 "http://musotica.com/fauxfur.html" "Mozilla/4.0 (compatible; MSIE 7.0; Windows NT 6.0; SLCC1; .NET CLR 2.0.50727; Media Center PC 5.0; .NET CLR 3.0.04506; Windows-Media-Player/10.00.00.3990)" "site.musotica.com"
81.170.213.61 - - [08/Sep/2008:05:45:31 -0700] "GET /scripts/pagging-inner.js HTTP/1.1" 200 24676 "http://musotica.com/sexyminiskirts.html" "Mozilla/4.0 (compatible; MSIE 7.0; Windows NT 5.1; .NET CLR 1.1.4322)" "site.musotica.com"
24.147.55.190 - - [08/Sep/2008:05:45:31 -0700] "GET /musotica/images/pay.jpg HTTP/1.1" 200 13131 "http://musotica.com/fauxfur.html" "Mozilla/4.0 (compatible; MSIE 7.0; Windows NT 6.0; SLCC1; .NET CLR 2.0.50727; Media Center PC 5.0; .NET CLR 3.0.04506; Windows-Media-Player/10.00.00.3990)" "site.musotica.com"
24.147.55.190 - - [08/Sep/2008:05:45:32 -0700] "GET /musotica/images/ss.jpg HTTP/1.1" 200 5500 "http://musotica.com/fauxfur.html" "Mozilla/4.0 (compatible; MSIE 7.0; Windows NT 6.0; SLCC1; .NET CLR 2.0.50727; Media Center PC 5.0; .NET CLR 3.0.04506; Windows-Media-Player/10.00.00.3990)" "site.musotica.com"
24.147.55.190 - - [08/Sep/2008:05:45:32 -0700] "GET /musotica/images/bannerdot.gif HTTP/1.1" 200 49 "http://musotica.com/fauxfur.html" "Mozilla/4.0 (compatible; MSIE 7.0; Windows NT 6.0; SLCC1; .NET CLR 2.0.50727; Media Center PC 5.0; .NET CLR 3.0.04506; Windows-Media-Player/10.00.00.3990)" "site.musotica.com"
