77.98.81.99 - - [08/Sep/2008:05:20:59 -0700] "GET /musotica/images/shoes.jpg HTTP/1.1" 200 14412 "http://musotica.com/sesoseknhiso.html" "Mozilla/5.0 (Windows; U; Windows NT 5.1; en-GB; rv:1.9.0.1) Gecko/2008070208 Firefox/3.0.1" "site.musotica.com"
77.98.81.99 - - [08/Sep/2008:05:20:59 -0700] "GET /musotica/images/accessories.jpg HTTP/1.1" 200 17113 "http://musotica.com/sesoseknhiso.html" "Mozilla/5.0 (Windows; U; Windows NT 5.1; en-GB; rv:1.9.0.1) Gecko/2008070208 Firefox/3.0.1" "site.musotica.com"
213.208.111.158 - - [08/Sep/2008:05:21:05 -0700] "GET /musotica/images/spacer.gif HTTP/1.1" 404 275 "http://musotica.com/bodyshapers.html" "Mozilla/4.0 (compatible; MSIE 7.0; Windows NT 5.1; .NET CLR 1.1.4322)" "site.musotica.com"
202.156.8.12 - - [08/Sep/2008:05:21:22 -0700] "GET /musotica/style/style.css HTTP/1.1" 200 2675 "http://musotica.com/seswpi.html" "Mozilla/4.0 (compatible; MSIE 7.0; Windows NT 6.0; SLCC1; .NET CLR 2.0.50727; Media Center PC 5.0; .NET CLR 3.0.04506)" "site.musotica.com"
202.156.8.12 - - [08/Sep/2008:05:21:24 -0700] "GET /scripts/rolldiv.js HTTP/1.1" 200 623 "http://musotica.com/seswpi.html" "Mozilla/4.0 (compatible; MSIE 7.0; Windows NT 6.0; SLCC1; .NET CLR 2.0.50727; Media Center PC 5.0; .NET CLR 3.0.04506)" "site.musotica.com"
202.156.8.12 - - [08/Sep/2008:05:21:25 -0700] "GET /musotica/images/phone.gif HTTP/1.1" 200 385 "http://musotica.com/seswpi.html" "Mozilla/4.0 (compatible; MSIE 7.0; Windows NT 6.0; SLCC1; .NET CLR 2.0.50727; Media Center PC 5.0; .NET CLR 3.0.04506)" "site.musotica.com"
202.156.8.12 - - [08/Sep/2008:05:21:25 -0700] "GET /musotica/images/logo.gif HTTP/1.1" 200 2006 "http://musotica.com/seswpi.html" "Mozilla/4.0 (compatible; MSIE 7.0; Windows NT 6.0; SLCC1; .NET CLR 2.0.50727; Media Center PC 5.0; .NET CLR 3.0.04506)" "site.musotica.com"
202.156.8.12 - - [08/Sep/2008:05:21:25 -0700] "GET /rolldiv-images/shadow.png HTTP/1.1" 200 175 "-" "Mozilla/4.0 (compatible; MSIE 7.0; Windows NT 6.0; SLCC1; .NET CLR 2.0.50727; Media Center PC 5.0; .NET CLR 3.0.04506)" "site.musotica.com"
202.156.8.12 - - [08/Sep/2008:05:21:25 -0700] "GET /musotica/images/home.gif HTTP/1.1" 200 70 "http://musotica.com/seswpi.html" "Mozilla/4.0 (compatible; MSIE 7.0; Windows NT 6.0; SLCC1; .NET CLR 2.0.50727; Media Center PC 5.0; .NET CLR 3.0.04506)" "site.musotica.com"
202.156.8.12 - - [08/Sep/2008:05:21:27 -0700] "GET /musotica/images/go.gif HTTP/1.1" 200 731 "http://musotica.com/seswpi.html" "Mozilla/4.0 (compatible; MSIE 7.0; Windows NT 6.0; SLCC1; .NET CLR 2.0.50727; Media Center PC 5.0; .NET CLR 3.0.04506)" "site.musotica.com"
202.156.8.12 - - [08/Sep/2008:05:21:27 -0700] "GET /musotica/images/shop.gif HTTP/1.1" 200 83 "http://musotica.com/seswpi.html" "Mozilla/4.0 (compatible; MSIE 7.0; Windows NT 6.0; SLCC1; .NET CLR 2.0.50727; Media Center PC 5.0; .NET CLR 3.0.04506)" "site.musotica.com"
202.156.8.12 - - [08/Sep/2008:05:21:27 -0700] "GET /musotica/images/arrow.gif HTTP/1.1" 200 61 "http://musotica.com/seswpi.html" "Mozilla/4.0 (compatible; MSIE 7.0; Windows NT 6.0; SLCC1; .NET CLR 2.0.50727; Media Center PC 5.0; .NET CLR 3.0.04506)" "site.musotica.com"
202.156.8.12 - - [08/Sep/2008:05:21:28 -0700] "GET /musotica/images/head_strip.gif HTTP/1.1" 200 63 "http://musotica.com/seswpi.html" "Mozilla/4.0 (compatible; MSIE 7.0; Windows NT 6.0; SLCC1; .NET CLR 2.0.50727; Media Center PC 5.0; .NET CLR 3.0.04506)" "site.musotica.com"
202.156.8.12 - - [08/Sep/2008:05:21:28 -0700] "GET /musotica/images/search.gif HTTP/1.1" 200 1538 "http://musotica.com/seswpi.html" "Mozilla/4.0 (compatible; MSIE 7.0; Windows NT 6.0; SLCC1; .NET CLR 2.0.50727; Media Center PC 5.0; .NET CLR 3.0.04506)" "site.musotica.com"
202.156.8.12 - - [08/Sep/2008:05:21:29 -0700] "GET /musotica/images/midline.gif HTTP/1.1" 200 49 "http://musotica.com/seswpi.html" "Mozilla/4.0 (compatible; MSIE 7.0; Windows NT 6.0; SLCC1; .NET CLR 2.0.50727; Media Center PC 5.0; .NET CLR 3.0.04506)" "site.musotica.com"
202.156.8.12 - - [08/Sep/2008:05:21:29 -0700] "GET /scripts/cookies.js HTTP/1.1" 200 1429 "http://musotica.com/seswpi.html" "Mozilla/4.0 (compatible; MSIE 7.0; Windows NT 6.0; SLCC1; .NET CLR 2.0.50727; Media Center PC 5.0; .NET CLR 3.0.04506)" "site.musotica.com"
202.156.8.12 - - [08/Sep/2008:05:21:30 -0700] "GET /scripts/pagging-inner.js HTTP/1.1" 200 24676 "http://musotica.com/seswpi.html" "Mozilla/4.0 (compatible; MSIE 7.0; Windows NT 6.0; SLCC1; .NET CLR 2.0.50727; Media Center PC 5.0; .NET CLR 3.0.04506)" "site.musotica.com"
202.156.8.12 - - [08/Sep/2008:05:21:31 -0700] "GET /scripts/dpv.js HTTP/1.1" 200 1545 "http://musotica.com/seswpi.html" "Mozilla/4.0 (compatible; MSIE 7.0; Windows NT 6.0; SLCC1; .NET CLR 2.0.50727; Media Center PC 5.0; .NET CLR 3.0.04506)" "site.musotica.com"
202.156.8.12 - - [08/Sep/2008:05:21:32 -0700] "GET /musotica/images/lingeris.jpg HTTP/1.1" 200 17260 "http://musotica.com/seswpi.html" "Mozilla/4.0 (compatible; MSIE 7.0; Windows NT 6.0; SLCC1; .NET CLR 2.0.50727; Media Center PC 5.0; .NET CLR 3.0.04506)" "site.musotica.com"
202.156.8.12 - - [08/Sep/2008:05:21:32 -0700] "GET /musotica/images/spacer.gif HTTP/1.1" 404 275 "http://musotica.com/seswpi.html" "Mozilla/4.0 (compatible; MSIE 7.0; Windows NT 6.0; SLCC1; .NET CLR 2.0.50727; Media Center PC 5.0; .NET CLR 3.0.04506)" "site.musotica.com"
202.156.8.12 - - [08/Sep/2008:05:21:32 -0700] "GET /musotica/images/stockings.jpg HTTP/1.1" 200 15303 "http://musotica.com/seswpi.html" "Mozilla/4.0 (compatible; MSIE 7.0; Windows NT 6.0; SLCC1; .NET CLR 2.0.50727; Media Center PC 5.0; .NET CLR 3.0.04506)" "site.musotica.com"
202.156.8.12 - - [08/Sep/2008:05:21:33 -0700] "GET /musotica/images/clubwear.jpg HTTP/1.1" 200 15480 "http://musotica.com/seswpi.html" "Mozilla/4.0 (compatible; MSIE 7.0; Windows NT 6.0; SLCC1; .NET CLR 2.0.50727; Media Center PC 5.0; .NET CLR 3.0.04506)" "site.musotica.com"
202.156.8.12 - - [08/Sep/2008:05:21:34 -0700] "GET /musotica/images/accessories.jpg HTTP/1.1" 200 17113 "http://musotica.com/seswpi.html" "Mozilla/4.0 (compatible; MSIE 7.0; Windows NT 6.0; SLCC1; .NET CLR 2.0.50727; Media Center PC 5.0; .NET CLR 3.0.04506)" "site.musotica.com"
202.156.8.12 - - [08/Sep/2008:05:21:35 -0700] "GET /musotica/images/ss.jpg HTTP/1.1" 200 5500 "http://musotica.com/seswpi.html" "Mozilla/4.0 (compatible; MSIE 7.0; Windows NT 6.0; SLCC1; .NET CLR 2.0.50727; Media Center PC 5.0; .NET CLR 3.0.04506)" "site.musotica.com"
202.156.8.12 - - [08/Sep/2008:05:21:35 -0700] "GET /musotica/images/pay.jpg HTTP/1.1" 200 13131 "http://musotica.com/seswpi.html" "Mozilla/4.0 (compatible; MSIE 7.0; Windows NT 6.0; SLCC1; .NET CLR 2.0.50727; Media Center PC 5.0; .NET CLR 3.0.04506)" "site.musotica.com"
202.156.8.12 - - [08/Sep/2008:05:21:35 -0700] "GET /rolldiv-images/footer.png HTTP/1.1" 200 637 "-" "Mozilla/4.0 (compatible; MSIE 7.0; Windows NT 6.0; SLCC1; .NET CLR 2.0.50727; Media Center PC 5.0; .NET CLR 3.0.04506)" "site.musotica.com"
202.156.8.12 - - [08/Sep/2008:05:21:36 -0700] "GET /musotica/images/bannerdot.gif HTTP/1.1" 200 49 "http://musotica.com/seswpi.html" "Mozilla/4.0 (compatible; MSIE 7.0; Windows NT 6.0; SLCC1; .NET CLR 2.0.50727; Media Center PC 5.0; .NET CLR 3.0.04506)" "site.musotica.com"
202.156.8.12 - - [08/Sep/2008:05:21:36 -0700] "GET /rolldiv-images/header.png HTTP/1.1" 200 730 "-" "Mozilla/4.0 (compatible; MSIE 7.0; Windows NT 6.0; SLCC1; .NET CLR 2.0.50727; Media Center PC 5.0; .NET CLR 3.0.04506)" "site.musotica.com"
202.156.8.12 - - [08/Sep/2008:05:21:37 -0700] "GET /musotica/images/newgreendot.gif HTTP/1.1" 200 49 "http://musotica.com/seswpi.html" "Mozilla/4.0 (compatible; MSIE 7.0; Windows NT 6.0; SLCC1; .NET CLR 2.0.50727; Media Center PC 5.0; .NET CLR 3.0.04506)" "site.musotica.com"
202.156.8.12 - - [08/Sep/2008:05:21:48 -0700] "GET /musotica/images/spacer.gif HTTP/1.1" 404 275 "http://musotica.com/plussize1.html" "Mozilla/4.0 (compatible; MSIE 7.0; Windows NT 6.0; SLCC1; .NET CLR 2.0.50727; Media Center PC 5.0; .NET CLR 3.0.04506)" "site.musotica.com"
99.230.217.157 - - [08/Sep/2008:05:21:50 -0700] "GET /musotica/style/style.css HTTP/1.1" 200 2675 "http://musotica.com/haco.html" "Mozilla/4.0 (compatible; MSIE 7.0; Windows NT 6.0; FunWebProducts; SLCC1; .NET CLR 2.0.50727; Media Center PC 5.0; .NET CLR 3.0.04506; .NET CLR 1.1.4322)" "site.musotica.com"
99.230.217.157 - - [08/Sep/2008:05:21:52 -0700] "GET /style/rolldiv-ie.css HTTP/1.1" 200 809 "http://musotica.com/haco.html" "Mozilla/4.0 (compatible; MSIE 7.0; Windows NT 6.0; FunWebProducts; SLCC1; .NET CLR 2.0.50727; Media Center PC 5.0; .NET CLR 3.0.04506; .NET CLR 1.1.4322)" "site.musotica.com"
99.230.217.157 - - [08/Sep/2008:05:21:52 -0700] "GET /scripts/rolldiv.js HTTP/1.1" 200 623 "http://musotica.com/haco.html" "Mozilla/4.0 (compatible; MSIE 7.0; Windows NT 6.0; FunWebProducts; SLCC1; .NET CLR 2.0.50727; Media Center PC 5.0; .NET CLR 3.0.04506; .NET CLR 1.1.4322)" "site.musotica.com"
99.230.217.157 - - [08/Sep/2008:05:21:52 -0700] "GET /musotica/images/head_strip.gif HTTP/1.1" 200 63 "http://musotica.com/haco.html" "Mozilla/4.0 (compatible; MSIE 7.0; Windows NT 6.0; FunWebProducts; SLCC1; .NET CLR 2.0.50727; Media Center PC 5.0; .NET CLR 3.0.04506; .NET CLR 1.1.4322)" "site.musotica.com"
99.230.217.157 - - [08/Sep/2008:05:21:52 -0700] "GET /musotica/images/logo.gif HTTP/1.1" 200 2006 "http://musotica.com/haco.html" "Mozilla/4.0 (compatible; MSIE 7.0; Windows NT 6.0; FunWebProducts; SLCC1; .NET CLR 2.0.50727; Media Center PC 5.0; .NET CLR 3.0.04506; .NET CLR 1.1.4322)" "site.musotica.com"
99.230.217.157 - - [08/Sep/2008:05:21:52 -0700] "GET /musotica/images/phone.gif HTTP/1.1" 200 385 "http://musotica.com/haco.html" "Mozilla/4.0 (compatible; MSIE 7.0; Windows NT 6.0; FunWebProducts; SLCC1; .NET CLR 2.0.50727; Media Center PC 5.0; .NET CLR 3.0.04506; .NET CLR 1.1.4322)" "site.musotica.com"
99.230.217.157 - - [08/Sep/2008:05:21:52 -0700] "GET /musotica/images/newdot.gif HTTP/1.1" 200 62 "http://musotica.com/haco.html" "Mozilla/4.0 (compatible; MSIE 7.0; Windows NT 6.0; FunWebProducts; SLCC1; .NET CLR 2.0.50727; Media Center PC 5.0; .NET CLR 3.0.04506; .NET CLR 1.1.4322)" "site.musotica.com"
99.230.217.157 - - [08/Sep/2008:05:21:52 -0700] "GET /musotica/images/accessories.jpg HTTP/1.1" 200 17113 "http://musotica.com/haco.html" "Mozilla/4.0 (compatible; MSIE 7.0; Windows NT 6.0; FunWebProducts; SLCC1; .NET CLR 2.0.50727; Media Center PC 5.0; .NET CLR 3.0.04506; .NET CLR 1.1.4322)" "site.musotica.com"
99.230.217.157 - - [08/Sep/2008:05:21:52 -0700] "GET /rolldiv-images/shadow.png HTTP/1.1" 200 175 "-" "Mozilla/4.0 (compatible; MSIE 7.0; Windows NT 6.0; FunWebProducts; SLCC1; .NET CLR 2.0.50727; Media Center PC 5.0; .NET CLR 3.0.04506; .NET CLR 1.1.4322)" "site.musotica.com"
99.230.217.157 - - [08/Sep/2008:05:21:52 -0700] "GET /musotica/images/tell.gif HTTP/1.1" 200 67 "http://musotica.com/haco.html" "Mozilla/4.0 (compatible; MSIE 7.0; Windows NT 6.0; FunWebProducts; SLCC1; .NET CLR 2.0.50727; Media Center PC 5.0; .NET CLR 3.0.04506; .NET CLR 1.1.4322)" "site.musotica.com"
99.230.217.157 - - [08/Sep/2008:05:21:53 -0700] "GET /musotica/images/search.gif HTTP/1.1" 200 1538 "http://musotica.com/haco.html" "Mozilla/4.0 (compatible; MSIE 7.0; Windows NT 6.0; FunWebProducts; SLCC1; .NET CLR 2.0.50727; Media Center PC 5.0; .NET CLR 3.0.04506; .NET CLR 1.1.4322)" "site.musotica.com"
99.230.217.157 - - [08/Sep/2008:05:21:53 -0700] "GET /musotica/images/go.gif HTTP/1.1" 200 731 "http://musotica.com/haco.html" "Mozilla/4.0 (compatible; MSIE 7.0; Windows NT 6.0; FunWebProducts; SLCC1; .NET CLR 2.0.50727; Media Center PC 5.0; .NET CLR 3.0.04506; .NET CLR 1.1.4322)" "site.musotica.com"
99.230.217.157 - - [08/Sep/2008:05:21:53 -0700] "GET /musotica/images/shop.gif HTTP/1.1" 200 83 "http://musotica.com/haco.html" "Mozilla/4.0 (compatible; MSIE 7.0; Windows NT 6.0; FunWebProducts; SLCC1; .NET CLR 2.0.50727; Media Center PC 5.0; .NET CLR 3.0.04506; .NET CLR 1.1.4322)" "site.musotica.com"
99.230.217.157 - - [08/Sep/2008:05:21:53 -0700] "GET /musotica/images/bookmark.gif HTTP/1.1" 200 124 "http://musotica.com/haco.html" "Mozilla/4.0 (compatible; MSIE 7.0; Windows NT 6.0; FunWebProducts; SLCC1; .NET CLR 2.0.50727; Media Center PC 5.0; .NET CLR 3.0.04506; .NET CLR 1.1.4322)" "site.musotica.com"
99.230.217.157 - - [08/Sep/2008:05:21:53 -0700] "GET /musotica/images/arrow.gif HTTP/1.1" 200 61 "http://musotica.com/haco.html" "Mozilla/4.0 (compatible; MSIE 7.0; Windows NT 6.0; FunWebProducts; SLCC1; .NET CLR 2.0.50727; Media Center PC 5.0; .NET CLR 3.0.04506; .NET CLR 1.1.4322)" "site.musotica.com"
99.230.217.157 - - [08/Sep/2008:05:21:53 -0700] "GET /musotica/images/midline.gif HTTP/1.1" 200 49 "http://musotica.com/haco.html" "Mozilla/4.0 (compatible; MSIE 7.0; Windows NT 6.0; FunWebProducts; SLCC1; .NET CLR 2.0.50727; Media Center PC 5.0; .NET CLR 3.0.04506; .NET CLR 1.1.4322)" "site.musotica.com"
99.230.217.157 - - [08/Sep/2008:05:21:53 -0700] "GET /musotica/images/bannerdot.gif HTTP/1.1" 200 49 "http://musotica.com/haco.html" "Mozilla/4.0 (compatible; MSIE 7.0; Windows NT 6.0; FunWebProducts; SLCC1; .NET CLR 2.0.50727; Media Center PC 5.0; .NET CLR 3.0.04506; .NET CLR 1.1.4322)" "site.musotica.com"
99.230.217.157 - - [08/Sep/2008:05:21:53 -0700] "GET /musotica/images/lingeris.jpg HTTP/1.1" 200 17260 "http://musotica.com/haco.html" "Mozilla/4.0 (compatible; MSIE 7.0; Windows NT 6.0; FunWebProducts; SLCC1; .NET CLR 2.0.50727; Media Center PC 5.0; .NET CLR 3.0.04506; .NET CLR 1.1.4322)" "site.musotica.com"
99.230.217.157 - - [08/Sep/2008:05:21:53 -0700] "GET /musotica/images/newgreendot.gif HTTP/1.1" 200 49 "http://musotica.com/haco.html" "Mozilla/4.0 (compatible; MSIE 7.0; Windows NT 6.0; FunWebProducts; SLCC1; .NET CLR 2.0.50727; Media Center PC 5.0; .NET CLR 3.0.04506; .NET CLR 1.1.4322)" "site.musotica.com"
99.230.217.157 - - [08/Sep/2008:05:21:53 -0700] "GET /musotica/images/spacer.gif HTTP/1.1" 404 275 "http://musotica.com/haco.html" "Mozilla/4.0 (compatible; MSIE 7.0; Windows NT 6.0; FunWebProducts; SLCC1; .NET CLR 2.0.50727; Media Center PC 5.0; .NET CLR 3.0.04506; .NET CLR 1.1.4322)" "site.musotica.com"
99.230.217.157 - - [08/Sep/2008:05:21:53 -0700] "GET /musotica/images/clubwear.jpg HTTP/1.1" 200 15480 "http://musotica.com/haco.html" "Mozilla/4.0 (compatible; MSIE 7.0; Windows NT 6.0; FunWebProducts; SLCC1; .NET CLR 2.0.50727; Media Center PC 5.0; .NET CLR 3.0.04506; .NET CLR 1.1.4322)" "site.musotica.com"
99.230.217.157 - - [08/Sep/2008:05:21:53 -0700] "GET /musotica/images/stockings.jpg HTTP/1.1" 200 15303 "http://musotica.com/haco.html" "Mozilla/4.0 (compatible; MSIE 7.0; Windows NT 6.0; FunWebProducts; SLCC1; .NET CLR 2.0.50727; Media Center PC 5.0; .NET CLR 3.0.04506; .NET CLR 1.1.4322)" "site.musotica.com"
99.230.217.157 - - [08/Sep/2008:05:21:53 -0700] "GET /musotica/images/shoes.jpg HTTP/1.1" 200 14412 "http://musotica.com/haco.html" "Mozilla/4.0 (compatible; MSIE 7.0; Windows NT 6.0; FunWebProducts; SLCC1; .NET CLR 2.0.50727; Media Center PC 5.0; .NET CLR 3.0.04506; .NET CLR 1.1.4322)" "site.musotica.com"
99.230.217.157 - - [08/Sep/2008:05:21:53 -0700] "GET /musotica/images/home.gif HTTP/1.1" 200 70 "http://musotica.com/haco.html" "Mozilla/4.0 (compatible; MSIE 7.0; Windows NT 6.0; FunWebProducts; SLCC1; .NET CLR 2.0.50727; Media Center PC 5.0; .NET CLR 3.0.04506; .NET CLR 1.1.4322)" "site.musotica.com"
99.230.217.157 - - [08/Sep/2008:05:21:54 -0700] "GET /musotica/images/pay.jpg HTTP/1.1" 200 13131 "http://musotica.com/haco.html" "Mozilla/4.0 (compatible; MSIE 7.0; Windows NT 6.0; FunWebProducts; SLCC1; .NET CLR 2.0.50727; Media Center PC 5.0; .NET CLR 3.0.04506; .NET CLR 1.1.4322)" "site.musotica.com"
99.230.217.157 - - [08/Sep/2008:05:21:54 -0700] "GET /musotica/images/ss.jpg HTTP/1.1" 200 5500 "http://musotica.com/haco.html" "Mozilla/4.0 (compatible; MSIE 7.0; Windows NT 6.0; FunWebProducts; SLCC1; .NET CLR 2.0.50727; Media Center PC 5.0; .NET CLR 3.0.04506; .NET CLR 1.1.4322)" "site.musotica.com"
202.156.8.12 - - [08/Sep/2008:05:21:58 -0700] "GET /musotica/images/spacer.gif HTTP/1.1" 404 275 "http://musotica.com/seswpi.html" "Mozilla/4.0 (compatible; MSIE 7.0; Windows NT 6.0; SLCC1; .NET CLR 2.0.50727; Media Center PC 5.0; .NET CLR 3.0.04506)" "site.musotica.com"
99.230.217.157 - - [08/Sep/2008:05:22:05 -0700] "GET /musotica/images/go2.gif HTTP/1.1" 200 1322 "http://musotica.com/" "Mozilla/4.0 (compatible; MSIE 7.0; Windows NT 6.0; FunWebProducts; SLCC1; .NET CLR 2.0.50727; Media Center PC 5.0; .NET CLR 3.0.04506; .NET CLR 1.1.4322)" "site.musotica.com"
99.230.217.157 - - [08/Sep/2008:05:22:05 -0700] "GET /musotica/images/arrow2.gif HTTP/1.1" 200 65 "http://musotica.com/" "Mozilla/4.0 (compatible; MSIE 7.0; Windows NT 6.0; FunWebProducts; SLCC1; .NET CLR 2.0.50727; Media Center PC 5.0; .NET CLR 3.0.04506; .NET CLR 1.1.4322)" "site.musotica.com"
99.230.217.157 - - [08/Sep/2008:05:22:05 -0700] "GET /musotica/images/viewtext.gif HTTP/1.1" 200 1092 "http://musotica.com/" "Mozilla/4.0 (compatible; MSIE 7.0; Windows NT 6.0; FunWebProducts; SLCC1; .NET CLR 2.0.50727; Media Center PC 5.0; .NET CLR 3.0.04506; .NET CLR 1.1.4322)" "site.musotica.com"
99.230.217.157 - - [08/Sep/2008:05:22:05 -0700] "GET /musotica/images/bottom-banner.gif HTTP/1.1" 200 10943 "http://musotica.com/" "Mozilla/4.0 (compatible; MSIE 7.0; Windows NT 6.0; FunWebProducts; SLCC1; .NET CLR 2.0.50727; Media Center PC 5.0; .NET CLR 3.0.04506; .NET CLR 1.1.4322)" "site.musotica.com"
99.230.217.157 - - [08/Sep/2008:05:22:06 -0700] "GET /musotica/images/spacer.gif HTTP/1.1" 404 275 "http://musotica.com/" "Mozilla/4.0 (compatible; MSIE 7.0; Windows NT 6.0; FunWebProducts; SLCC1; .NET CLR 2.0.50727; Media Center PC 5.0; .NET CLR 3.0.04506; .NET CLR 1.1.4322)" "site.musotica.com"
99.230.217.157 - - [08/Sep/2008:05:22:06 -0700] "GET /musotica/images/bottom-banner2.gif HTTP/1.1" 200 11310 "http://musotica.com/" "Mozilla/4.0 (compatible; MSIE 7.0; Windows NT 6.0; FunWebProducts; SLCC1; .NET CLR 2.0.50727; Media Center PC 5.0; .NET CLR 3.0.04506; .NET CLR 1.1.4322)" "site.musotica.com"
99.230.217.157 - - [08/Sep/2008:05:22:06 -0700] "GET /musotica/images/bottom-banner3.gif HTTP/1.1" 200 10805 "http://musotica.com/" "Mozilla/4.0 (compatible; MSIE 7.0; Windows NT 6.0; FunWebProducts; SLCC1; .NET CLR 2.0.50727; Media Center PC 5.0; .NET CLR 3.0.04506; .NET CLR 1.1.4322)" "site.musotica.com"
99.230.217.157 - - [08/Sep/2008:05:22:06 -0700] "GET /musotica/images/bottom-banner4.gif HTTP/1.1" 200 11464 "http://musotica.com/" "Mozilla/4.0 (compatible; MSIE 7.0; Windows NT 6.0; FunWebProducts; SLCC1; .NET CLR 2.0.50727; Media Center PC 5.0; .NET CLR 3.0.04506; .NET CLR 1.1.4322)" "site.musotica.com"
99.230.217.157 - - [08/Sep/2008:05:22:10 -0700] "GET /musotica/images/spacer.gif HTTP/1.1" 404 275 "http://musotica.com/haco.html" "Mozilla/4.0 (compatible; MSIE 7.0; Windows NT 6.0; FunWebProducts; SLCC1; .NET CLR 2.0.50727; Media Center PC 5.0; .NET CLR 3.0.04506; .NET CLR 1.1.4322)" "site.musotica.com"
205.244.149.28 - - [08/Sep/2008:05:22:11 -0700] "GET /musotica/style/style.css HTTP/1.1" 200 2675 "http://musotica.com/haco.html" "Mozilla/4.0 (compatible; MSIE 7.0; Windows NT 5.1; .NET CLR 1.1.4322; .NET CLR 2.0.50727; .NET CLR 3.0.04506.30; .NET CLR 3.0.04506.648)" "site.musotica.com"
205.244.149.28 - - [08/Sep/2008:05:22:12 -0700] "GET /style/rolldiv-ie.css HTTP/1.1" 200 809 "http://musotica.com/haco.html" "Mozilla/4.0 (compatible; MSIE 7.0; Windows NT 5.1; .NET CLR 1.1.4322; .NET CLR 2.0.50727; .NET CLR 3.0.04506.30; .NET CLR 3.0.04506.648)" "site.musotica.com"
205.244.149.28 - - [08/Sep/2008:05:22:12 -0700] "GET /scripts/rolldiv.js HTTP/1.1" 200 623 "http://musotica.com/haco.html" "Mozilla/4.0 (compatible; MSIE 7.0; Windows NT 5.1; .NET CLR 1.1.4322; .NET CLR 2.0.50727; .NET CLR 3.0.04506.30; .NET CLR 3.0.04506.648)" "site.musotica.com"
205.244.149.28 - - [08/Sep/2008:05:22:12 -0700] "GET /musotica/images/phone.gif HTTP/1.1" 200 385 "http://musotica.com/haco.html" "Mozilla/4.0 (compatible; MSIE 7.0; Windows NT 5.1; .NET CLR 1.1.4322; .NET CLR 2.0.50727; .NET CLR 3.0.04506.30; .NET CLR 3.0.04506.648)" "site.musotica.com"
205.244.149.28 - - [08/Sep/2008:05:22:12 -0700] "GET /musotica/images/logo.gif HTTP/1.1" 200 2006 "http://musotica.com/haco.html" "Mozilla/4.0 (compatible; MSIE 7.0; Windows NT 5.1; .NET CLR 1.1.4322; .NET CLR 2.0.50727; .NET CLR 3.0.04506.30; .NET CLR 3.0.04506.648)" "site.musotica.com"
99.230.217.157 - - [08/Sep/2008:05:22:12 -0700] "GET /rolldiv-images/footer.png HTTP/1.1" 200 637 "-" "Mozilla/4.0 (compatible; MSIE 7.0; Windows NT 6.0; FunWebProducts; SLCC1; .NET CLR 2.0.50727; Media Center PC 5.0; .NET CLR 3.0.04506; .NET CLR 1.1.4322)" "site.musotica.com"
205.244.149.28 - - [08/Sep/2008:05:22:13 -0700] "GET /musotica/images/tell.gif HTTP/1.1" 200 67 "http://musotica.com/haco.html" "Mozilla/4.0 (compatible; MSIE 7.0; Windows NT 5.1; .NET CLR 1.1.4322; .NET CLR 2.0.50727; .NET CLR 3.0.04506.30; .NET CLR 3.0.04506.648)" "site.musotica.com"
205.244.149.28 - - [08/Sep/2008:05:22:13 -0700] "GET /musotica/images/bookmark.gif HTTP/1.1" 200 124 "http://musotica.com/haco.html" "Mozilla/4.0 (compatible; MSIE 7.0; Windows NT 5.1; .NET CLR 1.1.4322; .NET CLR 2.0.50727; .NET CLR 3.0.04506.30; .NET CLR 3.0.04506.648)" "site.musotica.com"
205.244.149.28 - - [08/Sep/2008:05:22:13 -0700] "GET /musotica/images/shop.gif HTTP/1.1" 200 83 "http://musotica.com/haco.html" "Mozilla/4.0 (compatible; MSIE 7.0; Windows NT 5.1; .NET CLR 1.1.4322; .NET CLR 2.0.50727; .NET CLR 3.0.04506.30; .NET CLR 3.0.04506.648)" "site.musotica.com"
205.244.149.28 - - [08/Sep/2008:05:22:13 -0700] "GET /musotica/images/go.gif HTTP/1.1" 200 731 "http://musotica.com/haco.html" "Mozilla/4.0 (compatible; MSIE 7.0; Windows NT 5.1; .NET CLR 1.1.4322; .NET CLR 2.0.50727; .NET CLR 3.0.04506.30; .NET CLR 3.0.04506.648)" "site.musotica.com"
205.244.149.28 - - [08/Sep/2008:05:22:13 -0700] "GET /musotica/images/arrow.gif HTTP/1.1" 200 61 "http://musotica.com/haco.html" "Mozilla/4.0 (compatible; MSIE 7.0; Windows NT 5.1; .NET CLR 1.1.4322; .NET CLR 2.0.50727; .NET CLR 3.0.04506.30; .NET CLR 3.0.04506.648)" "site.musotica.com"
205.244.149.28 - - [08/Sep/2008:05:22:13 -0700] "GET /musotica/images/head_strip.gif HTTP/1.1" 200 63 "http://musotica.com/haco.html" "Mozilla/4.0 (compatible; MSIE 7.0; Windows NT 5.1; .NET CLR 1.1.4322; .NET CLR 2.0.50727; .NET CLR 3.0.04506.30; .NET CLR 3.0.04506.648)" "site.musotica.com"
205.244.149.28 - - [08/Sep/2008:05:22:13 -0700] "GET /musotica/images/search.gif HTTP/1.1" 200 1538 "http://musotica.com/haco.html" "Mozilla/4.0 (compatible; MSIE 7.0; Windows NT 5.1; .NET CLR 1.1.4322; .NET CLR 2.0.50727; .NET CLR 3.0.04506.30; .NET CLR 3.0.04506.648)" "site.musotica.com"
205.244.149.28 - - [08/Sep/2008:05:22:13 -0700] "GET /musotica/images/newdot.gif HTTP/1.1" 200 62 "http://musotica.com/haco.html" "Mozilla/4.0 (compatible; MSIE 7.0; Windows NT 5.1; .NET CLR 1.1.4322; .NET CLR 2.0.50727; .NET CLR 3.0.04506.30; .NET CLR 3.0.04506.648)" "site.musotica.com"
205.244.149.28 - - [08/Sep/2008:05:22:13 -0700] "GET /musotica/images/midline.gif HTTP/1.1" 200 49 "http://musotica.com/haco.html" "Mozilla/4.0 (compatible; MSIE 7.0; Windows NT 5.1; .NET CLR 1.1.4322; .NET CLR 2.0.50727; .NET CLR 3.0.04506.30; .NET CLR 3.0.04506.648)" "site.musotica.com"
205.244.149.28 - - [08/Sep/2008:05:22:13 -0700] "GET /musotica/images/lingeris.jpg HTTP/1.1" 200 17260 "http://musotica.com/haco.html" "Mozilla/4.0 (compatible; MSIE 7.0; Windows NT 5.1; .NET CLR 1.1.4322; .NET CLR 2.0.50727; .NET CLR 3.0.04506.30; .NET CLR 3.0.04506.648)" "site.musotica.com"
205.244.149.28 - - [08/Sep/2008:05:22:13 -0700] "GET /musotica/images/spacer.gif HTTP/1.1" 404 275 "http://musotica.com/haco.html" "Mozilla/4.0 (compatible; MSIE 7.0; Windows NT 5.1; .NET CLR 1.1.4322; .NET CLR 2.0.50727; .NET CLR 3.0.04506.30; .NET CLR 3.0.04506.648)" "site.musotica.com"
205.244.149.28 - - [08/Sep/2008:05:22:14 -0700] "GET /musotica/images/clubwear.jpg HTTP/1.1" 200 15480 "http://musotica.com/haco.html" "Mozilla/4.0 (compatible; MSIE 7.0; Windows NT 5.1; .NET CLR 1.1.4322; .NET CLR 2.0.50727; .NET CLR 3.0.04506.30; .NET CLR 3.0.04506.648)" "site.musotica.com"
205.244.149.28 - - [08/Sep/2008:05:22:14 -0700] "GET /musotica/images/stockings.jpg HTTP/1.1" 200 15303 "http://musotica.com/haco.html" "Mozilla/4.0 (compatible; MSIE 7.0; Windows NT 5.1; .NET CLR 1.1.4322; .NET CLR 2.0.50727; .NET CLR 3.0.04506.30; .NET CLR 3.0.04506.648)" "site.musotica.com"
99.230.217.157 - - [08/Sep/2008:05:22:14 -0700] "GET /scripts/cookies.js HTTP/1.1" 200 1429 "http://musotica.com/sexyarmygirls.html" "Mozilla/4.0 (compatible; MSIE 7.0; Windows NT 6.0; FunWebProducts; SLCC1; .NET CLR 2.0.50727; Media Center PC 5.0; .NET CLR 3.0.04506; .NET CLR 1.1.4322)" "site.musotica.com"
99.230.217.157 - - [08/Sep/2008:05:22:14 -0700] "GET /scripts/pagging-inner.js HTTP/1.1" 200 24676 "http://musotica.com/sexyarmygirls.html" "Mozilla/4.0 (compatible; MSIE 7.0; Windows NT 6.0; FunWebProducts; SLCC1; .NET CLR 2.0.50727; Media Center PC 5.0; .NET CLR 3.0.04506; .NET CLR 1.1.4322)" "site.musotica.com"
205.244.149.28 - - [08/Sep/2008:05:22:14 -0700] "GET /musotica/images/shoes.jpg HTTP/1.1" 200 14412 "http://musotica.com/haco.html" "Mozilla/4.0 (compatible; MSIE 7.0; Windows NT 5.1; .NET CLR 1.1.4322; .NET CLR 2.0.50727; .NET CLR 3.0.04506.30; .NET CLR 3.0.04506.648)" "site.musotica.com"
99.230.217.157 - - [08/Sep/2008:05:22:14 -0700] "GET /scripts/dpv.js HTTP/1.1" 200 1545 "http://musotica.com/sexyarmygirls.html" "Mozilla/4.0 (compatible; MSIE 7.0; Windows NT 6.0; FunWebProducts; SLCC1; .NET CLR 2.0.50727; Media Center PC 5.0; .NET CLR 3.0.04506; .NET CLR 1.1.4322)" "site.musotica.com"
205.244.149.28 - - [08/Sep/2008:05:22:14 -0700] "GET /musotica/images/accessories.jpg HTTP/1.1" 200 17113 "http://musotica.com/haco.html" "Mozilla/4.0 (compatible; MSIE 7.0; Windows NT 5.1; .NET CLR 1.1.4322; .NET CLR 2.0.50727; .NET CLR 3.0.04506.30; .NET CLR 3.0.04506.648)" "site.musotica.com"
205.244.149.28 - - [08/Sep/2008:05:22:14 -0700] "GET /musotica/images/pay.jpg HTTP/1.1" 200 13131 "http://musotica.com/haco.html" "Mozilla/4.0 (compatible; MSIE 7.0; Windows NT 5.1; .NET CLR 1.1.4322; .NET CLR 2.0.50727; .NET CLR 3.0.04506.30; .NET CLR 3.0.04506.648)" "site.musotica.com"
99.230.217.157 - - [08/Sep/2008:05:22:14 -0700] "GET /musotica/images/spacer.gif HTTP/1.1" 404 275 "http://musotica.com/sexyarmygirls.html" "Mozilla/4.0 (compatible; MSIE 7.0; Windows NT 6.0; FunWebProducts; SLCC1; .NET CLR 2.0.50727; Media Center PC 5.0; .NET CLR 3.0.04506; .NET CLR 1.1.4322)" "site.musotica.com"
205.244.149.28 - - [08/Sep/2008:05:22:14 -0700] "GET /musotica/images/ss.jpg HTTP/1.1" 200 5500 "http://musotica.com/haco.html" "Mozilla/4.0 (compatible; MSIE 7.0; Windows NT 5.1; .NET CLR 1.1.4322; .NET CLR 2.0.50727; .NET CLR 3.0.04506.30; .NET CLR 3.0.04506.648)" "site.musotica.com"
205.244.149.28 - - [08/Sep/2008:05:22:14 -0700] "GET /musotica/images/bannerdot.gif HTTP/1.1" 200 49 "http://musotica.com/haco.html" "Mozilla/4.0 (compatible; MSIE 7.0; Windows NT 5.1; .NET CLR 1.1.4322; .NET CLR 2.0.50727; .NET CLR 3.0.04506.30; .NET CLR 3.0.04506.648)" "site.musotica.com"
205.244.149.28 - - [08/Sep/2008:05:22:15 -0700] "GET /musotica/images/newgreendot.gif HTTP/1.1" 200 49 "http://musotica.com/haco.html" "Mozilla/4.0 (compatible; MSIE 7.0; Windows NT 5.1; .NET CLR 1.1.4322; .NET CLR 2.0.50727; .NET CLR 3.0.04506.30; .NET CLR 3.0.04506.648)" "site.musotica.com"
205.244.149.28 - - [08/Sep/2008:05:22:15 -0700] "GET /rolldiv-images/header.png HTTP/1.1" 200 730 "-" "Mozilla/4.0 (compatible; MSIE 7.0; Windows NT 5.1; .NET CLR 1.1.4322; .NET CLR 2.0.50727; .NET CLR 3.0.04506.30; .NET CLR 3.0.04506.648)" "site.musotica.com"
205.244.149.28 - - [08/Sep/2008:05:22:15 -0700] "GET /rolldiv-images/footer.png HTTP/1.1" 200 637 "-" "Mozilla/4.0 (compatible; MSIE 7.0; Windows NT 5.1; .NET CLR 1.1.4322; .NET CLR 2.0.50727; .NET CLR 3.0.04506.30; .NET CLR 3.0.04506.648)" "site.musotica.com"
99.230.217.157 - - [08/Sep/2008:05:22:20 -0700] "GET /scripts/paging-images/images/spacer.gif HTTP/1.1" 404 275 "http://musotica.com/pinuparcahac.html" "Mozilla/4.0 (compatible; MSIE 7.0; Windows NT 6.0; FunWebProducts; SLCC1; .NET CLR 2.0.50727; Media Center PC 5.0; .NET CLR 3.0.04506; .NET CLR 1.1.4322)" "site.musotica.com"
99.230.217.157 - - [08/Sep/2008:05:22:21 -0700] "GET /musotica/images/spacer.gif HTTP/1.1" 404 275 "http://musotica.com/pinuparcahac.html" "Mozilla/4.0 (compatible; MSIE 7.0; Windows NT 6.0; FunWebProducts; SLCC1; .NET CLR 2.0.50727; Media Center PC 5.0; .NET CLR 3.0.04506; .NET CLR 1.1.4322)" "site.musotica.com"
205.244.149.28 - - [08/Sep/2008:05:22:55 -0700] "GET /musotica/images/spacer.gif HTTP/1.1" 404 275 "http://musotica.com/li.html" "Mozilla/4.0 (compatible; MSIE 7.0; Windows NT 5.1; .NET CLR 1.1.4322; .NET CLR 2.0.50727; .NET CLR 3.0.04506.30; .NET CLR 3.0.04506.648)" "site.musotica.com"
205.244.149.28 - - [08/Sep/2008:05:23:03 -0700] "GET /musotica/images/spacer.gif HTTP/1.1" 404 275 "http://musotica.com/dancerwear1.html" "Mozilla/4.0 (compatible; MSIE 7.0; Windows NT 5.1; .NET CLR 1.1.4322; .NET CLR 2.0.50727; .NET CLR 3.0.04506.30; .NET CLR 3.0.04506.648)" "site.musotica.com"
205.244.149.28 - - [08/Sep/2008:05:23:13 -0700] "GET /scripts/cookies.js HTTP/1.1" 200 1429 "http://musotica.com/sedrbyro.html" "Mozilla/4.0 (compatible; MSIE 7.0; Windows NT 5.1; .NET CLR 1.1.4322; .NET CLR 2.0.50727; .NET CLR 3.0.04506.30; .NET CLR 3.0.04506.648)" "site.musotica.com"
205.244.149.28 - - [08/Sep/2008:05:23:13 -0700] "GET /scripts/pagging-inner.js HTTP/1.1" 200 24676 "http://musotica.com/sedrbyro.html" "Mozilla/4.0 (compatible; MSIE 7.0; Windows NT 5.1; .NET CLR 1.1.4322; .NET CLR 2.0.50727; .NET CLR 3.0.04506.30; .NET CLR 3.0.04506.648)" "site.musotica.com"
205.244.149.28 - - [08/Sep/2008:05:23:13 -0700] "GET /scripts/dpv.js HTTP/1.1" 200 1545 "http://musotica.com/sedrbyro.html" "Mozilla/4.0 (compatible; MSIE 7.0; Windows NT 5.1; .NET CLR 1.1.4322; .NET CLR 2.0.50727; .NET CLR 3.0.04506.30; .NET CLR 3.0.04506.648)" "site.musotica.com"
205.244.149.28 - - [08/Sep/2008:05:23:13 -0700] "GET /musotica/images/spacer.gif HTTP/1.1" 404 275 "http://musotica.com/sedrbyro.html" "Mozilla/4.0 (compatible; MSIE 7.0; Windows NT 5.1; .NET CLR 1.1.4322; .NET CLR 2.0.50727; .NET CLR 3.0.04506.30; .NET CLR 3.0.04506.648)" "site.musotica.com"
65.116.87.234 - - [08/Sep/2008:05:23:29 -0700] "GET /musotica/style/style.css HTTP/1.1" 200 2675 "http://musotica.com/haco.html" "Mozilla/4.0 (compatible; MSIE 6.0; Windows NT 5.1; SV1; .NET CLR 1.1.4322)" "site.musotica.com"
65.116.87.234 - - [08/Sep/2008:05:23:30 -0700] "GET /scripts/rolldiv.js HTTP/1.1" 200 623 "http://musotica.com/haco.html" "Mozilla/4.0 (compatible; MSIE 6.0; Windows NT 5.1; SV1; .NET CLR 1.1.4322)" "site.musotica.com"
65.116.87.234 - - [08/Sep/2008:05:23:30 -0700] "GET /style/rolldiv-ie.css HTTP/1.1" 200 809 "http://musotica.com/haco.html" "Mozilla/4.0 (compatible; MSIE 6.0; Windows NT 5.1; SV1; .NET CLR 1.1.4322)" "site.musotica.com"
65.116.87.234 - - [08/Sep/2008:05:23:30 -0700] "GET /musotica/images/phone.gif HTTP/1.1" 200 385 "http://musotica.com/haco.html" "Mozilla/4.0 (compatible; MSIE 6.0; Windows NT 5.1; SV1; .NET CLR 1.1.4322)" "site.musotica.com"
65.116.87.234 - - [08/Sep/2008:05:23:30 -0700] "GET /musotica/images/home.gif HTTP/1.1" 200 70 "http://musotica.com/haco.html" "Mozilla/4.0 (compatible; MSIE 6.0; Windows NT 5.1; SV1; .NET CLR 1.1.4322)" "site.musotica.com"
65.116.87.234 - - [08/Sep/2008:05:23:30 -0700] "GET /rolldiv-images/shadow.png HTTP/1.1" 200 175 "-" "Mozilla/4.0 (compatible; MSIE 6.0; Windows NT 5.1; SV1; .NET CLR 1.1.4322)" "site.musotica.com"
65.116.87.234 - - [08/Sep/2008:05:23:30 -0700] "GET /musotica/images/logo.gif HTTP/1.1" 200 2006 "http://musotica.com/haco.html" "Mozilla/4.0 (compatible; MSIE 6.0; Windows NT 5.1; SV1; .NET CLR 1.1.4322)" "site.musotica.com"
65.116.87.234 - - [08/Sep/2008:05:23:30 -0700] "GET /musotica/images/tell.gif HTTP/1.1" 200 67 "http://musotica.com/haco.html" "Mozilla/4.0 (compatible; MSIE 6.0; Windows NT 5.1; SV1; .NET CLR 1.1.4322)" "site.musotica.com"
65.116.87.234 - - [08/Sep/2008:05:23:30 -0700] "GET /musotica/images/bookmark.gif HTTP/1.1" 200 124 "http://musotica.com/haco.html" "Mozilla/4.0 (compatible; MSIE 6.0; Windows NT 5.1; SV1; .NET CLR 1.1.4322)" "site.musotica.com"
65.116.87.234 - - [08/Sep/2008:05:23:30 -0700] "GET /musotica/images/shop.gif HTTP/1.1" 200 83 "http://musotica.com/haco.html" "Mozilla/4.0 (compatible; MSIE 6.0; Windows NT 5.1; SV1; .NET CLR 1.1.4322)" "site.musotica.com"
65.116.87.234 - - [08/Sep/2008:05:23:30 -0700] "GET /musotica/images/go.gif HTTP/1.1" 200 731 "http://musotica.com/haco.html" "Mozilla/4.0 (compatible; MSIE 6.0; Windows NT 5.1; SV1; .NET CLR 1.1.4322)" "site.musotica.com"
65.116.87.234 - - [08/Sep/2008:05:23:31 -0700] "GET /musotica/images/arrow.gif HTTP/1.1" 200 61 "http://musotica.com/haco.html" "Mozilla/4.0 (compatible; MSIE 6.0; Windows NT 5.1; SV1; .NET CLR 1.1.4322)" "site.musotica.com"
65.116.87.234 - - [08/Sep/2008:05:23:31 -0700] "GET /musotica/images/head_strip.gif HTTP/1.1" 200 63 "http://musotica.com/haco.html" "Mozilla/4.0 (compatible; MSIE 6.0; Windows NT 5.1; SV1; .NET CLR 1.1.4322)" "site.musotica.com"
65.116.87.234 - - [08/Sep/2008:05:23:31 -0700] "GET /rolldiv-images/header.png HTTP/1.1" 200 730 "-" "Mozilla/4.0 (compatible; MSIE 6.0; Windows NT 5.1; SV1; .NET CLR 1.1.4322)" "site.musotica.com"
65.116.87.234 - - [08/Sep/2008:05:23:31 -0700] "GET /musotica/images/newdot.gif HTTP/1.1" 200 62 "http://musotica.com/haco.html" "Mozilla/4.0 (compatible; MSIE 6.0; Windows NT 5.1; SV1; .NET CLR 1.1.4322)" "site.musotica.com"
65.116.87.234 - - [08/Sep/2008:05:23:31 -0700] "GET /musotica/images/midline.gif HTTP/1.1" 200 49 "http://musotica.com/haco.html" "Mozilla/4.0 (compatible; MSIE 6.0; Windows NT 5.1; SV1; .NET CLR 1.1.4322)" "site.musotica.com"
65.116.87.234 - - [08/Sep/2008:05:23:31 -0700] "GET /musotica/images/search.gif HTTP/1.1" 200 1538 "http://musotica.com/haco.html" "Mozilla/4.0 (compatible; MSIE 6.0; Windows NT 5.1; SV1; .NET CLR 1.1.4322)" "site.musotica.com"
65.116.87.234 - - [08/Sep/2008:05:23:31 -0700] "GET /musotica/images/lingeris.jpg HTTP/1.1" 200 17260 "http://musotica.com/haco.html" "Mozilla/4.0 (compatible; MSIE 6.0; Windows NT 5.1; SV1; .NET CLR 1.1.4322)" "site.musotica.com"
65.116.87.234 - - [08/Sep/2008:05:23:31 -0700] "GET /rolldiv-images/footer.png HTTP/1.1" 200 637 "-" "Mozilla/4.0 (compatible; MSIE 6.0; Windows NT 5.1; SV1; .NET CLR 1.1.4322)" "site.musotica.com"
65.116.87.234 - - [08/Sep/2008:05:23:32 -0700] "GET /musotica/images/clubwear.jpg HTTP/1.1" 200 15480 "http://musotica.com/haco.html" "Mozilla/4.0 (compatible; MSIE 6.0; Windows NT 5.1; SV1; .NET CLR 1.1.4322)" "site.musotica.com"
205.244.149.28 - - [08/Sep/2008:05:23:32 -0700] "GET /musotica/images/spacer.gif HTTP/1.1" 404 275 "http://musotica.com/dancerwear1.html" "Mozilla/4.0 (compatible; MSIE 7.0; Windows NT 5.1; .NET CLR 1.1.4322; .NET CLR 2.0.50727; .NET CLR 3.0.04506.30; .NET CLR 3.0.04506.648)" "site.musotica.com"
65.116.87.234 - - [08/Sep/2008:05:23:32 -0700] "GET /musotica/images/stockings.jpg HTTP/1.1" 200 15303 "http://musotica.com/haco.html" "Mozilla/4.0 (compatible; MSIE 6.0; Windows NT 5.1; SV1; .NET CLR 1.1.4322)" "site.musotica.com"
65.116.87.234 - - [08/Sep/2008:05:23:33 -0700] "GET /musotica/images/spacer.gif HTTP/1.1" 404 275 "http://musotica.com/haco.html" "Mozilla/4.0 (compatible; MSIE 6.0; Windows NT 5.1; SV1; .NET CLR 1.1.4322)" "site.musotica.com"
65.116.87.234 - - [08/Sep/2008:05:23:33 -0700] "GET /musotica/images/shoes.jpg HTTP/1.1" 200 14412 "http://musotica.com/haco.html" "Mozilla/4.0 (compatible; MSIE 6.0; Windows NT 5.1; SV1; .NET CLR 1.1.4322)" "site.musotica.com"
205.244.149.28 - - [08/Sep/2008:05:23:33 -0700] "GET /musotica/images/spacer.gif HTTP/1.1" 404 275 "http://musotica.com/li.html" "Mozilla/4.0 (compatible; MSIE 7.0; Windows NT 5.1; .NET CLR 1.1.4322; .NET CLR 2.0.50727; .NET CLR 3.0.04506.30; .NET CLR 3.0.04506.648)" "site.musotica.com"
65.116.87.234 - - [08/Sep/2008:05:23:33 -0700] "GET /musotica/images/accessories.jpg HTTP/1.1" 200 17113 "http://musotica.com/haco.html" "Mozilla/4.0 (compatible; MSIE 6.0; Windows NT 5.1; SV1; .NET CLR 1.1.4322)" "site.musotica.com"
205.244.149.28 - - [08/Sep/2008:05:23:34 -0700] "GET /musotica/images/spacer.gif HTTP/1.1" 404 275 "http://musotica.com/haco.html" "Mozilla/4.0 (compatible; MSIE 7.0; Windows NT 5.1; .NET CLR 1.1.4322; .NET CLR 2.0.50727; .NET CLR 3.0.04506.30; .NET CLR 3.0.04506.648)" "site.musotica.com"
65.116.87.234 - - [08/Sep/2008:05:23:34 -0700] "GET /musotica/images/pay.jpg HTTP/1.1" 200 13131 "http://musotica.com/haco.html" "Mozilla/4.0 (compatible; MSIE 6.0; Windows NT 5.1; SV1; .NET CLR 1.1.4322)" "site.musotica.com"
65.116.87.234 - - [08/Sep/2008:05:23:34 -0700] "GET /musotica/images/ss.jpg HTTP/1.1" 200 5500 "http://musotica.com/haco.html" "Mozilla/4.0 (compatible; MSIE 6.0; Windows NT 5.1; SV1; .NET CLR 1.1.4322)" "site.musotica.com"
65.116.87.234 - - [08/Sep/2008:05:23:35 -0700] "GET /musotica/images/bannerdot.gif HTTP/1.1" 200 49 "http://musotica.com/haco.html" "Mozilla/4.0 (compatible; MSIE 6.0; Windows NT 5.1; SV1; .NET CLR 1.1.4322)" "site.musotica.com"
65.116.87.234 - - [08/Sep/2008:05:23:35 -0700] "GET /musotica/images/newgreendot.gif HTTP/1.1" 200 49 "http://musotica.com/haco.html" "Mozilla/4.0 (compatible; MSIE 6.0; Windows NT 5.1; SV1; .NET CLR 1.1.4322)" "site.musotica.com"
205.244.149.28 - - [08/Sep/2008:05:23:37 -0700] "GET /musotica/images/spacer.gif HTTP/1.1" 404 275 "http://musotica.com/goandpr.html" "Mozilla/4.0 (compatible; MSIE 7.0; Windows NT 5.1; .NET CLR 1.1.4322; .NET CLR 2.0.50727; .NET CLR 3.0.04506.30; .NET CLR 3.0.04506.648)" "site.musotica.com"
65.116.87.234 - - [08/Sep/2008:05:23:51 -0700] "GET /scripts/cookies.js HTTP/1.1" 200 1429 "http://musotica.com/petticoat.html" "Mozilla/4.0 (compatible; MSIE 6.0; Windows NT 5.1; SV1; .NET CLR 1.1.4322)" "site.musotica.com"
65.116.87.234 - - [08/Sep/2008:05:23:52 -0700] "GET /scripts/pagging-inner.js HTTP/1.1" 200 24676 "http://musotica.com/petticoat.html" "Mozilla/4.0 (compatible; MSIE 6.0; Windows NT 5.1; SV1; .NET CLR 1.1.4322)" "site.musotica.com"
65.116.87.234 - - [08/Sep/2008:05:23:52 -0700] "GET /scripts/dpv.js HTTP/1.1" 200 1545 "http://musotica.com/petticoat.html" "Mozilla/4.0 (compatible; MSIE 6.0; Windows NT 5.1; SV1; .NET CLR 1.1.4322)" "site.musotica.com"
65.116.87.234 - - [08/Sep/2008:05:23:53 -0700] "GET /musotica/images/spacer.gif HTTP/1.1" 404 275 "http://musotica.com/petticoat.html" "Mozilla/4.0 (compatible; MSIE 6.0; Windows NT 5.1; SV1; .NET CLR 1.1.4322)" "site.musotica.com"
212.134.155.211 - - [08/Sep/2008:05:24:05 -0700] "GET /musotica/style/style.css HTTP/1.0" 200 2675 "http://musotica.com/fitness.html" "Mozilla/4.0 (compatible; MSIE 7.0; Windows NT 6.0; SLCC1; .NET CLR 2.0.50727; Media Center PC 5.0; .NET CLR 3.0.04506)" "site.musotica.com"
212.134.155.211 - - [08/Sep/2008:05:24:06 -0700] "GET /style/rolldiv-ie.css HTTP/1.0" 200 809 "http://musotica.com/fitness.html" "Mozilla/4.0 (compatible; MSIE 7.0; Windows NT 6.0; SLCC1; .NET CLR 2.0.50727; Media Center PC 5.0; .NET CLR 3.0.04506)" "site.musotica.com"
212.134.155.211 - - [08/Sep/2008:05:24:06 -0700] "GET /scripts/rolldiv.js HTTP/1.0" 200 623 "http://musotica.com/fitness.html" "Mozilla/4.0 (compatible; MSIE 7.0; Windows NT 6.0; SLCC1; .NET CLR 2.0.50727; Media Center PC 5.0; .NET CLR 3.0.04506)" "site.musotica.com"
212.134.155.211 - - [08/Sep/2008:05:24:06 -0700] "GET /musotica/images/home.gif HTTP/1.0" 200 70 "http://musotica.com/fitness.html" "Mozilla/4.0 (compatible; MSIE 7.0; Windows NT 6.0; SLCC1; .NET CLR 2.0.50727; Media Center PC 5.0; .NET CLR 3.0.04506)" "site.musotica.com"
212.134.155.211 - - [08/Sep/2008:05:24:06 -0700] "GET /musotica/images/phone.gif HTTP/1.0" 200 385 "http://musotica.com/fitness.html" "Mozilla/4.0 (compatible; MSIE 7.0; Windows NT 6.0; SLCC1; .NET CLR 2.0.50727; Media Center PC 5.0; .NET CLR 3.0.04506)" "site.musotica.com"
212.134.155.211 - - [08/Sep/2008:05:24:06 -0700] "GET /musotica/images/bookmark.gif HTTP/1.0" 200 124 "http://musotica.com/fitness.html" "Mozilla/4.0 (compatible; MSIE 7.0; Windows NT 6.0; SLCC1; .NET CLR 2.0.50727; Media Center PC 5.0; .NET CLR 3.0.04506)" "site.musotica.com"
212.134.155.211 - - [08/Sep/2008:05:24:06 -0700] "GET /musotica/images/logo.gif HTTP/1.0" 200 2006 "http://musotica.com/fitness.html" "Mozilla/4.0 (compatible; MSIE 7.0; Windows NT 6.0; SLCC1; .NET CLR 2.0.50727; Media Center PC 5.0; .NET CLR 3.0.04506)" "site.musotica.com"
212.134.155.211 - - [08/Sep/2008:05:24:06 -0700] "GET /rolldiv-images/shadow.png HTTP/1.0" 200 175 "-" "Mozilla/4.0 (compatible; MSIE 7.0; Windows NT 6.0; SLCC1; .NET CLR 2.0.50727; Media Center PC 5.0; .NET CLR 3.0.04506)" "site.musotica.com"
212.134.155.211 - - [08/Sep/2008:05:24:06 -0700] "GET /musotica/images/tell.gif HTTP/1.0" 200 67 "http://musotica.com/fitness.html" "Mozilla/4.0 (compatible; MSIE 7.0; Windows NT 6.0; SLCC1; .NET CLR 2.0.50727; Media Center PC 5.0; .NET CLR 3.0.04506)" "site.musotica.com"
212.134.155.211 - - [08/Sep/2008:05:24:06 -0700] "GET /musotica/images/shop.gif HTTP/1.0" 200 83 "http://musotica.com/fitness.html" "Mozilla/4.0 (compatible; MSIE 7.0; Windows NT 6.0; SLCC1; .NET CLR 2.0.50727; Media Center PC 5.0; .NET CLR 3.0.04506)" "site.musotica.com"
212.134.155.211 - - [08/Sep/2008:05:24:06 -0700] "GET /musotica/images/go.gif HTTP/1.0" 200 731 "http://musotica.com/fitness.html" "Mozilla/4.0 (compatible; MSIE 7.0; Windows NT 6.0; SLCC1; .NET CLR 2.0.50727; Media Center PC 5.0; .NET CLR 3.0.04506)" "site.musotica.com"
212.134.155.211 - - [08/Sep/2008:05:24:07 -0700] "GET /musotica/images/head_strip.gif HTTP/1.0" 200 63 "http://musotica.com/fitness.html" "Mozilla/4.0 (compatible; MSIE 7.0; Windows NT 6.0; SLCC1; .NET CLR 2.0.50727; Media Center PC 5.0; .NET CLR 3.0.04506)" "site.musotica.com"
212.134.155.211 - - [08/Sep/2008:05:24:07 -0700] "GET /musotica/images/arrow.gif HTTP/1.0" 200 61 "http://musotica.com/fitness.html" "Mozilla/4.0 (compatible; MSIE 7.0; Windows NT 6.0; SLCC1; .NET CLR 2.0.50727; Media Center PC 5.0; .NET CLR 3.0.04506)" "site.musotica.com"
212.134.155.211 - - [08/Sep/2008:05:24:07 -0700] "GET /musotica/images/newdot.gif HTTP/1.0" 200 62 "http://musotica.com/fitness.html" "Mozilla/4.0 (compatible; MSIE 7.0; Windows NT 6.0; SLCC1; .NET CLR 2.0.50727; Media Center PC 5.0; .NET CLR 3.0.04506)" "site.musotica.com"
212.134.155.211 - - [08/Sep/2008:05:24:07 -0700] "GET /musotica/images/search.gif HTTP/1.0" 200 1538 "http://musotica.com/fitness.html" "Mozilla/4.0 (compatible; MSIE 7.0; Windows NT 6.0; SLCC1; .NET CLR 2.0.50727; Media Center PC 5.0; .NET CLR 3.0.04506)" "site.musotica.com"
212.134.155.211 - - [08/Sep/2008:05:24:07 -0700] "GET /musotica/images/midline.gif HTTP/1.0" 200 49 "http://musotica.com/fitness.html" "Mozilla/4.0 (compatible; MSIE 7.0; Windows NT 6.0; SLCC1; .NET CLR 2.0.50727; Media Center PC 5.0; .NET CLR 3.0.04506)" "site.musotica.com"
212.134.155.211 - - [08/Sep/2008:05:24:07 -0700] "GET /scripts/cookies.js HTTP/1.0" 200 1429 "http://musotica.com/fitness.html" "Mozilla/4.0 (compatible; MSIE 7.0; Windows NT 6.0; SLCC1; .NET CLR 2.0.50727; Media Center PC 5.0; .NET CLR 3.0.04506)" "site.musotica.com"
212.134.155.211 - - [08/Sep/2008:05:24:07 -0700] "GET /scripts/pagging-inner.js HTTP/1.0" 200 24676 "http://musotica.com/fitness.html" "Mozilla/4.0 (compatible; MSIE 7.0; Windows NT 6.0; SLCC1; .NET CLR 2.0.50727; Media Center PC 5.0; .NET CLR 3.0.04506)" "site.musotica.com"
212.134.155.211 - - [08/Sep/2008:05:24:08 -0700] "GET /scripts/dpv.js HTTP/1.0" 200 1545 "http://musotica.com/fitness.html" "Mozilla/4.0 (compatible; MSIE 7.0; Windows NT 6.0; SLCC1; .NET CLR 2.0.50727; Media Center PC 5.0; .NET CLR 3.0.04506)" "site.musotica.com"
212.134.155.211 - - [08/Sep/2008:05:24:08 -0700] "GET /musotica/images/lingeris.jpg HTTP/1.0" 200 17260 "http://musotica.com/fitness.html" "Mozilla/4.0 (compatible; MSIE 7.0; Windows NT 6.0; SLCC1; .NET CLR 2.0.50727; Media Center PC 5.0; .NET CLR 3.0.04506)" "site.musotica.com"
212.134.155.211 - - [08/Sep/2008:05:24:08 -0700] "GET /musotica/images/spacer.gif HTTP/1.0" 404 275 "http://musotica.com/fitness.html" "Mozilla/4.0 (compatible; MSIE 7.0; Windows NT 6.0; SLCC1; .NET CLR 2.0.50727; Media Center PC 5.0; .NET CLR 3.0.04506)" "site.musotica.com"
212.134.155.211 - - [08/Sep/2008:05:24:08 -0700] "GET /musotica/images/clubwear.jpg HTTP/1.0" 200 15480 "http://musotica.com/fitness.html" "Mozilla/4.0 (compatible; MSIE 7.0; Windows NT 6.0; SLCC1; .NET CLR 2.0.50727; Media Center PC 5.0; .NET CLR 3.0.04506)" "site.musotica.com"
212.134.155.211 - - [08/Sep/2008:05:24:08 -0700] "GET /musotica/images/stockings.jpg HTTP/1.0" 200 15303 "http://musotica.com/fitness.html" "Mozilla/4.0 (compatible; MSIE 7.0; Windows NT 6.0; SLCC1; .NET CLR 2.0.50727; Media Center PC 5.0; .NET CLR 3.0.04506)" "site.musotica.com"
212.134.155.211 - - [08/Sep/2008:05:24:08 -0700] "GET /musotica/images/shoes.jpg HTTP/1.0" 200 14412 "http://musotica.com/fitness.html" "Mozilla/4.0 (compatible; MSIE 7.0; Windows NT 6.0; SLCC1; .NET CLR 2.0.50727; Media Center PC 5.0; .NET CLR 3.0.04506)" "site.musotica.com"
212.134.155.211 - - [08/Sep/2008:05:24:09 -0700] "GET /musotica/images/accessories.jpg HTTP/1.0" 200 17113 "http://musotica.com/fitness.html" "Mozilla/4.0 (compatible; MSIE 7.0; Windows NT 6.0; SLCC1; .NET CLR 2.0.50727; Media Center PC 5.0; .NET CLR 3.0.04506)" "site.musotica.com"
212.134.155.211 - - [08/Sep/2008:05:24:09 -0700] "GET /musotica/images/pay.jpg HTTP/1.0" 200 13131 "http://musotica.com/fitness.html" "Mozilla/4.0 (compatible; MSIE 7.0; Windows NT 6.0; SLCC1; .NET CLR 2.0.50727; Media Center PC 5.0; .NET CLR 3.0.04506)" "site.musotica.com"
212.134.155.211 - - [08/Sep/2008:05:24:09 -0700] "GET /musotica/images/ss.jpg HTTP/1.0" 200 5500 "http://musotica.com/fitness.html" "Mozilla/4.0 (compatible; MSIE 7.0; Windows NT 6.0; SLCC1; .NET CLR 2.0.50727; Media Center PC 5.0; .NET CLR 3.0.04506)" "site.musotica.com"
212.134.155.211 - - [08/Sep/2008:05:24:09 -0700] "GET /musotica/images/bannerdot.gif HTTP/1.0" 200 49 "http://musotica.com/fitness.html" "Mozilla/4.0 (compatible; MSIE 7.0; Windows NT 6.0; SLCC1; .NET CLR 2.0.50727; Media Center PC 5.0; .NET CLR 3.0.04506)" "site.musotica.com"
212.134.155.211 - - [08/Sep/2008:05:24:09 -0700] "GET /musotica/images/newgreendot.gif HTTP/1.0" 200 49 "http://musotica.com/fitness.html" "Mozilla/4.0 (compatible; MSIE 7.0; Windows NT 6.0; SLCC1; .NET CLR 2.0.50727; Media Center PC 5.0; .NET CLR 3.0.04506)" "site.musotica.com"
212.134.155.211 - - [08/Sep/2008:05:24:19 -0700] "GET /rolldiv-images/header.png HTTP/1.0" 200 730 "-" "Mozilla/4.0 (compatible; MSIE 7.0; Windows NT 6.0; SLCC1; .NET CLR 2.0.50727; Media Center PC 5.0; .NET CLR 3.0.04506)" "site.musotica.com"
212.134.155.211 - - [08/Sep/2008:05:24:20 -0700] "GET /rolldiv-images/footer.png HTTP/1.0" 200 637 "-" "Mozilla/4.0 (compatible; MSIE 7.0; Windows NT 6.0; SLCC1; .NET CLR 2.0.50727; Media Center PC 5.0; .NET CLR 3.0.04506)" "site.musotica.com"
65.116.87.234 - - [08/Sep/2008:05:24:23 -0700] "GET /scripts/paging-images/images/spacer.gif HTTP/1.1" 404 275 "http://musotica.com/setepebylega.html" "Mozilla/4.0 (compatible; MSIE 6.0; Windows NT 5.1; SV1; .NET CLR 1.1.4322)" "site.musotica.com"
65.116.87.234 - - [08/Sep/2008:05:24:24 -0700] "GET /musotica/images/spacer.gif HTTP/1.1" 404 275 "http://musotica.com/setepebylega.html" "Mozilla/4.0 (compatible; MSIE 6.0; Windows NT 5.1; SV1; .NET CLR 1.1.4322)" "site.musotica.com"
70.44.216.80 - - [08/Sep/2008:05:25:15 -0700] "GET /musotica/style/style.css HTTP/1.1" 200 2675 "http://musotica.com/plussize1.html" "Mozilla/4.0 (compatible; MSIE 7.0; Windows NT 5.1; Mozilla/4.0 (compatible; MSIE 6.0; Windows NT 5.1; SV1) ; .NET CLR 1.1.4322; .NET CLR 2.0.50727; .NET CLR 3.0.04506.30; .NET CLR 3.0.04506.648)" "site.musotica.com"
70.44.216.80 - - [08/Sep/2008:05:25:16 -0700] "GET /style/rolldiv-ie.css HTTP/1.1" 200 809 "http://musotica.com/plussize1.html" "Mozilla/4.0 (compatible; MSIE 7.0; Windows NT 5.1; Mozilla/4.0 (compatible; MSIE 6.0; Windows NT 5.1; SV1) ; .NET CLR 1.1.4322; .NET CLR 2.0.50727; .NET CLR 3.0.04506.30; .NET CLR 3.0.04506.648)" "site.musotica.com"
70.44.216.80 - - [08/Sep/2008:05:25:17 -0700] "GET /scripts/rolldiv.js HTTP/1.1" 200 623 "http://musotica.com/plussize1.html" "Mozilla/4.0 (compatible; MSIE 7.0; Windows NT 5.1; Mozilla/4.0 (compatible; MSIE 6.0; Windows NT 5.1; SV1) ; .NET CLR 1.1.4322; .NET CLR 2.0.50727; .NET CLR 3.0.04506.30; .NET CLR 3.0.04506.648)" "site.musotica.com"
70.44.216.80 - - [08/Sep/2008:05:25:17 -0700] "GET /musotica/images/head_strip.gif HTTP/1.1" 200 63 "http://musotica.com/plussize1.html" "Mozilla/4.0 (compatible; MSIE 7.0; Windows NT 5.1; Mozilla/4.0 (compatible; MSIE 6.0; Windows NT 5.1; SV1) ; .NET CLR 1.1.4322; .NET CLR 2.0.50727; .NET CLR 3.0.04506.30; .NET CLR 3.0.04506.648)" "site.musotica.com"
70.44.216.80 - - [08/Sep/2008:05:25:17 -0700] "GET /musotica/images/home.gif HTTP/1.1" 200 70 "http://musotica.com/plussize1.html" "Mozilla/4.0 (compatible; MSIE 7.0; Windows NT 5.1; Mozilla/4.0 (compatible; MSIE 6.0; Windows NT 5.1; SV1) ; .NET CLR 1.1.4322; .NET CLR 2.0.50727; .NET CLR 3.0.04506.30; .NET CLR 3.0.04506.648)" "site.musotica.com"
70.44.216.80 - - [08/Sep/2008:05:25:17 -0700] "GET /musotica/images/phone.gif HTTP/1.1" 200 385 "http://musotica.com/plussize1.html" "Mozilla/4.0 (compatible; MSIE 7.0; Windows NT 5.1; Mozilla/4.0 (compatible; MSIE 6.0; Windows NT 5.1; SV1) ; .NET CLR 1.1.4322; .NET CLR 2.0.50727; .NET CLR 3.0.04506.30; .NET CLR 3.0.04506.648)" "site.musotica.com"
