76.226.14.10 - - [07/Sep/2008:05:02:16 -0700] "GET /musotica/images/go2.gif HTTP/1.1" 200 1322 "http://musotica.com/" "Mozilla/4.0 (compatible; MSIE 6.0; Windows NT 5.1; SV1; .NET CLR 1.1.4322; .NET CLR 2.0.50727)" "site.musotica.com"
76.226.14.10 - - [07/Sep/2008:05:02:16 -0700] "GET /musotica/images/midline.gif HTTP/1.1" 200 49 "http://musotica.com/" "Mozilla/4.0 (compatible; MSIE 6.0; Windows NT 5.1; SV1; .NET CLR 1.1.4322; .NET CLR 2.0.50727)" "site.musotica.com"
76.226.14.10 - - [07/Sep/2008:05:02:16 -0700] "GET /musotica/images/arrow2.gif HTTP/1.1" 200 65 "http://musotica.com/" "Mozilla/4.0 (compatible; MSIE 6.0; Windows NT 5.1; SV1; .NET CLR 1.1.4322; .NET CLR 2.0.50727)" "site.musotica.com"
76.226.14.10 - - [07/Sep/2008:05:02:16 -0700] "GET /musotica/images/viewtext.gif HTTP/1.1" 200 1092 "http://musotica.com/" "Mozilla/4.0 (compatible; MSIE 6.0; Windows NT 5.1; SV1; .NET CLR 1.1.4322; .NET CLR 2.0.50727)" "site.musotica.com"
76.226.14.10 - - [07/Sep/2008:05:02:16 -0700] "GET /musotica/images/bottom-banner.gif HTTP/1.1" 200 10943 "http://musotica.com/" "Mozilla/4.0 (compatible; MSIE 6.0; Windows NT 5.1; SV1; .NET CLR 1.1.4322; .NET CLR 2.0.50727)" "site.musotica.com"
67.166.215.231 - - [07/Sep/2008:05:02:17 -0700] "GET /style/rolldiv-mozilla.css HTTP/1.1" 200 711 "http://musotica.com/adsnwhcoseha.html" "Mozilla/5.0 (Windows; U; Windows NT 5.1; en-US; rv:1.8.1.16) Gecko/20080702 Firefox/2.0.0.16" "site.musotica.com"
67.166.215.231 - - [07/Sep/2008:05:02:17 -0700] "GET /scripts/rolldiv.js HTTP/1.1" 200 623 "http://musotica.com/adsnwhcoseha.html" "Mozilla/5.0 (Windows; U; Windows NT 5.1; en-US; rv:1.8.1.16) Gecko/20080702 Firefox/2.0.0.16" "site.musotica.com"
76.226.14.10 - - [07/Sep/2008:05:02:17 -0700] "GET /musotica/images/spacer.gif HTTP/1.1" 404 275 "http://musotica.com/" "Mozilla/4.0 (compatible; MSIE 6.0; Windows NT 5.1; SV1; .NET CLR 1.1.4322; .NET CLR 2.0.50727)" "site.musotica.com"
76.28.145.173 - - [07/Sep/2008:05:02:17 -0700] "GET /musotica/style/style.css HTTP/1.1" 200 2675 "http://musotica.com/seinprcoseha.html" "Mozilla/5.0 (Windows; U; Windows NT 6.0; en-US; rv:1.9.0.1) Gecko/2008070208 Firefox/3.0.1" "site.musotica.com"
76.226.14.10 - - [07/Sep/2008:05:02:17 -0700] "GET /musotica/images/bannerdot.gif HTTP/1.1" 200 49 "http://musotica.com/" "Mozilla/4.0 (compatible; MSIE 6.0; Windows NT 5.1; SV1; .NET CLR 1.1.4322; .NET CLR 2.0.50727)" "site.musotica.com"
76.226.14.10 - - [07/Sep/2008:05:02:17 -0700] "GET /musotica/images/bottom-banner2.gif HTTP/1.1" 200 11310 "http://musotica.com/" "Mozilla/4.0 (compatible; MSIE 6.0; Windows NT 5.1; SV1; .NET CLR 1.1.4322; .NET CLR 2.0.50727)" "site.musotica.com"
76.226.14.10 - - [07/Sep/2008:05:02:17 -0700] "GET /musotica/images/bottom-banner3.gif HTTP/1.1" 200 10805 "http://musotica.com/" "Mozilla/4.0 (compatible; MSIE 6.0; Windows NT 5.1; SV1; .NET CLR 1.1.4322; .NET CLR 2.0.50727)" "site.musotica.com"
91.109.141.88 - - [07/Sep/2008:05:02:17 -0700] "GET /musotica/style/style.css HTTP/1.1" 200 2675 "http://musotica.com/sepocosehaco.html" "Mozilla/5.0 (Windows; U; Windows NT 5.1; en-GB; rv:1.8.1.16) Gecko/20080702 Firefox/2.0.0.16" "site.musotica.com"
76.226.14.10 - - [07/Sep/2008:05:02:17 -0700] "GET /musotica/images/bottom-banner4.gif HTTP/1.1" 200 11464 "http://musotica.com/" "Mozilla/4.0 (compatible; MSIE 6.0; Windows NT 5.1; SV1; .NET CLR 1.1.4322; .NET CLR 2.0.50727)" "site.musotica.com"
76.226.14.10 - - [07/Sep/2008:05:02:17 -0700] "GET /musotica/images/pay.jpg HTTP/1.1" 200 13131 "http://musotica.com/" "Mozilla/4.0 (compatible; MSIE 6.0; Windows NT 5.1; SV1; .NET CLR 1.1.4322; .NET CLR 2.0.50727)" "site.musotica.com"
67.166.215.231 - - [07/Sep/2008:05:02:17 -0700] "GET /musotica/images/phone.gif HTTP/1.1" 200 385 "http://musotica.com/adsnwhcoseha.html" "Mozilla/5.0 (Windows; U; Windows NT 5.1; en-US; rv:1.8.1.16) Gecko/20080702 Firefox/2.0.0.16" "site.musotica.com"
67.166.215.231 - - [07/Sep/2008:05:02:17 -0700] "GET /musotica/images/logo.gif HTTP/1.1" 200 2006 "http://musotica.com/adsnwhcoseha.html" "Mozilla/5.0 (Windows; U; Windows NT 5.1; en-US; rv:1.8.1.16) Gecko/20080702 Firefox/2.0.0.16" "site.musotica.com"
76.28.145.173 - - [07/Sep/2008:05:02:17 -0700] "GET /style/rolldiv-mozilla.css HTTP/1.1" 200 711 "http://musotica.com/seinprcoseha.html" "Mozilla/5.0 (Windows; U; Windows NT 6.0; en-US; rv:1.9.0.1) Gecko/2008070208 Firefox/3.0.1" "site.musotica.com"
76.28.145.173 - - [07/Sep/2008:05:02:17 -0700] "GET /scripts/rolldiv.js HTTP/1.1" 200 623 "http://musotica.com/seinprcoseha.html" "Mozilla/5.0 (Windows; U; Windows NT 6.0; en-US; rv:1.9.0.1) Gecko/2008070208 Firefox/3.0.1" "site.musotica.com"
76.226.14.10 - - [07/Sep/2008:05:02:17 -0700] "GET /musotica/images/ss.jpg HTTP/1.1" 200 5500 "http://musotica.com/" "Mozilla/4.0 (compatible; MSIE 6.0; Windows NT 5.1; SV1; .NET CLR 1.1.4322; .NET CLR 2.0.50727)" "site.musotica.com"
67.166.215.231 - - [07/Sep/2008:05:02:17 -0700] "GET /musotica/images/home.gif HTTP/1.1" 200 70 "http://musotica.com/adsnwhcoseha.html" "Mozilla/5.0 (Windows; U; Windows NT 5.1; en-US; rv:1.8.1.16) Gecko/20080702 Firefox/2.0.0.16" "site.musotica.com"
76.226.14.10 - - [07/Sep/2008:05:02:17 -0700] "GET /musotica/images/newgreendot.gif HTTP/1.1" 200 49 "http://musotica.com/" "Mozilla/4.0 (compatible; MSIE 6.0; Windows NT 5.1; SV1; .NET CLR 1.1.4322; .NET CLR 2.0.50727)" "site.musotica.com"
67.166.215.231 - - [07/Sep/2008:05:02:17 -0700] "GET /musotica/images/tell.gif HTTP/1.1" 200 67 "http://musotica.com/adsnwhcoseha.html" "Mozilla/5.0 (Windows; U; Windows NT 5.1; en-US; rv:1.8.1.16) Gecko/20080702 Firefox/2.0.0.16" "site.musotica.com"
67.166.215.231 - - [07/Sep/2008:05:02:17 -0700] "GET /musotica/images/bookmark.gif HTTP/1.1" 200 124 "http://musotica.com/adsnwhcoseha.html" "Mozilla/5.0 (Windows; U; Windows NT 5.1; en-US; rv:1.8.1.16) Gecko/20080702 Firefox/2.0.0.16" "site.musotica.com"
67.166.215.231 - - [07/Sep/2008:05:02:17 -0700] "GET /musotica/images/go.gif HTTP/1.1" 200 731 "http://musotica.com/adsnwhcoseha.html" "Mozilla/5.0 (Windows; U; Windows NT 5.1; en-US; rv:1.8.1.16) Gecko/20080702 Firefox/2.0.0.16" "site.musotica.com"
67.166.215.231 - - [07/Sep/2008:05:02:17 -0700] "GET /musotica/images/shop.gif HTTP/1.1" 200 83 "http://musotica.com/adsnwhcoseha.html" "Mozilla/5.0 (Windows; U; Windows NT 5.1; en-US; rv:1.8.1.16) Gecko/20080702 Firefox/2.0.0.16" "site.musotica.com"
67.166.215.231 - - [07/Sep/2008:05:02:17 -0700] "GET /musotica/images/arrow.gif HTTP/1.1" 200 61 "http://musotica.com/adsnwhcoseha.html" "Mozilla/5.0 (Windows; U; Windows NT 5.1; en-US; rv:1.8.1.16) Gecko/20080702 Firefox/2.0.0.16" "site.musotica.com"
76.28.145.173 - - [07/Sep/2008:05:02:18 -0700] "GET /scripts/paging-images/images/spacer.gif HTTP/1.1" 404 275 "http://musotica.com/seinprcoseha.html" "Mozilla/5.0 (Windows; U; Windows NT 6.0; en-US; rv:1.9.0.1) Gecko/2008070208 Firefox/3.0.1" "site.musotica.com"
76.28.145.173 - - [07/Sep/2008:05:02:18 -0700] "GET /musotica/images/spacer.gif HTTP/1.1" 404 275 "http://musotica.com/seinprcoseha.html" "Mozilla/5.0 (Windows; U; Windows NT 6.0; en-US; rv:1.9.0.1) Gecko/2008070208 Firefox/3.0.1" "site.musotica.com"
67.166.215.231 - - [07/Sep/2008:05:02:18 -0700] "GET /musotica/images/lingeris.jpg HTTP/1.1" 200 17260 "http://musotica.com/adsnwhcoseha.html" "Mozilla/5.0 (Windows; U; Windows NT 5.1; en-US; rv:1.8.1.16) Gecko/20080702 Firefox/2.0.0.16" "site.musotica.com"
67.166.215.231 - - [07/Sep/2008:05:02:18 -0700] "GET /scripts/paging-images/images/spacer.gif HTTP/1.1" 404 275 "http://musotica.com/adsnwhcoseha.html" "Mozilla/5.0 (Windows; U; Windows NT 5.1; en-US; rv:1.8.1.16) Gecko/20080702 Firefox/2.0.0.16" "site.musotica.com"
67.166.215.231 - - [07/Sep/2008:05:02:18 -0700] "GET /musotica/images/spacer.gif HTTP/1.1" 404 275 "http://musotica.com/adsnwhcoseha.html" "Mozilla/5.0 (Windows; U; Windows NT 5.1; en-US; rv:1.8.1.16) Gecko/20080702 Firefox/2.0.0.16" "site.musotica.com"
67.166.215.231 - - [07/Sep/2008:05:02:18 -0700] "GET /musotica/images/clubwear.jpg HTTP/1.1" 200 15480 "http://musotica.com/adsnwhcoseha.html" "Mozilla/5.0 (Windows; U; Windows NT 5.1; en-US; rv:1.8.1.16) Gecko/20080702 Firefox/2.0.0.16" "site.musotica.com"
67.166.215.231 - - [07/Sep/2008:05:02:18 -0700] "GET /musotica/images/stockings.jpg HTTP/1.1" 200 15303 "http://musotica.com/adsnwhcoseha.html" "Mozilla/5.0 (Windows; U; Windows NT 5.1; en-US; rv:1.8.1.16) Gecko/20080702 Firefox/2.0.0.16" "site.musotica.com"
67.166.215.231 - - [07/Sep/2008:05:02:18 -0700] "GET /musotica/images/shoes.jpg HTTP/1.1" 200 14412 "http://musotica.com/adsnwhcoseha.html" "Mozilla/5.0 (Windows; U; Windows NT 5.1; en-US; rv:1.8.1.16) Gecko/20080702 Firefox/2.0.0.16" "site.musotica.com"
91.109.141.88 - - [07/Sep/2008:05:02:18 -0700] "GET /style/rolldiv-mozilla.css HTTP/1.1" 200 711 "http://musotica.com/sepocosehaco.html" "Mozilla/5.0 (Windows; U; Windows NT 5.1; en-GB; rv:1.8.1.16) Gecko/20080702 Firefox/2.0.0.16" "site.musotica.com"
67.166.215.231 - - [07/Sep/2008:05:02:18 -0700] "GET /musotica/images/accessories.jpg HTTP/1.1" 200 17113 "http://musotica.com/adsnwhcoseha.html" "Mozilla/5.0 (Windows; U; Windows NT 5.1; en-US; rv:1.8.1.16) Gecko/20080702 Firefox/2.0.0.16" "site.musotica.com"
67.166.215.231 - - [07/Sep/2008:05:02:18 -0700] "GET /musotica/images/pay.jpg HTTP/1.1" 200 13131 "http://musotica.com/adsnwhcoseha.html" "Mozilla/5.0 (Windows; U; Windows NT 5.1; en-US; rv:1.8.1.16) Gecko/20080702 Firefox/2.0.0.16" "site.musotica.com"
67.166.215.231 - - [07/Sep/2008:05:02:19 -0700] "GET /musotica/images/ss.jpg HTTP/1.1" 200 5500 "http://musotica.com/adsnwhcoseha.html" "Mozilla/5.0 (Windows; U; Windows NT 5.1; en-US; rv:1.8.1.16) Gecko/20080702 Firefox/2.0.0.16" "site.musotica.com"
67.166.215.231 - - [07/Sep/2008:05:02:19 -0700] "GET /musotica/images/head_strip.gif HTTP/1.1" 200 63 "http://site.musotica.com/musotica/style/style.css" "Mozilla/5.0 (Windows; U; Windows NT 5.1; en-US; rv:1.8.1.16) Gecko/20080702 Firefox/2.0.0.16" "site.musotica.com"
67.166.215.231 - - [07/Sep/2008:05:02:19 -0700] "GET /musotica/images/newdot.gif HTTP/1.1" 200 62 "http://site.musotica.com/musotica/style/style.css" "Mozilla/5.0 (Windows; U; Windows NT 5.1; en-US; rv:1.8.1.16) Gecko/20080702 Firefox/2.0.0.16" "site.musotica.com"
67.166.215.231 - - [07/Sep/2008:05:02:19 -0700] "GET /musotica/images/search.gif HTTP/1.1" 200 1538 "http://site.musotica.com/musotica/style/style.css" "Mozilla/5.0 (Windows; U; Windows NT 5.1; en-US; rv:1.8.1.16) Gecko/20080702 Firefox/2.0.0.16" "site.musotica.com"
67.166.215.231 - - [07/Sep/2008:05:02:19 -0700] "GET /musotica/images/midline.gif HTTP/1.1" 200 49 "http://site.musotica.com/musotica/style/style.css" "Mozilla/5.0 (Windows; U; Windows NT 5.1; en-US; rv:1.8.1.16) Gecko/20080702 Firefox/2.0.0.16" "site.musotica.com"
67.166.215.231 - - [07/Sep/2008:05:02:19 -0700] "GET /musotica/images/bannerdot.gif HTTP/1.1" 200 49 "http://site.musotica.com/musotica/style/style.css" "Mozilla/5.0 (Windows; U; Windows NT 5.1; en-US; rv:1.8.1.16) Gecko/20080702 Firefox/2.0.0.16" "site.musotica.com"
67.166.215.231 - - [07/Sep/2008:05:02:19 -0700] "GET /musotica/images/newgreendot.gif HTTP/1.1" 200 49 "http://site.musotica.com/musotica/style/style.css" "Mozilla/5.0 (Windows; U; Windows NT 5.1; en-US; rv:1.8.1.16) Gecko/20080702 Firefox/2.0.0.16" "site.musotica.com"
91.109.141.88 - - [07/Sep/2008:05:02:19 -0700] "GET /scripts/rolldiv.js HTTP/1.1" 200 623 "http://musotica.com/sepocosehaco.html" "Mozilla/5.0 (Windows; U; Windows NT 5.1; en-GB; rv:1.8.1.16) Gecko/20080702 Firefox/2.0.0.16" "site.musotica.com"
91.109.141.88 - - [07/Sep/2008:05:02:19 -0700] "GET /musotica/images/logo.gif HTTP/1.1" 200 2006 "http://musotica.com/sepocosehaco.html" "Mozilla/5.0 (Windows; U; Windows NT 5.1; en-GB; rv:1.8.1.16) Gecko/20080702 Firefox/2.0.0.16" "site.musotica.com"
91.109.141.88 - - [07/Sep/2008:05:02:19 -0700] "GET /musotica/images/phone.gif HTTP/1.1" 200 385 "http://musotica.com/sepocosehaco.html" "Mozilla/5.0 (Windows; U; Windows NT 5.1; en-GB; rv:1.8.1.16) Gecko/20080702 Firefox/2.0.0.16" "site.musotica.com"
91.109.141.88 - - [07/Sep/2008:05:02:20 -0700] "GET /musotica/images/home.gif HTTP/1.1" 200 70 "http://musotica.com/sepocosehaco.html" "Mozilla/5.0 (Windows; U; Windows NT 5.1; en-GB; rv:1.8.1.16) Gecko/20080702 Firefox/2.0.0.16" "site.musotica.com"
91.109.141.88 - - [07/Sep/2008:05:02:20 -0700] "GET /musotica/images/tell.gif HTTP/1.1" 200 67 "http://musotica.com/sepocosehaco.html" "Mozilla/5.0 (Windows; U; Windows NT 5.1; en-GB; rv:1.8.1.16) Gecko/20080702 Firefox/2.0.0.16" "site.musotica.com"
117.102.133.23 - - [07/Sep/2008:05:02:20 -0700] "GET /musotica/images/spacer.gif HTTP/1.1" 404 275 "http://musotica.com/dancewear.html" "Mozilla/4.0 (compatible; MSIE 7.0; Windows NT 5.1)" "site.musotica.com"
91.109.141.88 - - [07/Sep/2008:05:02:20 -0700] "GET /musotica/images/bookmark.gif HTTP/1.1" 200 124 "http://musotica.com/sepocosehaco.html" "Mozilla/5.0 (Windows; U; Windows NT 5.1; en-GB; rv:1.8.1.16) Gecko/20080702 Firefox/2.0.0.16" "site.musotica.com"
91.109.141.88 - - [07/Sep/2008:05:02:20 -0700] "GET /musotica/images/go.gif HTTP/1.1" 200 731 "http://musotica.com/sepocosehaco.html" "Mozilla/5.0 (Windows; U; Windows NT 5.1; en-GB; rv:1.8.1.16) Gecko/20080702 Firefox/2.0.0.16" "site.musotica.com"
91.109.141.88 - - [07/Sep/2008:05:02:20 -0700] "GET /musotica/images/shop.gif HTTP/1.1" 200 83 "http://musotica.com/sepocosehaco.html" "Mozilla/5.0 (Windows; U; Windows NT 5.1; en-GB; rv:1.8.1.16) Gecko/20080702 Firefox/2.0.0.16" "site.musotica.com"
91.109.141.88 - - [07/Sep/2008:05:02:20 -0700] "GET /musotica/images/arrow.gif HTTP/1.1" 200 61 "http://musotica.com/sepocosehaco.html" "Mozilla/5.0 (Windows; U; Windows NT 5.1; en-GB; rv:1.8.1.16) Gecko/20080702 Firefox/2.0.0.16" "site.musotica.com"
91.109.141.88 - - [07/Sep/2008:05:02:21 -0700] "GET /musotica/images/head_strip.gif HTTP/1.1" 200 63 "http://site.musotica.com/musotica/style/style.css" "Mozilla/5.0 (Windows; U; Windows NT 5.1; en-GB; rv:1.8.1.16) Gecko/20080702 Firefox/2.0.0.16" "site.musotica.com"
91.109.141.88 - - [07/Sep/2008:05:02:21 -0700] "GET /scripts/paging-images/images/spacer.gif HTTP/1.1" 404 275 "http://musotica.com/sepocosehaco.html" "Mozilla/5.0 (Windows; U; Windows NT 5.1; en-GB; rv:1.8.1.16) Gecko/20080702 Firefox/2.0.0.16" "site.musotica.com"
91.109.141.88 - - [07/Sep/2008:05:02:21 -0700] "GET /musotica/images/lingeris.jpg HTTP/1.1" 200 17260 "http://musotica.com/sepocosehaco.html" "Mozilla/5.0 (Windows; U; Windows NT 5.1; en-GB; rv:1.8.1.16) Gecko/20080702 Firefox/2.0.0.16" "site.musotica.com"
91.109.141.88 - - [07/Sep/2008:05:02:21 -0700] "GET /musotica/images/spacer.gif HTTP/1.1" 404 275 "http://musotica.com/sepocosehaco.html" "Mozilla/5.0 (Windows; U; Windows NT 5.1; en-GB; rv:1.8.1.16) Gecko/20080702 Firefox/2.0.0.16" "site.musotica.com"
208.82.165.125 - - [07/Sep/2008:05:02:22 -0700] "GET /musotica/style/style.css HTTP/1.1" 304 - "http://musotica.com/shoes.html" "Mozilla/4.0 (compatible; MSIE 7.0; Windows NT 5.1; Mozilla/4.0 (compatible; MSIE 6.0; Windows NT 5.1; SV1) ; Embedded Web Browser from: http://bsalsa.com/; .NET CLR 1.1.4322; .NET CLR 2.0.50727; InfoPath.1; .NET CLR 3.0.04506.30)" "site.musotica.com"
91.109.141.88 - - [07/Sep/2008:05:02:22 -0700] "GET /musotica/images/clubwear.jpg HTTP/1.1" 200 15480 "http://musotica.com/sepocosehaco.html" "Mozilla/5.0 (Windows; U; Windows NT 5.1; en-GB; rv:1.8.1.16) Gecko/20080702 Firefox/2.0.0.16" "site.musotica.com"
91.109.141.88 - - [07/Sep/2008:05:02:22 -0700] "GET /musotica/images/stockings.jpg HTTP/1.1" 200 15303 "http://musotica.com/sepocosehaco.html" "Mozilla/5.0 (Windows; U; Windows NT 5.1; en-GB; rv:1.8.1.16) Gecko/20080702 Firefox/2.0.0.16" "site.musotica.com"
91.109.141.88 - - [07/Sep/2008:05:02:22 -0700] "GET /musotica/images/shoes.jpg HTTP/1.1" 200 14412 "http://musotica.com/sepocosehaco.html" "Mozilla/5.0 (Windows; U; Windows NT 5.1; en-GB; rv:1.8.1.16) Gecko/20080702 Firefox/2.0.0.16" "site.musotica.com"
91.109.141.88 - - [07/Sep/2008:05:02:22 -0700] "GET /musotica/images/accessories.jpg HTTP/1.1" 200 17113 "http://musotica.com/sepocosehaco.html" "Mozilla/5.0 (Windows; U; Windows NT 5.1; en-GB; rv:1.8.1.16) Gecko/20080702 Firefox/2.0.0.16" "site.musotica.com"
208.82.165.125 - - [07/Sep/2008:05:02:23 -0700] "GET /style/rolldiv-ie.css HTTP/1.1" 304 - "http://musotica.com/shoes.html" "Mozilla/4.0 (compatible; MSIE 7.0; Windows NT 5.1; Mozilla/4.0 (compatible; MSIE 6.0; Windows NT 5.1; SV1) ; Embedded Web Browser from: http://bsalsa.com/; .NET CLR 1.1.4322; .NET CLR 2.0.50727; InfoPath.1; .NET CLR 3.0.04506.30)" "site.musotica.com"
91.109.141.88 - - [07/Sep/2008:05:02:23 -0700] "GET /musotica/images/pay.jpg HTTP/1.1" 200 13131 "http://musotica.com/sepocosehaco.html" "Mozilla/5.0 (Windows; U; Windows NT 5.1; en-GB; rv:1.8.1.16) Gecko/20080702 Firefox/2.0.0.16" "site.musotica.com"
208.82.165.125 - - [07/Sep/2008:05:02:23 -0700] "GET /scripts/rolldiv.js HTTP/1.1" 304 - "http://musotica.com/shoes.html" "Mozilla/4.0 (compatible; MSIE 7.0; Windows NT 5.1; Mozilla/4.0 (compatible; MSIE 6.0; Windows NT 5.1; SV1) ; Embedded Web Browser from: http://bsalsa.com/; .NET CLR 1.1.4322; .NET CLR 2.0.50727; InfoPath.1; .NET CLR 3.0.04506.30)" "site.musotica.com"
91.109.141.88 - - [07/Sep/2008:05:02:23 -0700] "GET /musotica/images/ss.jpg HTTP/1.1" 200 5500 "http://musotica.com/sepocosehaco.html" "Mozilla/5.0 (Windows; U; Windows NT 5.1; en-GB; rv:1.8.1.16) Gecko/20080702 Firefox/2.0.0.16" "site.musotica.com"
122.168.25.248 - - [07/Sep/2008:05:02:23 -0700] "GET /musotica/images/bannerdot.gif HTTP/1.1" 200 49 "http://musotica.com/bodyshapers.html" "Mozilla/4.0 (compatible; MSIE 6.0; Windows NT 5.1)" "site.musotica.com"
122.168.25.248 - - [07/Sep/2008:05:02:23 -0700] "GET /musotica/images/lingeris.jpg HTTP/1.1" 200 17260 "http://musotica.com/bodyshapers.html" "Mozilla/4.0 (compatible; MSIE 6.0; Windows NT 5.1)" "site.musotica.com"
91.109.141.88 - - [07/Sep/2008:05:02:23 -0700] "GET /musotica/images/newdot.gif HTTP/1.1" 200 62 "http://site.musotica.com/musotica/style/style.css" "Mozilla/5.0 (Windows; U; Windows NT 5.1; en-GB; rv:1.8.1.16) Gecko/20080702 Firefox/2.0.0.16" "site.musotica.com"
91.109.141.88 - - [07/Sep/2008:05:02:23 -0700] "GET /musotica/images/search.gif HTTP/1.1" 200 1538 "http://site.musotica.com/musotica/style/style.css" "Mozilla/5.0 (Windows; U; Windows NT 5.1; en-GB; rv:1.8.1.16) Gecko/20080702 Firefox/2.0.0.16" "site.musotica.com"
91.109.141.88 - - [07/Sep/2008:05:02:23 -0700] "GET /musotica/images/midline.gif HTTP/1.1" 200 49 "http://site.musotica.com/musotica/style/style.css" "Mozilla/5.0 (Windows; U; Windows NT 5.1; en-GB; rv:1.8.1.16) Gecko/20080702 Firefox/2.0.0.16" "site.musotica.com"
122.168.25.248 - - [07/Sep/2008:05:02:24 -0700] "GET /musotica/images/newgreendot.gif HTTP/1.1" 200 49 "http://musotica.com/bodyshapers.html" "Mozilla/4.0 (compatible; MSIE 6.0; Windows NT 5.1)" "site.musotica.com"
91.109.141.88 - - [07/Sep/2008:05:02:24 -0700] "GET /musotica/images/bannerdot.gif HTTP/1.1" 200 49 "http://site.musotica.com/musotica/style/style.css" "Mozilla/5.0 (Windows; U; Windows NT 5.1; en-GB; rv:1.8.1.16) Gecko/20080702 Firefox/2.0.0.16" "site.musotica.com"
208.82.165.125 - - [07/Sep/2008:05:02:24 -0700] "GET /musotica/images/spacer.gif HTTP/1.1" 404 275 "http://musotica.com/shoes.html" "Mozilla/4.0 (compatible; MSIE 7.0; Windows NT 5.1; Mozilla/4.0 (compatible; MSIE 6.0; Windows NT 5.1; SV1) ; Embedded Web Browser from: http://bsalsa.com/; .NET CLR 1.1.4322; .NET CLR 2.0.50727; InfoPath.1; .NET CLR 3.0.04506.30)" "site.musotica.com"
122.168.25.248 - - [07/Sep/2008:05:02:24 -0700] "GET /musotica/images/spacer.gif HTTP/1.1" 404 275 "http://musotica.com/bodyshapers.html" "Mozilla/4.0 (compatible; MSIE 6.0; Windows NT 5.1)" "site.musotica.com"
76.28.145.173 - - [07/Sep/2008:05:02:25 -0700] "GET /musotica/style/style.css HTTP/1.1" 200 2675 "http://musotica.com/coandin.html" "Mozilla/5.0 (Windows; U; Windows NT 6.0; en-US; rv:1.9.0.1) Gecko/2008070208 Firefox/3.0.1" "site.musotica.com"
122.168.25.248 - - [07/Sep/2008:05:02:25 -0700] "GET /musotica/images/clubwear.jpg HTTP/1.1" 200 15480 "http://musotica.com/bodyshapers.html" "Mozilla/4.0 (compatible; MSIE 6.0; Windows NT 5.1)" "site.musotica.com"
76.28.145.173 - - [07/Sep/2008:05:02:25 -0700] "GET /style/rolldiv-mozilla.css HTTP/1.1" 200 711 "http://musotica.com/coandin.html" "Mozilla/5.0 (Windows; U; Windows NT 6.0; en-US; rv:1.9.0.1) Gecko/2008070208 Firefox/3.0.1" "site.musotica.com"
76.28.145.173 - - [07/Sep/2008:05:02:25 -0700] "GET /scripts/rolldiv.js HTTP/1.1" 200 623 "http://musotica.com/coandin.html" "Mozilla/5.0 (Windows; U; Windows NT 6.0; en-US; rv:1.9.0.1) Gecko/2008070208 Firefox/3.0.1" "site.musotica.com"
76.28.145.173 - - [07/Sep/2008:05:02:26 -0700] "GET /scripts/cookies.js HTTP/1.1" 200 1429 "http://musotica.com/coandin.html" "Mozilla/5.0 (Windows; U; Windows NT 6.0; en-US; rv:1.9.0.1) Gecko/2008070208 Firefox/3.0.1" "site.musotica.com"
76.28.145.173 - - [07/Sep/2008:05:02:26 -0700] "GET /scripts/pagging-inner.js HTTP/1.1" 200 24676 "http://musotica.com/coandin.html" "Mozilla/5.0 (Windows; U; Windows NT 6.0; en-US; rv:1.9.0.1) Gecko/2008070208 Firefox/3.0.1" "site.musotica.com"
91.109.141.88 - - [07/Sep/2008:05:02:27 -0700] "GET /musotica/images/newgreendot.gif HTTP/1.1" 200 49 "http://site.musotica.com/musotica/style/style.css" "Mozilla/5.0 (Windows; U; Windows NT 5.1; en-GB; rv:1.8.1.16) Gecko/20080702 Firefox/2.0.0.16" "site.musotica.com"
76.28.145.173 - - [07/Sep/2008:05:02:27 -0700] "GET /scripts/dpv.js HTTP/1.1" 200 1545 "http://musotica.com/coandin.html" "Mozilla/5.0 (Windows; U; Windows NT 6.0; en-US; rv:1.9.0.1) Gecko/2008070208 Firefox/3.0.1" "site.musotica.com"
76.28.145.173 - - [07/Sep/2008:05:02:28 -0700] "GET /musotica/images/spacer.gif HTTP/1.1" 404 275 "http://musotica.com/coandin.html" "Mozilla/5.0 (Windows; U; Windows NT 6.0; en-US; rv:1.9.0.1) Gecko/2008070208 Firefox/3.0.1" "site.musotica.com"
67.166.215.231 - - [07/Sep/2008:05:02:28 -0700] "GET /musotica/images/spacer.gif HTTP/1.1" 404 275 "http://musotica.com/trendylingerie.html" "Mozilla/5.0 (Windows; U; Windows NT 5.1; en-US; rv:1.8.1.16) Gecko/20080702 Firefox/2.0.0.16" "site.musotica.com"
122.168.25.248 - - [07/Sep/2008:05:02:28 -0700] "GET /musotica/images/stockings.jpg HTTP/1.1" 200 15303 "http://musotica.com/bodyshapers.html" "Mozilla/4.0 (compatible; MSIE 6.0; Windows NT 5.1)" "site.musotica.com"
67.166.215.231 - - [07/Sep/2008:05:02:30 -0700] "GET /rolldiv-images/shadow.png HTTP/1.1" 200 175 "http://site.musotica.com/style/rolldiv-mozilla.css" "Mozilla/5.0 (Windows; U; Windows NT 5.1; en-US; rv:1.8.1.16) Gecko/20080702 Firefox/2.0.0.16" "site.musotica.com"
67.166.215.231 - - [07/Sep/2008:05:02:30 -0700] "GET /rolldiv-images/header.png HTTP/1.1" 200 730 "http://site.musotica.com/style/rolldiv-mozilla.css" "Mozilla/5.0 (Windows; U; Windows NT 5.1; en-US; rv:1.8.1.16) Gecko/20080702 Firefox/2.0.0.16" "site.musotica.com"
67.166.215.231 - - [07/Sep/2008:05:02:30 -0700] "GET /rolldiv-images/footer.png HTTP/1.1" 200 637 "http://site.musotica.com/style/rolldiv-mozilla.css" "Mozilla/5.0 (Windows; U; Windows NT 5.1; en-US; rv:1.8.1.16) Gecko/20080702 Firefox/2.0.0.16" "site.musotica.com"
67.166.215.231 - - [07/Sep/2008:05:02:32 -0700] "GET /scripts/cookies.js HTTP/1.1" 200 1429 "http://musotica.com/valentine.html" "Mozilla/5.0 (Windows; U; Windows NT 5.1; en-US; rv:1.8.1.16) Gecko/20080702 Firefox/2.0.0.16" "site.musotica.com"
67.166.215.231 - - [07/Sep/2008:05:02:32 -0700] "GET /scripts/pagging-inner.js HTTP/1.1" 200 24676 "http://musotica.com/valentine.html" "Mozilla/5.0 (Windows; U; Windows NT 5.1; en-US; rv:1.8.1.16) Gecko/20080702 Firefox/2.0.0.16" "site.musotica.com"
67.166.215.231 - - [07/Sep/2008:05:02:32 -0700] "GET /scripts/dpv.js HTTP/1.1" 200 1545 "http://musotica.com/valentine.html" "Mozilla/5.0 (Windows; U; Windows NT 5.1; en-US; rv:1.8.1.16) Gecko/20080702 Firefox/2.0.0.16" "site.musotica.com"
67.166.215.231 - - [07/Sep/2008:05:02:33 -0700] "GET /musotica/images/spacer.gif HTTP/1.1" 404 275 "http://musotica.com/valentine.html" "Mozilla/5.0 (Windows; U; Windows NT 5.1; en-US; rv:1.8.1.16) Gecko/20080702 Firefox/2.0.0.16" "site.musotica.com"
122.168.25.248 - - [07/Sep/2008:05:02:34 -0700] "GET /musotica/images/shoes.jpg HTTP/1.1" 200 14412 "http://musotica.com/bodyshapers.html" "Mozilla/4.0 (compatible; MSIE 6.0; Windows NT 5.1)" "site.musotica.com"
212.134.155.211 - - [07/Sep/2008:05:02:34 -0700] "GET /scripts/paging-images/images/spacer.gif HTTP/1.0" 404 275 "http://musotica.com/pefahaco.html" "Mozilla/5.0 (Windows; U; Windows NT 6.0; en-US; rv:1.9.0.1) Gecko/2008070208 Firefox/3.0.1" "site.musotica.com"
212.134.155.211 - - [07/Sep/2008:05:02:37 -0700] "GET /musotica/images/spacer.gif HTTP/1.0" 404 275 "http://musotica.com/fairy.html" "Mozilla/5.0 (Windows; U; Windows NT 6.0; en-US; rv:1.9.0.1) Gecko/2008070208 Firefox/3.0.1" "site.musotica.com"
117.102.133.23 - - [07/Sep/2008:05:02:37 -0700] "GET /musotica/images/spacer.gif HTTP/1.1" 404 275 "http://musotica.com/secoswwe.html" "Mozilla/4.0 (compatible; MSIE 7.0; Windows NT 5.1)" "site.musotica.com"
208.82.165.125 - - [07/Sep/2008:05:02:38 -0700] "GET /scripts/cookies.js HTTP/1.1" 304 - "http://musotica.com/boots1.html" "Mozilla/4.0 (compatible; MSIE 7.0; Windows NT 5.1; Mozilla/4.0 (compatible; MSIE 6.0; Windows NT 5.1; SV1) ; Embedded Web Browser from: http://bsalsa.com/; .NET CLR 1.1.4322; .NET CLR 2.0.50727; InfoPath.1; .NET CLR 3.0.04506.30)" "site.musotica.com"
208.82.165.125 - - [07/Sep/2008:05:02:38 -0700] "GET /scripts/pagging-inner.js HTTP/1.1" 304 - "http://musotica.com/boots1.html" "Mozilla/4.0 (compatible; MSIE 7.0; Windows NT 5.1; Mozilla/4.0 (compatible; MSIE 6.0; Windows NT 5.1; SV1) ; Embedded Web Browser from: http://bsalsa.com/; .NET CLR 1.1.4322; .NET CLR 2.0.50727; InfoPath.1; .NET CLR 3.0.04506.30)" "site.musotica.com"
86.82.238.131 - - [07/Sep/2008:05:02:38 -0700] "GET /musotica/images/spacer.gif HTTP/1.1" 404 275 "http://musotica.com/bodystockings1.html" "Mozilla/4.0 (compatible; MSIE 6.0; Windows NT 5.1; SV1; .NET CLR 1.1.4322; InfoPath.1)" "site.musotica.com"
208.82.165.125 - - [07/Sep/2008:05:02:39 -0700] "GET /scripts/dpv.js HTTP/1.1" 304 - "http://musotica.com/boots1.html" "Mozilla/4.0 (compatible; MSIE 7.0; Windows NT 5.1; Mozilla/4.0 (compatible; MSIE 6.0; Windows NT 5.1; SV1) ; Embedded Web Browser from: http://bsalsa.com/; .NET CLR 1.1.4322; .NET CLR 2.0.50727; InfoPath.1; .NET CLR 3.0.04506.30)" "site.musotica.com"
208.82.165.125 - - [07/Sep/2008:05:02:40 -0700] "GET /musotica/images/spacer.gif HTTP/1.1" 404 275 "http://musotica.com/boots1.html" "Mozilla/4.0 (compatible; MSIE 7.0; Windows NT 5.1; Mozilla/4.0 (compatible; MSIE 6.0; Windows NT 5.1; SV1) ; Embedded Web Browser from: http://bsalsa.com/; .NET CLR 1.1.4322; .NET CLR 2.0.50727; InfoPath.1; .NET CLR 3.0.04506.30)" "site.musotica.com"
122.168.25.248 - - [07/Sep/2008:05:02:43 -0700] "GET /musotica/images/accessories.jpg HTTP/1.1" 200 17113 "http://musotica.com/bodyshapers.html" "Mozilla/4.0 (compatible; MSIE 6.0; Windows NT 5.1)" "site.musotica.com"
194.72.9.26 - - [07/Sep/2008:05:02:43 -0700] "GET /musotica/style/style.css HTTP/1.1" 200 2675 "http://musotica.com/seswpi.html?gclid=CJzJ2KPRyZUCFQQtGgodVmzzig" "Mozilla/4.0 (compatible; MSIE 7.0; Windows NT 5.1; YPC 3.2.0; FunWebProducts; .NET CLR 1.0.3705; .NET CLR 1.1.4322; Media Center PC 4.0)" "site.musotica.com"
67.166.215.231 - - [07/Sep/2008:05:02:44 -0700] "GET /musotica/images/spacer.gif HTTP/1.1" 404 275 "http://musotica.com/trendylingerie.html" "Mozilla/5.0 (Windows; U; Windows NT 5.1; en-US; rv:1.8.1.16) Gecko/20080702 Firefox/2.0.0.16" "site.musotica.com"
194.72.9.26 - - [07/Sep/2008:05:02:44 -0700] "GET /style/rolldiv-ie.css HTTP/1.1" 200 809 "http://musotica.com/seswpi.html?gclid=CJzJ2KPRyZUCFQQtGgodVmzzig" "Mozilla/4.0 (compatible; MSIE 7.0; Windows NT 5.1; YPC 3.2.0; FunWebProducts; .NET CLR 1.0.3705; .NET CLR 1.1.4322; Media Center PC 4.0)" "site.musotica.com"
194.72.9.26 - - [07/Sep/2008:05:02:44 -0700] "GET /scripts/rolldiv.js HTTP/1.1" 200 623 "http://musotica.com/seswpi.html?gclid=CJzJ2KPRyZUCFQQtGgodVmzzig" "Mozilla/4.0 (compatible; MSIE 7.0; Windows NT 5.1; YPC 3.2.0; FunWebProducts; .NET CLR 1.0.3705; .NET CLR 1.1.4322; Media Center PC 4.0)" "site.musotica.com"
194.72.9.26 - - [07/Sep/2008:05:02:44 -0700] "GET /musotica/images/logo.gif HTTP/1.1" 200 2006 "http://musotica.com/seswpi.html?gclid=CJzJ2KPRyZUCFQQtGgodVmzzig" "Mozilla/4.0 (compatible; MSIE 7.0; Windows NT 5.1; YPC 3.2.0; FunWebProducts; .NET CLR 1.0.3705; .NET CLR 1.1.4322; Media Center PC 4.0)" "site.musotica.com"
194.72.9.26 - - [07/Sep/2008:05:02:44 -0700] "GET /musotica/images/phone.gif HTTP/1.1" 200 385 "http://musotica.com/seswpi.html?gclid=CJzJ2KPRyZUCFQQtGgodVmzzig" "Mozilla/4.0 (compatible; MSIE 7.0; Windows NT 5.1; YPC 3.2.0; FunWebProducts; .NET CLR 1.0.3705; .NET CLR 1.1.4322; Media Center PC 4.0)" "site.musotica.com"
194.72.9.26 - - [07/Sep/2008:05:02:44 -0700] "GET /rolldiv-images/shadow.png HTTP/1.1" 200 175 "-" "Mozilla/4.0 (compatible; MSIE 7.0; Windows NT 5.1; YPC 3.2.0; FunWebProducts; .NET CLR 1.0.3705; .NET CLR 1.1.4322; Media Center PC 4.0)" "site.musotica.com"
194.72.9.26 - - [07/Sep/2008:05:02:44 -0700] "GET /musotica/images/home.gif HTTP/1.1" 200 70 "http://musotica.com/seswpi.html?gclid=CJzJ2KPRyZUCFQQtGgodVmzzig" "Mozilla/4.0 (compatible; MSIE 7.0; Windows NT 5.1; YPC 3.2.0; FunWebProducts; .NET CLR 1.0.3705; .NET CLR 1.1.4322; Media Center PC 4.0)" "site.musotica.com"
194.72.9.26 - - [07/Sep/2008:05:02:45 -0700] "GET /musotica/images/tell.gif HTTP/1.1" 200 67 "http://musotica.com/seswpi.html?gclid=CJzJ2KPRyZUCFQQtGgodVmzzig" "Mozilla/4.0 (compatible; MSIE 7.0; Windows NT 5.1; YPC 3.2.0; FunWebProducts; .NET CLR 1.0.3705; .NET CLR 1.1.4322; Media Center PC 4.0)" "site.musotica.com"
194.72.9.26 - - [07/Sep/2008:05:02:45 -0700] "GET /musotica/images/head_strip.gif HTTP/1.1" 200 63 "http://musotica.com/seswpi.html?gclid=CJzJ2KPRyZUCFQQtGgodVmzzig" "Mozilla/4.0 (compatible; MSIE 7.0; Windows NT 5.1; YPC 3.2.0; FunWebProducts; .NET CLR 1.0.3705; .NET CLR 1.1.4322; Media Center PC 4.0)" "site.musotica.com"
194.72.9.26 - - [07/Sep/2008:05:02:45 -0700] "GET /musotica/images/bookmark.gif HTTP/1.1" 200 124 "http://musotica.com/seswpi.html?gclid=CJzJ2KPRyZUCFQQtGgodVmzzig" "Mozilla/4.0 (compatible; MSIE 7.0; Windows NT 5.1; YPC 3.2.0; FunWebProducts; .NET CLR 1.0.3705; .NET CLR 1.1.4322; Media Center PC 4.0)" "site.musotica.com"
194.72.9.26 - - [07/Sep/2008:05:02:45 -0700] "GET /musotica/images/go.gif HTTP/1.1" 200 731 "http://musotica.com/seswpi.html?gclid=CJzJ2KPRyZUCFQQtGgodVmzzig" "Mozilla/4.0 (compatible; MSIE 7.0; Windows NT 5.1; YPC 3.2.0; FunWebProducts; .NET CLR 1.0.3705; .NET CLR 1.1.4322; Media Center PC 4.0)" "site.musotica.com"
216.239.50.136 - - [07/Sep/2008:05:02:45 -0700] "GET /scripts/dpv.js HTTP/1.0" 200 1545 "http://musotica.com/sexynavygirls.html" "Mozilla/4.0 (compatible; MSIE 6.0; Windows NT 5.0; Google Wireless Transcoder;)" "site.musotica.com"
216.239.50.136 - - [07/Sep/2008:05:02:45 -0700] "GET /scripts/rolldiv.js HTTP/1.0" 200 623 "http://musotica.com/sexynavygirls.html" "Mozilla/4.0 (compatible; MSIE 6.0; Windows NT 5.0; Google Wireless Transcoder;)" "site.musotica.com"
216.239.50.136 - - [07/Sep/2008:05:02:45 -0700] "GET /scripts/cookies.js HTTP/1.0" 200 1429 "http://musotica.com/sexynavygirls.html" "Mozilla/4.0 (compatible; MSIE 6.0; Windows NT 5.0; Google Wireless Transcoder;)" "site.musotica.com"
216.239.50.136 - - [07/Sep/2008:05:02:45 -0700] "GET /scripts/pagging-inner.js HTTP/1.0" 200 24676 "http://musotica.com/sexynavygirls.html" "Mozilla/4.0 (compatible; MSIE 6.0; Windows NT 5.0; Google Wireless Transcoder;)" "site.musotica.com"
194.72.9.26 - - [07/Sep/2008:05:02:45 -0700] "GET /musotica/images/shop.gif HTTP/1.1" 200 83 "http://musotica.com/seswpi.html?gclid=CJzJ2KPRyZUCFQQtGgodVmzzig" "Mozilla/4.0 (compatible; MSIE 7.0; Windows NT 5.1; YPC 3.2.0; FunWebProducts; .NET CLR 1.0.3705; .NET CLR 1.1.4322; Media Center PC 4.0)" "site.musotica.com"
194.72.9.26 - - [07/Sep/2008:05:02:45 -0700] "GET /musotica/images/newdot.gif HTTP/1.1" 200 62 "http://musotica.com/seswpi.html?gclid=CJzJ2KPRyZUCFQQtGgodVmzzig" "Mozilla/4.0 (compatible; MSIE 7.0; Windows NT 5.1; YPC 3.2.0; FunWebProducts; .NET CLR 1.0.3705; .NET CLR 1.1.4322; Media Center PC 4.0)" "site.musotica.com"
194.72.9.26 - - [07/Sep/2008:05:02:45 -0700] "GET /musotica/images/arrow.gif HTTP/1.1" 200 61 "http://musotica.com/seswpi.html?gclid=CJzJ2KPRyZUCFQQtGgodVmzzig" "Mozilla/4.0 (compatible; MSIE 7.0; Windows NT 5.1; YPC 3.2.0; FunWebProducts; .NET CLR 1.0.3705; .NET CLR 1.1.4322; Media Center PC 4.0)" "site.musotica.com"
194.72.9.26 - - [07/Sep/2008:05:02:45 -0700] "GET /musotica/images/search.gif HTTP/1.1" 200 1538 "http://musotica.com/seswpi.html?gclid=CJzJ2KPRyZUCFQQtGgodVmzzig" "Mozilla/4.0 (compatible; MSIE 7.0; Windows NT 5.1; YPC 3.2.0; FunWebProducts; .NET CLR 1.0.3705; .NET CLR 1.1.4322; Media Center PC 4.0)" "site.musotica.com"
74.125.16.35 - - [07/Sep/2008:05:02:45 -0700] "GET /musotica/images/pay.jpg HTTP/1.1" 200 13131 "-" "Mozilla/4.0 (compatible; MSIE 6.0; Windows NT 5.0;Google Wireless Transcoder;)" "site.musotica.com"
74.125.16.67 - - [07/Sep/2008:05:02:45 -0700] "GET /musotica/images/ss.jpg HTTP/1.1" 200 5500 "-" "Mozilla/4.0 (compatible; MSIE 6.0; Windows NT 5.0;Google Wireless Transcoder;)" "site.musotica.com"
74.125.16.35 - - [07/Sep/2008:05:02:45 -0700] "GET /musotica/images/logo.gif HTTP/1.1" 200 2006 "-" "Mozilla/4.0 (compatible; MSIE 6.0; Windows NT 5.0;Google Wireless Transcoder;)" "site.musotica.com"
74.125.16.35 - - [07/Sep/2008:05:02:45 -0700] "GET /musotica/images/clubwear.jpg HTTP/1.1" 200 15480 "-" "Mozilla/4.0 (compatible; MSIE 6.0; Windows NT 5.0;Google Wireless Transcoder;)" "site.musotica.com"
74.125.16.67 - - [07/Sep/2008:05:02:45 -0700] "GET /musotica/images/shoes.jpg HTTP/1.1" 200 14412 "-" "Mozilla/4.0 (compatible; MSIE 6.0; Windows NT 5.0;Google Wireless Transcoder;)" "site.musotica.com"
74.125.16.1 - - [07/Sep/2008:05:02:45 -0700] "GET /musotica/images/stockings.jpg HTTP/1.1" 200 15303 "-" "Mozilla/4.0 (compatible; MSIE 6.0; Windows NT 5.0;Google Wireless Transcoder;)" "site.musotica.com"
74.125.16.35 - - [07/Sep/2008:05:02:45 -0700] "GET /musotica/images/accessories.jpg HTTP/1.1" 200 17113 "-" "Mozilla/4.0 (compatible; MSIE 6.0; Windows NT 5.0;Google Wireless Transcoder;)" "site.musotica.com"
74.125.16.1 - - [07/Sep/2008:05:02:46 -0700] "GET /musotica/images/lingeris.jpg HTTP/1.1" 200 17260 "-" "Mozilla/4.0 (compatible; MSIE 6.0; Windows NT 5.0;Google Wireless Transcoder;)" "site.musotica.com"
194.72.9.26 - - [07/Sep/2008:05:02:46 -0700] "GET /musotica/images/midline.gif HTTP/1.1" 200 49 "http://musotica.com/seswpi.html?gclid=CJzJ2KPRyZUCFQQtGgodVmzzig" "Mozilla/4.0 (compatible; MSIE 7.0; Windows NT 5.1; YPC 3.2.0; FunWebProducts; .NET CLR 1.0.3705; .NET CLR 1.1.4322; Media Center PC 4.0)" "site.musotica.com"
194.72.9.26 - - [07/Sep/2008:05:02:46 -0700] "GET /scripts/cookies.js HTTP/1.1" 200 1429 "http://musotica.com/seswpi.html?gclid=CJzJ2KPRyZUCFQQtGgodVmzzig" "Mozilla/4.0 (compatible; MSIE 7.0; Windows NT 5.1; YPC 3.2.0; FunWebProducts; .NET CLR 1.0.3705; .NET CLR 1.1.4322; Media Center PC 4.0)" "site.musotica.com"
194.72.9.26 - - [07/Sep/2008:05:02:46 -0700] "GET /scripts/pagging-inner.js HTTP/1.1" 200 24676 "http://musotica.com/seswpi.html?gclid=CJzJ2KPRyZUCFQQtGgodVmzzig" "Mozilla/4.0 (compatible; MSIE 7.0; Windows NT 5.1; YPC 3.2.0; FunWebProducts; .NET CLR 1.0.3705; .NET CLR 1.1.4322; Media Center PC 4.0)" "site.musotica.com"
194.72.9.26 - - [07/Sep/2008:05:02:46 -0700] "GET /scripts/dpv.js HTTP/1.1" 200 1545 "http://musotica.com/seswpi.html?gclid=CJzJ2KPRyZUCFQQtGgodVmzzig" "Mozilla/4.0 (compatible; MSIE 7.0; Windows NT 5.1; YPC 3.2.0; FunWebProducts; .NET CLR 1.0.3705; .NET CLR 1.1.4322; Media Center PC 4.0)" "site.musotica.com"
194.72.9.26 - - [07/Sep/2008:05:02:47 -0700] "GET /musotica/images/lingeris.jpg HTTP/1.1" 200 17260 "http://musotica.com/seswpi.html?gclid=CJzJ2KPRyZUCFQQtGgodVmzzig" "Mozilla/4.0 (compatible; MSIE 7.0; Windows NT 5.1; YPC 3.2.0; FunWebProducts; .NET CLR 1.0.3705; .NET CLR 1.1.4322; Media Center PC 4.0)" "site.musotica.com"
194.72.9.26 - - [07/Sep/2008:05:02:47 -0700] "GET /musotica/images/spacer.gif HTTP/1.1" 404 275 "http://musotica.com/seswpi.html?gclid=CJzJ2KPRyZUCFQQtGgodVmzzig" "Mozilla/4.0 (compatible; MSIE 7.0; Windows NT 5.1; YPC 3.2.0; FunWebProducts; .NET CLR 1.0.3705; .NET CLR 1.1.4322; Media Center PC 4.0)" "site.musotica.com"
194.72.9.26 - - [07/Sep/2008:05:02:47 -0700] "GET /musotica/images/clubwear.jpg HTTP/1.1" 200 15480 "http://musotica.com/seswpi.html?gclid=CJzJ2KPRyZUCFQQtGgodVmzzig" "Mozilla/4.0 (compatible; MSIE 7.0; Windows NT 5.1; YPC 3.2.0; FunWebProducts; .NET CLR 1.0.3705; .NET CLR 1.1.4322; Media Center PC 4.0)" "site.musotica.com"
194.72.9.26 - - [07/Sep/2008:05:02:47 -0700] "GET /musotica/images/stockings.jpg HTTP/1.1" 200 15303 "http://musotica.com/seswpi.html?gclid=CJzJ2KPRyZUCFQQtGgodVmzzig" "Mozilla/4.0 (compatible; MSIE 7.0; Windows NT 5.1; YPC 3.2.0; FunWebProducts; .NET CLR 1.0.3705; .NET CLR 1.1.4322; Media Center PC 4.0)" "site.musotica.com"
194.72.9.26 - - [07/Sep/2008:05:02:48 -0700] "GET /musotica/images/shoes.jpg HTTP/1.1" 200 14412 "http://musotica.com/seswpi.html?gclid=CJzJ2KPRyZUCFQQtGgodVmzzig" "Mozilla/4.0 (compatible; MSIE 7.0; Windows NT 5.1; YPC 3.2.0; FunWebProducts; .NET CLR 1.0.3705; .NET CLR 1.1.4322; Media Center PC 4.0)" "site.musotica.com"
194.72.9.26 - - [07/Sep/2008:05:02:48 -0700] "GET /musotica/images/accessories.jpg HTTP/1.1" 200 17113 "http://musotica.com/seswpi.html?gclid=CJzJ2KPRyZUCFQQtGgodVmzzig" "Mozilla/4.0 (compatible; MSIE 7.0; Windows NT 5.1; YPC 3.2.0; FunWebProducts; .NET CLR 1.0.3705; .NET CLR 1.1.4322; Media Center PC 4.0)" "site.musotica.com"
194.72.9.26 - - [07/Sep/2008:05:02:48 -0700] "GET /musotica/images/pay.jpg HTTP/1.1" 200 13131 "http://musotica.com/seswpi.html?gclid=CJzJ2KPRyZUCFQQtGgodVmzzig" "Mozilla/4.0 (compatible; MSIE 7.0; Windows NT 5.1; YPC 3.2.0; FunWebProducts; .NET CLR 1.0.3705; .NET CLR 1.1.4322; Media Center PC 4.0)" "site.musotica.com"
86.82.238.131 - - [07/Sep/2008:05:02:48 -0700] "GET /musotica/images/spacer.gif HTTP/1.1" 404 275 "http://musotica.com/stockings.html" "Mozilla/4.0 (compatible; MSIE 6.0; Windows NT 5.1; SV1; .NET CLR 1.1.4322; InfoPath.1)" "site.musotica.com"
194.72.9.26 - - [07/Sep/2008:05:02:48 -0700] "GET /musotica/images/ss.jpg HTTP/1.1" 200 5500 "http://musotica.com/seswpi.html?gclid=CJzJ2KPRyZUCFQQtGgodVmzzig" "Mozilla/4.0 (compatible; MSIE 7.0; Windows NT 5.1; YPC 3.2.0; FunWebProducts; .NET CLR 1.0.3705; .NET CLR 1.1.4322; Media Center PC 4.0)" "site.musotica.com"
194.72.9.26 - - [07/Sep/2008:05:02:49 -0700] "GET /musotica/images/bannerdot.gif HTTP/1.1" 200 49 "http://musotica.com/seswpi.html?gclid=CJzJ2KPRyZUCFQQtGgodVmzzig" "Mozilla/4.0 (compatible; MSIE 7.0; Windows NT 5.1; YPC 3.2.0; FunWebProducts; .NET CLR 1.0.3705; .NET CLR 1.1.4322; Media Center PC 4.0)" "site.musotica.com"
194.72.9.26 - - [07/Sep/2008:05:02:49 -0700] "GET /musotica/images/newgreendot.gif HTTP/1.1" 200 49 "http://musotica.com/seswpi.html?gclid=CJzJ2KPRyZUCFQQtGgodVmzzig" "Mozilla/4.0 (compatible; MSIE 7.0; Windows NT 5.1; YPC 3.2.0; FunWebProducts; .NET CLR 1.0.3705; .NET CLR 1.1.4322; Media Center PC 4.0)" "site.musotica.com"
194.72.9.26 - - [07/Sep/2008:05:02:50 -0700] "GET /rolldiv-images/header.png HTTP/1.1" 200 730 "-" "Mozilla/4.0 (compatible; MSIE 7.0; Windows NT 5.1; YPC 3.2.0; FunWebProducts; .NET CLR 1.0.3705; .NET CLR 1.1.4322; Media Center PC 4.0)" "site.musotica.com"
194.72.9.26 - - [07/Sep/2008:05:02:50 -0700] "GET /rolldiv-images/footer.png HTTP/1.1" 200 637 "-" "Mozilla/4.0 (compatible; MSIE 7.0; Windows NT 5.1; YPC 3.2.0; FunWebProducts; .NET CLR 1.0.3705; .NET CLR 1.1.4322; Media Center PC 4.0)" "site.musotica.com"
76.226.14.10 - - [07/Sep/2008:05:02:51 -0700] "GET /style/rolldiv-ie.css HTTP/1.1" 200 809 "http://musotica.com/haco.html" "Mozilla/4.0 (compatible; MSIE 6.0; Windows NT 5.1; SV1; .NET CLR 1.1.4322; .NET CLR 2.0.50727)" "site.musotica.com"
76.226.14.10 - - [07/Sep/2008:05:02:51 -0700] "GET /scripts/rolldiv.js HTTP/1.1" 200 623 "http://musotica.com/haco.html" "Mozilla/4.0 (compatible; MSIE 6.0; Windows NT 5.1; SV1; .NET CLR 1.1.4322; .NET CLR 2.0.50727)" "site.musotica.com"
76.226.14.10 - - [07/Sep/2008:05:02:52 -0700] "GET /musotica/images/lingeris.jpg HTTP/1.1" 200 17260 "http://musotica.com/haco.html" "Mozilla/4.0 (compatible; MSIE 6.0; Windows NT 5.1; SV1; .NET CLR 1.1.4322; .NET CLR 2.0.50727)" "site.musotica.com"
76.226.14.10 - - [07/Sep/2008:05:02:52 -0700] "GET /musotica/images/spacer.gif HTTP/1.1" 404 275 "http://musotica.com/haco.html" "Mozilla/4.0 (compatible; MSIE 6.0; Windows NT 5.1; SV1; .NET CLR 1.1.4322; .NET CLR 2.0.50727)" "site.musotica.com"
76.226.14.10 - - [07/Sep/2008:05:02:52 -0700] "GET /rolldiv-images/shadow.png HTTP/1.1" 200 175 "-" "Mozilla/4.0 (compatible; MSIE 6.0; Windows NT 5.1; SV1; .NET CLR 1.1.4322; .NET CLR 2.0.50727)" "site.musotica.com"
76.226.14.10 - - [07/Sep/2008:05:02:52 -0700] "GET /musotica/images/clubwear.jpg HTTP/1.1" 200 15480 "http://musotica.com/haco.html" "Mozilla/4.0 (compatible; MSIE 6.0; Windows NT 5.1; SV1; .NET CLR 1.1.4322; .NET CLR 2.0.50727)" "site.musotica.com"
76.226.14.10 - - [07/Sep/2008:05:02:52 -0700] "GET /musotica/images/stockings.jpg HTTP/1.1" 200 15303 "http://musotica.com/haco.html" "Mozilla/4.0 (compatible; MSIE 6.0; Windows NT 5.1; SV1; .NET CLR 1.1.4322; .NET CLR 2.0.50727)" "site.musotica.com"
76.226.14.10 - - [07/Sep/2008:05:02:53 -0700] "GET /musotica/images/shoes.jpg HTTP/1.1" 200 14412 "http://musotica.com/haco.html" "Mozilla/4.0 (compatible; MSIE 6.0; Windows NT 5.1; SV1; .NET CLR 1.1.4322; .NET CLR 2.0.50727)" "site.musotica.com"
76.226.14.10 - - [07/Sep/2008:05:02:53 -0700] "GET /musotica/images/accessories.jpg HTTP/1.1" 200 17113 "http://musotica.com/haco.html" "Mozilla/4.0 (compatible; MSIE 6.0; Windows NT 5.1; SV1; .NET CLR 1.1.4322; .NET CLR 2.0.50727)" "site.musotica.com"
76.226.14.10 - - [07/Sep/2008:05:02:53 -0700] "GET /rolldiv-images/header.png HTTP/1.1" 200 730 "-" "Mozilla/4.0 (compatible; MSIE 6.0; Windows NT 5.1; SV1; .NET CLR 1.1.4322; .NET CLR 2.0.50727)" "site.musotica.com"
76.226.14.10 - - [07/Sep/2008:05:02:53 -0700] "GET /rolldiv-images/footer.png HTTP/1.1" 200 637 "-" "Mozilla/4.0 (compatible; MSIE 6.0; Windows NT 5.1; SV1; .NET CLR 1.1.4322; .NET CLR 2.0.50727)" "site.musotica.com"
122.168.25.248 - - [07/Sep/2008:05:02:54 -0700] "GET /rolldiv-images/header.png HTTP/1.1" 200 730 "-" "Mozilla/4.0 (compatible; MSIE 6.0; Windows NT 5.1)" "site.musotica.com"
122.168.25.248 - - [07/Sep/2008:05:02:57 -0700] "GET /musotica/images/pay.jpg HTTP/1.1" 200 13131 "http://musotica.com/bodyshapers.html" "Mozilla/4.0 (compatible; MSIE 6.0; Windows NT 5.1)" "site.musotica.com"
86.82.238.131 - - [07/Sep/2008:05:02:59 -0700] "GET /scripts/paging-images/images/spacer.gif HTTP/1.1" 404 275 "http://musotica.com/cubanstockings.html" "Mozilla/4.0 (compatible; MSIE 6.0; Windows NT 5.1; SV1; .NET CLR 1.1.4322; InfoPath.1)" "site.musotica.com"
67.166.215.231 - - [07/Sep/2008:05:03:00 -0700] "GET /scripts/paging-images/images/spacer.gif HTTP/1.1" 404 275 "http://musotica.com/adsnwhcoseha.html" "Mozilla/5.0 (Windows; U; Windows NT 5.1; en-US; rv:1.8.1.16) Gecko/20080702 Firefox/2.0.0.16" "site.musotica.com"
67.166.215.231 - - [07/Sep/2008:05:03:00 -0700] "GET /musotica/images/spacer.gif HTTP/1.1" 404 275 "http://musotica.com/adsnwhcoseha.html" "Mozilla/5.0 (Windows; U; Windows NT 5.1; en-US; rv:1.8.1.16) Gecko/20080702 Firefox/2.0.0.16" "site.musotica.com"
86.82.238.131 - - [07/Sep/2008:05:03:00 -0700] "GET /musotica/images/spacer.gif HTTP/1.1" 404 275 "http://musotica.com/cubanstockings.html" "Mozilla/4.0 (compatible; MSIE 6.0; Windows NT 5.1; SV1; .NET CLR 1.1.4322; InfoPath.1)" "site.musotica.com"
122.168.25.248 - - [07/Sep/2008:05:03:10 -0700] "GET /rolldiv-images/footer.png HTTP/1.1" 200 637 "-" "Mozilla/4.0 (compatible; MSIE 6.0; Windows NT 5.1)" "site.musotica.com"
122.168.25.248 - - [07/Sep/2008:05:03:13 -0700] "GET /musotica/images/ss.jpg HTTP/1.1" 200 5500 "http://musotica.com/bodyshapers.html" "Mozilla/4.0 (compatible; MSIE 6.0; Windows NT 5.1)" "site.musotica.com"
76.28.145.173 - - [07/Sep/2008:05:03:17 -0700] "GET /musotica/style/style.css HTTP/1.1" 200 2675 "http://musotica.com/haco.html" "Mozilla/5.0 (Windows; U; Windows NT 6.0; en-US; rv:1.9.0.1) Gecko/2008070208 Firefox/3.0.1" "site.musotica.com"
76.28.145.173 - - [07/Sep/2008:05:03:17 -0700] "GET /style/rolldiv-mozilla.css HTTP/1.1" 200 711 "http://musotica.com/haco.html" "Mozilla/5.0 (Windows; U; Windows NT 6.0; en-US; rv:1.9.0.1) Gecko/2008070208 Firefox/3.0.1" "site.musotica.com"
76.28.145.173 - - [07/Sep/2008:05:03:17 -0700] "GET /scripts/rolldiv.js HTTP/1.1" 200 623 "http://musotica.com/haco.html" "Mozilla/5.0 (Windows; U; Windows NT 6.0; en-US; rv:1.9.0.1) Gecko/2008070208 Firefox/3.0.1" "site.musotica.com"
76.28.145.173 - - [07/Sep/2008:05:03:18 -0700] "GET /musotica/images/spacer.gif HTTP/1.1" 404 275 "http://musotica.com/haco.html" "Mozilla/5.0 (Windows; U; Windows NT 6.0; en-US; rv:1.9.0.1) Gecko/2008070208 Firefox/3.0.1" "site.musotica.com"
76.28.145.173 - - [07/Sep/2008:05:03:19 -0700] "GET /rolldiv-images/header.png HTTP/1.1" 200 730 "http://site.musotica.com/style/rolldiv-mozilla.css" "Mozilla/5.0 (Windows; U; Windows NT 6.0; en-US; rv:1.9.0.1) Gecko/2008070208 Firefox/3.0.1" "site.musotica.com"
76.28.145.173 - - [07/Sep/2008:05:03:19 -0700] "GET /rolldiv-images/shadow.png HTTP/1.1" 200 175 "http://site.musotica.com/style/rolldiv-mozilla.css" "Mozilla/5.0 (Windows; U; Windows NT 6.0; en-US; rv:1.9.0.1) Gecko/2008070208 Firefox/3.0.1" "site.musotica.com"
76.28.145.173 - - [07/Sep/2008:05:03:19 -0700] "GET /rolldiv-images/footer.png HTTP/1.1" 200 637 "http://site.musotica.com/style/rolldiv-mozilla.css" "Mozilla/5.0 (Windows; U; Windows NT 6.0; en-US; rv:1.9.0.1) Gecko/2008070208 Firefox/3.0.1" "site.musotica.com"
117.102.133.23 - - [07/Sep/2008:05:03:29 -0700] "GET /musotica/images/spacer.gif HTTP/1.1" 404 275 "http://search.store.yahoo.net/cgi-bin/nsearch?catalog=musoticawear&query=polka%20dot%20bikini&.autodone=http://www.musotica.com/nsearch.html" "Mozilla/4.0 (compatible; MSIE 7.0; Windows NT 5.1)" "site.musotica.com"
76.28.145.173 - - [07/Sep/2008:05:03:34 -0700] "GET /musotica/style/style.css HTTP/1.1" 200 2675 "http://musotica.com/menshalloween.html" "Mozilla/5.0 (Windows; U; Windows NT 6.0; en-US; rv:1.9.0.1) Gecko/2008070208 Firefox/3.0.1" "site.musotica.com"
76.28.145.173 - - [07/Sep/2008:05:03:35 -0700] "GET /scripts/rolldiv.js HTTP/1.1" 200 623 "http://musotica.com/menshalloween.html" "Mozilla/5.0 (Windows; U; Windows NT 6.0; en-US; rv:1.9.0.1) Gecko/2008070208 Firefox/3.0.1" "site.musotica.com"
76.28.145.173 - - [07/Sep/2008:05:03:35 -0700] "GET /style/rolldiv-mozilla.css HTTP/1.1" 200 711 "http://musotica.com/menshalloween.html" "Mozilla/5.0 (Windows; U; Windows NT 6.0; en-US; rv:1.9.0.1) Gecko/2008070208 Firefox/3.0.1" "site.musotica.com"
76.28.145.173 - - [07/Sep/2008:05:03:35 -0700] "GET /scripts/cookies.js HTTP/1.1" 200 1429 "http://musotica.com/menshalloween.html" "Mozilla/5.0 (Windows; U; Windows NT 6.0; en-US; rv:1.9.0.1) Gecko/2008070208 Firefox/3.0.1" "site.musotica.com"
76.28.145.173 - - [07/Sep/2008:05:03:35 -0700] "GET /scripts/pagging-inner.js HTTP/1.1" 200 24676 "http://musotica.com/menshalloween.html" "Mozilla/5.0 (Windows; U; Windows NT 6.0; en-US; rv:1.9.0.1) Gecko/2008070208 Firefox/3.0.1" "site.musotica.com"
76.28.145.173 - - [07/Sep/2008:05:03:36 -0700] "GET /scripts/dpv.js HTTP/1.1" 200 1545 "http://musotica.com/menshalloween.html" "Mozilla/5.0 (Windows; U; Windows NT 6.0; en-US; rv:1.9.0.1) Gecko/2008070208 Firefox/3.0.1" "site.musotica.com"
76.28.145.173 - - [07/Sep/2008:05:03:37 -0700] "GET /musotica/images/spacer.gif HTTP/1.1" 404 275 "http://musotica.com/menshalloween.html" "Mozilla/5.0 (Windows; U; Windows NT 6.0; en-US; rv:1.9.0.1) Gecko/2008070208 Firefox/3.0.1" "site.musotica.com"
122.55.181.251 - - [07/Sep/2008:05:03:38 -0700] "GET /rolldiv-images/shadow.png HTTP/1.1" 200 175 "http://musotica.com/trendylingerie.html" "Mozilla/5.0 (Macintosh; U; Intel Mac OS X 10_5_4; en-us) AppleWebKit/525.18 (KHTML, like Gecko) Version/3.1.2 Safari/525.20.1" "site.musotica.com"
122.55.181.251 - - [07/Sep/2008:05:03:38 -0700] "GET /rolldiv-images/header.png HTTP/1.1" 200 730 "http://musotica.com/trendylingerie.html" "Mozilla/5.0 (Macintosh; U; Intel Mac OS X 10_5_4; en-us) AppleWebKit/525.18 (KHTML, like Gecko) Version/3.1.2 Safari/525.20.1" "site.musotica.com"
122.55.181.251 - - [07/Sep/2008:05:03:38 -0700] "GET /rolldiv-images/footer.png HTTP/1.1" 200 637 "http://musotica.com/trendylingerie.html" "Mozilla/5.0 (Macintosh; U; Intel Mac OS X 10_5_4; en-us) AppleWebKit/525.18 (KHTML, like Gecko) Version/3.1.2 Safari/525.20.1" "site.musotica.com"
76.28.145.173 - - [07/Sep/2008:05:03:46 -0700] "GET /musotica/style/style.css HTTP/1.1" 200 2675 "http://musotica.com/haco.html" "Mozilla/5.0 (Windows; U; Windows NT 6.0; en-US; rv:1.9.0.1) Gecko/2008070208 Firefox/3.0.1" "site.musotica.com"
76.28.145.173 - - [07/Sep/2008:05:03:47 -0700] "GET /style/rolldiv-mozilla.css HTTP/1.1" 200 711 "http://musotica.com/haco.html" "Mozilla/5.0 (Windows; U; Windows NT 6.0; en-US; rv:1.9.0.1) Gecko/2008070208 Firefox/3.0.1" "site.musotica.com"
76.28.145.173 - - [07/Sep/2008:05:03:47 -0700] "GET /scripts/rolldiv.js HTTP/1.1" 200 623 "http://musotica.com/haco.html" "Mozilla/5.0 (Windows; U; Windows NT 6.0; en-US; rv:1.9.0.1) Gecko/2008070208 Firefox/3.0.1" "site.musotica.com"
