89.247.4.173 - - [07/Sep/2008:05:36:21 -0700] "GET /musotica/images/newgreendot.gif HTTP/1.1" 200 49 "http://musotica.com/sexywings.html" "Mozilla/4.0 (compatible; MSIE 7.0; Windows NT 5.1; Mozilla/4.0 (compatible; MSIE 6.0; Windows NT 5.1; SV1) ; .NET CLR 1.1.4322)" "site.musotica.com"
85.138.168.45 - - [07/Sep/2008:05:36:21 -0700] "GET /musotica/style/style.css HTTP/1.1" 304 - "http://musotica.com/goandpr.html" "Mozilla/4.0 (compatible; MSIE 6.0; Windows NT 5.1)" "site.musotica.com"
83.29.32.179 - - [07/Sep/2008:05:36:21 -0700] "GET /musotica/images/ss.jpg HTTP/1.1" 200 5500 "http://musotica.com/corsett.html" "Mozilla/5.0 (Windows; U; Windows NT 5.1; pl; rv:1.9.0.1) Gecko/2008070208 Firefox/3.0.1" "site.musotica.com"
89.247.4.173 - - [07/Sep/2008:05:36:22 -0700] "GET /musotica/images/spacer.gif HTTP/1.1" 404 275 "http://musotica.com/sexywings.html" "Mozilla/4.0 (compatible; MSIE 7.0; Windows NT 5.1; Mozilla/4.0 (compatible; MSIE 6.0; Windows NT 5.1; SV1) ; .NET CLR 1.1.4322)" "site.musotica.com"
83.29.32.179 - - [07/Sep/2008:05:36:22 -0700] "GET /musotica/images/shoes.jpg HTTP/1.1" 200 14412 "http://musotica.com/corsett.html" "Mozilla/5.0 (Windows; U; Windows NT 5.1; pl; rv:1.9.0.1) Gecko/2008070208 Firefox/3.0.1" "site.musotica.com"
89.247.4.173 - - [07/Sep/2008:05:36:22 -0700] "GET /musotica/images/clubwear.jpg HTTP/1.1" 200 15480 "http://musotica.com/sexywings.html" "Mozilla/4.0 (compatible; MSIE 7.0; Windows NT 5.1; Mozilla/4.0 (compatible; MSIE 6.0; Windows NT 5.1; SV1) ; .NET CLR 1.1.4322)" "site.musotica.com"
89.247.4.173 - - [07/Sep/2008:05:36:22 -0700] "GET /musotica/images/stockings.jpg HTTP/1.1" 200 15303 "http://musotica.com/sexywings.html" "Mozilla/4.0 (compatible; MSIE 7.0; Windows NT 5.1; Mozilla/4.0 (compatible; MSIE 6.0; Windows NT 5.1; SV1) ; .NET CLR 1.1.4322)" "site.musotica.com"
89.247.4.173 - - [07/Sep/2008:05:36:22 -0700] "GET /musotica/images/shoes.jpg HTTP/1.1" 200 14412 "http://musotica.com/sexywings.html" "Mozilla/4.0 (compatible; MSIE 7.0; Windows NT 5.1; Mozilla/4.0 (compatible; MSIE 6.0; Windows NT 5.1; SV1) ; .NET CLR 1.1.4322)" "site.musotica.com"
85.138.168.45 - - [07/Sep/2008:05:36:22 -0700] "GET /style/rolldiv-ie.css HTTP/1.1" 304 - "http://musotica.com/goandpr.html" "Mozilla/4.0 (compatible; MSIE 6.0; Windows NT 5.1)" "site.musotica.com"
85.138.168.45 - - [07/Sep/2008:05:36:22 -0700] "GET /scripts/rolldiv.js HTTP/1.1" 304 - "http://musotica.com/goandpr.html" "Mozilla/4.0 (compatible; MSIE 6.0; Windows NT 5.1)" "site.musotica.com"
89.247.4.173 - - [07/Sep/2008:05:36:22 -0700] "GET /musotica/images/accessories.jpg HTTP/1.1" 200 17113 "http://musotica.com/sexywings.html" "Mozilla/4.0 (compatible; MSIE 7.0; Windows NT 5.1; Mozilla/4.0 (compatible; MSIE 6.0; Windows NT 5.1; SV1) ; .NET CLR 1.1.4322)" "site.musotica.com"
83.29.32.179 - - [07/Sep/2008:05:36:22 -0700] "GET /musotica/images/accessories.jpg HTTP/1.1" 200 17113 "http://musotica.com/corsett.html" "Mozilla/5.0 (Windows; U; Windows NT 5.1; pl; rv:1.9.0.1) Gecko/2008070208 Firefox/3.0.1" "site.musotica.com"
85.138.168.45 - - [07/Sep/2008:05:36:23 -0700] "GET /scripts/cookies.js HTTP/1.1" 304 - "http://musotica.com/goandpr.html" "Mozilla/4.0 (compatible; MSIE 6.0; Windows NT 5.1)" "site.musotica.com"
89.247.4.173 - - [07/Sep/2008:05:36:23 -0700] "GET /musotica/images/pay.jpg HTTP/1.1" 200 13131 "http://musotica.com/sexywings.html" "Mozilla/4.0 (compatible; MSIE 7.0; Windows NT 5.1; Mozilla/4.0 (compatible; MSIE 6.0; Windows NT 5.1; SV1) ; .NET CLR 1.1.4322)" "site.musotica.com"
85.138.168.45 - - [07/Sep/2008:05:36:23 -0700] "GET /scripts/pagging-inner.js HTTP/1.1" 304 - "http://musotica.com/goandpr.html" "Mozilla/4.0 (compatible; MSIE 6.0; Windows NT 5.1)" "site.musotica.com"
89.247.4.173 - - [07/Sep/2008:05:36:23 -0700] "GET /musotica/images/ss.jpg HTTP/1.1" 200 5500 "http://musotica.com/sexywings.html" "Mozilla/4.0 (compatible; MSIE 7.0; Windows NT 5.1; Mozilla/4.0 (compatible; MSIE 6.0; Windows NT 5.1; SV1) ; .NET CLR 1.1.4322)" "site.musotica.com"
85.138.168.45 - - [07/Sep/2008:05:36:23 -0700] "GET /scripts/dpv.js HTTP/1.1" 304 - "http://musotica.com/goandpr.html" "Mozilla/4.0 (compatible; MSIE 6.0; Windows NT 5.1)" "site.musotica.com"
85.138.168.45 - - [07/Sep/2008:05:36:25 -0700] "GET /musotica/images/spacer.gif HTTP/1.1" 404 275 "http://musotica.com/goandpr.html" "Mozilla/4.0 (compatible; MSIE 6.0; Windows NT 5.1)" "site.musotica.com"
85.138.168.45 - - [07/Sep/2008:05:36:31 -0700] "GET /scripts/paging-images/images/spacer.gif HTTP/1.1" 404 275 "http://musotica.com/gogohaco1.html" "Mozilla/4.0 (compatible; MSIE 6.0; Windows NT 5.1)" "site.musotica.com"
85.138.168.45 - - [07/Sep/2008:05:36:31 -0700] "GET /musotica/images/spacer.gif HTTP/1.1" 404 275 "http://musotica.com/gogohaco1.html" "Mozilla/4.0 (compatible; MSIE 6.0; Windows NT 5.1)" "site.musotica.com"
85.138.168.45 - - [07/Sep/2008:05:36:47 -0700] "GET /musotica/style/style.css HTTP/1.1" 304 - "http://musotica.com/goandpr.html" "Mozilla/4.0 (compatible; MSIE 6.0; Windows NT 5.1)" "site.musotica.com"
85.138.168.45 - - [07/Sep/2008:05:36:47 -0700] "GET /style/rolldiv-ie.css HTTP/1.1" 304 - "http://musotica.com/goandpr.html" "Mozilla/4.0 (compatible; MSIE 6.0; Windows NT 5.1)" "site.musotica.com"
85.138.168.45 - - [07/Sep/2008:05:36:47 -0700] "GET /scripts/rolldiv.js HTTP/1.1" 304 - "http://musotica.com/goandpr.html" "Mozilla/4.0 (compatible; MSIE 6.0; Windows NT 5.1)" "site.musotica.com"
85.138.168.45 - - [07/Sep/2008:05:36:48 -0700] "GET /scripts/cookies.js HTTP/1.1" 304 - "http://musotica.com/goandpr.html" "Mozilla/4.0 (compatible; MSIE 6.0; Windows NT 5.1)" "site.musotica.com"
85.138.168.45 - - [07/Sep/2008:05:36:48 -0700] "GET /scripts/pagging-inner.js HTTP/1.1" 304 - "http://musotica.com/goandpr.html" "Mozilla/4.0 (compatible; MSIE 6.0; Windows NT 5.1)" "site.musotica.com"
85.138.168.45 - - [07/Sep/2008:05:36:49 -0700] "GET /scripts/dpv.js HTTP/1.1" 304 - "http://musotica.com/goandpr.html" "Mozilla/4.0 (compatible; MSIE 6.0; Windows NT 5.1)" "site.musotica.com"
85.138.168.45 - - [07/Sep/2008:05:36:50 -0700] "GET /musotica/images/spacer.gif HTTP/1.1" 404 275 "http://musotica.com/goandpr.html" "Mozilla/4.0 (compatible; MSIE 6.0; Windows NT 5.1)" "site.musotica.com"
85.138.168.45 - - [07/Sep/2008:05:36:55 -0700] "GET /scripts/paging-images/images/spacer.gif HTTP/1.1" 404 275 "http://musotica.com/logohaco.html" "Mozilla/4.0 (compatible; MSIE 6.0; Windows NT 5.1)" "site.musotica.com"
85.138.168.45 - - [07/Sep/2008:05:36:55 -0700] "GET /musotica/images/spacer.gif HTTP/1.1" 404 275 "http://musotica.com/logohaco.html" "Mozilla/4.0 (compatible; MSIE 6.0; Windows NT 5.1)" "site.musotica.com"
68.209.93.94 - - [07/Sep/2008:05:36:56 -0700] "GET /musotica/style/style.css HTTP/1.1" 200 2675 "http://musotica.com/seswpi.html?gclid=CKrW2_bYyZUCFQcVswodISstiw" "Mozilla/4.0 (compatible; MSIE 6.0; Windows NT 5.1; SV1; .NET CLR 2.0.50727)" "site.musotica.com"
68.209.93.94 - - [07/Sep/2008:05:36:57 -0700] "GET /style/rolldiv-ie.css HTTP/1.1" 200 809 "http://musotica.com/seswpi.html?gclid=CKrW2_bYyZUCFQcVswodISstiw" "Mozilla/4.0 (compatible; MSIE 6.0; Windows NT 5.1; SV1; .NET CLR 2.0.50727)" "site.musotica.com"
68.209.93.94 - - [07/Sep/2008:05:36:57 -0700] "GET /scripts/rolldiv.js HTTP/1.1" 200 623 "http://musotica.com/seswpi.html?gclid=CKrW2_bYyZUCFQcVswodISstiw" "Mozilla/4.0 (compatible; MSIE 6.0; Windows NT 5.1; SV1; .NET CLR 2.0.50727)" "site.musotica.com"
68.209.93.94 - - [07/Sep/2008:05:36:57 -0700] "GET /musotica/images/logo.gif HTTP/1.1" 200 2006 "http://musotica.com/seswpi.html?gclid=CKrW2_bYyZUCFQcVswodISstiw" "Mozilla/4.0 (compatible; MSIE 6.0; Windows NT 5.1; SV1; .NET CLR 2.0.50727)" "site.musotica.com"
68.209.93.94 - - [07/Sep/2008:05:36:57 -0700] "GET /musotica/images/phone.gif HTTP/1.1" 200 385 "http://musotica.com/seswpi.html?gclid=CKrW2_bYyZUCFQcVswodISstiw" "Mozilla/4.0 (compatible; MSIE 6.0; Windows NT 5.1; SV1; .NET CLR 2.0.50727)" "site.musotica.com"
68.209.93.94 - - [07/Sep/2008:05:36:57 -0700] "GET /rolldiv-images/shadow.png HTTP/1.1" 200 175 "-" "Mozilla/4.0 (compatible; MSIE 6.0; Windows NT 5.1; SV1; .NET CLR 2.0.50727)" "site.musotica.com"
68.209.93.94 - - [07/Sep/2008:05:36:57 -0700] "GET /musotica/images/home.gif HTTP/1.1" 200 70 "http://musotica.com/seswpi.html?gclid=CKrW2_bYyZUCFQcVswodISstiw" "Mozilla/4.0 (compatible; MSIE 6.0; Windows NT 5.1; SV1; .NET CLR 2.0.50727)" "site.musotica.com"
68.209.93.94 - - [07/Sep/2008:05:36:58 -0700] "GET /musotica/images/tell.gif HTTP/1.1" 200 67 "http://musotica.com/seswpi.html?gclid=CKrW2_bYyZUCFQcVswodISstiw" "Mozilla/4.0 (compatible; MSIE 6.0; Windows NT 5.1; SV1; .NET CLR 2.0.50727)" "site.musotica.com"
68.209.93.94 - - [07/Sep/2008:05:36:58 -0700] "GET /musotica/images/bookmark.gif HTTP/1.1" 200 124 "http://musotica.com/seswpi.html?gclid=CKrW2_bYyZUCFQcVswodISstiw" "Mozilla/4.0 (compatible; MSIE 6.0; Windows NT 5.1; SV1; .NET CLR 2.0.50727)" "site.musotica.com"
68.209.93.94 - - [07/Sep/2008:05:36:58 -0700] "GET /musotica/images/go.gif HTTP/1.1" 200 731 "http://musotica.com/seswpi.html?gclid=CKrW2_bYyZUCFQcVswodISstiw" "Mozilla/4.0 (compatible; MSIE 6.0; Windows NT 5.1; SV1; .NET CLR 2.0.50727)" "site.musotica.com"
68.209.93.94 - - [07/Sep/2008:05:36:58 -0700] "GET /musotica/images/shop.gif HTTP/1.1" 200 83 "http://musotica.com/seswpi.html?gclid=CKrW2_bYyZUCFQcVswodISstiw" "Mozilla/4.0 (compatible; MSIE 6.0; Windows NT 5.1; SV1; .NET CLR 2.0.50727)" "site.musotica.com"
68.209.93.94 - - [07/Sep/2008:05:36:58 -0700] "GET /musotica/images/arrow.gif HTTP/1.1" 200 61 "http://musotica.com/seswpi.html?gclid=CKrW2_bYyZUCFQcVswodISstiw" "Mozilla/4.0 (compatible; MSIE 6.0; Windows NT 5.1; SV1; .NET CLR 2.0.50727)" "site.musotica.com"
68.209.93.94 - - [07/Sep/2008:05:36:58 -0700] "GET /musotica/images/head_strip.gif HTTP/1.1" 200 63 "http://musotica.com/seswpi.html?gclid=CKrW2_bYyZUCFQcVswodISstiw" "Mozilla/4.0 (compatible; MSIE 6.0; Windows NT 5.1; SV1; .NET CLR 2.0.50727)" "site.musotica.com"
68.209.93.94 - - [07/Sep/2008:05:36:58 -0700] "GET /musotica/images/newdot.gif HTTP/1.1" 200 62 "http://musotica.com/seswpi.html?gclid=CKrW2_bYyZUCFQcVswodISstiw" "Mozilla/4.0 (compatible; MSIE 6.0; Windows NT 5.1; SV1; .NET CLR 2.0.50727)" "site.musotica.com"
68.209.93.94 - - [07/Sep/2008:05:36:58 -0700] "GET /musotica/images/search.gif HTTP/1.1" 200 1538 "http://musotica.com/seswpi.html?gclid=CKrW2_bYyZUCFQcVswodISstiw" "Mozilla/4.0 (compatible; MSIE 6.0; Windows NT 5.1; SV1; .NET CLR 2.0.50727)" "site.musotica.com"
68.209.93.94 - - [07/Sep/2008:05:36:59 -0700] "GET /scripts/cookies.js HTTP/1.1" 200 1429 "http://musotica.com/seswpi.html?gclid=CKrW2_bYyZUCFQcVswodISstiw" "Mozilla/4.0 (compatible; MSIE 6.0; Windows NT 5.1; SV1; .NET CLR 2.0.50727)" "site.musotica.com"
68.209.93.94 - - [07/Sep/2008:05:36:59 -0700] "GET /musotica/images/midline.gif HTTP/1.1" 200 49 "http://musotica.com/seswpi.html?gclid=CKrW2_bYyZUCFQcVswodISstiw" "Mozilla/4.0 (compatible; MSIE 6.0; Windows NT 5.1; SV1; .NET CLR 2.0.50727)" "site.musotica.com"
68.209.93.94 - - [07/Sep/2008:05:36:59 -0700] "GET /scripts/pagging-inner.js HTTP/1.1" 200 24676 "http://musotica.com/seswpi.html?gclid=CKrW2_bYyZUCFQcVswodISstiw" "Mozilla/4.0 (compatible; MSIE 6.0; Windows NT 5.1; SV1; .NET CLR 2.0.50727)" "site.musotica.com"
68.209.93.94 - - [07/Sep/2008:05:36:59 -0700] "GET /scripts/dpv.js HTTP/1.1" 200 1545 "http://musotica.com/seswpi.html?gclid=CKrW2_bYyZUCFQcVswodISstiw" "Mozilla/4.0 (compatible; MSIE 6.0; Windows NT 5.1; SV1; .NET CLR 2.0.50727)" "site.musotica.com"
68.209.93.94 - - [07/Sep/2008:05:37:00 -0700] "GET /musotica/images/clubwear.jpg HTTP/1.1" 200 15480 "http://musotica.com/seswpi.html?gclid=CKrW2_bYyZUCFQcVswodISstiw" "Mozilla/4.0 (compatible; MSIE 6.0; Windows NT 5.1; SV1; .NET CLR 2.0.50727)" "site.musotica.com"
68.209.93.94 - - [07/Sep/2008:05:37:00 -0700] "GET /musotica/images/spacer.gif HTTP/1.1" 404 275 "http://musotica.com/seswpi.html?gclid=CKrW2_bYyZUCFQcVswodISstiw" "Mozilla/4.0 (compatible; MSIE 6.0; Windows NT 5.1; SV1; .NET CLR 2.0.50727)" "site.musotica.com"
68.209.93.94 - - [07/Sep/2008:05:37:00 -0700] "GET /musotica/images/stockings.jpg HTTP/1.1" 200 15303 "http://musotica.com/seswpi.html?gclid=CKrW2_bYyZUCFQcVswodISstiw" "Mozilla/4.0 (compatible; MSIE 6.0; Windows NT 5.1; SV1; .NET CLR 2.0.50727)" "site.musotica.com"
68.209.93.94 - - [07/Sep/2008:05:37:00 -0700] "GET /musotica/images/shoes.jpg HTTP/1.1" 200 14412 "http://musotica.com/seswpi.html?gclid=CKrW2_bYyZUCFQcVswodISstiw" "Mozilla/4.0 (compatible; MSIE 6.0; Windows NT 5.1; SV1; .NET CLR 2.0.50727)" "site.musotica.com"
68.209.93.94 - - [07/Sep/2008:05:37:00 -0700] "GET /musotica/images/accessories.jpg HTTP/1.1" 200 17113 "http://musotica.com/seswpi.html?gclid=CKrW2_bYyZUCFQcVswodISstiw" "Mozilla/4.0 (compatible; MSIE 6.0; Windows NT 5.1; SV1; .NET CLR 2.0.50727)" "site.musotica.com"
68.209.93.94 - - [07/Sep/2008:05:37:00 -0700] "GET /musotica/images/pay.jpg HTTP/1.1" 200 13131 "http://musotica.com/seswpi.html?gclid=CKrW2_bYyZUCFQcVswodISstiw" "Mozilla/4.0 (compatible; MSIE 6.0; Windows NT 5.1; SV1; .NET CLR 2.0.50727)" "site.musotica.com"
68.209.93.94 - - [07/Sep/2008:05:37:01 -0700] "GET /musotica/images/lingeris.jpg HTTP/1.1" 200 17260 "http://musotica.com/seswpi.html?gclid=CKrW2_bYyZUCFQcVswodISstiw" "Mozilla/4.0 (compatible; MSIE 6.0; Windows NT 5.1; SV1; .NET CLR 2.0.50727)" "site.musotica.com"
68.209.93.94 - - [07/Sep/2008:05:37:01 -0700] "GET /musotica/images/ss.jpg HTTP/1.1" 200 5500 "http://musotica.com/seswpi.html?gclid=CKrW2_bYyZUCFQcVswodISstiw" "Mozilla/4.0 (compatible; MSIE 6.0; Windows NT 5.1; SV1; .NET CLR 2.0.50727)" "site.musotica.com"
68.209.93.94 - - [07/Sep/2008:05:37:01 -0700] "GET /musotica/images/bannerdot.gif HTTP/1.1" 200 49 "http://musotica.com/seswpi.html?gclid=CKrW2_bYyZUCFQcVswodISstiw" "Mozilla/4.0 (compatible; MSIE 6.0; Windows NT 5.1; SV1; .NET CLR 2.0.50727)" "site.musotica.com"
68.209.93.94 - - [07/Sep/2008:05:37:01 -0700] "GET /musotica/images/newgreendot.gif HTTP/1.1" 200 49 "http://musotica.com/seswpi.html?gclid=CKrW2_bYyZUCFQcVswodISstiw" "Mozilla/4.0 (compatible; MSIE 6.0; Windows NT 5.1; SV1; .NET CLR 2.0.50727)" "site.musotica.com"
68.209.93.94 - - [07/Sep/2008:05:37:01 -0700] "GET /rolldiv-images/footer.png HTTP/1.1" 200 637 "-" "Mozilla/4.0 (compatible; MSIE 6.0; Windows NT 5.1; SV1; .NET CLR 2.0.50727)" "site.musotica.com"
68.209.93.94 - - [07/Sep/2008:05:37:01 -0700] "GET /rolldiv-images/header.png HTTP/1.1" 200 730 "-" "Mozilla/4.0 (compatible; MSIE 6.0; Windows NT 5.1; SV1; .NET CLR 2.0.50727)" "site.musotica.com"
85.138.168.45 - - [07/Sep/2008:05:37:08 -0700] "GET /musotica/style/style.css HTTP/1.1" 304 - "http://musotica.com/goandpr.html" "Mozilla/4.0 (compatible; MSIE 6.0; Windows NT 5.1)" "site.musotica.com"
85.138.168.45 - - [07/Sep/2008:05:37:09 -0700] "GET /style/rolldiv-ie.css HTTP/1.1" 304 - "http://musotica.com/goandpr.html" "Mozilla/4.0 (compatible; MSIE 6.0; Windows NT 5.1)" "site.musotica.com"
85.138.168.45 - - [07/Sep/2008:05:37:09 -0700] "GET /scripts/rolldiv.js HTTP/1.1" 304 - "http://musotica.com/goandpr.html" "Mozilla/4.0 (compatible; MSIE 6.0; Windows NT 5.1)" "site.musotica.com"
85.138.168.45 - - [07/Sep/2008:05:37:09 -0700] "GET /scripts/cookies.js HTTP/1.1" 304 - "http://musotica.com/goandpr.html" "Mozilla/4.0 (compatible; MSIE 6.0; Windows NT 5.1)" "site.musotica.com"
85.138.168.45 - - [07/Sep/2008:05:37:09 -0700] "GET /scripts/pagging-inner.js HTTP/1.1" 304 - "http://musotica.com/goandpr.html" "Mozilla/4.0 (compatible; MSIE 6.0; Windows NT 5.1)" "site.musotica.com"
85.138.168.45 - - [07/Sep/2008:05:37:10 -0700] "GET /scripts/dpv.js HTTP/1.1" 304 - "http://musotica.com/goandpr.html" "Mozilla/4.0 (compatible; MSIE 6.0; Windows NT 5.1)" "site.musotica.com"
85.138.168.45 - - [07/Sep/2008:05:37:11 -0700] "GET /musotica/images/spacer.gif HTTP/1.1" 404 275 "http://musotica.com/goandpr.html" "Mozilla/4.0 (compatible; MSIE 6.0; Windows NT 5.1)" "site.musotica.com"
84.60.152.180 - - [07/Sep/2008:05:37:42 -0700] "GET /musotica/style/style.css HTTP/1.1" 200 2675 "http://musotica.com/laupfurlegwa.html" "Mozilla/4.0 (compatible; MSIE 7.0; Windows NT 5.1)" "site.musotica.com"
89.247.4.173 - - [07/Sep/2008:05:37:42 -0700] "GET /musotica/images/spacer.gif HTTP/1.1" 404 275 "http://musotica.com/halloweenpurse.html" "Mozilla/4.0 (compatible; MSIE 7.0; Windows NT 5.1; Mozilla/4.0 (compatible; MSIE 6.0; Windows NT 5.1; SV1) ; .NET CLR 1.1.4322)" "site.musotica.com"
84.60.152.180 - - [07/Sep/2008:05:37:43 -0700] "GET /style/rolldiv-ie.css HTTP/1.1" 200 809 "http://musotica.com/laupfurlegwa.html" "Mozilla/4.0 (compatible; MSIE 7.0; Windows NT 5.1)" "site.musotica.com"
84.60.152.180 - - [07/Sep/2008:05:37:43 -0700] "GET /scripts/rolldiv.js HTTP/1.1" 200 623 "http://musotica.com/laupfurlegwa.html" "Mozilla/4.0 (compatible; MSIE 7.0; Windows NT 5.1)" "site.musotica.com"
84.60.152.180 - - [07/Sep/2008:05:37:43 -0700] "GET /musotica/images/phone.gif HTTP/1.1" 200 385 "http://musotica.com/laupfurlegwa.html" "Mozilla/4.0 (compatible; MSIE 7.0; Windows NT 5.1)" "site.musotica.com"
84.60.152.180 - - [07/Sep/2008:05:37:43 -0700] "GET /musotica/images/logo.gif HTTP/1.1" 200 2006 "http://musotica.com/laupfurlegwa.html" "Mozilla/4.0 (compatible; MSIE 7.0; Windows NT 5.1)" "site.musotica.com"
84.60.152.180 - - [07/Sep/2008:05:37:43 -0700] "GET /musotica/images/head_strip.gif HTTP/1.1" 200 63 "http://musotica.com/laupfurlegwa.html" "Mozilla/4.0 (compatible; MSIE 7.0; Windows NT 5.1)" "site.musotica.com"
84.60.152.180 - - [07/Sep/2008:05:37:43 -0700] "GET /musotica/images/home.gif HTTP/1.1" 200 70 "http://musotica.com/laupfurlegwa.html" "Mozilla/4.0 (compatible; MSIE 7.0; Windows NT 5.1)" "site.musotica.com"
84.60.152.180 - - [07/Sep/2008:05:37:43 -0700] "GET /musotica/images/newdot.gif HTTP/1.1" 200 62 "http://musotica.com/laupfurlegwa.html" "Mozilla/4.0 (compatible; MSIE 7.0; Windows NT 5.1)" "site.musotica.com"
84.60.152.180 - - [07/Sep/2008:05:37:43 -0700] "GET /musotica/images/tell.gif HTTP/1.1" 200 67 "http://musotica.com/laupfurlegwa.html" "Mozilla/4.0 (compatible; MSIE 7.0; Windows NT 5.1)" "site.musotica.com"
84.60.152.180 - - [07/Sep/2008:05:37:43 -0700] "GET /musotica/images/bookmark.gif HTTP/1.1" 200 124 "http://musotica.com/laupfurlegwa.html" "Mozilla/4.0 (compatible; MSIE 7.0; Windows NT 5.1)" "site.musotica.com"
84.60.152.180 - - [07/Sep/2008:05:37:43 -0700] "GET /musotica/images/go.gif HTTP/1.1" 200 731 "http://musotica.com/laupfurlegwa.html" "Mozilla/4.0 (compatible; MSIE 7.0; Windows NT 5.1)" "site.musotica.com"
84.60.152.180 - - [07/Sep/2008:05:37:44 -0700] "GET /musotica/images/shop.gif HTTP/1.1" 200 83 "http://musotica.com/laupfurlegwa.html" "Mozilla/4.0 (compatible; MSIE 7.0; Windows NT 5.1)" "site.musotica.com"
84.60.152.180 - - [07/Sep/2008:05:37:44 -0700] "GET /musotica/images/search.gif HTTP/1.1" 200 1538 "http://musotica.com/laupfurlegwa.html" "Mozilla/4.0 (compatible; MSIE 7.0; Windows NT 5.1)" "site.musotica.com"
84.60.152.180 - - [07/Sep/2008:05:37:44 -0700] "GET /musotica/images/arrow.gif HTTP/1.1" 200 61 "http://musotica.com/laupfurlegwa.html" "Mozilla/4.0 (compatible; MSIE 7.0; Windows NT 5.1)" "site.musotica.com"
84.60.152.180 - - [07/Sep/2008:05:37:44 -0700] "GET /musotica/images/midline.gif HTTP/1.1" 200 49 "http://musotica.com/laupfurlegwa.html" "Mozilla/4.0 (compatible; MSIE 7.0; Windows NT 5.1)" "site.musotica.com"
84.60.152.180 - - [07/Sep/2008:05:37:44 -0700] "GET /scripts/paging-images/images/spacer.gif HTTP/1.1" 404 275 "http://musotica.com/laupfurlegwa.html" "Mozilla/4.0 (compatible; MSIE 7.0; Windows NT 5.1)" "site.musotica.com"
84.60.152.180 - - [07/Sep/2008:05:37:46 -0700] "GET /musotica/images/lingeris.jpg HTTP/1.1" 200 17260 "http://musotica.com/laupfurlegwa.html" "Mozilla/4.0 (compatible; MSIE 7.0; Windows NT 5.1)" "site.musotica.com"
84.60.152.180 - - [07/Sep/2008:05:37:46 -0700] "GET /musotica/images/bannerdot.gif HTTP/1.1" 200 49 "http://musotica.com/laupfurlegwa.html" "Mozilla/4.0 (compatible; MSIE 7.0; Windows NT 5.1)" "site.musotica.com"
84.60.152.180 - - [07/Sep/2008:05:37:46 -0700] "GET /musotica/images/spacer.gif HTTP/1.1" 404 275 "http://musotica.com/laupfurlegwa.html" "Mozilla/4.0 (compatible; MSIE 7.0; Windows NT 5.1)" "site.musotica.com"
84.60.152.180 - - [07/Sep/2008:05:37:46 -0700] "GET /musotica/images/clubwear.jpg HTTP/1.1" 200 15480 "http://musotica.com/laupfurlegwa.html" "Mozilla/4.0 (compatible; MSIE 7.0; Windows NT 5.1)" "site.musotica.com"
84.60.152.180 - - [07/Sep/2008:05:37:46 -0700] "GET /musotica/images/stockings.jpg HTTP/1.1" 200 15303 "http://musotica.com/laupfurlegwa.html" "Mozilla/4.0 (compatible; MSIE 7.0; Windows NT 5.1)" "site.musotica.com"
84.60.152.180 - - [07/Sep/2008:05:37:47 -0700] "GET /musotica/images/newgreendot.gif HTTP/1.1" 200 49 "http://musotica.com/laupfurlegwa.html" "Mozilla/4.0 (compatible; MSIE 7.0; Windows NT 5.1)" "site.musotica.com"
84.60.152.180 - - [07/Sep/2008:05:37:47 -0700] "GET /musotica/images/shoes.jpg HTTP/1.1" 200 14412 "http://musotica.com/laupfurlegwa.html" "Mozilla/4.0 (compatible; MSIE 7.0; Windows NT 5.1)" "site.musotica.com"
84.60.152.180 - - [07/Sep/2008:05:37:47 -0700] "GET /musotica/images/accessories.jpg HTTP/1.1" 200 17113 "http://musotica.com/laupfurlegwa.html" "Mozilla/4.0 (compatible; MSIE 7.0; Windows NT 5.1)" "site.musotica.com"
84.60.152.180 - - [07/Sep/2008:05:37:47 -0700] "GET /musotica/images/pay.jpg HTTP/1.1" 200 13131 "http://musotica.com/laupfurlegwa.html" "Mozilla/4.0 (compatible; MSIE 7.0; Windows NT 5.1)" "site.musotica.com"
84.60.152.180 - - [07/Sep/2008:05:37:48 -0700] "GET /musotica/images/ss.jpg HTTP/1.1" 200 5500 "http://musotica.com/laupfurlegwa.html" "Mozilla/4.0 (compatible; MSIE 7.0; Windows NT 5.1)" "site.musotica.com"
89.247.4.173 - - [07/Sep/2008:05:37:51 -0700] "GET /scripts/paging-images/images/spacer.gif HTTP/1.1" 404 275 "http://musotica.com/seflpusehaac.html" "Mozilla/4.0 (compatible; MSIE 7.0; Windows NT 5.1; Mozilla/4.0 (compatible; MSIE 6.0; Windows NT 5.1; SV1) ; .NET CLR 1.1.4322)" "site.musotica.com"
89.247.4.173 - - [07/Sep/2008:05:37:52 -0700] "GET /musotica/images/spacer.gif HTTP/1.1" 404 275 "http://musotica.com/seflpusehaac.html" "Mozilla/4.0 (compatible; MSIE 7.0; Windows NT 5.1; Mozilla/4.0 (compatible; MSIE 6.0; Windows NT 5.1; SV1) ; .NET CLR 1.1.4322)" "site.musotica.com"
84.60.152.180 - - [07/Sep/2008:05:37:58 -0700] "GET /scripts/cookies.js HTTP/1.1" 200 1429 "http://musotica.com/fauxfur.html" "Mozilla/4.0 (compatible; MSIE 7.0; Windows NT 5.1)" "site.musotica.com"
84.60.152.180 - - [07/Sep/2008:05:37:58 -0700] "GET /rolldiv-images/shadow.png HTTP/1.1" 200 175 "-" "Mozilla/4.0 (compatible; MSIE 7.0; Windows NT 5.1)" "site.musotica.com"
84.60.152.180 - - [07/Sep/2008:05:37:58 -0700] "GET /scripts/pagging-inner.js HTTP/1.1" 200 24676 "http://musotica.com/fauxfur.html" "Mozilla/4.0 (compatible; MSIE 7.0; Windows NT 5.1)" "site.musotica.com"
84.60.152.180 - - [07/Sep/2008:05:37:59 -0700] "GET /scripts/dpv.js HTTP/1.1" 200 1545 "http://musotica.com/fauxfur.html" "Mozilla/4.0 (compatible; MSIE 7.0; Windows NT 5.1)" "site.musotica.com"
84.60.152.180 - - [07/Sep/2008:05:37:59 -0700] "GET /musotica/images/spacer.gif HTTP/1.1" 404 275 "http://musotica.com/fauxfur.html" "Mozilla/4.0 (compatible; MSIE 7.0; Windows NT 5.1)" "site.musotica.com"
84.60.152.180 - - [07/Sep/2008:05:38:03 -0700] "GET /rolldiv-images/header.png HTTP/1.1" 200 730 "-" "Mozilla/4.0 (compatible; MSIE 7.0; Windows NT 5.1)" "site.musotica.com"
84.60.152.180 - - [07/Sep/2008:05:38:03 -0700] "GET /rolldiv-images/footer.png HTTP/1.1" 200 637 "-" "Mozilla/4.0 (compatible; MSIE 7.0; Windows NT 5.1)" "site.musotica.com"
89.247.4.173 - - [07/Sep/2008:05:38:11 -0700] "GET /musotica/style/style.css HTTP/1.1" 304 - "http://musotica.com/halloweenpurse.html" "Mozilla/4.0 (compatible; MSIE 7.0; Windows NT 5.1; Mozilla/4.0 (compatible; MSIE 6.0; Windows NT 5.1; SV1) ; .NET CLR 1.1.4322)" "site.musotica.com"
89.247.4.173 - - [07/Sep/2008:05:38:11 -0700] "GET /style/rolldiv-ie.css HTTP/1.1" 304 - "http://musotica.com/halloweenpurse.html" "Mozilla/4.0 (compatible; MSIE 7.0; Windows NT 5.1; Mozilla/4.0 (compatible; MSIE 6.0; Windows NT 5.1; SV1) ; .NET CLR 1.1.4322)" "site.musotica.com"
89.247.4.173 - - [07/Sep/2008:05:38:12 -0700] "GET /scripts/rolldiv.js HTTP/1.1" 304 - "http://musotica.com/halloweenpurse.html" "Mozilla/4.0 (compatible; MSIE 7.0; Windows NT 5.1; Mozilla/4.0 (compatible; MSIE 6.0; Windows NT 5.1; SV1) ; .NET CLR 1.1.4322)" "site.musotica.com"
68.6.100.213 - - [07/Sep/2008:05:38:12 -0700] "GET /musotica/style/style.css HTTP/1.1" 200 2675 "http://musotica.com/sexynavygirls.html" "Mozilla/5.0 (Macintosh; U; Intel Mac OS X; en-US; rv:1.8.1.16) Gecko/20080702 Firefox/2.0.0.16" "site.musotica.com"
89.247.4.173 - - [07/Sep/2008:05:38:12 -0700] "GET /scripts/cookies.js HTTP/1.1" 304 - "http://musotica.com/halloweenpurse.html" "Mozilla/4.0 (compatible; MSIE 7.0; Windows NT 5.1; Mozilla/4.0 (compatible; MSIE 6.0; Windows NT 5.1; SV1) ; .NET CLR 1.1.4322)" "site.musotica.com"
89.247.4.173 - - [07/Sep/2008:05:38:12 -0700] "GET /scripts/pagging-inner.js HTTP/1.1" 304 - "http://musotica.com/halloweenpurse.html" "Mozilla/4.0 (compatible; MSIE 7.0; Windows NT 5.1; Mozilla/4.0 (compatible; MSIE 6.0; Windows NT 5.1; SV1) ; .NET CLR 1.1.4322)" "site.musotica.com"
68.6.100.213 - - [07/Sep/2008:05:38:13 -0700] "GET /style/rolld