76.28.145.173 - - [07/Sep/2008:05:00:16 -0700] "GET /rolldiv-images/header.png HTTP/1.1" 200 730 "http://site.musotica.com/style/rolldiv-mozilla.css" "Mozilla/5.0 (Windows; U; Windows NT 6.0; en-US; rv:1.9.0.1) Gecko/2008070208 Firefox/3.0.1" "site.musotica.com"
76.28.145.173 - - [07/Sep/2008:05:00:16 -0700] "GET /rolldiv-images/shadow.png HTTP/1.1" 200 175 "http://site.musotica.com/style/rolldiv-mozilla.css" "Mozilla/5.0 (Windows; U; Windows NT 6.0; en-US; rv:1.9.0.1) Gecko/2008070208 Firefox/3.0.1" "site.musotica.com"
76.28.145.173 - - [07/Sep/2008:05:00:16 -0700] "GET /rolldiv-images/footer.png HTTP/1.1" 200 637 "http://site.musotica.com/style/rolldiv-mozilla.css" "Mozilla/5.0 (Windows; U; Windows NT 6.0; en-US; rv:1.9.0.1) Gecko/2008070208 Firefox/3.0.1" "site.musotica.com"
76.28.145.173 - - [07/Sep/2008:05:00:18 -0700] "GET /musotica/style/style.css HTTP/1.1" 200 2675 "http://musotica.com/seshco.html" "Mozilla/5.0 (Windows; U; Windows NT 6.0; en-US; rv:1.9.0.1) Gecko/2008070208 Firefox/3.0.1" "site.musotica.com"
76.28.145.173 - - [07/Sep/2008:05:00:18 -0700] "GET /style/rolldiv-mozilla.css HTTP/1.1" 200 711 "http://musotica.com/seshco.html" "Mozilla/5.0 (Windows; U; Windows NT 6.0; en-US; rv:1.9.0.1) Gecko/2008070208 Firefox/3.0.1" "site.musotica.com"
76.28.145.173 - - [07/Sep/2008:05:00:18 -0700] "GET /scripts/rolldiv.js HTTP/1.1" 200 623 "http://musotica.com/seshco.html" "Mozilla/5.0 (Windows; U; Windows NT 6.0; en-US; rv:1.9.0.1) Gecko/2008070208 Firefox/3.0.1" "site.musotica.com"
76.28.145.173 - - [07/Sep/2008:05:00:18 -0700] "GET /scripts/cookies.js HTTP/1.1" 200 1429 "http://musotica.com/seshco.html" "Mozilla/5.0 (Windows; U; Windows NT 6.0; en-US; rv:1.9.0.1) Gecko/2008070208 Firefox/3.0.1" "site.musotica.com"
76.28.145.173 - - [07/Sep/2008:05:00:19 -0700] "GET /scripts/pagging-inner.js HTTP/1.1" 200 24676 "http://musotica.com/seshco.html" "Mozilla/5.0 (Windows; U; Windows NT 6.0; en-US; rv:1.9.0.1) Gecko/2008070208 Firefox/3.0.1" "site.musotica.com"
76.28.145.173 - - [07/Sep/2008:05:00:19 -0700] "GET /scripts/dpv.js HTTP/1.1" 200 1545 "http://musotica.com/seshco.html" "Mozilla/5.0 (Windows; U; Windows NT 6.0; en-US; rv:1.9.0.1) Gecko/2008070208 Firefox/3.0.1" "site.musotica.com"
76.28.145.173 - - [07/Sep/2008:05:00:20 -0700] "GET /musotica/images/spacer.gif HTTP/1.1" 404 275 "http://musotica.com/seshco.html" "Mozilla/5.0 (Windows; U; Windows NT 6.0; en-US; rv:1.9.0.1) Gecko/2008070208 Firefox/3.0.1" "site.musotica.com"
117.102.133.23 - - [07/Sep/2008:05:00:31 -0700] "GET /musotica/images/spacer.gif HTTP/1.1" 404 275 "http://musotica.com/accessories.html" "Mozilla/4.0 (compatible; MSIE 7.0; Windows NT 5.1)" "site.musotica.com"
117.102.133.23 - - [07/Sep/2008:05:00:50 -0700] "GET /musotica/images/spacer.gif HTTP/1.1" 404 275 "http://musotica.com/sexygloves.html" "Mozilla/4.0 (compatible; MSIE 7.0; Windows NT 5.1)" "site.musotica.com"
122.55.181.251 - - [07/Sep/2008:05:00:57 -0700] "GET /musotica/style/style.css HTTP/1.1" 200 2675 "http://musotica.com/segaco.html" "Mozilla/5.0 (Macintosh; U; Intel Mac OS X 10_5_4; en-us) AppleWebKit/525.18 (KHTML, like Gecko) Version/3.1.2 Safari/525.20.1" "site.musotica.com"
122.55.181.251 - - [07/Sep/2008:05:01:02 -0700] "GET /scripts/rolldiv.js HTTP/1.1" 200 623 "http://musotica.com/segaco.html" "Mozilla/5.0 (Macintosh; U; Intel Mac OS X 10_5_4; en-us) AppleWebKit/525.18 (KHTML, like Gecko) Version/3.1.2 Safari/525.20.1" "site.musotica.com"
122.55.181.251 - - [07/Sep/2008:05:01:02 -0700] "GET /style/rolldiv-mozilla.css HTTP/1.1" 200 711 "http://musotica.com/segaco.html" "Mozilla/5.0 (Macintosh; U; Intel Mac OS X 10_5_4; en-us) AppleWebKit/525.18 (KHTML, like Gecko) Version/3.1.2 Safari/525.20.1" "site.musotica.com"
122.55.181.251 - - [07/Sep/2008:05:01:03 -0700] "GET /musotica/images/tell.gif HTTP/1.1" 200 67 "http://musotica.com/segaco.html" "Mozilla/5.0 (Macintosh; U; Intel Mac OS X 10_5_4; en-us) AppleWebKit/525.18 (KHTML, like Gecko) Version/3.1.2 Safari/525.20.1" "site.musotica.com"
122.55.181.251 - - [07/Sep/2008:05:01:03 -0700] "GET /musotica/images/phone.gif HTTP/1.1" 200 385 "http://musotica.com/segaco.html" "Mozilla/5.0 (Macintosh; U; Intel Mac OS X 10_5_4; en-us) AppleWebKit/525.18 (KHTML, like Gecko) Version/3.1.2 Safari/525.20.1" "site.musotica.com"
122.55.181.251 - - [07/Sep/2008:05:01:03 -0700] "GET /musotica/images/logo.gif HTTP/1.1" 200 2006 "http://musotica.com/segaco.html" "Mozilla/5.0 (Macintosh; U; Intel Mac OS X 10_5_4; en-us) AppleWebKit/525.18 (KHTML, like Gecko) Version/3.1.2 Safari/525.20.1" "site.musotica.com"
122.55.181.251 - - [07/Sep/2008:05:01:03 -0700] "GET /musotica/images/arrow.gif HTTP/1.1" 200 61 "http://musotica.com/segaco.html" "Mozilla/5.0 (Macintosh; U; Intel Mac OS X 10_5_4; en-us) AppleWebKit/525.18 (KHTML, like Gecko) Version/3.1.2 Safari/525.20.1" "site.musotica.com"
122.55.181.251 - - [07/Sep/2008:05:01:04 -0700] "GET /scripts/cookies.js HTTP/1.1" 200 1429 "http://musotica.com/segaco.html" "Mozilla/5.0 (Macintosh; U; Intel Mac OS X 10_5_4; en-us) AppleWebKit/525.18 (KHTML, like Gecko) Version/3.1.2 Safari/525.20.1" "site.musotica.com"
122.55.181.251 - - [07/Sep/2008:05:01:04 -0700] "GET /musotica/images/bookmark.gif HTTP/1.1" 200 124 "http://musotica.com/segaco.html" "Mozilla/5.0 (Macintosh; U; Intel Mac OS X 10_5_4; en-us) AppleWebKit/525.18 (KHTML, like Gecko) Version/3.1.2 Safari/525.20.1" "site.musotica.com"
122.55.181.251 - - [07/Sep/2008:05:01:04 -0700] "GET /musotica/images/shop.gif HTTP/1.1" 200 83 "http://musotica.com/segaco.html" "Mozilla/5.0 (Macintosh; U; Intel Mac OS X 10_5_4; en-us) AppleWebKit/525.18 (KHTML, like Gecko) Version/3.1.2 Safari/525.20.1" "site.musotica.com"
122.55.181.251 - - [07/Sep/2008:05:01:04 -0700] "GET /musotica/images/go.gif HTTP/1.1" 200 731 "http://musotica.com/segaco.html" "Mozilla/5.0 (Macintosh; U; Intel Mac OS X 10_5_4; en-us) AppleWebKit/525.18 (KHTML, like Gecko) Version/3.1.2 Safari/525.20.1" "site.musotica.com"
122.55.181.251 - - [07/Sep/2008:05:01:04 -0700] "GET /musotica/images/home.gif HTTP/1.1" 200 70 "http://musotica.com/segaco.html" "Mozilla/5.0 (Macintosh; U; Intel Mac OS X 10_5_4; en-us) AppleWebKit/525.18 (KHTML, like Gecko) Version/3.1.2 Safari/525.20.1" "site.musotica.com"
122.55.181.251 - - [07/Sep/2008:05:01:04 -0700] "GET /musotica/images/search.gif HTTP/1.1" 200 1538 "http://musotica.com/segaco.html" "Mozilla/5.0 (Macintosh; U; Intel Mac OS X 10_5_4; en-us) AppleWebKit/525.18 (KHTML, like Gecko) Version/3.1.2 Safari/525.20.1" "site.musotica.com"
122.55.181.251 - - [07/Sep/2008:05:01:04 -0700] "GET /musotica/images/midline.gif HTTP/1.1" 200 49 "http://musotica.com/segaco.html" "Mozilla/5.0 (Macintosh; U; Intel Mac OS X 10_5_4; en-us) AppleWebKit/525.18 (KHTML, like Gecko) Version/3.1.2 Safari/525.20.1" "site.musotica.com"
122.55.181.251 - - [07/Sep/2008:05:01:04 -0700] "GET /musotica/images/newdot.gif HTTP/1.1" 200 62 "http://musotica.com/segaco.html" "Mozilla/5.0 (Macintosh; U; Intel Mac OS X 10_5_4; en-us) AppleWebKit/525.18 (KHTML, like Gecko) Version/3.1.2 Safari/525.20.1" "site.musotica.com"
122.55.181.251 - - [07/Sep/2008:05:01:05 -0700] "GET /musotica/images/head_strip.gif HTTP/1.1" 200 63 "http://musotica.com/segaco.html" "Mozilla/5.0 (Macintosh; U; Intel Mac OS X 10_5_4; en-us) AppleWebKit/525.18 (KHTML, like Gecko) Version/3.1.2 Safari/525.20.1" "site.musotica.com"
122.55.181.251 - - [07/Sep/2008:05:01:05 -0700] "GET /scripts/pagging-inner.js HTTP/1.1" 200 24676 "http://musotica.com/segaco.html" "Mozilla/5.0 (Macintosh; U; Intel Mac OS X 10_5_4; en-us) AppleWebKit/525.18 (KHTML, like Gecko) Version/3.1.2 Safari/525.20.1" "site.musotica.com"
122.55.181.251 - - [07/Sep/2008:05:01:07 -0700] "GET /scripts/dpv.js HTTP/1.1" 200 1545 "http://musotica.com/segaco.html" "Mozilla/5.0 (Macintosh; U; Intel Mac OS X 10_5_4; en-us) AppleWebKit/525.18 (KHTML, like Gecko) Version/3.1.2 Safari/525.20.1" "site.musotica.com"
122.55.181.251 - - [07/Sep/2008:05:01:07 -0700] "GET /musotica/images/ss.jpg HTTP/1.1" 200 5500 "http://musotica.com/segaco.html" "Mozilla/5.0 (Macintosh; U; Intel Mac OS X 10_5_4; en-us) AppleWebKit/525.18 (KHTML, like Gecko) Version/3.1.2 Safari/525.20.1" "site.musotica.com"
122.55.181.251 - - [07/Sep/2008:05:01:07 -0700] "GET /musotica/images/stockings.jpg HTTP/1.1" 200 15303 "http://musotica.com/segaco.html" "Mozilla/5.0 (Macintosh; U; Intel Mac OS X 10_5_4; en-us) AppleWebKit/525.18 (KHTML, like Gecko) Version/3.1.2 Safari/525.20.1" "site.musotica.com"
122.55.181.251 - - [07/Sep/2008:05:01:07 -0700] "GET /musotica/images/bannerdot.gif HTTP/1.1" 200 49 "http://musotica.com/segaco.html" "Mozilla/5.0 (Macintosh; U; Intel Mac OS X 10_5_4; en-us) AppleWebKit/525.18 (KHTML, like Gecko) Version/3.1.2 Safari/525.20.1" "site.musotica.com"
122.55.181.251 - - [07/Sep/2008:05:01:07 -0700] "GET /musotica/images/accessories.jpg HTTP/1.1" 200 17113 "http://musotica.com/segaco.html" "Mozilla/5.0 (Macintosh; U; Intel Mac OS X 10_5_4; en-us) AppleWebKit/525.18 (KHTML, like Gecko) Version/3.1.2 Safari/525.20.1" "site.musotica.com"
122.55.181.251 - - [07/Sep/2008:05:01:08 -0700] "GET /musotica/images/pay.jpg HTTP/1.1" 200 13131 "http://musotica.com/segaco.html" "Mozilla/5.0 (Macintosh; U; Intel Mac OS X 10_5_4; en-us) AppleWebKit/525.18 (KHTML, like Gecko) Version/3.1.2 Safari/525.20.1" "site.musotica.com"
122.55.181.251 - - [07/Sep/2008:05:01:08 -0700] "GET /musotica/images/spacer.gif HTTP/1.1" 404 275 "http://musotica.com/segaco.html" "Mozilla/5.0 (Macintosh; U; Intel Mac OS X 10_5_4; en-us) AppleWebKit/525.18 (KHTML, like Gecko) Version/3.1.2 Safari/525.20.1" "site.musotica.com"
122.55.181.251 - - [07/Sep/2008:05:01:08 -0700] "GET /musotica/images/newgreendot.gif HTTP/1.1" 200 49 "http://musotica.com/segaco.html" "Mozilla/5.0 (Macintosh; U; Intel Mac OS X 10_5_4; en-us) AppleWebKit/525.18 (KHTML, like Gecko) Version/3.1.2 Safari/525.20.1" "site.musotica.com"
122.55.181.251 - - [07/Sep/2008:05:01:08 -0700] "GET /musotica/images/shoes.jpg HTTP/1.1" 200 14412 "http://musotica.com/segaco.html" "Mozilla/5.0 (Macintosh; U; Intel Mac OS X 10_5_4; en-us) AppleWebKit/525.18 (KHTML, like Gecko) Version/3.1.2 Safari/525.20.1" "site.musotica.com"
122.55.181.251 - - [07/Sep/2008:05:01:09 -0700] "GET /musotica/images/lingeris.jpg HTTP/1.1" 200 17260 "http://musotica.com/segaco.html" "Mozilla/5.0 (Macintosh; U; Intel Mac OS X 10_5_4; en-us) AppleWebKit/525.18 (KHTML, like Gecko) Version/3.1.2 Safari/525.20.1" "site.musotica.com"
122.55.181.251 - - [07/Sep/2008:05:01:09 -0700] "GET /musotica/images/clubwear.jpg HTTP/1.1" 200 15480 "http://musotica.com/segaco.html" "Mozilla/5.0 (Macintosh; U; Intel Mac OS X 10_5_4; en-us) AppleWebKit/525.18 (KHTML, like Gecko) Version/3.1.2 Safari/525.20.1" "site.musotica.com"
76.28.145.173 - - [07/Sep/2008:05:01:09 -0700] "GET /musotica/style/style.css HTTP/1.1" 200 2675 "http://musotica.com/segecosehaco.html" "Mozilla/5.0 (Windows; U; Windows NT 6.0; en-US; rv:1.9.0.1) Gecko/2008070208 Firefox/3.0.1" "site.musotica.com"
76.28.145.173 - - [07/Sep/2008:05:01:09 -0700] "GET /musotica/style/style.css HTTP/1.1" 200 2675 "http://musotica.com/segecosehaco.html" "Mozilla/5.0 (Windows; U; Windows NT 6.0; en-US; rv:1.9.0.1) Gecko/2008070208 Firefox/3.0.1" "site.musotica.com"
76.28.145.173 - - [07/Sep/2008:05:01:09 -0700] "GET /style/rolldiv-mozilla.css HTTP/1.1" 200 711 "http://musotica.com/segecosehaco.html" "Mozilla/5.0 (Windows; U; Windows NT 6.0; en-US; rv:1.9.0.1) Gecko/2008070208 Firefox/3.0.1" "site.musotica.com"
76.28.145.173 - - [07/Sep/2008:05:01:09 -0700] "GET /scripts/rolldiv.js HTTP/1.1" 200 623 "http://musotica.com/segecosehaco.html" "Mozilla/5.0 (Windows; U; Windows NT 6.0; en-US; rv:1.9.0.1) Gecko/2008070208 Firefox/3.0.1" "site.musotica.com"
76.28.145.173 - - [07/Sep/2008:05:01:10 -0700] "GET /scripts/paging-images/images/spacer.gif HTTP/1.1" 404 275 "http://musotica.com/segecosehaco.html" "Mozilla/5.0 (Windows; U; Windows NT 6.0; en-US; rv:1.9.0.1) Gecko/2008070208 Firefox/3.0.1" "site.musotica.com"
76.28.145.173 - - [07/Sep/2008:05:01:10 -0700] "GET /musotica/images/spacer.gif HTTP/1.1" 404 275 "http://musotica.com/segecosehaco.html" "Mozilla/5.0 (Windows; U; Windows NT 6.0; en-US; rv:1.9.0.1) Gecko/2008070208 Firefox/3.0.1" "site.musotica.com"
208.82.165.125 - - [07/Sep/2008:05:01:17 -0700] "GET /musotica/style/style.css HTTP/1.1" 200 2675 "http://musotica.com/seflat.html" "Mozilla/4.0 (compatible; MSIE 7.0; Windows NT 5.1; Mozilla/4.0 (compatible; MSIE 6.0; Windows NT 5.1; SV1) ; Embedded Web Browser from: http://bsalsa.com/; .NET CLR 1.1.4322; .NET CLR 2.0.50727; InfoPath.1; .NET CLR 3.0.04506.30)" "site.musotica.com"
76.28.145.173 - - [07/Sep/2008:05:01:18 -0700] "GET /musotica/style/style.css HTTP/1.1" 200 2675 "http://musotica.com/seshco.html" "Mozilla/5.0 (Windows; U; Windows NT 6.0; en-US; rv:1.9.0.1) Gecko/2008070208 Firefox/3.0.1" "site.musotica.com"
76.28.145.173 - - [07/Sep/2008:05:01:19 -0700] "GET /style/rolldiv-mozilla.css HTTP/1.1" 200 711 "http://musotica.com/seshco.html" "Mozilla/5.0 (Windows; U; Windows NT 6.0; en-US; rv:1.9.0.1) Gecko/2008070208 Firefox/3.0.1" "site.musotica.com"
76.28.145.173 - - [07/Sep/2008:05:01:19 -0700] "GET /scripts/rolldiv.js HTTP/1.1" 200 623 "http://musotica.com/seshco.html" "Mozilla/5.0 (Windows; U; Windows NT 6.0; en-US; rv:1.9.0.1) Gecko/2008070208 Firefox/3.0.1" "site.musotica.com"
208.82.165.125 - - [07/Sep/2008:05:01:19 -0700] "GET /style/rolldiv-ie.css HTTP/1.1" 200 809 "http://musotica.com/seflat.html" "Mozilla/4.0 (compatible; MSIE 7.0; Windows NT 5.1; Mozilla/4.0 (compatible; MSIE 6.0; Windows NT 5.1; SV1) ; Embedded Web Browser from: http://bsalsa.com/; .NET CLR 1.1.4322; .NET CLR 2.0.50727; InfoPath.1; .NET CLR 3.0.04506.30)" "site.musotica.com"
76.28.145.173 - - [07/Sep/2008:05:01:19 -0700] "GET /scripts/cookies.js HTTP/1.1" 200 1429 "http://musotica.com/seshco.html" "Mozilla/5.0 (Windows; U; Windows NT 6.0; en-US; rv:1.9.0.1) Gecko/2008070208 Firefox/3.0.1" "site.musotica.com"
208.82.165.125 - - [07/Sep/2008:05:01:19 -0700] "GET /scripts/rolldiv.js HTTP/1.1" 200 623 "http://musotica.com/seflat.html" "Mozilla/4.0 (compatible; MSIE 7.0; Windows NT 5.1; Mozilla/4.0 (compatible; MSIE 6.0; Windows NT 5.1; SV1) ; Embedded Web Browser from: http://bsalsa.com/; .NET CLR 1.1.4322; .NET CLR 2.0.50727; InfoPath.1; .NET CLR 3.0.04506.30)" "site.musotica.com"
76.28.145.173 - - [07/Sep/2008:05:01:19 -0700] "GET /scripts/pagging-inner.js HTTP/1.1" 200 24676 "http://musotica.com/seshco.html" "Mozilla/5.0 (Windows; U; Windows NT 6.0; en-US; rv:1.9.0.1) Gecko/2008070208 Firefox/3.0.1" "site.musotica.com"
208.82.165.125 - - [07/Sep/2008:05:01:20 -0700] "GET /musotica/images/logo.gif HTTP/1.1" 200 2006 "http://musotica.com/seflat.html" "Mozilla/4.0 (compatible; MSIE 7.0; Windows NT 5.1; Mozilla/4.0 (compatible; MSIE 6.0; Windows NT 5.1; SV1) ; Embedded Web Browser from: http://bsalsa.com/; .NET CLR 1.1.4322; .NET CLR 2.0.50727; InfoPath.1; .NET CLR 3.0.04506.30)" "site.musotica.com"
208.82.165.125 - - [07/Sep/2008:05:01:20 -0700] "GET /musotica/images/phone.gif HTTP/1.1" 200 385 "http://musotica.com/seflat.html" "Mozilla/4.0 (compatible; MSIE 7.0; Windows NT 5.1; Mozilla/4.0 (compatible; MSIE 6.0; Windows NT 5.1; SV1) ; Embedded Web Browser from: http://bsalsa.com/; .NET CLR 1.1.4322; .NET CLR 2.0.50727; InfoPath.1; .NET CLR 3.0.04506.30)" "site.musotica.com"
76.28.145.173 - - [07/Sep/2008:05:01:20 -0700] "GET /scripts/dpv.js HTTP/1.1" 200 1545 "http://musotica.com/seshco.html" "Mozilla/5.0 (Windows; U; Windows NT 6.0; en-US; rv:1.9.0.1) Gecko/2008070208 Firefox/3.0.1" "site.musotica.com"
208.82.165.125 - - [07/Sep/2008:05:01:20 -0700] "GET /rolldiv-images/shadow.png HTTP/1.1" 200 175 "-" "Mozilla/4.0 (compatible; MSIE 7.0; Windows NT 5.1; Mozilla/4.0 (compatible; MSIE 6.0; Windows NT 5.1; SV1) ; Embedded Web Browser from: http://bsalsa.com/; .NET CLR 1.1.4322; .NET CLR 2.0.50727; InfoPath.1; .NET CLR 3.0.04506.30)" "site.musotica.com"
208.82.165.125 - - [07/Sep/2008:05:01:20 -0700] "GET /musotica/images/tell.gif HTTP/1.1" 200 67 "http://musotica.com/seflat.html" "Mozilla/4.0 (compatible; MSIE 7.0; Windows NT 5.1; Mozilla/4.0 (compatible; MSIE 6.0; Windows NT 5.1; SV1) ; Embedded Web Browser from: http://bsalsa.com/; .NET CLR 1.1.4322; .NET CLR 2.0.50727; InfoPath.1; .NET CLR 3.0.04506.30)" "site.musotica.com"
76.28.145.173 - - [07/Sep/2008:05:01:20 -0700] "GET /musotica/images/spacer.gif HTTP/1.1" 404 275 "http://musotica.com/seshco.html" "Mozilla/5.0 (Windows; U; Windows NT 6.0; en-US; rv:1.9.0.1) Gecko/2008070208 Firefox/3.0.1" "site.musotica.com"
208.82.165.125 - - [07/Sep/2008:05:01:21 -0700] "GET /musotica/images/home.gif HTTP/1.1" 200 70 "http://musotica.com/seflat.html" "Mozilla/4.0 (compatible; MSIE 7.0; Windows NT 5.1; Mozilla/4.0 (compatible; MSIE 6.0; Windows NT 5.1; SV1) ; Embedded Web Browser from: http://bsalsa.com/; .NET CLR 1.1.4322; .NET CLR 2.0.50727; InfoPath.1; .NET CLR 3.0.04506.30)" "site.musotica.com"
208.82.165.125 - - [07/Sep/2008:05:01:21 -0700] "GET /musotica/images/head_strip.gif HTTP/1.1" 200 63 "http://musotica.com/seflat.html" "Mozilla/4.0 (compatible; MSIE 7.0; Windows NT 5.1; Mozilla/4.0 (compatible; MSIE 6.0; Windows NT 5.1; SV1) ; Embedded Web Browser from: http://bsalsa.com/; .NET CLR 1.1.4322; .NET CLR 2.0.50727; InfoPath.1; .NET CLR 3.0.04506.30)" "site.musotica.com"
208.82.165.125 - - [07/Sep/2008:05:01:21 -0700] "GET /musotica/images/bookmark.gif HTTP/1.1" 200 124 "http://musotica.com/seflat.html" "Mozilla/4.0 (compatible; MSIE 7.0; Windows NT 5.1; Mozilla/4.0 (compatible; MSIE 6.0; Windows NT 5.1; SV1) ; Embedded Web Browser from: http://bsalsa.com/; .NET CLR 1.1.4322; .NET CLR 2.0.50727; InfoPath.1; .NET CLR 3.0.04506.30)" "site.musotica.com"
208.82.165.125 - - [07/Sep/2008:05:01:21 -0700] "GET /musotica/images/go.gif HTTP/1.1" 200 731 "http://musotica.com/seflat.html" "Mozilla/4.0 (compatible; MSIE 7.0; Windows NT 5.1; Mozilla/4.0 (compatible; MSIE 6.0; Windows NT 5.1; SV1) ; Embedded Web Browser from: http://bsalsa.com/; .NET CLR 1.1.4322; .NET CLR 2.0.50727; InfoPath.1; .NET CLR 3.0.04506.30)" "site.musotica.com"
208.82.165.125 - - [07/Sep/2008:05:01:22 -0700] "GET /musotica/images/newdot.gif HTTP/1.1" 200 62 "http://musotica.com/seflat.html" "Mozilla/4.0 (compatible; MSIE 7.0; Windows NT 5.1; Mozilla/4.0 (compatible; MSIE 6.0; Windows NT 5.1; SV1) ; Embedded Web Browser from: http://bsalsa.com/; .NET CLR 1.1.4322; .NET CLR 2.0.50727; InfoPath.1; .NET CLR 3.0.04506.30)" "site.musotica.com"
208.82.165.125 - - [07/Sep/2008:05:01:22 -0700] "GET /musotica/images/shop.gif HTTP/1.1" 200 83 "http://musotica.com/seflat.html" "Mozilla/4.0 (compatible; MSIE 7.0; Windows NT 5.1; Mozilla/4.0 (compatible; MSIE 6.0; Windows NT 5.1; SV1) ; Embedded Web Browser from: http://bsalsa.com/; .NET CLR 1.1.4322; .NET CLR 2.0.50727; InfoPath.1; .NET CLR 3.0.04506.30)" "site.musotica.com"
208.82.165.125 - - [07/Sep/2008:05:01:22 -0700] "GET /musotica/images/arrow.gif HTTP/1.1" 200 61 "http://musotica.com/seflat.html" "Mozilla/4.0 (compatible; MSIE 7.0; Windows NT 5.1; Mozilla/4.0 (compatible; MSIE 6.0; Windows NT 5.1; SV1) ; Embedded Web Browser from: http://bsalsa.com/; .NET CLR 1.1.4322; .NET CLR 2.0.50727; InfoPath.1; .NET CLR 3.0.04506.30)" "site.musotica.com"
208.82.165.125 - - [07/Sep/2008:05:01:22 -0700] "GET /musotica/images/search.gif HTTP/1.1" 200 1538 "http://musotica.com/seflat.html" "Mozilla/4.0 (compatible; MSIE 7.0; Windows NT 5.1; Mozilla/4.0 (compatible; MSIE 6.0; Windows NT 5.1; SV1) ; Embedded Web Browser from: http://bsalsa.com/; .NET CLR 1.1.4322; .NET CLR 2.0.50727; InfoPath.1; .NET CLR 3.0.04506.30)" "site.musotica.com"
208.82.165.125 - - [07/Sep/2008:05:01:22 -0700] "GET /musotica/images/midline.gif HTTP/1.1" 200 49 "http://musotica.com/seflat.html" "Mozilla/4.0 (compatible; MSIE 7.0; Windows NT 5.1; Mozilla/4.0 (compatible; MSIE 6.0; Windows NT 5.1; SV1) ; Embedded Web Browser from: http://bsalsa.com/; .NET CLR 1.1.4322; .NET CLR 2.0.50727; InfoPath.1; .NET CLR 3.0.04506.30)" "site.musotica.com"
208.82.165.125 - - [07/Sep/2008:05:01:22 -0700] "GET /scripts/cookies.js HTTP/1.1" 200 1429 "http://musotica.com/seflat.html" "Mozilla/4.0 (compatible; MSIE 7.0; Windows NT 5.1; Mozilla/4.0 (compatible; MSIE 6.0; Windows NT 5.1; SV1) ; Embedded Web Browser from: http://bsalsa.com/; .NET CLR 1.1.4322; .NET CLR 2.0.50727; InfoPath.1; .NET CLR 3.0.04506.30)" "site.musotica.com"
208.82.165.125 - - [07/Sep/2008:05:01:23 -0700] "GET /scripts/pagging-inner.js HTTP/1.1" 200 24676 "http://musotica.com/seflat.html" "Mozilla/4.0 (compatible; MSIE 7.0; Windows NT 5.1; Mozilla/4.0 (compatible; MSIE 6.0; Windows NT 5.1; SV1) ; Embedded Web Browser from: http://bsalsa.com/; .NET CLR 1.1.4322; .NET CLR 2.0.50727; InfoPath.1; .NET CLR 3.0.04506.30)" "site.musotica.com"
76.28.145.173 - - [07/Sep/2008:05:01:24 -0700] "GET /musotica/style/style.css HTTP/1.1" 200 2675 "http://musotica.com/haco.html" "Mozilla/5.0 (Windows; U; Windows NT 6.0; en-US; rv:1.9.0.1) Gecko/2008070208 Firefox/3.0.1" "site.musotica.com"
208.82.165.125 - - [07/Sep/2008:05:01:24 -0700] "GET /scripts/dpv.js HTTP/1.1" 200 1545 "http://musotica.com/seflat.html" "Mozilla/4.0 (compatible; MSIE 7.0; Windows NT 5.1; Mozilla/4.0 (compatible; MSIE 6.0; Windows NT 5.1; SV1) ; Embedded Web Browser from: http://bsalsa.com/; .NET CLR 1.1.4322; .NET CLR 2.0.50727; InfoPath.1; .NET CLR 3.0.04506.30)" "site.musotica.com"
76.28.145.173 - - [07/Sep/2008:05:01:24 -0700] "GET /style/rolldiv-mozilla.css HTTP/1.1" 200 711 "http://musotica.com/haco.html" "Mozilla/5.0 (Windows; U; Windows NT 6.0; en-US; rv:1.9.0.1) Gecko/2008070208 Firefox/3.0.1" "site.musotica.com"
76.28.145.173 - - [07/Sep/2008:05:01:24 -0700] "GET /scripts/rolldiv.js HTTP/1.1" 200 623 "http://musotica.com/haco.html" "Mozilla/5.0 (Windows; U; Windows NT 6.0; en-US; rv:1.9.0.1) Gecko/2008070208 Firefox/3.0.1" "site.musotica.com"
76.28.145.173 - - [07/Sep/2008:05:01:25 -0700] "GET /musotica/images/spacer.gif HTTP/1.1" 404 275 "http://musotica.com/haco.html" "Mozilla/5.0 (Windows; U; Windows NT 6.0; en-US; rv:1.9.0.1) Gecko/2008070208 Firefox/3.0.1" "site.musotica.com"
208.82.165.125 - - [07/Sep/2008:05:01:25 -0700] "GET /musotica/images/lingeris.jpg HTTP/1.1" 200 17260 "http://musotica.com/seflat.html" "Mozilla/4.0 (compatible; MSIE 7.0; Windows NT 5.1; Mozilla/4.0 (compatible; MSIE 6.0; Windows NT 5.1; SV1) ; Embedded Web Browser from: http://bsalsa.com/; .NET CLR 1.1.4322; .NET CLR 2.0.50727; InfoPath.1; .NET CLR 3.0.04506.30)" "site.musotica.com"
208.82.165.125 - - [07/Sep/2008:05:01:25 -0700] "GET /musotica/images/bannerdot.gif HTTP/1.1" 200 49 "http://musotica.com/seflat.html" "Mozilla/4.0 (compatible; MSIE 7.0; Windows NT 5.1; Mozilla/4.0 (compatible; MSIE 6.0; Windows NT 5.1; SV1) ; Embedded Web Browser from: http://bsalsa.com/; .NET CLR 1.1.4322; .NET CLR 2.0.50727; InfoPath.1; .NET CLR 3.0.04506.30)" "site.musotica.com"
208.82.165.125 - - [07/Sep/2008:05:01:25 -0700] "GET /musotica/images/spacer.gif HTTP/1.1" 404 275 "http://musotica.com/seflat.html" "Mozilla/4.0 (compatible; MSIE 7.0; Windows NT 5.1; Mozilla/4.0 (compatible; MSIE 6.0; Windows NT 5.1; SV1) ; Embedded Web Browser from: http://bsalsa.com/; .NET CLR 1.1.4322; .NET CLR 2.0.50727; InfoPath.1; .NET CLR 3.0.04506.30)" "site.musotica.com"
208.82.165.125 - - [07/Sep/2008:05:01:26 -0700] "GET /musotica/images/clubwear.jpg HTTP/1.1" 200 15480 "http://musotica.com/seflat.html" "Mozilla/4.0 (compatible; MSIE 7.0; Windows NT 5.1; Mozilla/4.0 (compatible; MSIE 6.0; Windows NT 5.1; SV1) ; Embedded Web Browser from: http://bsalsa.com/; .NET CLR 1.1.4322; .NET CLR 2.0.50727; InfoPath.1; .NET CLR 3.0.04506.30)" "site.musotica.com"
208.82.165.125 - - [07/Sep/2008:05:01:26 -0700] "GET /musotica/images/newgreendot.gif HTTP/1.1" 200 49 "http://musotica.com/seflat.html" "Mozilla/4.0 (compatible; MSIE 7.0; Windows NT 5.1; Mozilla/4.0 (compatible; MSIE 6.0; Windows NT 5.1; SV1) ; Embedded Web Browser from: http://bsalsa.com/; .NET CLR 1.1.4322; .NET CLR 2.0.50727; InfoPath.1; .NET CLR 3.0.04506.30)" "site.musotica.com"
208.82.165.125 - - [07/Sep/2008:05:01:27 -0700] "GET /musotica/images/stockings.jpg HTTP/1.1" 200 15303 "http://musotica.com/seflat.html" "Mozilla/4.0 (compatible; MSIE 7.0; Windows NT 5.1; Mozilla/4.0 (compatible; MSIE 6.0; Windows NT 5.1; SV1) ; Embedded Web Browser from: http://bsalsa.com/; .NET CLR 1.1.4322; .NET CLR 2.0.50727; InfoPath.1; .NET CLR 3.0.04506.30)" "site.musotica.com"
208.82.165.125 - - [07/Sep/2008:05:01:27 -0700] "GET /musotica/images/shoes.jpg HTTP/1.1" 200 14412 "http://musotica.com/seflat.html" "Mozilla/4.0 (compatible; MSIE 7.0; Windows NT 5.1; Mozilla/4.0 (compatible; MSIE 6.0; Windows NT 5.1; SV1) ; Embedded Web Browser from: http://bsalsa.com/; .NET CLR 1.1.4322; .NET CLR 2.0.50727; InfoPath.1; .NET CLR 3.0.04506.30)" "site.musotica.com"
208.82.165.125 - - [07/Sep/2008:05:01:28 -0700] "GET /musotica/images/accessories.jpg HTTP/1.1" 200 17113 "http://musotica.com/seflat.html" "Mozilla/4.0 (compatible; MSIE 7.0; Windows NT 5.1; Mozilla/4.0 (compatible; MSIE 6.0; Windows NT 5.1; SV1) ; Embedded Web Browser from: http://bsalsa.com/; .NET CLR 1.1.4322; .NET CLR 2.0.50727; InfoPath.1; .NET CLR 3.0.04506.30)" "site.musotica.com"
208.82.165.125 - - [07/Sep/2008:05:01:28 -0700] "GET /musotica/images/pay.jpg HTTP/1.1" 200 13131 "http://musotica.com/seflat.html" "Mozilla/4.0 (compatible; MSIE 7.0; Windows NT 5.1; Mozilla/4.0 (compatible; MSIE 6.0; Windows NT 5.1; SV1) ; Embedded Web Browser from: http://bsalsa.com/; .NET CLR 1.1.4322; .NET CLR 2.0.50727; InfoPath.1; .NET CLR 3.0.04506.30)" "site.musotica.com"
76.28.145.173 - - [07/Sep/2008:05:01:28 -0700] "GET /rolldiv-images/header.png HTTP/1.1" 200 730 "http://site.musotica.com/style/rolldiv-mozilla.css" "Mozilla/5.0 (Windows; U; Windows NT 6.0; en-US; rv:1.9.0.1) Gecko/2008070208 Firefox/3.0.1" "site.musotica.com"
76.28.145.173 - - [07/Sep/2008:05:01:28 -0700] "GET /rolldiv-images/shadow.png HTTP/1.1" 200 175 "http://site.musotica.com/style/rolldiv-mozilla.css" "Mozilla/5.0 (Windows; U; Windows NT 6.0; en-US; rv:1.9.0.1) Gecko/2008070208 Firefox/3.0.1" "site.musotica.com"
76.28.145.173 - - [07/Sep/2008:05:01:28 -0700] "GET /rolldiv-images/footer.png HTTP/1.1" 200 637 "http://site.musotica.com/style/rolldiv-mozilla.css" "Mozilla/5.0 (Windows; U; Windows NT 6.0; en-US; rv:1.9.0.1) Gecko/2008070208 Firefox/3.0.1" "site.musotica.com"
208.82.165.125 - - [07/Sep/2008:05:01:29 -0700] "GET /musotica/images/ss.jpg HTTP/1.1" 200 5500 "http://musotica.com/seflat.html" "Mozilla/4.0 (compatible; MSIE 7.0; Windows NT 5.1; Mozilla/4.0 (compatible; MSIE 6.0; Windows NT 5.1; SV1) ; Embedded Web Browser from: http://bsalsa.com/; .NET CLR 1.1.4322; .NET CLR 2.0.50727; InfoPath.1; .NET CLR 3.0.04506.30)" "site.musotica.com"
208.82.165.125 - - [07/Sep/2008:05:01:31 -0700] "GET /rolldiv-images/header.png HTTP/1.1" 200 730 "-" "Mozilla/4.0 (compatible; MSIE 7.0; Windows NT 5.1; Mozilla/4.0 (compatible; MSIE 6.0; Windows NT 5.1; SV1) ; Embedded Web Browser from: http://bsalsa.com/; .NET CLR 1.1.4322; .NET CLR 2.0.50727; InfoPath.1; .NET CLR 3.0.04506.30)" "site.musotica.com"
208.82.165.125 - - [07/Sep/2008:05:01:32 -0700] "GET /rolldiv-images/footer.png HTTP/1.1" 200 637 "-" "Mozilla/4.0 (compatible; MSIE 7.0; Windows NT 5.1; Mozilla/4.0 (compatible; MSIE 6.0; Windows NT 5.1; SV1) ; Embedded Web Browser from: http://bsalsa.com/; .NET CLR 1.1.4322; .NET CLR 2.0.50727; InfoPath.1; .NET CLR 3.0.04506.30)" "site.musotica.com"
117.102.133.23 - - [07/Sep/2008:05:01:39 -0700] "GET /scripts/paging-images/images/spacer.gif HTTP/1.1" 404 275 "http://musotica.com/sepihewipo.html" "Mozilla/4.0 (compatible; MSIE 7.0; Windows NT 5.1)" "site.musotica.com"
117.102.133.23 - - [07/Sep/2008:05:01:40 -0700] "GET /musotica/images/spacer.gif HTTP/1.1" 404 275 "http://musotica.com/sepihewipo.html" "Mozilla/4.0 (compatible; MSIE 7.0; Windows NT 5.1)" "site.musotica.com"
76.28.145.173 - - [07/Sep/2008:05:01:40 -0700] "GET /musotica/style/style.css HTTP/1.1" 200 2675 "http://musotica.com/coandin.html" "Mozilla/5.0 (Windows; U; Windows NT 6.0; en-US; rv:1.9.0.1) Gecko/2008070208 Firefox/3.0.1" "site.musotica.com"
76.28.145.173 - - [07/Sep/2008:05:01:40 -0700] "GET /style/rolldiv-mozilla.css HTTP/1.1" 200 711 "http://musotica.com/coandin.html" "Mozilla/5.0 (Windows; U; Windows NT 6.0; en-US; rv:1.9.0.1) Gecko/2008070208 Firefox/3.0.1" "site.musotica.com"
76.28.145.173 - - [07/Sep/2008:05:01:40 -0700] "GET /scripts/rolldiv.js HTTP/1.1" 200 623 "http://musotica.com/coandin.html" "Mozilla/5.0 (Windows; U; Windows NT 6.0; en-US; rv:1.9.0.1) Gecko/2008070208 Firefox/3.0.1" "site.musotica.com"
76.28.145.173 - - [07/Sep/2008:05:01:40 -0700] "GET /scripts/cookies.js HTTP/1.1" 200 1429 "http://musotica.com/coandin.html" "Mozilla/5.0 (Windows; U; Windows NT 6.0; en-US; rv:1.9.0.1) Gecko/2008070208 Firefox/3.0.1" "site.musotica.com"
76.28.145.173 - - [07/Sep/2008:05:01:41 -0700] "GET /musotica/style/style.css HTTP/1.1" 200 2675 "http://musotica.com/coandin.html" "Mozilla/5.0 (Windows; U; Windows NT 6.0; en-US; rv:1.9.0.1) Gecko/2008070208 Firefox/3.0.1" "site.musotica.com"
76.28.145.173 - - [07/Sep/2008:05:01:41 -0700] "GET /scripts/rolldiv.js HTTP/1.1" 200 623 "http://musotica.com/coandin.html" "Mozilla/5.0 (Windows; U; Windows NT 6.0; en-US; rv:1.9.0.1) Gecko/2008070208 Firefox/3.0.1" "site.musotica.com"
76.28.145.173 - - [07/Sep/2008:05:01:41 -0700] "GET /style/rolldiv-mozilla.css HTTP/1.1" 200 711 "http://musotica.com/coandin.html" "Mozilla/5.0 (Windows; U; Windows NT 6.0; en-US; rv:1.9.0.1) Gecko/2008070208 Firefox/3.0.1" "site.musotica.com"
76.28.145.173 - - [07/Sep/2008:05:01:42 -0700] "GET /scripts/cookies.js HTTP/1.1" 200 1429 "http://musotica.com/coandin.html" "Mozilla/5.0 (Windows; U; Windows NT 6.0; en-US; rv:1.9.0.1) Gecko/2008070208 Firefox/3.0.1" "site.musotica.com"
76.28.145.173 - - [07/Sep/2008:05:01:42 -0700] "GET /scripts/pagging-inner.js HTTP/1.1" 200 24676 "http://musotica.com/coandin.html" "Mozilla/5.0 (Windows; U; Windows NT 6.0; en-US; rv:1.9.0.1) Gecko/2008070208 Firefox/3.0.1" "site.musotica.com"
76.28.145.173 - - [07/Sep/2008:05:01:42 -0700] "GET /scripts/dpv.js HTTP/1.1" 200 1545 "http://musotica.com/coandin.html" "Mozilla/5.0 (Windows; U; Windows NT 6.0; en-US; rv:1.9.0.1) Gecko/2008070208 Firefox/3.0.1" "site.musotica.com"
76.28.145.173 - - [07/Sep/2008:05:01:43 -0700] "GET /musotica/images/spacer.gif HTTP/1.1" 404 275 "http://musotica.com/coandin.html" "Mozilla/5.0 (Windows; U; Windows NT 6.0; en-US; rv:1.9.0.1) Gecko/2008070208 Firefox/3.0.1" "site.musotica.com"
212.134.155.211 - - [07/Sep/2008:05:01:47 -0700] "GET /musotica/images/spacer.gif HTTP/1.0" 404 275 "http://musotica.com/fairy.html" "Mozilla/5.0 (Windows; U; Windows NT 5.1; en-US; rv:1.9.0.1) Gecko/2008070208 Firefox/3.0.1" "site.musotica.com"
208.82.165.125 - - [07/Sep/2008:05:01:52 -0700] "GET /scripts/paging-images/images/spacer.gif HTTP/1.1" 404 275 "http://musotica.com/mihimaflat.html" "Mozilla/4.0 (compatible; MSIE 7.0; Windows NT 5.1; Mozilla/4.0 (compatible; MSIE 6.0; Windows NT 5.1; SV1) ; Embedded Web Browser from: http://bsalsa.com/; .NET CLR 1.1.4322; .NET CLR 2.0.50727; InfoPath.1; .NET CLR 3.0.04506.30)" "site.musotica.com"
208.82.165.125 - - [07/Sep/2008:05:01:54 -0700] "GET /musotica/images/spacer.gif HTTP/1.1" 404 275 "http://musotica.com/mihimaflat.html" "Mozilla/4.0 (compatible; MSIE 7.0; Windows NT 5.1; Mozilla/4.0 (compatible; MSIE 6.0; Windows NT 5.1; SV1) ; Embedded Web Browser from: http://bsalsa.com/; .NET CLR 1.1.4322; .NET CLR 2.0.50727; InfoPath.1; .NET CLR 3.0.04506.30)" "site.musotica.com"
117.102.133.23 - - [07/Sep/2008:05:01:55 -0700] "GET /musotica/images/spacer.gif HTTP/1.1" 404 275 "http://musotica.com/dancewear.html" "Mozilla/4.0 (compatible; MSIE 7.0; Windows NT 5.1)" "site.musotica.com"
122.168.25.248 - - [07/Sep/2008:05:01:57 -0700] "GET /musotica/style/style.css HTTP/1.1" 200 2675 "http://musotica.com/bodyshapers.html" "Mozilla/4.0 (compatible; MSIE 6.0; Windows NT 5.1)" "site.musotica.com"
76.28.145.173 - - [07/Sep/2008:05:02:00 -0700] "GET /musotica/style/style.css HTTP/1.1" 200 2675 "http://musotica.com/seingicobyle.html" "Mozilla/5.0 (Windows; U; Windows NT 6.0; en-US; rv:1.9.0.1) Gecko/2008070208 Firefox/3.0.1" "site.musotica.com"
76.28.145.173 - - [07/Sep/2008:05:02:00 -0700] "GET /style/rolldiv-mozilla.css HTTP/1.1" 200 711 "http://musotica.com/seingicobyle.html" "Mozilla/5.0 (Windows; U; Windows NT 6.0; en-US; rv:1.9.0.1) Gecko/2008070208 Firefox/3.0.1" "site.musotica.com"
76.28.145.173 - - [07/Sep/2008:05:02:00 -0700] "GET /scripts/rolldiv.js HTTP/1.1" 200 623 "http://musotica.com/seingicobyle.html" "Mozilla/5.0 (Windows; U; Windows NT 6.0; en-US; rv:1.9.0.1) Gecko/2008070208 Firefox/3.0.1" "site.musotica.com"
122.168.25.248 - - [07/Sep/2008:05:02:00 -0700] "GET /style/rolldiv-ie.css HTTP/1.1" 200 809 "http://musotica.com/bodyshapers.html" "Mozilla/4.0 (compatible; MSIE 6.0; Windows NT 5.1)" "site.musotica.com"
76.28.145.173 - - [07/Sep/2008:05:02:00 -0700] "GET /scripts/paging-images/images/spacer.gif HTTP/1.1" 404 275 "http://musotica.com/seingicobyle.html" "Mozilla/5.0 (Windows; U; Windows NT 6.0; en-US; rv:1.9.0.1) Gecko/2008070208 Firefox/3.0.1" "site.musotica.com"
76.28.145.173 - - [07/Sep/2008:05:02:01 -0700] "GET /musotica/images/spacer.gif HTTP/1.1" 404 275 "http://musotica.com/seingicobyle.html" "Mozilla/5.0 (Windows; U; Windows NT 6.0; en-US; rv:1.9.0.1) Gecko/2008070208 Firefox/3.0.1" "site.musotica.com"
122.168.25.248 - - [07/Sep/2008:05:02:01 -0700] "GET /scripts/rolldiv.js HTTP/1.1" 200 623 "http://musotica.com/bodyshapers.html" "Mozilla/4.0 (compatible; MSIE 6.0; Windows NT 5.1)" "site.musotica.com"
122.168.25.248 - - [07/Sep/2008:05:02:01 -0700] "GET /musotica/images/logo.gif HTTP/1.1" 200 2006 "http://musotica.com/bodyshapers.html" "Mozilla/4.0 (compatible; MSIE 6.0; Windows NT 5.1)" "site.musotica.com"
122.168.25.248 - - [07/Sep/2008:05:02:01 -0700] "GET /musotica/images/head_strip.gif HTTP/1.1" 200 63 "http://musotica.com/bodyshapers.html" "Mozilla/4.0 (compatible; MSIE 6.0; Windows NT 5.1)" "site.musotica.com"
122.168.25.248 - - [07/Sep/2008:05:02:02 -0700] "GET /musotica/images/newdot.gif HTTP/1.1" 200 62 "http://musotica.com/bodyshapers.html" "Mozilla/4.0 (compatible; MSIE 6.0; Windows NT 5.1)" "site.musotica.com"
122.168.25.248 - - [07/Sep/2008:05:02:02 -0700] "GET /rolldiv-images/shadow.png HTTP/1.1" 200 175 "-" "Mozilla/4.0 (compatible; MSIE 6.0; Windows NT 5.1)" "site.musotica.com"
122.168.25.248 - - [07/Sep/2008:05:02:03 -0700] "GET /musotica/images/phone.gif HTTP/1.1" 200 385 "http://musotica.com/bodyshapers.html" "Mozilla/4.0 (compatible; MSIE 6.0; Windows NT 5.1)" "site.musotica.com"
122.168.25.248 - - [07/Sep/2008:05:02:03 -0700] "GET /musotica/images/home.gif HTTP/1.1" 200 70 "http://musotica.com/bodyshapers.html" "Mozilla/4.0 (compatible; MSIE 6.0; Windows NT 5.1)" "site.musotica.com"
122.168.25.248 - - [07/Sep/2008:05:02:03 -0700] "GET /musotica/images/bookmark.gif HTTP/1.1" 200 124 "http://musotica.com/bodyshapers.html" "Mozilla/4.0 (compatible; MSIE 6.0; Windows NT 5.1)" "site.musotica.com"
122.168.25.248 - - [07/Sep/2008:05:02:03 -0700] "GET /musotica/images/tell.gif HTTP/1.1" 200 67 "http://musotica.com/bodyshapers.html" "Mozilla/4.0 (compatible; MSIE 6.0; Windows NT 5.1)" "site.musotica.com"
86.82.238.131 - - [07/Sep/2008:05:02:04 -0700] "GET /musotica/style/style.css HTTP/1.1" 200 2675 "http://musotica.com/romantic.html" "Mozilla/4.0 (compatible; MSIE 6.0; Windows NT 5.1; SV1; .NET CLR 1.1.4322; InfoPath.1)" "site.musotica.com"
122.168.25.248 - - [07/Sep/2008:05:02:04 -0700] "GET /musotica/images/shop.gif HTTP/1.1" 200 83 "http://musotica.com/bodyshapers.html" "Mozilla/4.0 (compatible; MSIE 6.0; Windows NT 5.1)" "site.musotica.com"
122.168.25.248 - - [07/Sep/2008:05:02:04 -0700] "GET /musotica/images/go.gif HTTP/1.1" 200 731 "http://musotica.com/bodyshapers.html" "Mozilla/4.0 (compatible; MSIE 6.0; Windows NT 5.1)" "site.musotica.com"
122.168.25.248 - - [07/Sep/2008:05:02:05 -0700] "GET /musotica/images/search.gif HTTP/1.1" 200 1538 "http://musotica.com/bodyshapers.html" "Mozilla/4.0 (compatible; MSIE 6.0; Windows NT 5.1)" "site.musotica.com"
86.82.238.131 - - [07/Sep/2008:05:02:05 -0700] "GET /style/rolldiv-ie.css HTTP/1.1" 200 809 "http://musotica.com/romantic.html" "Mozilla/4.0 (compatible; MSIE 6.0; Windows NT 5.1; SV1; .NET CLR 1.1.4322; InfoPath.1)" "site.musotica.com"
86.82.238.131 - - [07/Sep/2008:05:02:05 -0700] "GET /scripts/rolldiv.js HTTP/1.1" 200 623 "http://musotica.com/romantic.html" "Mozilla/4.0 (compatible; MSIE 6.0; Windows NT 5.1; SV1; .NET CLR 1.1.4322; InfoPath.1)" "site.musotica.com"
86.82.238.131 - - [07/Sep/2008:05:02:05 -0700] "GET /musotica/images/head_strip.gif HTTP/1.1" 200 63 "http://musotica.com/romantic.html" "Mozilla/4.0 (compatible; MSIE 6.0; Windows NT 5.1; SV1; .NET CLR 1.1.4322; InfoPath.1)" "site.musotica.com"
86.82.238.131 - - [07/Sep/2008:05:02:05 -0700] "GET /musotica/images/logo.gif HTTP/1.1" 200 2006 "http://musotica.com/romantic.html" "Mozilla/4.0 (compatible; MSIE 6.0; Windows NT 5.1; SV1; .NET CLR 1.1.4322; InfoPath.1)" "site.musotica.com"
86.82.238.131 - - [07/Sep/2008:05:02:06 -0700] "GET /rolldiv-images/shadow.png HTTP/1.1" 200 175 "-" "Mozilla/4.0 (compatible; MSIE 6.0; Windows NT 5.1; SV1; .NET CLR 1.1.4322; InfoPath.1)" "site.musotica.com"
86.82.238.131 - - [07/Sep/2008:05:02:06 -0700] "GET /musotica/images/phone.gif HTTP/1.1" 200 385 "http://musotica.com/romantic.html" "Mozilla/4.0 (compatible; MSIE 6.0; Windows NT 5.1; SV1; .NET CLR 1.1.4322; InfoPath.1)" "site.musotica.com"
86.82.238.131 - - [07/Sep/2008:05:02:06 -0700] "GET /musotica/images/newdot.gif HTTP/1.1" 200 62 "http://musotica.com/romantic.html" "Mozilla/4.0 (compatible; MSIE 6.0; Windows NT 5.1; SV1; .NET CLR 1.1.4322; InfoPath.1)" "site.musotica.com"
86.82.238.131 - - [07/Sep/2008:05:02:06 -0700] "GET /musotica/images/home.gif HTTP/1.1" 200 70 "http://musotica.com/romantic.html" "Mozilla/4.0 (compatible; MSIE 6.0; Windows NT 5.1; SV1; .NET CLR 1.1.4322; InfoPath.1)" "site.musotica.com"
86.82.238.131 - - [07/Sep/2008:05:02:06 -0700] "GET /musotica/images/tell.gif HTTP/1.1" 200 67 "http://musotica.com/romantic.html" "Mozilla/4.0 (compatible; MSIE 6.0; Windows NT 5.1; SV1; .NET CLR 1.1.4322; InfoPath.1)" "site.musotica.com"
86.82.238.131 - - [07/Sep/2008:05:02:06 -0700] "GET /musotica/images/bookmark.gif HTTP/1.1" 200 124 "http://musotica.com/romantic.html" "Mozilla/4.0 (compatible; MSIE 6.0; Windows NT 5.1; SV1; .NET CLR 1.1.4322; InfoPath.1)" "site.musotica.com"
122.55.181.251 - - [07/Sep/2008:05:02:06 -0700] "GET /scripts/paging-images/images/spacer.gif HTTP/1.1" 404 275 "http://musotica.com/pigahaco.html" "Mozilla/5.0 (Macintosh; U; Intel Mac OS X 10_5_4; en-us) AppleWebKit/525.18 (KHTML, like Gecko) Version/3.1.2 Safari/525.20.1" "site.musotica.com"
86.82.238.131 - - [07/Sep/2008:05:02:07 -0700] "GET /musotica/images/search.gif HTTP/1.1" 200 1538 "http://musotica.com/romantic.html" "Mozilla/4.0 (compatible; MSIE 6.0; Windows NT 5.1; SV1; .NET CLR 1.1.4322; InfoPath.1)" "site.musotica.com"
86.82.238.131 - - [07/Sep/2008:05:02:07 -0700] "GET /musotica/images/go.gif HTTP/1.1" 200 731 "http://musotica.com/romantic.html" "Mozilla/4.0 (compatible; MSIE 6.0; Windows NT 5.1; SV1; .NET CLR 1.1.4322; InfoPath.1)" "site.musotica.com"
117.102.133.23 - - [07/Sep/2008:05:02:07 -0700] "GET /musotica/images/spacer.gif HTTP/1.1" 404 275 "http://musotica.com/pinupbikinis1.html" "Mozilla/4.0 (compatible; MSIE 7.0; Windows NT 5.1)" "site.musotica.com"
86.82.238.131 - - [07/Sep/2008:05:02:07 -0700] "GET /musotica/images/shop.gif HTTP/1.1" 200 83 "http://musotica.com/romantic.html" "Mozilla/4.0 (compatible; MSIE 6.0; Windows NT 5.1; SV1; .NET CLR 1.1.4322; InfoPath.1)" "site.musotica.com"
86.82.238.131 - - [07/Sep/2008:05:02:07 -0700] "GET /musotica/images/arrow.gif HTTP/1.1" 200 61 "http://musotica.com/romantic.html" "Mozilla/4.0 (compatible; MSIE 6.0; Windows NT 5.1; SV1; .NET CLR 1.1.4322; InfoPath.1)" "site.musotica.com"
86.82.238.131 - - [07/Sep/2008:05:02:07 -0700] "GET /musotica/images/midline.gif HTTP/1.1" 200 49 "http://musotica.com/romantic.html" "Mozilla/4.0 (compatible; MSIE 6.0; Windows NT 5.1; SV1; .NET CLR 1.1.4322; InfoPath.1)" "site.musotica.com"
86.82.238.131 - - [07/Sep/2008:05:02:07 -0700] "GET /scripts/cookies.js HTTP/1.1" 200 1429 "http://musotica.com/romantic.html" "Mozilla/4.0 (compatible; MSIE 6.0; Windows NT 5.1; SV1; .NET CLR 1.1.4322; InfoPath.1)" "site.musotica.com"
86.82.238.131 - - [07/Sep/2008:05:02:07 -0700] "GET /scripts/pagging-inner.js HTTP/1.1" 200 24676 "http://musotica.com/romantic.html" "Mozilla/4.0 (compatible; MSIE 6.0; Windows NT 5.1; SV1; .NET CLR 1.1.4322; InfoPath.1)" "site.musotica.com"
122.168.25.248 - - [07/Sep/2008:05:02:08 -0700] "GET /musotica/images/arrow.gif HTTP/1.1" 200 61 "http://musotica.com/bodyshapers.html" "Mozilla/4.0 (compatible; MSIE 6.0; Windows NT 5.1)" "site.musotica.com"
86.82.238.131 - - [07/Sep/2008:05:02:08 -0700] "GET /scripts/dpv.js HTTP/1.1" 200 1545 "http://musotica.com/romantic.html" "Mozilla/4.0 (compatible; MSIE 6.0; Windows NT 5.1; SV1; .NET CLR 1.1.4322; InfoPath.1)" "site.musotica.com"
122.168.25.248 - - [07/Sep/2008:05:02:08 -0700] "GET /musotica/images/midline.gif HTTP/1.1" 200 49 "http://musotica.com/bodyshapers.html" "Mozilla/4.0 (compatible; MSIE 6.0; Windows NT 5.1)" "site.musotica.com"
122.168.25.248 - - [07/Sep/2008:05:02:08 -0700] "GET /scripts/cookies.js HTTP/1.1" 200 1429 "http://musotica.com/bodyshapers.html" "Mozilla/4.0 (compatible; MSIE 6.0; Windows NT 5.1)" "site.musotica.com"
86.82.238.131 - - [07/Sep/2008:05:02:09 -0700] "GET /musotica/images/newgreendot.gif HTTP/1.1" 200 49 "http://musotica.com/romantic.html" "Mozilla/4.0 (compatible; MSIE 6.0; Windows NT 5.1; SV1; .NET CLR 1.1.4322; InfoPath.1)" "site.musotica.com"
86.82.238.131 - - [07/Sep/2008:05:02:09 -0700] "GET /musotica/images/lingeris.jpg HTTP/1.1" 200 17260 "http://musotica.com/romantic.html" "Mozilla/4.0 (compatible; MSIE 6.0; Windows NT 5.1; SV1; .NET CLR 1.1.4322; InfoPath.1)" "site.musotica.com"
86.82.238.131 - - [07/Sep/2008:05:02:09 -0700] "GET /musotica/images/bannerdot.gif HTTP/1.1" 200 49 "http://musotica.com/romantic.html" "Mozilla/4.0 (compatible; MSIE 6.0; Windows NT 5.1; SV1; .NET CLR 1.1.4322; InfoPath.1)" "site.musotica.com"
122.168.25.248 - - [07/Sep/2008:05:02:09 -0700] "GET /scripts/pagging-inner.js HTTP/1.1" 200 24676 "http://musotica.com/bodyshapers.html" "Mozilla/4.0 (compatible; MSIE 6.0; Windows NT 5.1)" "site.musotica.com"
86.82.238.131 - - [07/Sep/2008:05:02:09 -0700] "GET /musotica/images/spacer.gif HTTP/1.1" 404 275 "http://musotica.com/romantic.html" "Mozilla/4.0 (compatible; MSIE 6.0; Windows NT 5.1; SV1; .NET CLR 1.1.4322; InfoPath.1)" "site.musotica.com"
86.82.238.131 - - [07/Sep/2008:05:02:09 -0700] "GET /musotica/images/clubwear.jpg HTTP/1.1" 200 15480 "http://musotica.com/romantic.html" "Mozilla/4.0 (compatible; MSIE 6.0; Windows NT 5.1; SV1; .NET CLR 1.1.4322; InfoPath.1)" "site.musotica.com"
86.82.238.131 - - [07/Sep/2008:05:02:10 -0700] "GET /musotica/images/stockings.jpg HTTP/1.1" 200 15303 "http://musotica.com/romantic.html" "Mozilla/4.0 (compatible; MSIE 6.0; Windows NT 5.1; SV1; .NET CLR 1.1.4322; InfoPath.1)" "site.musotica.com"
86.82.238.131 - - [07/Sep/2008:05:02:10 -0700] "GET /musotica/images/shoes.jpg HTTP/1.1" 200 14412 "http://musotica.com/romantic.html" "Mozilla/4.0 (compatible; MSIE 6.0; Windows NT 5.1; SV1; .NET CLR 1.1.4322; InfoPath.1)" "site.musotica.com"
86.82.238.131 - - [07/Sep/2008:05:02:10 -0700] "GET /musotica/images/accessories.jpg HTTP/1.1" 200 17113 "http://musotica.com/romantic.html" "Mozilla/4.0 (compatible; MSIE 6.0; Windows NT 5.1; SV1; .NET CLR 1.1.4322; InfoPath.1)" "site.musotica.com"
86.82.238.131 - - [07/Sep/2008:05:02:11 -0700] "GET /musotica/images/pay.jpg HTTP/1.1" 200 13131 "http://musotica.com/romantic.html" "Mozilla/4.0 (compatible; MSIE 6.0; Windows NT 5.1; SV1; .NET CLR 1.1.4322; InfoPath.1)" "site.musotica.com"
86.82.238.131 - - [07/Sep/2008:05:02:11 -0700] "GET /musotica/images/ss.jpg HTTP/1.1" 200 5500 "http://musotica.com/romantic.html" "Mozilla/4.0 (compatible; MSIE 6.0; Windows NT 5.1; SV1; .NET CLR 1.1.4322; InfoPath.1)" "site.musotica.com"
76.28.145.173 - - [07/Sep/2008:05:02:11 -0700] "GET /musotica/style/style.css HTTP/1.1" 200 2675 "http://musotica.com/coandin.html" "Mozilla/5.0 (Windows; U; Windows NT 6.0; en-US; rv:1.9.0.1) Gecko/2008070208 Firefox/3.0.1" "site.musotica.com"
76.28.145.173 - - [07/Sep/2008:05:02:12 -0700] "GET /style/rolldiv-mozilla.css HTTP/1.1" 200 711 "http://musotica.com/coandin.html" "Mozilla/5.0 (Windows; U; Windows NT 6.0; en-US; rv:1.9.0.1) Gecko/2008070208 Firefox/3.0.1" "site.musotica.com"
76.28.145.173 - - [07/Sep/2008:05:02:12 -0700] "GET /scripts/rolldiv.js HTTP/1.1" 200 623 "http://musotica.com/coandin.html" "Mozilla/5.0 (Windows; U; Windows NT 6.0; en-US; rv:1.9.0.1) Gecko/2008070208 Firefox/3.0.1" "site.musotica.com"
76.226.14.10 - - [07/Sep/2008:05:02:12 -0700] "GET /musotica/style/style.css HTTP/1.1" 200 2675 "http://musotica.com/" "Mozilla/4.0 (compatible; MSIE 6.0; Windows NT 5.1; SV1; .NET CLR 1.1.4322; .NET CLR 2.0.50727)" "site.musotica.com"
212.134.155.211 - - [07/Sep/2008:05:02:12 -0700] "GET /musotica/images/spacer.gif HTTP/1.0" 404 275 "http://musotica.com/fairy.html" "Mozilla/5.0 (Windows; U; Windows NT 6.0; en-US; rv:1.9.0.1) Gecko/2008070208 Firefox/3.0.1" "site.musotica.com"
76.28.145.173 - - [07/Sep/2008:05:02:12 -0700] "GET /scripts/cookies.js HTTP/1.1" 200 1429 "http://musotica.com/coandin.html" "Mozilla/5.0 (Windows; U; Windows NT 6.0; en-US; rv:1.9.0.1) Gecko/2008070208 Firefox/3.0.1" "site.musotica.com"
76.226.14.10 - - [07/Sep/2008:05:02:12 -0700] "GET /musotica/images/logo.gif HTTP/1.1" 200 2006 "http://musotica.com/" "Mozilla/4.0 (compatible; MSIE 6.0; Windows NT 5.1; SV1; .NET CLR 1.1.4322; .NET CLR 2.0.50727)" "site.musotica.com"
76.226.14.10 - - [07/Sep/2008:05:02:12 -0700] "GET /musotica/images/phone.gif HTTP/1.1" 200 385 "http://musotica.com/" "Mozilla/4.0 (compatible; MSIE 6.0; Windows NT 5.1; SV1; .NET CLR 1.1.4322; .NET CLR 2.0.50727)" "site.musotica.com"
76.28.145.173 - - [07/Sep/2008:05:02:12 -0700] "GET /scripts/pagging-inner.js HTTP/1.1" 200 24676 "http://musotica.com/coandin.html" "Mozilla/5.0 (Windows; U; Windows NT 6.0; en-US; rv:1.9.0.1) Gecko/2008070208 Firefox/3.0.1" "site.musotica.com"
76.226.14.10 - - [07/Sep/2008:05:02:12 -0700] "GET /musotica/images/home.gif HTTP/1.1" 200 70 "http://musotica.com/" "Mozilla/4.0 (compatible; MSIE 6.0; Windows NT 5.1; SV1; .NET CLR 1.1.4322; .NET CLR 2.0.50727)" "site.musotica.com"
76.226.14.10 - - [07/Sep/2008:05:02:12 -0700] "GET /musotica/images/tell.gif HTTP/1.1" 200 67 "http://musotica.com/" "Mozilla/4.0 (compatible; MSIE 6.0; Windows NT 5.1; SV1; .NET CLR 1.1.4322; .NET CLR 2.0.50727)" "site.musotica.com"
76.226.14.10 - - [07/Sep/2008:05:02:13 -0700] "GET /musotica/images/bookmark.gif HTTP/1.1" 200 124 "http://musotica.com/" "Mozilla/4.0 (compatible; MSIE 6.0; Windows NT 5.1; SV1; .NET CLR 1.1.4322; .NET CLR 2.0.50727)" "site.musotica.com"
76.226.14.10 - - [07/Sep/2008:05:02:13 -0700] "GET /musotica/images/head_strip.gif HTTP/1.1" 200 63 "http://musotica.com/" "Mozilla/4.0 (compatible; MSIE 6.0; Windows NT 5.1; SV1; .NET CLR 1.1.4322; .NET CLR 2.0.50727)" "site.musotica.com"
122.168.25.248 - - [07/Sep/2008:05:02:13 -0700] "GET /scripts/dpv.js HTTP/1.1" 200 1545 "http://musotica.com/bodyshapers.html" "Mozilla/4.0 (compatible; MSIE 6.0; Windows NT 5.1)" "site.musotica.com"
76.28.145.173 - - [07/Sep/2008:05:02:13 -0700] "GET /scripts/dpv.js HTTP/1.1" 200 1545 "http://musotica.com/coandin.html" "Mozilla/5.0 (Windows; U; Windows NT 6.0; en-US; rv:1.9.0.1) Gecko/2008070208 Firefox/3.0.1" "site.musotica.com"
76.226.14.10 - - [07/Sep/2008:05:02:13 -0700] "GET /musotica/images/newdot.gif HTTP/1.1" 200 62 "http://musotica.com/" "Mozilla/4.0 (compatible; MSIE 6.0; Windows NT 5.1; SV1; .NET CLR 1.1.4322; .NET CLR 2.0.50727)" "site.musotica.com"
76.28.145.173 - - [07/Sep/2008:05:02:13 -0700] "GET /musotica/images/spacer.gif HTTP/1.1" 404 275 "http://musotica.com/coandin.html" "Mozilla/5.0 (Windows; U; Windows NT 6.0; en-US; rv:1.9.0.1) Gecko/2008070208 Firefox/3.0.1" "site.musotica.com"
86.82.238.131 - - [07/Sep/2008:05:02:14 -0700] "GET /rolldiv-images/header.png HTTP/1.1" 200 730 "-" "Mozilla/4.0 (compatible; MSIE 6.0; Windows NT 5.1; SV1; .NET CLR 1.1.4322; InfoPath.1)" "site.musotica.com"
86.82.238.131 - - [07/Sep/2008:05:02:14 -0700] "GET /rolldiv-images/footer.png HTTP/1.1" 200 637 "-" "Mozilla/4.0 (compatible; MSIE 6.0; Windows NT 5.1; SV1; .NET CLR 1.1.4322; InfoPath.1)" "site.musotica.com"
67.166.215.231 - - [07/Sep/2008:05:02:16 -0700] "GET /musotica/style/style.css HTTP/1.1" 200 2675 "http://musotica.com/adsnwhcoseha.html" "Mozilla/5.0 (Windows; U; Windows NT 5.1; en-US; rv:1.8.1.16) Gecko/20080702 Firefox/2.0.0.16" "site.musotica.com"
76.226.14.10 - - [07/Sep/2008:05:02:16 -0700] "GET /musotica/images/search.gif HTTP/1.1" 200 1538 "http://musotica.com/" "Mozilla/4.0 (compatible; MSIE 6.0; Windows NT 5.1; SV1; .NET CLR 1.1.4322; .NET CLR 2.0.50727)" "site.musotica.com"
76.226.14.10 - - [07/Sep/2008:05:02:16 -0700] "GET /musotica/images/go.gif HTTP/1.1" 200 731 "http://musotica.com/" "Mozilla/4.0 (compatible; MSIE 6.0; Windows NT 5.1; SV1; .NET CLR 1.1.4322; .NET CLR 2.0.50727)" "site.musotica.com"
76.226.14.10 - - [07/Sep/2008:05:02:16 -0700] "GET /musotica/images/shop.gif HTTP/1.1" 200 83 "http://musotica.com/" "Mozilla/4.0 (compatible; MSIE 6.0; Windows NT 5.1; SV1; .NET CLR 1.1.4322; .NET CLR 2.0.50727)" "site.musotica.com"
76.226.14.10 - - [07/Sep/2008:05:02:16 -0700] "GET /musotica/images/arrow.gif HTTP/1.1" 200 61 "http://musotica.com/" "Mozilla/4.0 (compatible; MSIE 6.0; Windows NT 5.1; SV1; .NET CLR 1.1.4322; .NET CLR 2.0.50727)" "site.musotica.com"
