24.22.81.103 - - [07/Sep/2008:05:28:55 -0700] "GET /musotica/images/shoes.jpg HTTP/1.1" 200 14412 "http://musotica.com/haco.html" "Mozilla/5.0 (Macintosh; U; Intel Mac OS X; en-US; rv:1.8.1.12) Gecko/20080201 Firefox/2.0.0.12" "site.musotica.com"
24.22.81.103 - - [07/Sep/2008:05:28:55 -0700] "GET /musotica/images/accessories.jpg HTTP/1.1" 200 17113 "http://musotica.com/haco.html" "Mozilla/5.0 (Macintosh; U; Intel Mac OS X; en-US; rv:1.8.1.12) Gecko/20080201 Firefox/2.0.0.12" "site.musotica.com"
85.138.168.45 - - [07/Sep/2008:05:28:57 -0700] "GET /scripts/paging-images/images/spacer.gif HTTP/1.1" 404 275 "http://musotica.com/segrgo.html" "Mozilla/4.0 (compatible; MSIE 6.0; Windows NT 5.1)" "site.musotica.com"
75.92.225.27 - - [07/Sep/2008:05:28:57 -0700] "GET /musotica/images/spacer.gif HTTP/1.1" 404 275 "http://musotica.com/dancerwear1.html" "Mozilla/4.0 (compatible; MSIE 7.0; Windows NT 6.0; SLCC1; .NET CLR 2.0.50727; .NET CLR 3.0.04506; .NET CLR 1.1.4322; Tablet PC 2.0; InfoPath.2; MS-RTC LM 8; .NET CLR 3.5.21022)" "site.musotica.com"
85.138.168.45 - - [07/Sep/2008:05:28:58 -0700] "GET /musotica/images/spacer.gif HTTP/1.1" 404 275 "http://musotica.com/segrgo.html" "Mozilla/4.0 (compatible; MSIE 6.0; Windows NT 5.1)" "site.musotica.com"
75.92.225.27 - - [07/Sep/2008:05:29:00 -0700] "GET /musotica/images/spacer.gif HTTP/1.1" 404 275 "http://musotica.com/kosiukojeans.html" "Mozilla/4.0 (compatible; MSIE 7.0; Windows NT 6.0; SLCC1; .NET CLR 2.0.50727; .NET CLR 3.0.04506; .NET CLR 1.1.4322; Tablet PC 2.0; InfoPath.2; MS-RTC LM 8; .NET CLR 3.5.21022)" "site.musotica.com"
24.22.81.103 - - [07/Sep/2008:05:29:09 -0700] "GET /rolldiv-images/header.png HTTP/1.1" 200 730 "http://site.musotica.com/style/rolldiv-mozilla.css" "Mozilla/5.0 (Macintosh; U; Intel Mac OS X; en-US; rv:1.8.1.12) Gecko/20080201 Firefox/2.0.0.12" "site.musotica.com"
24.22.81.103 - - [07/Sep/2008:05:29:09 -0700] "GET /rolldiv-images/shadow.png HTTP/1.1" 200 175 "http://site.musotica.com/style/rolldiv-mozilla.css" "Mozilla/5.0 (Macintosh; U; Intel Mac OS X; en-US; rv:1.8.1.12) Gecko/20080201 Firefox/2.0.0.12" "site.musotica.com"
24.22.81.103 - - [07/Sep/2008:05:29:09 -0700] "GET /rolldiv-images/footer.png HTTP/1.1" 200 637 "http://site.musotica.com/style/rolldiv-mozilla.css" "Mozilla/5.0 (Macintosh; U; Intel Mac OS X; en-US; rv:1.8.1.12) Gecko/20080201 Firefox/2.0.0.12" "site.musotica.com"
24.22.81.103 - - [07/Sep/2008:05:29:10 -0700] "GET /scripts/cookies.js HTTP/1.1" 200 1429 "http://musotica.com/fairytales.html" "Mozilla/5.0 (Macintosh; U; Intel Mac OS X; en-US; rv:1.8.1.12) Gecko/20080201 Firefox/2.0.0.12" "site.musotica.com"
24.22.81.103 - - [07/Sep/2008:05:29:10 -0700] "GET /scripts/pagging-inner.js HTTP/1.1" 200 24676 "http://musotica.com/fairytales.html" "Mozilla/5.0 (Macintosh; U; Intel Mac OS X; en-US; rv:1.8.1.12) Gecko/20080201 Firefox/2.0.0.12" "site.musotica.com"
85.138.168.45 - - [07/Sep/2008:05:29:11 -0700] "GET /musotica/style/style.css HTTP/1.1" 304 - "http://musotica.com/goandpr.html" "Mozilla/4.0 (compatible; MSIE 6.0; Windows NT 5.1)" "site.musotica.com"
24.22.81.103 - - [07/Sep/2008:05:29:11 -0700] "GET /scripts/dpv.js HTTP/1.1" 200 1545 "http://musotica.com/fairytales.html" "Mozilla/5.0 (Macintosh; U; Intel Mac OS X; en-US; rv:1.8.1.12) Gecko/20080201 Firefox/2.0.0.12" "site.musotica.com"
24.22.81.103 - - [07/Sep/2008:05:29:11 -0700] "GET /musotica/images/spacer.gif HTTP/1.1" 404 275 "http://musotica.com/fairytales.html" "Mozilla/5.0 (Macintosh; U; Intel Mac OS X; en-US; rv:1.8.1.12) Gecko/20080201 Firefox/2.0.0.12" "site.musotica.com"
64.31.221.77 - - [07/Sep/2008:05:29:11 -0700] "GET /musotica/images/spacer.gif HTTP/1.1" 404 275 "http://musotica.com/haco.html" "Mozilla/5.0 (Windows; U; Windows NT 5.1; en-US; rv:1.9.0.1) Gecko/2008070208 Firefox/3.0.1" "site.musotica.com"
85.138.168.45 - - [07/Sep/2008:05:29:11 -0700] "GET /style/rolldiv-ie.css HTTP/1.1" 304 - "http://musotica.com/goandpr.html" "Mozilla/4.0 (compatible; MSIE 6.0; Windows NT 5.1)" "site.musotica.com"
85.138.168.45 - - [07/Sep/2008:05:29:11 -0700] "GET /scripts/rolldiv.js HTTP/1.1" 304 - "http://musotica.com/goandpr.html" "Mozilla/4.0 (compatible; MSIE 6.0; Windows NT 5.1)" "site.musotica.com"
85.138.168.45 - - [07/Sep/2008:05:29:12 -0700] "GET /scripts/cookies.js HTTP/1.1" 304 - "http://musotica.com/goandpr.html" "Mozilla/4.0 (compatible; MSIE 6.0; Windows NT 5.1)" "site.musotica.com"
85.138.168.45 - - [07/Sep/2008:05:29:12 -0700] "GET /scripts/pagging-inner.js HTTP/1.1" 304 - "http://musotica.com/goandpr.html" "Mozilla/4.0 (compatible; MSIE 6.0; Windows NT 5.1)" "site.musotica.com"
85.138.168.45 - - [07/Sep/2008:05:29:12 -0700] "GET /scripts/dpv.js HTTP/1.1" 304 - "http://musotica.com/goandpr.html" "Mozilla/4.0 (compatible; MSIE 6.0; Windows NT 5.1)" "site.musotica.com"
85.138.168.45 - - [07/Sep/2008:05:29:13 -0700] "GET /musotica/images/spacer.gif HTTP/1.1" 404 275 "http://musotica.com/goandpr.html" "Mozilla/4.0 (compatible; MSIE 6.0; Windows NT 5.1)" "site.musotica.com"
64.31.221.77 - - [07/Sep/2008:05:29:19 -0700] "GET /musotica/images/spacer.gif HTTP/1.1" 404 275 "http://musotica.com/sexybugs.html" "Mozilla/5.0 (Windows; U; Windows NT 5.1; en-US; rv:1.9.0.1) Gecko/2008070208 Firefox/3.0.1" "site.musotica.com"
85.138.168.45 - - [07/Sep/2008:05:29:21 -0700] "GET /scripts/paging-images/images/spacer.gif HTTP/1.1" 404 275 "http://musotica.com/segocosehaco.html" "Mozilla/4.0 (compatible; MSIE 6.0; Windows NT 5.1)" "site.musotica.com"
85.138.168.45 - - [07/Sep/2008:05:29:22 -0700] "GET /musotica/images/spacer.gif HTTP/1.1" 404 275 "http://musotica.com/segocosehaco.html" "Mozilla/4.0 (compatible; MSIE 6.0; Windows NT 5.1)" "site.musotica.com"
64.31.221.77 - - [07/Sep/2008:05:29:22 -0700] "GET /musotica/images/spacer.gif HTTP/1.1" 404 275 "http://musotica.com/haco.html" "Mozilla/5.0 (Windows; U; Windows NT 5.1; en-US; rv:1.9.0.1) Gecko/2008070208 Firefox/3.0.1" "site.musotica.com"
85.138.168.45 - - [07/Sep/2008:05:29:39 -0700] "GET /musotica/style/style.css HTTP/1.1" 304 - "http://musotica.com/goandpr.html" "Mozilla/4.0 (compatible; MSIE 6.0; Windows NT 5.1)" "site.musotica.com"
85.138.168.45 - - [07/Sep/2008:05:29:39 -0700] "GET /style/rolldiv-ie.css HTTP/1.1" 304 - "http://musotica.com/goandpr.html" "Mozilla/4.0 (compatible; MSIE 6.0; Windows NT 5.1)" "site.musotica.com"
85.138.168.45 - - [07/Sep/2008:05:29:39 -0700] "GET /scripts/rolldiv.js HTTP/1.1" 304 - "http://musotica.com/goandpr.html" "Mozilla/4.0 (compatible; MSIE 6.0; Windows NT 5.1)" "site.musotica.com"
85.138.168.45 - - [07/Sep/2008:05:29:40 -0700] "GET /scripts/cookies.js HTTP/1.1" 304 - "http://musotica.com/goandpr.html" "Mozilla/4.0 (compatible; MSIE 6.0; Windows NT 5.1)" "site.musotica.com"
85.138.168.45 - - [07/Sep/2008:05:29:40 -0700] "GET /scripts/pagging-inner.js HTTP/1.1" 304 - "http://musotica.com/goandpr.html" "Mozilla/4.0 (compatible; MSIE 6.0; Windows NT 5.1)" "site.musotica.com"
85.138.168.45 - - [07/Sep/2008:05:29:41 -0700] "GET /scripts/dpv.js HTTP/1.1" 304 - "http://musotica.com/goandpr.html" "Mozilla/4.0 (compatible; MSIE 6.0; Windows NT 5.1)" "site.musotica.com"
85.138.168.45 - - [07/Sep/2008:05:29:42 -0700] "GET /musotica/images/spacer.gif HTTP/1.1" 404 275 "http://musotica.com/goandpr.html" "Mozilla/4.0 (compatible; MSIE 6.0; Windows NT 5.1)" "site.musotica.com"
85.138.168.45 - - [07/Sep/2008:05:29:52 -0700] "GET /scripts/paging-images/images/spacer.gif HTTP/1.1" 404 275 "http://musotica.com/seslprhacoby.html" "Mozilla/4.0 (compatible; MSIE 6.0; Windows NT 5.1)" "site.musotica.com"
85.138.168.45 - - [07/Sep/2008:05:29:52 -0700] "GET /musotica/images/spacer.gif HTTP/1.1" 404 275 "http://musotica.com/seslprhacoby.html" "Mozilla/4.0 (compatible; MSIE 6.0; Windows NT 5.1)" "site.musotica.com"
64.31.221.77 - - [07/Sep/2008:05:29:58 -0700] "GET /musotica/images/spacer.gif HTTP/1.1" 404 275 "http://musotica.com/haac.html" "Mozilla/5.0 (Windows; U; Windows NT 5.1; en-US; rv:1.9.0.1) Gecko/2008070208 Firefox/3.0.1" "site.musotica.com"
24.22.81.103 - - [07/Sep/2008:05:30:06 -0700] "GET /musotica/images/spacer.gif HTTP/1.1" 404 275 "http://musotica.com/haco.html" "Mozilla/5.0 (Macintosh; U; Intel Mac OS X; en-US; rv:1.8.1.12) Gecko/20080201 Firefox/2.0.0.12" "site.musotica.com"
24.22.81.103 - - [07/Sep/2008:05:30:13 -0700] "GET /musotica/images/spacer.gif HTTP/1.1" 404 275 "http://musotica.com/sexylittlered.html" "Mozilla/5.0 (Macintosh; U; Intel Mac OS X; en-US; rv:1.8.1.12) Gecko/20080201 Firefox/2.0.0.12" "site.musotica.com"
212.134.155.210 - - [07/Sep/2008:05:30:20 -0700] "GET /musotica/images/spacer.gif HTTP/1.0" 404 275 "http://musotica.com/segaco.html" "Mozilla/5.0 (Windows; U; Windows NT 5.1; en-US; rv:1.9.0.1) Gecko/2008070208 Firefox/3.0.1" "site.musotica.com"
24.22.81.103 - - [07/Sep/2008:05:30:22 -0700] "GET /scripts/paging-images/images/spacer.gif HTTP/1.1" 404 275 "http://musotica.com/redridinghood.html" "Mozilla/5.0 (Macintosh; U; Intel Mac OS X; en-US; rv:1.8.1.12) Gecko/20080201 Firefox/2.0.0.12" "site.musotica.com"
24.22.81.103 - - [07/Sep/2008:05:30:23 -0700] "GET /musotica/images/spacer.gif HTTP/1.1" 404 275 "http://musotica.com/redridinghood.html" "Mozilla/5.0 (Macintosh; U; Intel Mac OS X; en-US; rv:1.8.1.12) Gecko/20080201 Firefox/2.0.0.12" "site.musotica.com"
24.22.81.103 - - [07/Sep/2008:05:30:30 -0700] "GET /musotica/images/spacer.gif HTTP/1.1" 404 275 "http://musotica.com/sexylittlered.html" "Mozilla/5.0 (Macintosh; U; Intel Mac OS X; en-US; rv:1.8.1.12) Gecko/20080201 Firefox/2.0.0.12" "site.musotica.com"
24.22.81.103 - - [07/Sep/2008:05:30:32 -0700] "GET /musotica/images/spacer.gif HTTP/1.1" 404 275 "http://musotica.com/haco.html" "Mozilla/5.0 (Macintosh; U; Intel Mac OS X; en-US; rv:1.8.1.12) Gecko/20080201 Firefox/2.0.0.12" "site.musotica.com"
195.93.21.67 - - [07/Sep/2008:05:30:32 -0700] "GET /musotica/style/style.css HTTP/1.1" 200 2675 "http://musotica.com/seshco.html" "Mozilla/4.0 (compatible; MSIE 7.0; AOL 9.0; Windows NT 5.1; Media Center PC 3.0; .NET CLR 1.0.3705; .NET CLR 1.1.4322)" "site.musotica.com"
195.93.21.1 - - [07/Sep/2008:05:30:33 -0700] "GET /style/rolldiv-ie.css HTTP/1.1" 304 - "http://musotica.com/seshco.html" "Mozilla/4.0 (compatible; MSIE 7.0; AOL 9.0; Windows NT 5.1; Media Center PC 3.0; .NET CLR 1.0.3705; .NET CLR 1.1.4322)" "site.musotica.com"
195.93.21.39 - - [07/Sep/2008:05:30:34 -0700] "GET /scripts/rolldiv.js HTTP/1.1" 200 623 "http://musotica.com/seshco.html" "Mozilla/4.0 (compatible; MSIE 7.0; AOL 9.0; Windows NT 5.1; Media Center PC 3.0; .NET CLR 1.0.3705; .NET CLR 1.1.4322)" "site.musotica.com"
195.93.21.10 - - [07/Sep/2008:05:30:34 -0700] "GET /musotica/images/phone.gif HTTP/1.1" 200 385 "http://musotica.com/seshco.html" "Mozilla/4.0 (compatible; MSIE 7.0; AOL 9.0; Windows NT 5.1; Media Center PC 3.0; .NET CLR 1.0.3705; .NET CLR 1.1.4322)" "site.musotica.com"
195.93.21.33 - - [07/Sep/2008:05:30:34 -0700] "GET /musotica/images/head_strip.gif HTTP/1.1" 200 63 "http://musotica.com/seshco.html" "Mozilla/4.0 (compatible; MSIE 7.0; AOL 9.0; Windows NT 5.1; Media Center PC 3.0; .NET CLR 1.0.3705; .NET CLR 1.1.4322)" "site.musotica.com"
195.93.21.9 - - [07/Sep/2008:05:30:34 -0700] "GET /musotica/images/newdot.gif HTTP/1.1" 200 62 "http://musotica.com/seshco.html" "Mozilla/4.0 (compatible; MSIE 7.0; AOL 9.0; Windows NT 5.1; Media Center PC 3.0; .NET CLR 1.0.3705; .NET CLR 1.1.4322)" "site.musotica.com"
195.93.21.72 - - [07/Sep/2008:05:30:34 -0700] "GET /musotica/images/logo.gif HTTP/1.1" 200 2006 "http://musotica.com/seshco.html" "Mozilla/4.0 (compatible; MSIE 7.0; AOL 9.0; Windows NT 5.1; Media Center PC 3.0; .NET CLR 1.0.3705; .NET CLR 1.1.4322)" "site.musotica.com"
195.93.21.72 - - [07/Sep/2008:05:30:34 -0700] "GET /musotica/images/tell.gif HTTP/1.1" 200 67 "http://musotica.com/seshco.html" "Mozilla/4.0 (compatible; MSIE 7.0; AOL 9.0; Windows NT 5.1; Media Center PC 3.0; .NET CLR 1.0.3705; .NET CLR 1.1.4322)" "site.musotica.com"
195.93.21.39 - - [07/Sep/2008:05:30:34 -0700] "GET /musotica/images/home.gif HTTP/1.1" 200 70 "http://musotica.com/seshco.html" "Mozilla/4.0 (compatible; MSIE 7.0; AOL 9.0; Windows NT 5.1; Media Center PC 3.0; .NET CLR 1.0.3705; .NET CLR 1.1.4322)" "site.musotica.com"
195.93.21.6 - - [07/Sep/2008:05:30:34 -0700] "GET /musotica/images/bookmark.gif HTTP/1.1" 200 124 "http://musotica.com/seshco.html" "Mozilla/4.0 (compatible; MSIE 7.0; AOL 9.0; Windows NT 5.1; Media Center PC 3.0; .NET CLR 1.0.3705; .NET CLR 1.1.4322)" "site.musotica.com"
195.93.21.6 - - [07/Sep/2008:05:30:35 -0700] "GET /musotica/images/go.gif HTTP/1.1" 200 731 "http://musotica.com/seshco.html" "Mozilla/4.0 (compatible; MSIE 7.0; AOL 9.0; Windows NT 5.1; Media Center PC 3.0; .NET CLR 1.0.3705; .NET CLR 1.1.4322)" "site.musotica.com"
195.93.21.66 - - [07/Sep/2008:05:30:35 -0700] "GET /musotica/images/search.gif HTTP/1.1" 200 1538 "http://musotica.com/seshco.html" "Mozilla/4.0 (compatible; MSIE 7.0; AOL 9.0; Windows NT 5.1; Media Center PC 3.0; .NET CLR 1.0.3705; .NET CLR 1.1.4322)" "site.musotica.com"
195.93.21.38 - - [07/Sep/2008:05:30:35 -0700] "GET /musotica/images/shop.gif HTTP/1.1" 200 83 "http://musotica.com/seshco.html" "Mozilla/4.0 (compatible; MSIE 7.0; AOL 9.0; Windows NT 5.1; Media Center PC 3.0; .NET CLR 1.0.3705; .NET CLR 1.1.4322)" "site.musotica.com"
195.93.21.71 - - [07/Sep/2008:05:30:35 -0700] "GET /musotica/images/arrow.gif HTTP/1.1" 200 61 "http://musotica.com/seshco.html" "Mozilla/4.0 (compatible; MSIE 7.0; AOL 9.0; Windows NT 5.1; Media Center PC 3.0; .NET CLR 1.0.3705; .NET CLR 1.1.4322)" "site.musotica.com"
195.93.21.10 - - [07/Sep/2008:05:30:36 -0700] "GET /musotica/images/midline.gif HTTP/1.1" 200 49 "http://musotica.com/seshco.html" "Mozilla/4.0 (compatible; MSIE 7.0; AOL 9.0; Windows NT 5.1; Media Center PC 3.0; .NET CLR 1.0.3705; .NET CLR 1.1.4322)" "site.musotica.com"
195.93.21.2 - - [07/Sep/2008:05:30:36 -0700] "GET /scripts/cookies.js HTTP/1.1" 304 - "http://musotica.com/seshco.html" "Mozilla/4.0 (compatible; MSIE 7.0; AOL 9.0; Windows NT 5.1; Media Center PC 3.0; .NET CLR 1.0.3705; .NET CLR 1.1.4322)" "site.musotica.com"
195.93.21.70 - - [07/Sep/2008:05:30:36 -0700] "GET /rolldiv-images/shadow.png HTTP/1.1" 200 175 "-" "Mozilla/4.0 (compatible; MSIE 7.0; AOL 9.0; Windows NT 5.1; Media Center PC 3.0; .NET CLR 1.0.3705; .NET CLR 1.1.4322)" "site.musotica.com"
195.93.21.33 - - [07/Sep/2008:05:30:37 -0700] "GET /scripts/pagging-inner.js HTTP/1.1" 200 24676 "http://musotica.com/seshco.html" "Mozilla/4.0 (compatible; MSIE 7.0; AOL 9.0; Windows NT 5.1; Media Center PC 3.0; .NET CLR 1.0.3705; .NET CLR 1.1.4322)" "site.musotica.com"
195.93.21.70 - - [07/Sep/2008:05:30:38 -0700] "GET /scripts/dpv.js HTTP/1.1" 200 1545 "http://musotica.com/seshco.html" "Mozilla/4.0 (compatible; MSIE 7.0; AOL 9.0; Windows NT 5.1; Media Center PC 3.0; .NET CLR 1.0.3705; .NET CLR 1.1.4322)" "site.musotica.com"
85.138.168.45 - - [07/Sep/2008:05:30:38 -0700] "GET /musotica/style/style.css HTTP/1.1" 304 - "http://musotica.com/goandpr.html" "Mozilla/4.0 (compatible; MSIE 6.0; Windows NT 5.1)" "site.musotica.com"
85.138.168.45 - - [07/Sep/2008:05:30:39 -0700] "GET /style/rolldiv-ie.css HTTP/1.1" 304 - "http://musotica.com/goandpr.html" "Mozilla/4.0 (compatible; MSIE 6.0; Windows NT 5.1)" "site.musotica.com"
85.138.168.45 - - [07/Sep/2008:05:30:39 -0700] "GET /scripts/rolldiv.js HTTP/1.1" 304 - "http://musotica.com/goandpr.html" "Mozilla/4.0 (compatible; MSIE 6.0; Windows NT 5.1)" "site.musotica.com"
85.138.168.45 - - [07/Sep/2008:05:30:39 -0700] "GET /scripts/cookies.js HTTP/1.1" 304 - "http://musotica.com/goandpr.html" "Mozilla/4.0 (compatible; MSIE 6.0; Windows NT 5.1)" "site.musotica.com"
85.138.168.45 - - [07/Sep/2008:05:30:39 -0700] "GET /scripts/pagging-inner.js HTTP/1.1" 304 - "http://musotica.com/goandpr.html" "Mozilla/4.0 (compatible; MSIE 6.0; Windows NT 5.1)" "site.musotica.com"
85.138.168.45 - - [07/Sep/2008:05:30:40 -0700] "GET /scripts/dpv.js HTTP/1.1" 304 - "http://musotica.com/goandpr.html" "Mozilla/4.0 (compatible; MSIE 6.0; Windows NT 5.1)" "site.musotica.com"
85.138.168.45 - - [07/Sep/2008:05:30:41 -0700] "GET /musotica/images/spacer.gif HTTP/1.1" 404 275 "http://musotica.com/goandpr.html" "Mozilla/4.0 (compatible; MSIE 6.0; Windows NT 5.1)" "site.musotica.com"
195.93.21.73 - - [07/Sep/2008:05:30:41 -0700] "GET /musotica/images/bannerdot.gif HTTP/1.1" 200 49 "http://musotica.com/seshco.html" "Mozilla/4.0 (compatible; MSIE 7.0; AOL 9.0; Windows NT 5.1; Media Center PC 3.0; .NET CLR 1.0.3705; .NET CLR 1.1.4322)" "site.musotica.com"
195.93.21.68 - - [07/Sep/2008:05:30:41 -0700] "GET /musotica/images/lingeris.jpg HTTP/1.1" 200 17260 "http://musotica.com/seshco.html" "Mozilla/4.0 (compatible; MSIE 7.0; AOL 9.0; Windows NT 5.1; Media Center PC 3.0; .NET CLR 1.0.3705; .NET CLR 1.1.4322)" "site.musotica.com"
195.93.21.39 - - [07/Sep/2008:05:30:41 -0700] "GET /musotica/images/newgreendot.gif HTTP/1.1" 200 49 "http://musotica.com/seshco.html" "Mozilla/4.0 (compatible; MSIE 7.0; AOL 9.0; Windows NT 5.1; Media Center PC 3.0; .NET CLR 1.0.3705; .NET CLR 1.1.4322)" "site.musotica.com"
195.93.18.4 - - [07/Sep/2008:05:30:41 -0700] "GET /musotica/images/spacer.gif HTTP/1.1" 404 275 "http://musotica.com/seshco.html" "Mozilla/4.0 (compatible; MSIE 7.0; AOL 9.0; Windows NT 5.1; Media Center PC 3.0; .NET CLR 1.0.3705; .NET CLR 1.1.4322)" "site.musotica.com"
195.93.21.67 - - [07/Sep/2008:05:30:41 -0700] "GET /musotica/images/clubwear.jpg HTTP/1.1" 200 15480 "http://musotica.com/seshco.html" "Mozilla/4.0 (compatible; MSIE 7.0; AOL 9.0; Windows NT 5.1; Media Center PC 3.0; .NET CLR 1.0.3705; .NET CLR 1.1.4322)" "site.musotica.com"
195.93.21.68 - - [07/Sep/2008:05:30:42 -0700] "GET /musotica/images/stockings.jpg HTTP/1.1" 200 15303 "http://musotica.com/seshco.html" "Mozilla/4.0 (compatible; MSIE 7.0; AOL 9.0; Windows NT 5.1; Media Center PC 3.0; .NET CLR 1.0.3705; .NET CLR 1.1.4322)" "site.musotica.com"
70.239.8.161 - - [07/Sep/2008:05:30:42 -0700] "GET /musotica/style/style.css HTTP/1.1" 200 2675 "http://musotica.com/trendylingerie.html" "Mozilla/4.0 (compatible; MSIE 6.0; Windows NT 5.1; SV1; .NET CLR 1.0.3705; .NET CLR 1.1.4322; Media Center PC 4.0)" "site.musotica.com"
195.93.21.73 - - [07/Sep/2008:05:30:42 -0700] "GET /musotica/images/shoes.jpg HTTP/1.1" 200 14412 "http://musotica.com/seshco.html" "Mozilla/4.0 (compatible; MSIE 7.0; AOL 9.0; Windows NT 5.1; Media Center PC 3.0; .NET CLR 1.0.3705; .NET CLR 1.1.4322)" "site.musotica.com"
195.93.21.36 - - [07/Sep/2008:05:30:42 -0700] "GET /musotica/images/accessories.jpg HTTP/1.1" 200 17113 "http://musotica.com/seshco.html" "Mozilla/4.0 (compatible; MSIE 7.0; AOL 9.0; Windows NT 5.1; Media Center PC 3.0; .NET CLR 1.0.3705; .NET CLR 1.1.4322)" "site.musotica.com"
195.93.21.35 - - [07/Sep/2008:05:30:42 -0700] "GET /musotica/images/pay.jpg HTTP/1.1" 200 13131 "http://musotica.com/seshco.html" "Mozilla/4.0 (compatible; MSIE 7.0; AOL 9.0; Windows NT 5.1; Media Center PC 3.0; .NET CLR 1.0.3705; .NET CLR 1.1.4322)" "site.musotica.com"
195.93.21.99 - - [07/Sep/2008:05:30:42 -0700] "GET /musotica/images/ss.jpg HTTP/1.1" 200 5500 "http://musotica.com/seshco.html" "Mozilla/4.0 (compatible; MSIE 7.0; AOL 9.0; Windows NT 5.1; Media Center PC 3.0; .NET CLR 1.0.3705; .NET CLR 1.1.4322)" "site.musotica.com"
70.239.8.161 - - [07/Sep/2008:05:30:42 -0700] "GET /style/rolldiv-ie.css HTTP/1.1" 200 809 "http://musotica.com/trendylingerie.html" "Mozilla/4.0 (compatible; MSIE 6.0; Windows NT 5.1; SV1; .NET CLR 1.0.3705; .NET CLR 1.1.4322; Media Center PC 4.0)" "site.musotica.com"
70.239.8.161 - - [07/Sep/2008:05:30:42 -0700] "GET /scripts/rolldiv.js HTTP/1.1" 200 623 "http://musotica.com/trendylingerie.html" "Mozilla/4.0 (compatible; MSIE 6.0; Windows NT 5.1; SV1; .NET CLR 1.0.3705; .NET CLR 1.1.4322; Media Center PC 4.0)" "site.musotica.com"
70.239.8.161 - - [07/Sep/2008:05:30:43 -0700] "GET /musotica/images/logo.gif HTTP/1.1" 200 2006 "http://musotica.com/trendylingerie.html" "Mozilla/4.0 (compatible; MSIE 6.0; Windows NT 5.1; SV1; .NET CLR 1.0.3705; .NET CLR 1.1.4322; Media Center PC 4.0)" "site.musotica.com"
70.239.8.161 - - [07/Sep/2008:05:30:43 -0700] "GET /musotica/images/phone.gif HTTP/1.1" 200 385 "http://musotica.com/trendylingerie.html" "Mozilla/4.0 (compatible; MSIE 6.0; Windows NT 5.1; SV1; .NET CLR 1.0.3705; .NET CLR 1.1.4322; Media Center PC 4.0)" "site.musotica.com"
70.239.8.161 - - [07/Sep/2008:05:30:43 -0700] "GET /musotica/images/home.gif HTTP/1.1" 200 70 "http://musotica.com/trendylingerie.html" "Mozilla/4.0 (compatible; MSIE 6.0; Windows NT 5.1; SV1; .NET CLR 1.0.3705; .NET CLR 1.1.4322; Media Center PC 4.0)" "site.musotica.com"
70.239.8.161 - - [07/Sep/2008:05:30:43 -0700] "GET /musotica/images/tell.gif HTTP/1.1" 200 67 "http://musotica.com/trendylingerie.html" "Mozilla/4.0 (compatible; MSIE 6.0; Windows NT 5.1; SV1; .NET CLR 1.0.3705; .NET CLR 1.1.4322; Media Center PC 4.0)" "site.musotica.com"
70.239.8.161 - - [07/Sep/2008:05:30:43 -0700] "GET /rolldiv-images/shadow.png HTTP/1.1" 200 175 "-" "Mozilla/4.0 (compatible; MSIE 6.0; Windows NT 5.1; SV1; .NET CLR 1.0.3705; .NET CLR 1.1.4322; Media Center PC 4.0)" "site.musotica.com"
70.239.8.161 - - [07/Sep/2008:05:30:43 -0700] "GET /musotica/images/go.gif HTTP/1.1" 200 731 "http://musotica.com/trendylingerie.html" "Mozilla/4.0 (compatible; MSIE 6.0; Windows NT 5.1; SV1; .NET CLR 1.0.3705; .NET CLR 1.1.4322; Media Center PC 4.0)" "site.musotica.com"
70.239.8.161 - - [07/Sep/2008:05:30:43 -0700] "GET /musotica/images/bookmark.gif HTTP/1.1" 200 124 "http://musotica.com/trendylingerie.html" "Mozilla/4.0 (compatible; MSIE 6.0; Windows NT 5.1; SV1; .NET CLR 1.0.3705; .NET CLR 1.1.4322; Media Center PC 4.0)" "site.musotica.com"
70.239.8.161 - - [07/Sep/2008:05:30:43 -0700] "GET /musotica/images/arrow.gif HTTP/1.1" 200 61 "http://musotica.com/trendylingerie.html" "Mozilla/4.0 (compatible; MSIE 6.0; Windows NT 5.1; SV1; .NET CLR 1.0.3705; .NET CLR 1.1.4322; Media Center PC 4.0)" "site.musotica.com"
70.239.8.161 - - [07/Sep/2008:05:30:43 -0700] "GET /musotica/images/head_strip.gif HTTP/1.1" 200 63 "http://musotica.com/trendylingerie.html" "Mozilla/4.0 (compatible; MSIE 6.0; Windows NT 5.1; SV1; .NET CLR 1.0.3705; .NET CLR 1.1.4322; Media Center PC 4.0)" "site.musotica.com"
70.239.8.161 - - [07/Sep/2008:05:30:43 -0700] "GET /musotica/images/shop.gif HTTP/1.1" 200 83 "http://musotica.com/trendylingerie.html" "Mozilla/4.0 (compatible; MSIE 6.0; Windows NT 5.1; SV1; .NET CLR 1.0.3705; .NET CLR 1.1.4322; Media Center PC 4.0)" "site.musotica.com"
70.239.8.161 - - [07/Sep/2008:05:30:44 -0700] "GET /musotica/images/search.gif HTTP/1.1" 200 1538 "http://musotica.com/trendylingerie.html" "Mozilla/4.0 (compatible; MSIE 6.0; Windows NT 5.1; SV1; .NET CLR 1.0.3705; .NET CLR 1.1.4322; Media Center PC 4.0)" "site.musotica.com"
195.93.21.101 - - [07/Sep/2008:05:30:44 -0700] "GET /rolldiv-images/footer.png HTTP/1.1" 304 - "-" "Mozilla/4.0 (compatible; MSIE 7.0; AOL 9.0; Windows NT 5.1; Media Center PC 3.0; .NET CLR 1.0.3705; .NET CLR 1.1.4322)" "site.musotica.com"
70.239.8.161 - - [07/Sep/2008:05:30:44 -0700] "GET /musotica/images/newdot.gif HTTP/1.1" 200 62 "http://musotica.com/trendylingerie.html" "Mozilla/4.0 (compatible; MSIE 6.0; Windows NT 5.1; SV1; .NET CLR 1.0.3705; .NET CLR 1.1.4322; Media Center PC 4.0)" "site.musotica.com"
70.239.8.161 - - [07/Sep/2008:05:30:44 -0700] "GET /musotica/images/midline.gif HTTP/1.1" 200 49 "http://musotica.com/trendylingerie.html" "Mozilla/4.0 (compatible; MSIE 6.0; Windows NT 5.1; SV1; .NET CLR 1.0.3705; .NET CLR 1.1.4322; Media Center PC 4.0)" "site.musotica.com"
195.93.21.103 - - [07/Sep/2008:05:30:44 -0700] "GET /rolldiv-images/header.png HTTP/1.1" 304 - "-" "Mozilla/4.0 (compatible; MSIE 7.0; AOL 9.0; Windows NT 5.1; Media Center PC 3.0; .NET CLR 1.0.3705; .NET CLR 1.1.4322)" "site.musotica.com"
70.239.8.161 - - [07/Sep/2008:05:30:44 -0700] "GET /musotica/images/lingeris.jpg HTTP/1.1" 200 17260 "http://musotica.com/trendylingerie.html" "Mozilla/4.0 (compatible; MSIE 6.0; Windows NT 5.1; SV1; .NET CLR 1.0.3705; .NET CLR 1.1.4322; Media Center PC 4.0)" "site.musotica.com"
70.239.8.161 - - [07/Sep/2008:05:30:44 -0700] "GET /musotica/images/spacer.gif HTTP/1.1" 404 275 "http://musotica.com/trendylingerie.html" "Mozilla/4.0 (compatible; MSIE 6.0; Windows NT 5.1; SV1; .NET CLR 1.0.3705; .NET CLR 1.1.4322; Media Center PC 4.0)" "site.musotica.com"
70.239.8.161 - - [07/Sep/2008:05:30:48 -0700] "GET /musotica/images/stockings.jpg HTTP/1.1" 200 15303 "http://musotica.com/trendylingerie.html" "Mozilla/4.0 (compatible; MSIE 6.0; Windows NT 5.1; SV1; .NET CLR 1.0.3705; .NET CLR 1.1.4322; Media Center PC 4.0)" "site.musotica.com"
70.239.8.161 - - [07/Sep/2008:05:30:48 -0700] "GET /musotica/images/clubwear.jpg HTTP/1.1" 200 15480 "http://musotica.com/trendylingerie.html" "Mozilla/4.0 (compatible; MSIE 6.0; Windows NT 5.1; SV1; .NET CLR 1.0.3705; .NET CLR 1.1.4322; Media Center PC 4.0)" "site.musotica.com"
70.239.8.161 - - [07/Sep/2008:05:30:48 -0700] "GET /musotica/images/shoes.jpg HTTP/1.1" 200 14412 "http://musotica.com/trendylingerie.html" "Mozilla/4.0 (compatible; MSIE 6.0; Windows NT 5.1; SV1; .NET CLR 1.0.3705; .NET CLR 1.1.4322; Media Center PC 4.0)" "site.musotica.com"
70.239.8.161 - - [07/Sep/2008:05:30:48 -0700] "GET /musotica/images/accessories.jpg HTTP/1.1" 200 17113 "http://musotica.com/trendylingerie.html" "Mozilla/4.0 (compatible; MSIE 6.0; Windows NT 5.1; SV1; .NET CLR 1.0.3705; .NET CLR 1.1.4322; Media Center PC 4.0)" "site.musotica.com"
70.239.8.161 - - [07/Sep/2008:05:30:49 -0700] "GET /musotica/images/pay.jpg HTTP/1.1" 200 13131 "http://musotica.com/trendylingerie.html" "Mozilla/4.0 (compatible; MSIE 6.0; Windows NT 5.1; SV1; .NET CLR 1.0.3705; .NET CLR 1.1.4322; Media Center PC 4.0)" "site.musotica.com"
70.239.8.161 - - [07/Sep/2008:05:30:49 -0700] "GET /musotica/images/ss.jpg HTTP/1.1" 200 5500 "http://musotica.com/trendylingerie.html" "Mozilla/4.0 (compatible; MSIE 6.0; Windows NT 5.1; SV1; .NET CLR 1.0.3705; .NET CLR 1.1.4322; Media Center PC 4.0)" "site.musotica.com"
70.239.8.161 - - [07/Sep/2008:05:30:49 -0700] "GET /musotica/images/bannerdot.gif HTTP/1.1" 200 49 "http://musotica.com/trendylingerie.html" "Mozilla/4.0 (compatible; MSIE 6.0; Windows NT 5.1; SV1; .NET CLR 1.0.3705; .NET CLR 1.1.4322; Media Center PC 4.0)" "site.musotica.com"
85.138.168.45 - - [07/Sep/2008:05:30:49 -0700] "GET /scripts/paging-images/images/spacer.gif HTTP/1.1" 404 275 "http://musotica.com/seroglcoseha.html" "Mozilla/4.0 (compatible; MSIE 6.0; Windows NT 5.1)" "site.musotica.com"
70.239.8.161 - - [07/Sep/2008:05:30:49 -0700] "GET /musotica/images/newgreendot.gif HTTP/1.1" 200 49 "http://musotica.com/trendylingerie.html" "Mozilla/4.0 (compatible; MSIE 6.0; Windows NT 5.1; SV1; .NET CLR 1.0.3705; .NET CLR 1.1.4322; Media Center PC 4.0)" "site.musotica.com"
85.138.168.45 - - [07/Sep/2008:05:30:49 -0700] "GET /musotica/images/spacer.gif HTTP/1.1" 404 275 "http://musotica.com/seroglcoseha.html" "Mozilla/4.0 (compatible; MSIE 6.0; Windows NT 5.1)" "site.musotica.com"
75.180.32.8 - - [07/Sep/2008:05:30:58 -0700] "GET /musotica/style/style.css HTTP/1.1" 200 2675 "http://musotica.com/sefico.html" "Mozilla/5.0 (Windows; U; Windows NT 6.0; en-US; rv:1.9.0.1) Gecko/2008070208 Firefox/3.0.1" "site.musotica.com"
75.180.32.8 - - [07/Sep/2008:05:30:59 -0700] "GET /style/rolldiv-mozilla.css HTTP/1.1" 200 711 "http://musotica.com/sefico.html" "Mozilla/5.0 (Windows; U; Windows NT 6.0; en-US; rv:1.9.0.1) Gecko/2008070208 Firefox/3.0.1" "site.musotica.com"
75.180.32.8 - - [07/Sep/2008:05:30:59 -0700] "GET /scripts/rolldiv.js HTTP/1.1" 200 623 "http://musotica.com/sefico.html" "Mozilla/5.0 (Windows; U; Windows NT 6.0; en-US; rv:1.9.0.1) Gecko/2008070208 Firefox/3.0.1" "site.musotica.com"
75.180.32.8 - - [07/Sep/2008:05:30:59 -0700] "GET /musotica/images/logo.gif HTTP/1.1" 200 2006 "http://musotica.com/sefico.html" "Mozilla/5.0 (Windows; U; Windows NT 6.0; en-US; rv:1.9.0.1) Gecko/2008070208 Firefox/3.0.1" "site.musotica.com"
75.180.32.8 - - [07/Sep/2008:05:30:59 -0700] "GET /musotica/images/phone.gif HTTP/1.1" 200 385 "http://musotica.com/sefico.html" "Mozilla/5.0 (Windows; U; Windows NT 6.0; en-US; rv:1.9.0.1) Gecko/2008070208 Firefox/3.0.1" "site.musotica.com"
75.180.32.8 - - [07/Sep/2008:05:30:59 -0700] "GET /musotica/images/home.gif HTTP/1.1" 200 70 "http://musotica.com/sefico.html" "Mozilla/5.0 (Windows; U; Windows NT 6.0; en-US; rv:1.9.0.1) Gecko/2008070208 Firefox/3.0.1" "site.musotica.com"
75.180.32.8 - - [07/Sep/2008:05:30:59 -0700] "GET /musotica/images/bookmark.gif HTTP/1.1" 200 124 "http://musotica.com/sefico.html" "Mozilla/5.0 (Windows; U; Windows NT 6.0; en-US; rv:1.9.0.1) Gecko/2008070208 Firefox/3.0.1" "site.musotica.com"
75.180.32.8 - - [07/Sep/2008:05:30:59 -0700] "GET /musotica/images/tell.gif HTTP/1.1" 200 67 "http://musotica.com/sefico.html" "Mozilla/5.0 (Windows; U; Windows NT 6.0; en-US; rv:1.9.0.1) Gecko/2008070208 Firefox/3.0.1" "site.musotica.com"
75.180.32.8 - - [07/Sep/2008:05:30:59 -0700] "GET /musotica/images/go.gif HTTP/1.1" 200 731 "http://musotica.com/sefico.html" "Mozilla/5.0 (Windows; U; Windows NT 6.0; en-US; rv:1.9.0.1) Gecko/2008070208 Firefox/3.0.1" "site.musotica.com"
75.180.32.8 - - [07/Sep/2008:05:30:59 -0700] "GET /musotica/images/arrow.gif HTTP/1.1" 200 61 "http://musotica.com/sefico.html" "Mozilla/5.0 (Windows; U; Windows NT 6.0; en-US; rv:1.9.0.1) Gecko/2008070208 Firefox/3.0.1" "site.musotica.com"
75.180.32.8 - - [07/Sep/2008:05:30:59 -0700] "GET /musotica/images/head_strip.gif HTTP/1.1" 200 63 "http://site.musotica.com/musotica/style/style.css" "Mozilla/5.0 (Windows; U; Windows NT 6.0; en-US; rv:1.9.0.1) Gecko/2008070208 Firefox/3.0.1" "site.musotica.com"
75.180.32.8 - - [07/Sep/2008:05:30:59 -0700] "GET /musotica/images/shop.gif HTTP/1.1" 200 83 "http://musotica.com/sefico.html" "Mozilla/5.0 (Windows; U; Windows NT 6.0; en-US; rv:1.9.0.1) Gecko/2008070208 Firefox/3.0.1" "site.musotica.com"
75.180.32.8 - - [07/Sep/2008:05:30:59 -0700] "GET /musotica/images/newdot.gif HTTP/1.1" 200 62 "http://site.musotica.com/musotica/style/style.css" "Mozilla/5.0 (Windows; U; Windows NT 6.0; en-US; rv:1.9.0.1) Gecko/2008070208 Firefox/3.0.1" "site.musotica.com"
75.180.32.8 - - [07/Sep/2008:05:30:59 -0700] "GET /musotica/images/midline.gif HTTP/1.1" 200 49 "http://site.musotica.com/musotica/style/style.css" "Mozilla/5.0 (Windows; U; Windows NT 6.0; en-US; rv:1.9.0.1) Gecko/2008070208 Firefox/3.0.1" "site.musotica.com"
75.180.32.8 - - [07/Sep/2008:05:30:59 -0700] "GET /musotica/images/search.gif HTTP/1.1" 200 1538 "http://site.musotica.com/musotica/style/style.css" "Mozilla/5.0 (Windows; U; Windows NT 6.0; en-US; rv:1.9.0.1) Gecko/2008070208 Firefox/3.0.1" "site.musotica.com"
75.180.32.8 - - [07/Sep/2008:05:30:59 -0700] "GET /scripts/cookies.js HTTP/1.1" 200 1429 "http://musotica.com/sefico.html" "Mozilla/5.0 (Windows; U; Windows NT 6.0; en-US; rv:1.9.0.1) Gecko/2008070208 Firefox/3.0.1" "site.musotica.com"
75.180.32.8 - - [07/Sep/2008:05:31:00 -0700] "GET /scripts/pagging-inner.js HTTP/1.1" 200 24676 "http://musotica.com/sefico.html" "Mozilla/5.0 (Windows; U; Windows NT 6.0; en-US; rv:1.9.0.1) Gecko/2008070208 Firefox/3.0.1" "site.musotica.com"
75.180.32.8 - - [07/Sep/2008:05:31:00 -0700] "GET /scripts/dpv.js HTTP/1.1" 200 1545 "http://musotica.com/sefico.html" "Mozilla/5.0 (Windows; U; Windows NT 6.0; en-US; rv:1.9.0.1) Gecko/2008070208 Firefox/3.0.1" "site.musotica.com"
85.138.168.45 - - [07/Sep/2008:05:31:01 -0700] "GET /musotica/style/style.css HTTP/1.1" 304 - "http://musotica.com/goandpr.html" "Mozilla/4.0 (compatible; MSIE 6.0; Windows NT 5.1)" "site.musotica.com"
85.138.168.45 - - [07/Sep/2008:05:31:01 -0700] "GET /style/rolldiv-ie.css HTTP/1.1" 304 - "http://musotica.com/goandpr.html" "Mozilla/4.0 (compatible; MSIE 6.0; Windows NT 5.1)" "site.musotica.com"
85.138.168.45 - - [07/Sep/2008:05:31:02 -0700] "GET /scripts/rolldiv.js HTTP/1.1" 304 - "http://musotica.com/goandpr.html" "Mozilla/4.0 (compatible; MSIE 6.0; Windows NT 5.1)" "site.musotica.com"
85.138.168.45 - - [07/Sep/2008:05:31:02 -0700] "GET /scripts/cookies.js HTTP/1.1" 304 - "http://musotica.com/goandpr.html" "Mozilla/4.0 (compatible; MSIE 6.0; Windows NT 5.1)" "site.musotica.com"
85.138.168.45 - - [07/Sep/2008:05:31:02 -0700] "GET /scripts/pagging-inner.js HTTP/1.1" 304 - "http://musotica.com/goandpr.html" "Mozilla/4.0 (compatible; MSIE 6.0; Windows NT 5.1)" "site.musotica.com"
75.180.32.8 - - [07/Sep/2008:05:31:03 -0700] "GET /musotica/images/lingeris.jpg HTTP/1.1" 200 17260 "http://musotica.com/sefico.html" "Mozilla/5.0 (Windows; U; Windows NT 6.0; en-US; rv:1.9.0.1) Gecko/2008070208 Firefox/3.0.1" "site.musotica.com"
75.180.32.8 - - [07/Sep/2008:05:31:03 -0700] "GET /musotica/images/clubwear.jpg HTTP/1.1" 200 15480 "http://musotica.com/sefico.html" "Mozilla/5.0 (Windows; U; Windows NT 6.0; en-US; rv:1.9.0.1) Gecko/2008070208 Firefox/3.0.1" "site.musotica.com"
75.180.32.8 - - [07/Sep/2008:05:31:03 -0700] "GET /musotica/images/spacer.gif HTTP/1.1" 404 275 "http://musotica.com/sefico.html" "Mozilla/5.0 (Windows; U; Windows NT 6.0; en-US; rv:1.9.0.1) Gecko/2008070208 Firefox/3.0.1" "site.musotica.com"
75.180.32.8 - - [07/Sep/2008:05:31:03 -0700] "GET /musotica/images/stockings.jpg HTTP/1.1" 200 15303 "http://musotica.com/sefico.html" "Mozilla/5.0 (Windows; U; Windows NT 6.0; en-US; rv:1.9.0.1) Gecko/2008070208 Firefox/3.0.1" "site.musotica.com"
75.180.32.8 - - [07/Sep/2008:05:31:03 -0700] "GET /musotica/images/bannerdot.gif HTTP/1.1" 200 49 "http://site.musotica.com/musotica/style/style.css" "Mozilla/5.0 (Windows; U; Windows NT 6.0; en-US; rv:1.9.0.1) Gecko/2008070208 Firefox/3.0.1" "site.musotica.com"
75.180.32.8 - - [07/Sep/2008:05:31:03 -0700] "GET /musotica/images/newgreendot.gif HTTP/1.1" 200 49 "http://site.musotica.com/musotica/style/style.css" "Mozilla/5.0 (Windows; U; Windows NT 6.0; en-US; rv:1.9.0.1) Gecko/2008070208 Firefox/3.0.1" "site.musotica.com"
85.138.168.45 - - [07/Sep/2008:05:31:03 -0700] "GET /scripts/dpv.js HTTP/1.1" 304 - "http://musotica.com/goandpr.html" "Mozilla/4.0 (compatible; MSIE 6.0; Windows NT 5.1)" "site.musotica.com"
75.180.32.8 - - [07/Sep/2008:05:31:03 -0700] "GET /musotica/images/pay.jpg HTTP/1.1" 200 13131 "http://musotica.com/sefico.html" "Mozilla/5.0 (Windows; U; Windows NT 6.0; en-US; rv:1.9.0.1) Gecko/2008070208 Firefox/3.0.1" "site.musotica.com"
75.180.32.8 - - [07/Sep/2008:05:31:03 -0700] "GET /musotica/images/ss.jpg HTTP/1.1" 200 5500 "http://musotica.com/sefico.html" "Mozilla/5.0 (Windows; U; Windows NT 6.0; en-US; rv:1.9.0.1) Gecko/2008070208 Firefox/3.0.1" "site.musotica.com"
75.180.32.8 - - [07/Sep/2008:05:31:03 -0700] "GET /musotica/images/shoes.jpg HTTP/1.1" 200 14412 "http://musotica.com/sefico.html" "Mozilla/5.0 (Windows; U; Windows NT 6.0; en-US; rv:1.9.0.1) Gecko/2008070208 Firefox/3.0.1" "site.musotica.com"
75.180.32.8 - - [07/Sep/2008:05:31:03 -0700] "GET /musotica/images/accessories.jpg HTTP/1.1" 200 17113 "http://musotica.com/sefico.html" "Mozilla/5.0 (Windows; U; Windows NT 6.0; en-US; rv:1.9.0.1) Gecko/2008070208 Firefox/3.0.1" "site.musotica.com"
85.138.168.45 - - [07/Sep/2008:05:31:04 -0700] "GET /musotica/images/spacer.gif HTTP/1.1" 404 275 "http://musotica.com/goandpr.html" "Mozilla/4.0 (compatible; MSIE 6.0; Windows NT 5.1)" "site.musotica.com"
24.22.81.103 - - [07/Sep/2008:05:31:06 -0700] "GET /musotica/images/spacer.gif HTTP/1.1" 404 275 "http://musotica.com/coandin.html" "Mozilla/5.0 (Macintosh; U; Intel Mac OS X; en-US; rv:1.8.1.12) Gecko/20080201 Firefox/2.0.0.12" "site.musotica.com"
85.138.168.45 - - [07/Sep/2008:05:31:10 -0700] "GET /scripts/paging-images/images/spacer.gif HTTP/1.1" 404 275 "http://musotica.com/grgohaco.html" "Mozilla/4.0 (compatible; MSIE 6.0; Windows NT 5.1)" "site.musotica.com"
85.138.168.45 - - [07/Sep/2008:05:31:10 -0700] "GET /musotica/images/spacer.gif HTTP/1.1" 404 275 "http://musotica.com/grgohaco.html" "Mozilla/4.0 (compatible; MSIE 6.0; Windows NT 5.1)" "site.musotica.com"
75.180.32.8 - - [07/Sep/2008:05:31:14 -0700] "GET /scripts/paging-images/images/spacer.gif HTTP/1.1" 404 275 "http://musotica.com/adficosehaco.html" "Mozilla/5.0 (Windows; U; Windows NT 6.0; en-US; rv:1.9.0.1) Gecko/2008070208 Firefox/3.0.1" "site.musotica.com"
75.180.32.8 - - [07/Sep/2008:05:31:14 -0700] "GET /musotica/images/spacer.gif HTTP/1.1" 404 275 "http://musotica.com/adficosehaco.html" "Mozilla/5.0 (Windows; U; Windows NT 6.0; en-US; rv:1.9.0.1) Gecko/2008070208 Firefox/3.0.1" "site.musotica.com"
24.22.81.103 - - [07/Sep/2008:05:31:20 -0700] "GET /musotica/images/spacer.gif HTTP/1.1" 404 275 "http://musotica.com/dancerwear1.html" "Mozilla/5.0 (Macintosh; U; Intel Mac OS X; en-US; rv:1.8.1.12) Gecko/20080201 Firefox/2.0.0.12" "site.musotica.com"
24.22.81.103 - - [07/Sep/2008:05:31:27 -0700] "GET /musotica/images/spacer.gif HTTP/1.1" 404 275 "http://musotica.com/sexyminiskirts.html" "Mozilla/5.0 (Macintosh; U; Intel Mac OS X; en-US; rv:1.8.1.12) Gecko/20080201 Firefox/2.0.0.12" "site.musotica.com"
85.138.168.45 - - [07/Sep/2008:05:31:28 -0700] "GET /musotica/style/style.css HTTP/1.1" 304 - "http://musotica.com/goandpr.html" "Mozilla/4.0 (compatible; MSIE 6.0; Windows NT 5.1)" "site.musotica.com"
85.138.168.45 - - [07/Sep/2008:05:31:29 -0700] "GET /style/rolldiv-ie.css HTTP/1.1" 304 - "http://musotica.com/goandpr.html" "Mozilla/4.0 (compatible; MSIE 6.0; Windows NT 5.1)" "site.musotica.com"
85.138.168.45 - - [07/Sep/2008:05:31:29 -0700] "GET /scripts/rolldiv.js HTTP/1.1" 304 - "http://musotica.com/goandpr.html" "Mozilla/4.0 (compatible; MSIE 6.0; Windows NT 5.1)" "site.musotica.com"
85.138.168.45 - - [07/Sep/2008:05:31:29 -0700] "GET /scripts/cookies.js HTTP/1.1" 304 - "http://musotica.com/goandpr.html" "Mozilla/4.0 (compatible; MSIE 6.0; Windows NT 5.1)" "site.musotica.com"
85.138.168.45 - - [07/Sep/2008:05:31:29 -0700] "GET /scripts/pagging-inner.js HTTP/1.1" 304 - "http://musotica.com/goandpr.html" "Mozilla/4.0 (compatible; MSIE 6.0; Windows NT 5.1)" "site.musotica.com"
85.138.168.45 - - [07/Sep/2008:05:31:30 -0700] "GET /scripts/dpv.js HTTP/1.1" 304 - "http://musotica.com/goandpr.html" "Mozilla/4.0 (compatible; MSIE 6.0; Windows NT 5.1)" "site.musotica.com"
85.138.168.45 - - [07/Sep/2008:05:31:31 -0700] "GET /musotica/images/spacer.gif HTTP/1.1" 404 275 "http://musotica.com/goandpr.html" "Mozilla/4.0 (compatible; MSIE 6.0; Windows NT 5.1)" "site.musotica.com"
85.138.168.45 - - [07/Sep/2008:05:31:34 -0700] "GET /scripts/paging-images/images/spacer.gif HTTP/1.1" 404 275 "http://musotica.com/spprco.html" "Mozilla/4.0 (compatible; MSIE 6.0; Windows NT 5.1)" "site.musotica.com"
85.138.168.45 - - [07/Sep/2008:05:31:35 -0700] "GET /musotica/images/spacer.gif HTTP/1.1" 404 275 "http://musotica.com/spprco.html" "Mozilla/4.0 (compatible; MSIE 6.0; Windows NT 5.1)" "site.musotica.com"
24.22.81.103 - - [07/Sep/2008:05:31:53 -0700] "GET /musotica/images/spacer.gif HTTP/1.1" 404 275 "http://musotica.com/dancerwear1.html" "Mozilla/5.0 (Macintosh; U; Intel Mac OS X; en-US; rv:1.8.1.12) Gecko/20080201 Firefox/2.0.0.12" "site.musotica.com"
24.177.86.106 - - [07/Sep/2008:05:32:03 -0700] "GET /musotica/style/style.css HTTP/1.1" 200 2675 "http://musotica.com/fairytales.html" "Mozilla/4.0 (compatible; MSIE 6.0; Windows NT 5.1; SV1; .NET CLR 1.0.3705; .NET CLR 1.1.4322; Media Center PC 4.0)" "site.musotica.com"
24.177.86.106 - - [07/Sep/2008:05:32:03 -0700] "GET /style/rolldiv-ie.css HTTP/1.1" 200 809 "http://musotica.com/fairytales.html" "Mozilla/4.0 (compatible; MSIE 6.0; Windows NT 5.1; SV1; .NET CLR 1.0.3705; .NET CLR 1.1.4322; Media Center PC 4.0)" "site.musotica.com"
24.177.86.106 - - [07/Sep/2008:05:32:03 -0700] "GET /scripts/rolldiv.js HTTP/1.1" 200 623 "http://musotica.com/fairytales.html" "Mozilla/4.0 (compatible; MSIE 6.0; Windows NT 5.1; SV1; .NET CLR 1.0.3705; .NET CLR 1.1.4322; Media Center PC 4.0)" "site.musotica.com"
24.177.86.106 - - [07/Sep/2008:05:32:03 -0700] "GET /musotica/images/phone.gif HTTP/1.1" 200 385 "http://musotica.com/fairytales.html" "Mozilla/4.0 (compatible; MSIE 6.0; Windows NT 5.1; SV1; .NET CLR 1.0.3705; .NET CLR 1.1.4322; Media Center PC 4.0)" "site.musotica.com"
24.177.86.106 - - [07/Sep/2008:05:32:03 -0700] "GET /musotica/images/logo.gif HTTP/1.1" 200 2006 "http://musotica.com/fairytales.html" "Mozilla/4.0 (compatible; MSIE 6.0; Windows NT 5.1; SV1; .NET CLR 1.0.3705; .NET CLR 1.1.4322; Media Center PC 4.0)" "site.musotica.com"
24.22.81.103 - - [07/Sep/2008:05:32:03 -0700] "GET /musotica/images/spacer.gif HTTP/1.1" 404 275 "http://musotica.com/sexyromper.html" "Mozilla/5.0 (Macintosh; U; Intel Mac OS X; en-US; rv:1.8.1.12) Gecko/20080201 Firefox/2.0.0.12" "site.musotica.com"
24.177.86.106 - - [07/Sep/2008:05:32:03 -0700] "GET /rolldiv-images/shadow.png HTTP/1.1" 200 175 "-" "Mozilla/4.0 (compatible; MSIE 6.0; Windows NT 5.1; SV1; .NET CLR 1.0.3705; .NET CLR 1.1.4322; Media Center PC 4.0)" "site.musotica.com"
24.177.86.106 - - [07/Sep/2008:05:32:03 -0700] "GET /musotica/images/head_strip.gif HTTP/1.1" 200 63 "http://musotica.com/fairytales.html" "Mozilla/4.0 (compatible; MSIE 6.0; Windows NT 5.1; SV1; .NET CLR 1.0.3705; .NET CLR 1.1.4322; Media Center PC 4.0)" "site.musotica.com"
24.177.86.106 - - [07/Sep/2008:05:32:03 -0700] "GET /musotica/images/home.gif HTTP/1.1" 200 70 "http://musotica.com/fairytales.html" "Mozilla/4.0 (compatible; MSIE 6.0; Windows NT 5.1; SV1; .NET CLR 1.0.3705; .NET CLR 1.1.4322; Media Center PC 4.0)" "site.musotica.com"
24.177.86.106 - - [07/Sep/2008:05:32:03 -0700] "GET /musotica/images/tell.gif HTTP/1.1" 200 67 "http://musotica.com/fairytales.html" "Mozilla/4.0 (compatible; MSIE 6.0; Windows NT 5.1; SV1; .NET CLR 1.0.3705; .NET CLR 1.1.4322; Media Center PC 4.0)" "site.musotica.com"
24.177.86.106 - - [07/Sep/2008:05:32:04 -0700] "GET /musotica/images/newdot.gif HTTP/1.1" 200 62 "http://musotica.com/fairytales.html" "Mozilla/4.0 (compatible; MSIE 6.0; Windows NT 5.1; SV1; .NET CLR 1.0.3705; .NET CLR 1.1.4322; Media Center PC 4.0)" "site.musotica.com"
24.177.86.106 - - [07/Sep/2008:05:32:04 -0700] "GET /musotica/images/bookmark.gif HTTP/1.1" 200 124 "http://musotica.com/fairytales.html" "Mozilla/4.0 (compatible; MSIE 6.0; Windows NT 5.1; SV1; .NET CLR 1.0.3705; .NET CLR 1.1.4322; Media Center PC 4.0)" "site.musotica.com"
62.103.158.53 - - [07/Sep/2008:05:32:04 -0700] "GET /scripts/cookies.js HTTP/1.1" 304 - "http://musotica.com/sejvamidr.html" "Mozilla/4.0 (compatible; MSIE 6.0; Windows NT 5.1; SV1; .NET CLR 1.1.4322; InfoPath.1; .NET CLR 2.0.50727; .NET CLR 3.0.04506.30)" "site.musotica.com"
24.177.86.106 - - [07/Sep/2008:05:32:04 -0700] "GET /musotica/images/go.gif HTTP/1.1" 200 731 "http://musotica.com/fairytales.html" "Mozilla/4.0 (compatible; MSIE 6.0; Windows NT 5.1; SV1; .NET CLR 1.0.3705; .NET CLR 1.1.4322; Media Center PC 4.0)" "site.musotica.com"
24.177.86.106 - - [07/Sep/2008:05:32:04 -0700] "GET /musotica/images/shop.gif HTTP/1.1" 200 83 "http://musotica.com/fairytales.html" "Mozilla/4.0 (compatible; MSIE 6.0; Windows NT 5.1; SV1; .NET CLR 1.0.3705; .NET CLR 1.1.4322; Media Center PC 4.0)" "site.musotica.com"
24.177.86.106 - - [07/Sep/2008:05:32:04 -0700] "GET /musotica/images/arrow.gif HTTP/1.1" 200 61 "http://musotica.com/fairytales.html" "Mozilla/4.0 (compatible; MSIE 6.0; Windows NT 5.1; SV1; .NET CLR 1.0.3705; .NET CLR 1.1.4322; Media Center PC 4.0)" "site.musotica.com"
24.177.86.106 - - [07/Sep/2008:05:32:04 -0700] "GET /musotica/images/search.gif HTTP/1.1" 200 1538 "http://musotica.com/fairytales.html" "Mozilla/4.0 (compatible; MSIE 6.0; Windows NT 5.1; SV1; .NET CLR 1.0.3705; .NET CLR 1.1.4322; Media Center PC 4.0)" "site.musotica.com"
24.177.86.106 - - [07/Sep/2008:05:32:04 -0700] "GET /musotica/images/midline.gif HTTP/1.1" 200 49 "http://musotica.com/fairytales.html" "Mozilla/4.0 (compatible; MSIE 6.0; Windows NT 5.1; SV1; .NET CLR 1.0.3705; .NET CLR 1.1.4322; Media Center PC 4.0)" "site.musotica.com"
24.177.86.106 - - [07/Sep/2008:05:32:04 -0700] "GET /scripts/cookies.js HTTP/1.1" 200 1429 "http://musotica.com/fairytales.html" "Mozilla/4.0 (compatible; MSIE 6.0; Windows NT 5.1; SV1; .NET CLR 1.0.3705; .NET CLR 1.1.4322; Media Center PC 4.0)" "site.musotica.com"
62.103.158.53 - - [07/Sep/2008:05:32:04 -0700] "GET /scripts/pagging-inner.js HTTP/1.1" 304 - "http://musotica.com/sejvamidr.html" "Mozilla/4.0 (compatible; MSIE 6.0; Windows NT 5.1; SV1; .NET CLR 1.1.4322; InfoPath.1; .NET CLR 2.0.50727; .NET CLR 3.0.04506.30)" "site.musotica.com"
24.177.86.106 - - [07/Sep/2008:05:32:04 -0700] "GET /scripts/pagging-inner.js HTTP/1.1" 200 24676 "http://musotica.com/fairytales.html" "Mozilla/4.0 (compatible; MSIE 6.0; Windows NT 5.1; SV1; .NET CLR 1.0.3705; .NET CLR 1.1.4322; Media Center PC 4.0)" "site.musotica.com"
24.177.86.106 - - [07/Sep/2008:05:32:04 -0700] "GET /scripts/dpv.js HTTP/1.1" 200 1545 "http://musotica.com/fairytales.html" "Mozilla/4.0 (compatible; MSIE 6.0; Windows NT 5.1; SV1; .NET CLR 1.0.3705; .NET CLR 1.1.4322; Media Center PC 4.0)" "site.musotica.com"
62.103.158.53 - - [07/Sep/2008:05:32:04 -0700] "GET /scripts/dpv.js HTTP/1.1" 304 - "http://musotica.com/sejvamidr.html" "Mozilla/4.0 (compatible; MSIE 6.0; Windows NT 5.1; SV1; .NET CLR 1.1.4322; InfoPath.1; .NET CLR 2.0.50727; .NET CLR 3.0.04506.30)" "site.musotica.com"
24.177.86.106 - - [07/Sep/2008:05:32:05 -0700] "GET /musotica/images/lingeris.jpg HTTP/1.1" 200 17260 "http://musotica.com/fairytales.html" "Mozilla/4.0 (compatible; MSIE 6.0; Windows NT 5.1; SV1; .NET CLR 1.0.3705; .NET CLR 1.1.4322; Media Center PC 4.0)" "site.musotica.com"
24.177.86.106 - - [07/Sep/2008:05:32:05 -0700] "GET /musotica/images/spacer.gif HTTP/1.1" 404 275 "http://musotica.com/fairytales.html" "Mozilla/4.0 (compatible; MSIE 6.0; Windows NT 5.1; SV1; .NET CLR 1.0.3705; .NET CLR 1.1.4322; Media Center PC 4.0)" "site.musotica.com"
24.177.86.106 - - [07/Sep/2008:05:32:05 -0700] "GET /musotica/images/bannerdot.gif HTTP/1.1" 200 49 "http://musotica.com/fairytales.html" "Mozilla/4.0 (compatible; MSIE 6.0; Windows NT 5.1; SV1; .NET CLR 1.0.3705; .NET CLR 1.1.4322; Media Center PC 4.0)" "site.musotica.com"
24.177.86.106 - - [07/Sep/2008:05:32:05 -0700] "GET /musotica/images/newgreendot.gif HTTP/1.1" 200 49 "http://musotica.com/fairytales.html" "Mozilla/4.0 (compatible; MSIE 6.0; Windows NT 5.1; SV1; .NET CLR 1.0.3705; .NET CLR 1.1.4322; Media Center PC 4.0)" "site.musotica.com"
24.177.86.106 - - [07/Sep/2008:05:32:05 -0700] "GET /musotica/images/clubwear.jpg HTTP/1.1" 200 15480 "http://musotica.com/fairytales.html" "Mozilla/4.0 (compatible; MSIE 6.0; Windows NT 5.1; SV1; .NET CLR 1.0.3705; .NET CLR 1.1.4322; Media Center PC 4.0)" "site.musotica.com"
24.177.86.106 - - [07/Sep/2008:05:32:05 -0700] "GET /musotica/images/stockings.jpg HTTP/1.1" 200 15303 "http://musotica.com/fairytales.html" "Mozilla/4.0 (compatible; MSIE 6.0; Windows NT 5.1; SV1; .NET CLR 1.0.3705; .NET CLR 1.1.4322; Media Center PC 4.0)" "site.musotica.com"
24.177.86.106 - - [07/Sep/2008:05:32:05 -0700] "GET /musotica/images/shoes.jpg HTTP/1.1" 200 14412 "http://musotica.com/fairytales.html" "Mozilla/4.0 (compatible; MSIE 6.0; Windows NT 5.1; SV1; .NET CLR 1.0.3705; .NET CLR 1.1.4322; Media Center PC 4.0)" "site.musotica.com"
24.177.86.106 - - [07/Sep/2008:05:32:05 -0700] "GET /musotica/images/pay.jpg HTTP/1.1" 200 13131 "http://musotica.com/fairytales.html" "Mozilla/4.0 (compatible; MSIE 6.0; Windows NT 5.1; SV1; .NET CLR 1.0.3705; .NET CLR 1.1.4322; Media Center PC 4.0)" "site.musotica.com"
24.177.86.106 - - [07/Sep/2008:05:32:05 -0700] "GET /musotica/images/accessories.jpg HTTP/1.1" 200 17113 "http://musotica.com/fairytales.html" "Mozilla/4.0 (compatible; MSIE 6.0; Windows NT 5.1; SV1; .NET CLR 1.0.3705; .NET CLR 1.1.4322; Media Center PC 4.0)" "site.musotica.com"
24.177.86.106 - - [07/Sep/2008:05:32:06 -0700] "GET /musotica/images/ss.jpg HTTP/1.1" 200 5500 "http://musotica.com/fairytales.html" "Mozilla/4.0 (compatible; MSIE 6.0; Windows NT 5.1; SV1; .NET CLR 1.0.3705; .NET CLR 1.1.4322; Media Center PC 4.0)" "site.musotica.com"
62.103.158.53 - - [07/Sep/2008:05:32:06 -0700] "GET /musotica/images/spacer.gif HTTP/1.1" 404 275 "http://musotica.com/sejvamidr.html" "Mozilla/4.0 (compatible; MSIE 6.0; Windows NT 5.1; SV1; .NET CLR 1.1.4322; InfoPath.1; .NET CLR 2.0.50727; .NET CLR 3.0.04506.30)" "site.musotica.com"
64.31.221.77 - - [07/Sep/2008:05:32:12 -0700] "GET /musotica/images/spacer.gif HTTP/1.1" 404 275 "http://musotica.com/sefeanwiseha.html" "Mozilla/5.0 (Windows; U; Windows NT 5.1; en-US; rv:1.9.0.1) Gecko/2008070208 Firefox/3.0.1" "site.musotica.com"
85.89.189.50 - - [07/Sep/2008:05:32:27 -0700] "GET /musotica/style/style.css HTTP/1.1" 200 2675 "http://musotica.com/zipdofrco.html" "Mozilla/5.0 (Windows; U; Windows NT 5.1; pl; rv:1.9) Gecko/2008052906 Firefox/3.0" "site.musotica.com"
85.89.189.50 - - [07/Sep/2008:05:32:28 -0700] "GET /style/rolldiv-mozilla.css HTTP/1.1" 200 711 "http://musotica.com/zipdofrco.html" "Mozilla/5.0 (Windows; U; Windows NT 5.1; pl; rv:1.9) Gecko/2008052906 Firefox/3.0" "site.musotica.com"
85.89.189.50 - - [07/Sep/2008:05:32:28 -0700] "GET /scripts/rolldiv.js HTTP/1.1" 200 623 "http://musotica.com/zipdofrco.html" "Mozilla/5.0 (Windows; U; Windows NT 5.1; pl; rv:1.9) Gecko/2008052906 Firefox/3.0" "site.musotica.com"
24.22.81.103 - - [07/Sep/2008:05:32:29 -0700] "GET /scripts/paging-images/images/spacer.gif HTTP/1.1" 404 275 "http://musotica.com/senionepi.html" "Mozilla/5.0 (Macintosh; U; Intel Mac OS X; en-US; rv:1.8.1.12) Gecko/20080201 Firefox/2.0.0.12" "site.musotica.com"
24.22.81.103 - - [07/Sep/2008:05:32:29 -0700] "GET /musotica/images/spacer.gif HTTP/1.1" 404 275 "http://musotica.com/senionepi.html" "Mozilla/5.0 (Macintosh; U; Intel Mac OS X; en-US; rv:1.8.1.12) Gecko/20080201 Firefox/2.0.0.12" "site.musotica.com"
