76.28.145.173 - - [07/Sep/2008:05:03:47 -0700] "GET /musotica/images/spacer.gif HTTP/1.1" 404 275 "http://musotica.com/haco.html" "Mozilla/5.0 (Windows; U; Windows NT 6.0; en-US; rv:1.9.0.1) Gecko/2008070208 Firefox/3.0.1" "site.musotica.com"
76.28.145.173 - - [07/Sep/2008:05:03:49 -0700] "GET /rolldiv-images/header.png HTTP/1.1" 200 730 "http://site.musotica.com/style/rolldiv-mozilla.css" "Mozilla/5.0 (Windows; U; Windows NT 6.0; en-US; rv:1.9.0.1) Gecko/2008070208 Firefox/3.0.1" "site.musotica.com"
76.28.145.173 - - [07/Sep/2008:05:03:49 -0700] "GET /rolldiv-images/shadow.png HTTP/1.1" 200 175 "http://site.musotica.com/style/rolldiv-mozilla.css" "Mozilla/5.0 (Windows; U; Windows NT 6.0; en-US; rv:1.9.0.1) Gecko/2008070208 Firefox/3.0.1" "site.musotica.com"
76.28.145.173 - - [07/Sep/2008:05:03:49 -0700] "GET /rolldiv-images/footer.png HTTP/1.1" 200 637 "http://site.musotica.com/style/rolldiv-mozilla.css" "Mozilla/5.0 (Windows; U; Windows NT 6.0; en-US; rv:1.9.0.1) Gecko/2008070208 Firefox/3.0.1" "site.musotica.com"
208.82.165.125 - - [07/Sep/2008:05:03:50 -0700] "GET /scripts/paging-images/images/spacer.gif HTTP/1.1" 404 275 "http://musotica.com/sechhebosesh.html" "Mozilla/4.0 (compatible; MSIE 7.0; Windows NT 5.1; Mozilla/4.0 (compatible; MSIE 6.0; Windows NT 5.1; SV1) ; Embedded Web Browser from: http://bsalsa.com/; .NET CLR 1.1.4322; .NET CLR 2.0.50727; InfoPath.1; .NET CLR 3.0.04506.30)" "site.musotica.com"
208.82.165.125 - - [07/Sep/2008:05:03:51 -0700] "GET /musotica/images/spacer.gif HTTP/1.1" 404 275 "http://musotica.com/sechhebosesh.html" "Mozilla/4.0 (compatible; MSIE 7.0; Windows NT 5.1; Mozilla/4.0 (compatible; MSIE 6.0; Windows NT 5.1; SV1) ; Embedded Web Browser from: http://bsalsa.com/; .NET CLR 1.1.4322; .NET CLR 2.0.50727; InfoPath.1; .NET CLR 3.0.04506.30)" "site.musotica.com"
76.28.145.173 - - [07/Sep/2008:05:03:54 -0700] "GET /musotica/style/style.css HTTP/1.1" 200 2675 "http://musotica.com/sehacoonsa.html" "Mozilla/5.0 (Windows; U; Windows NT 6.0; en-US; rv:1.9.0.1) Gecko/2008070208 Firefox/3.0.1" "site.musotica.com"
76.28.145.173 - - [07/Sep/2008:05:03:54 -0700] "GET /style/rolldiv-mozilla.css HTTP/1.1" 200 711 "http://musotica.com/sehacoonsa.html" "Mozilla/5.0 (Windows; U; Windows NT 6.0; en-US; rv:1.9.0.1) Gecko/2008070208 Firefox/3.0.1" "site.musotica.com"
76.28.145.173 - - [07/Sep/2008:05:03:54 -0700] "GET /scripts/rolldiv.js HTTP/1.1" 200 623 "http://musotica.com/sehacoonsa.html" "Mozilla/5.0 (Windows; U; Windows NT 6.0; en-US; rv:1.9.0.1) Gecko/2008070208 Firefox/3.0.1" "site.musotica.com"
76.28.145.173 - - [07/Sep/2008:05:03:55 -0700] "GET /scripts/cookies.js HTTP/1.1" 200 1429 "http://musotica.com/sehacoonsa.html" "Mozilla/5.0 (Windows; U; Windows NT 6.0; en-US; rv:1.9.0.1) Gecko/2008070208 Firefox/3.0.1" "site.musotica.com"
76.28.145.173 - - [07/Sep/2008:05:03:55 -0700] "GET /scripts/pagging-inner.js HTTP/1.1" 200 24676 "http://musotica.com/sehacoonsa.html" "Mozilla/5.0 (Windows; U; Windows NT 6.0; en-US; rv:1.9.0.1) Gecko/2008070208 Firefox/3.0.1" "site.musotica.com"
76.28.145.173 - - [07/Sep/2008:05:03:56 -0700] "GET /scripts/dpv.js HTTP/1.1" 200 1545 "http://musotica.com/sehacoonsa.html" "Mozilla/5.0 (Windows; U; Windows NT 6.0; en-US; rv:1.9.0.1) Gecko/2008070208 Firefox/3.0.1" "site.musotica.com"
76.28.145.173 - - [07/Sep/2008:05:03:57 -0700] "GET /musotica/images/spacer.gif HTTP/1.1" 404 275 "http://musotica.com/sehacoonsa.html" "Mozilla/5.0 (Windows; U; Windows NT 6.0; en-US; rv:1.9.0.1) Gecko/2008070208 Firefox/3.0.1" "site.musotica.com"
117.102.133.23 - - [07/Sep/2008:05:03:57 -0700] "GET /scripts/paging-images/images/spacer.gif HTTP/1.1" 404 275 "http://musotica.com/seswtrtopwit.html" "Mozilla/4.0 (compatible; MSIE 7.0; Windows NT 5.1)" "site.musotica.com"
122.164.131.209 - - [07/Sep/2008:05:03:57 -0700] "GET /musotica/style/style.css HTTP/1.1" 200 2675 "http://musotica.com/sexypetticoat.html" "Mozilla/4.0 (compatible; MSIE 6.0; Windows 98)" "site.musotica.com"
117.102.133.23 - - [07/Sep/2008:05:03:57 -0700] "GET /musotica/images/spacer.gif HTTP/1.1" 404 275 "http://musotica.com/seswtrtopwit.html" "Mozilla/4.0 (compatible; MSIE 7.0; Windows NT 5.1)" "site.musotica.com"
122.164.131.209 - - [07/Sep/2008:05:03:58 -0700] "GET /style/rolldiv-ie.css HTTP/1.1" 200 809 "http://musotica.com/sexypetticoat.html" "Mozilla/4.0 (compatible; MSIE 6.0; Windows 98)" "site.musotica.com"
122.164.131.209 - - [07/Sep/2008:05:03:58 -0700] "GET /scripts/rolldiv.js HTTP/1.1" 200 623 "http://musotica.com/sexypetticoat.html" "Mozilla/4.0 (compatible; MSIE 6.0; Windows 98)" "site.musotica.com"
122.164.131.209 - - [07/Sep/2008:05:03:59 -0700] "GET /musotica/images/logo.gif HTTP/1.1" 200 2006 "http://musotica.com/sexypetticoat.html" "Mozilla/4.0 (compatible; MSIE 6.0; Windows 98)" "site.musotica.com"
122.164.131.209 - - [07/Sep/2008:05:03:59 -0700] "GET /musotica/images/phone.gif HTTP/1.1" 200 385 "http://musotica.com/sexypetticoat.html" "Mozilla/4.0 (compatible; MSIE 6.0; Windows 98)" "site.musotica.com"
76.226.14.10 - - [07/Sep/2008:05:04:00 -0700] "GET /scripts/cookies.js HTTP/1.1" 200 1429 "http://musotica.com/menshalloween.html" "Mozilla/4.0 (compatible; MSIE 6.0; Windows NT 5.1; SV1; .NET CLR 1.1.4322; .NET CLR 2.0.50727)" "site.musotica.com"
122.164.131.209 - - [07/Sep/2008:05:04:00 -0700] "GET /musotica/images/home.gif HTTP/1.1" 200 70 "http://musotica.com/sexypetticoat.html" "Mozilla/4.0 (compatible; MSIE 6.0; Windows 98)" "site.musotica.com"
122.164.131.209 - - [07/Sep/2008:05:04:00 -0700] "GET /musotica/images/tell.gif HTTP/1.1" 200 67 "http://musotica.com/sexypetticoat.html" "Mozilla/4.0 (compatible; MSIE 6.0; Windows 98)" "site.musotica.com"
76.226.14.10 - - [07/Sep/2008:05:04:00 -0700] "GET /scripts/pagging-inner.js HTTP/1.1" 200 24676 "http://musotica.com/menshalloween.html" "Mozilla/4.0 (compatible; MSIE 6.0; Windows NT 5.1; SV1; .NET CLR 1.1.4322; .NET CLR 2.0.50727)" "site.musotica.com"
76.226.14.10 - - [07/Sep/2008:05:04:00 -0700] "GET /scripts/dpv.js HTTP/1.1" 200 1545 "http://musotica.com/menshalloween.html" "Mozilla/4.0 (compatible; MSIE 6.0; Windows NT 5.1; SV1; .NET CLR 1.1.4322; .NET CLR 2.0.50727)" "site.musotica.com"
122.164.131.209 - - [07/Sep/2008:05:04:00 -0700] "GET /musotica/images/bookmark.gif HTTP/1.1" 200 124 "http://musotica.com/sexypetticoat.html" "Mozilla/4.0 (compatible; MSIE 6.0; Windows 98)" "site.musotica.com"
122.164.131.209 - - [07/Sep/2008:05:04:00 -0700] "GET /musotica/images/go.gif HTTP/1.1" 200 731 "http://musotica.com/sexypetticoat.html" "Mozilla/4.0 (compatible; MSIE 6.0; Windows 98)" "site.musotica.com"
76.226.14.10 - - [07/Sep/2008:05:04:01 -0700] "GET /musotica/images/spacer.gif HTTP/1.1" 404 275 "http://musotica.com/menshalloween.html" "Mozilla/4.0 (compatible; MSIE 6.0; Windows NT 5.1; SV1; .NET CLR 1.1.4322; .NET CLR 2.0.50727)" "site.musotica.com"
122.164.131.209 - - [07/Sep/2008:05:04:01 -0700] "GET /musotica/images/shop.gif HTTP/1.1" 200 83 "http://musotica.com/sexypetticoat.html" "Mozilla/4.0 (compatible; MSIE 6.0; Windows 98)" "site.musotica.com"
122.164.131.209 - - [07/Sep/2008:05:04:01 -0700] "GET /musotica/images/arrow.gif HTTP/1.1" 200 61 "http://musotica.com/sexypetticoat.html" "Mozilla/4.0 (compatible; MSIE 6.0; Windows 98)" "site.musotica.com"
122.164.131.209 - - [07/Sep/2008:05:04:02 -0700] "GET /musotica/images/newdot.gif HTTP/1.1" 200 62 "http://musotica.com/sexypetticoat.html" "Mozilla/4.0 (compatible; MSIE 6.0; Windows 98)" "site.musotica.com"
122.164.131.209 - - [07/Sep/2008:05:04:02 -0700] "GET /musotica/images/head_strip.gif HTTP/1.1" 200 63 "http://musotica.com/sexypetticoat.html" "Mozilla/4.0 (compatible; MSIE 6.0; Windows 98)" "site.musotica.com"
76.28.145.173 - - [07/Sep/2008:05:04:02 -0700] "GET /musotica/style/style.css HTTP/1.1" 200 2675 "http://musotica.com/haco.html" "Mozilla/5.0 (Windows; U; Windows NT 6.0; en-US; rv:1.9.0.1) Gecko/2008070208 Firefox/3.0.1" "site.musotica.com"
76.28.145.173 - - [07/Sep/2008:05:04:02 -0700] "GET /style/rolldiv-mozilla.css HTTP/1.1" 200 711 "http://musotica.com/haco.html" "Mozilla/5.0 (Windows; U; Windows NT 6.0; en-US; rv:1.9.0.1) Gecko/2008070208 Firefox/3.0.1" "site.musotica.com"
76.28.145.173 - - [07/Sep/2008:05:04:02 -0700] "GET /scripts/rolldiv.js HTTP/1.1" 200 623 "http://musotica.com/haco.html" "Mozilla/5.0 (Windows; U; Windows NT 6.0; en-US; rv:1.9.0.1) Gecko/2008070208 Firefox/3.0.1" "site.musotica.com"
122.164.131.209 - - [07/Sep/2008:05:04:02 -0700] "GET /musotica/images/search.gif HTTP/1.1" 200 1538 "http://musotica.com/sexypetticoat.html" "Mozilla/4.0 (compatible; MSIE 6.0; Windows 98)" "site.musotica.com"
122.164.131.209 - - [07/Sep/2008:05:04:02 -0700] "GET /musotica/images/midline.gif HTTP/1.1" 200 49 "http://musotica.com/sexypetticoat.html" "Mozilla/4.0 (compatible; MSIE 6.0; Windows 98)" "site.musotica.com"
76.28.145.173 - - [07/Sep/2008:05:04:03 -0700] "GET /musotica/images/spacer.gif HTTP/1.1" 404 275 "http://musotica.com/haco.html" "Mozilla/5.0 (Windows; U; Windows NT 6.0; en-US; rv:1.9.0.1) Gecko/2008070208 Firefox/3.0.1" "site.musotica.com"
122.164.131.209 - - [07/Sep/2008:05:04:03 -0700] "GET /scripts/paging-images/images/spacer.gif HTTP/1.1" 404 275 "http://musotica.com/sexypetticoat.html" "Mozilla/4.0 (compatible; MSIE 6.0; Windows 98)" "site.musotica.com"
122.164.131.209 - - [07/Sep/2008:05:04:06 -0700] "GET /musotica/images/lingeris.jpg HTTP/1.1" 200 17260 "http://musotica.com/sexypetticoat.html" "Mozilla/4.0 (compatible; MSIE 6.0; Windows 98)" "site.musotica.com"
122.164.131.209 - - [07/Sep/2008:05:04:06 -0700] "GET /musotica/images/spacer.gif HTTP/1.1" 404 275 "http://musotica.com/sexypetticoat.html" "Mozilla/4.0 (compatible; MSIE 6.0; Windows 98)" "site.musotica.com"
76.28.145.173 - - [07/Sep/2008:05:04:06 -0700] "GET /musotica/style/style.css HTTP/1.1" 200 2675 "http://musotica.com/sececo.html" "Mozilla/5.0 (Windows; U; Windows NT 6.0; en-US; rv:1.9.0.1) Gecko/2008070208 Firefox/3.0.1" "site.musotica.com"
122.164.131.209 - - [07/Sep/2008:05:04:06 -0700] "GET /musotica/images/clubwear.jpg HTTP/1.1" 200 15480 "http://musotica.com/sexypetticoat.html" "Mozilla/4.0 (compatible; MSIE 6.0; Windows 98)" "site.musotica.com"
76.28.145.173 - - [07/Sep/2008:05:04:06 -0700] "GET /style/rolldiv-mozilla.css HTTP/1.1" 200 711 "http://musotica.com/sececo.html" "Mozilla/5.0 (Windows; U; Windows NT 6.0; en-US; rv:1.9.0.1) Gecko/2008070208 Firefox/3.0.1" "site.musotica.com"
76.28.145.173 - - [07/Sep/2008:05:04:06 -0700] "GET /scripts/rolldiv.js HTTP/1.1" 200 623 "http://musotica.com/sececo.html" "Mozilla/5.0 (Windows; U; Windows NT 6.0; en-US; rv:1.9.0.1) Gecko/2008070208 Firefox/3.0.1" "site.musotica.com"
122.164.131.209 - - [07/Sep/2008:05:04:07 -0700] "GET /musotica/images/stockings.jpg HTTP/1.1" 200 15303 "http://musotica.com/sexypetticoat.html" "Mozilla/4.0 (compatible; MSIE 6.0; Windows 98)" "site.musotica.com"
76.28.145.173 - - [07/Sep/2008:05:04:07 -0700] "GET /scripts/cookies.js HTTP/1.1" 200 1429 "http://musotica.com/sececo.html" "Mozilla/5.0 (Windows; U; Windows NT 6.0; en-US; rv:1.9.0.1) Gecko/2008070208 Firefox/3.0.1" "site.musotica.com"
76.28.145.173 - - [07/Sep/2008:05:04:07 -0700] "GET /scripts/pagging-inner.js HTTP/1.1" 200 24676 "http://musotica.com/sececo.html" "Mozilla/5.0 (Windows; U; Windows NT 6.0; en-US; rv:1.9.0.1) Gecko/2008070208 Firefox/3.0.1" "site.musotica.com"
122.164.131.209 - - [07/Sep/2008:05:04:07 -0700] "GET /musotica/images/shoes.jpg HTTP/1.1" 200 14412 "http://musotica.com/sexypetticoat.html" "Mozilla/4.0 (compatible; MSIE 6.0; Windows 98)" "site.musotica.com"
76.28.145.173 - - [07/Sep/2008:05:04:08 -0700] "GET /scripts/dpv.js HTTP/1.1" 200 1545 "http://musotica.com/sececo.html" "Mozilla/5.0 (Windows; U; Windows NT 6.0; en-US; rv:1.9.0.1) Gecko/2008070208 Firefox/3.0.1" "site.musotica.com"
122.164.131.209 - - [07/Sep/2008:05:04:08 -0700] "GET /musotica/images/accessories.jpg HTTP/1.1" 200 17113 "http://musotica.com/sexypetticoat.html" "Mozilla/4.0 (compatible; MSIE 6.0; Windows 98)" "site.musotica.com"
76.28.145.173 - - [07/Sep/2008:05:04:08 -0700] "GET /musotica/images/spacer.gif HTTP/1.1" 404 275 "http://musotica.com/sececo.html" "Mozilla/5.0 (Windows; U; Windows NT 6.0; en-US; rv:1.9.0.1) Gecko/2008070208 Firefox/3.0.1" "site.musotica.com"
122.164.131.209 - - [07/Sep/2008:05:04:09 -0700] "GET /musotica/images/pay.jpg HTTP/1.1" 200 13131 "http://musotica.com/sexypetticoat.html" "Mozilla/4.0 (compatible; MSIE 6.0; Windows 98)" "site.musotica.com"
122.164.131.209 - - [07/Sep/2008:05:04:09 -0700] "GET /musotica/images/ss.jpg HTTP/1.1" 200 5500 "http://musotica.com/sexypetticoat.html" "Mozilla/4.0 (compatible; MSIE 6.0; Windows 98)" "site.musotica.com"
122.164.131.209 - - [07/Sep/2008:05:04:10 -0700] "GET /musotica/images/bannerdot.gif HTTP/1.1" 200 49 "http://musotica.com/sexypetticoat.html" "Mozilla/4.0 (compatible; MSIE 6.0; Windows 98)" "site.musotica.com"
122.164.131.209 - - [07/Sep/2008:05:04:10 -0700] "GET /musotica/images/newgreendot.gif HTTP/1.1" 200 49 "http://musotica.com/sexypetticoat.html" "Mozilla/4.0 (compatible; MSIE 6.0; Windows 98)" "site.musotica.com"
86.5.241.139 - - [07/Sep/2008:05:04:14 -0700] "GET /musotica/style/style.css HTTP/1.1" 200 2675 "http://musotica.com/sefico.html" "Mozilla/5.0 (Windows; U; Windows NT 5.1; en-US; rv:1.8.1.16) Gecko/20080702 Firefox/2.0.0.16" "site.musotica.com"
86.5.241.139 - - [07/Sep/2008:05:04:15 -0700] "GET /style/rolldiv-mozilla.css HTTP/1.1" 200 711 "http://musotica.com/sefico.html" "Mozilla/5.0 (Windows; U; Windows NT 5.1; en-US; rv:1.8.1.16) Gecko/20080702 Firefox/2.0.0.16" "site.musotica.com"
86.5.241.139 - - [07/Sep/2008:05:04:15 -0700] "GET /scripts/rolldiv.js HTTP/1.1" 200 623 "http://musotica.com/sefico.html" "Mozilla/5.0 (Windows; U; Windows NT 5.1; en-US; rv:1.8.1.16) Gecko/20080702 Firefox/2.0.0.16" "site.musotica.com"
86.5.241.139 - - [07/Sep/2008:05:04:15 -0700] "GET /musotica/images/logo.gif HTTP/1.1" 200 2006 "http://musotica.com/sefico.html" "Mozilla/5.0 (Windows; U; Windows NT 5.1; en-US; rv:1.8.1.16) Gecko/20080702 Firefox/2.0.0.16" "site.musotica.com"
86.5.241.139 - - [07/Sep/2008:05:04:15 -0700] "GET /musotica/images/phone.gif HTTP/1.1" 200 385 "http://musotica.com/sefico.html" "Mozilla/5.0 (Windows; U; Windows NT 5.1; en-US; rv:1.8.1.16) Gecko/20080702 Firefox/2.0.0.16" "site.musotica.com"
86.5.241.139 - - [07/Sep/2008:05:04:16 -0700] "GET /musotica/images/home.gif HTTP/1.1" 200 70 "http://musotica.com/sefico.html" "Mozilla/5.0 (Windows; U; Windows NT 5.1; en-US; rv:1.8.1.16) Gecko/20080702 Firefox/2.0.0.16" "site.musotica.com"
86.5.241.139 - - [07/Sep/2008:05:04:16 -0700] "GET /scripts/cookies.js HTTP/1.1" 200 1429 "http://musotica.com/sefico.html" "Mozilla/5.0 (Windows; U; Windows NT 5.1; en-US; rv:1.8.1.16) Gecko/20080702 Firefox/2.0.0.16" "site.musotica.com"
86.5.241.139 - - [07/Sep/2008:05:04:16 -0700] "GET /musotica/images/tell.gif HTTP/1.1" 200 67 "http://musotica.com/sefico.html" "Mozilla/5.0 (Windows; U; Windows NT 5.1; en-US; rv:1.8.1.16) Gecko/20080702 Firefox/2.0.0.16" "site.musotica.com"
86.5.241.139 - - [07/Sep/2008:05:04:16 -0700] "GET /musotica/images/bookmark.gif HTTP/1.1" 200 124 "http://musotica.com/sefico.html" "Mozilla/5.0 (Windows; U; Windows NT 5.1; en-US; rv:1.8.1.16) Gecko/20080702 Firefox/2.0.0.16" "site.musotica.com"
86.5.241.139 - - [07/Sep/2008:05:04:16 -0700] "GET /scripts/pagging-inner.js HTTP/1.1" 200 24676 "http://musotica.com/sefico.html" "Mozilla/5.0 (Windows; U; Windows NT 5.1; en-US; rv:1.8.1.16) Gecko/20080702 Firefox/2.0.0.16" "site.musotica.com"
86.5.241.139 - - [07/Sep/2008:05:04:16 -0700] "GET /musotica/images/go.gif HTTP/1.1" 200 731 "http://musotica.com/sefico.html" "Mozilla/5.0 (Windows; U; Windows NT 5.1; en-US; rv:1.8.1.16) Gecko/20080702 Firefox/2.0.0.16" "site.musotica.com"
86.5.241.139 - - [07/Sep/2008:05:04:16 -0700] "GET /musotica/images/shop.gif HTTP/1.1" 200 83 "http://musotica.com/sefico.html" "Mozilla/5.0 (Windows; U; Windows NT 5.1; en-US; rv:1.8.1.16) Gecko/20080702 Firefox/2.0.0.16" "site.musotica.com"
86.5.241.139 - - [07/Sep/2008:05:04:16 -0700] "GET /musotica/images/arrow.gif HTTP/1.1" 200 61 "http://musotica.com/sefico.html" "Mozilla/5.0 (Windows; U; Windows NT 5.1; en-US; rv:1.8.1.16) Gecko/20080702 Firefox/2.0.0.16" "site.musotica.com"
86.5.241.139 - - [07/Sep/2008:05:04:16 -0700] "GET /musotica/images/head_strip.gif HTTP/1.1" 200 63 "http://site.musotica.com/musotica/style/style.css" "Mozilla/5.0 (Windows; U; Windows NT 5.1; en-US; rv:1.8.1.16) Gecko/20080702 Firefox/2.0.0.16" "site.musotica.com"
86.5.241.139 - - [07/Sep/2008:05:04:17 -0700] "GET /scripts/dpv.js HTTP/1.1" 200 1545 "http://musotica.com/sefico.html" "Mozilla/5.0 (Windows; U; Windows NT 5.1; en-US; rv:1.8.1.16) Gecko/20080702 Firefox/2.0.0.16" "site.musotica.com"
86.5.241.139 - - [07/Sep/2008:05:04:17 -0700] "GET /musotica/images/newdot.gif HTTP/1.1" 200 62 "http://site.musotica.com/musotica/style/style.css" "Mozilla/5.0 (Windows; U; Windows NT 5.1; en-US; rv:1.8.1.16) Gecko/20080702 Firefox/2.0.0.16" "site.musotica.com"
86.5.241.139 - - [07/Sep/2008:05:04:17 -0700] "GET /musotica/images/search.gif HTTP/1.1" 200 1538 "http://site.musotica.com/musotica/style/style.css" "Mozilla/5.0 (Windows; U; Windows NT 5.1; en-US; rv:1.8.1.16) Gecko/20080702 Firefox/2.0.0.16" "site.musotica.com"
86.5.241.139 - - [07/Sep/2008:05:04:17 -0700] "GET /musotica/images/lingeris.jpg HTTP/1.1" 200 17260 "http://musotica.com/sefico.html" "Mozilla/5.0 (Windows; U; Windows NT 5.1; en-US; rv:1.8.1.16) Gecko/20080702 Firefox/2.0.0.16" "site.musotica.com"
86.5.241.139 - - [07/Sep/2008:05:04:17 -0700] "GET /musotica/images/spacer.gif HTTP/1.1" 404 275 "http://musotica.com/sefico.html" "Mozilla/5.0 (Windows; U; Windows NT 5.1; en-US; rv:1.8.1.16) Gecko/20080702 Firefox/2.0.0.16" "site.musotica.com"
86.5.241.139 - - [07/Sep/2008:05:04:17 -0700] "GET /musotica/images/clubwear.jpg HTTP/1.1" 200 15480 "http://musotica.com/sefico.html" "Mozilla/5.0 (Windows; U; Windows NT 5.1; en-US; rv:1.8.1.16) Gecko/20080702 Firefox/2.0.0.16" "site.musotica.com"
86.5.241.139 - - [07/Sep/2008:05:04:17 -0700] "GET /musotica/images/stockings.jpg HTTP/1.1" 200 15303 "http://musotica.com/sefico.html" "Mozilla/5.0 (Windows; U; Windows NT 5.1; en-US; rv:1.8.1.16) Gecko/20080702 Firefox/2.0.0.16" "site.musotica.com"
86.5.241.139 - - [07/Sep/2008:05:04:17 -0700] "GET /musotica/images/shoes.jpg HTTP/1.1" 200 14412 "http://musotica.com/sefico.html" "Mozilla/5.0 (Windows; U; Windows NT 5.1; en-US; rv:1.8.1.16) Gecko/20080702 Firefox/2.0.0.16" "site.musotica.com"
86.5.241.139 - - [07/Sep/2008:05:04:18 -0700] "GET /musotica/images/accessories.jpg HTTP/1.1" 200 17113 "http://musotica.com/sefico.html" "Mozilla/5.0 (Windows; U; Windows NT 5.1; en-US; rv:1.8.1.16) Gecko/20080702 Firefox/2.0.0.16" "site.musotica.com"
86.5.241.139 - - [07/Sep/2008:05:04:18 -0700] "GET /musotica/images/pay.jpg HTTP/1.1" 200 13131 "http://musotica.com/sefico.html" "Mozilla/5.0 (Windows; U; Windows NT 5.1; en-US; rv:1.8.1.16) Gecko/20080702 Firefox/2.0.0.16" "site.musotica.com"
86.5.241.139 - - [07/Sep/2008:05:04:18 -0700] "GET /musotica/images/ss.jpg HTTP/1.1" 200 5500 "http://musotica.com/sefico.html" "Mozilla/5.0 (Windows; U; Windows NT 5.1; en-US; rv:1.8.1.16) Gecko/20080702 Firefox/2.0.0.16" "site.musotica.com"
86.5.241.139 - - [07/Sep/2008:05:04:18 -0700] "GET /musotica/images/midline.gif HTTP/1.1" 200 49 "http://site.musotica.com/musotica/style/style.css" "Mozilla/5.0 (Windows; U; Windows NT 5.1; en-US; rv:1.8.1.16) Gecko/20080702 Firefox/2.0.0.16" "site.musotica.com"
86.5.241.139 - - [07/Sep/2008:05:04:18 -0700] "GET /musotica/images/bannerdot.gif HTTP/1.1" 200 49 "http://site.musotica.com/musotica/style/style.css" "Mozilla/5.0 (Windows; U; Windows NT 5.1; en-US; rv:1.8.1.16) Gecko/20080702 Firefox/2.0.0.16" "site.musotica.com"
86.5.241.139 - - [07/Sep/2008:05:04:18 -0700] "GET /musotica/images/newgreendot.gif HTTP/1.1" 200 49 "http://site.musotica.com/musotica/style/style.css" "Mozilla/5.0 (Windows; U; Windows NT 5.1; en-US; rv:1.8.1.16) Gecko/20080702 Firefox/2.0.0.16" "site.musotica.com"
24.174.103.175 - - [07/Sep/2008:05:04:22 -0700] "GET /scripts/rolldiv.js HTTP/1.1" 200 623 "-" "Mozilla/4.0 (compatible; MSIE 6.0; Windows NT 5.1;1813)" "site.musotica.com"
208.82.165.125 - - [07/Sep/2008:05:04:25 -0700] "GET /musotica/style/style.css HTTP/1.1" 304 - "http://musotica.com/haco.html" "Mozilla/4.0 (compatible; MSIE 7.0; Windows NT 5.1; Mozilla/4.0 (compatible; MSIE 6.0; Windows NT 5.1; SV1) ; Embedded Web Browser from: http://bsalsa.com/; .NET CLR 1.1.4322; .NET CLR 2.0.50727; InfoPath.1; .NET CLR 3.0.04506.30)" "site.musotica.com"
208.82.165.125 - - [07/Sep/2008:05:04:26 -0700] "GET /style/rolldiv-ie.css HTTP/1.1" 304 - "http://musotica.com/haco.html" "Mozilla/4.0 (compatible; MSIE 7.0; Windows NT 5.1; Mozilla/4.0 (compatible; MSIE 6.0; Windows NT 5.1; SV1) ; Embedded Web Browser from: http://bsalsa.com/; .NET CLR 1.1.4322; .NET CLR 2.0.50727; InfoPath.1; .NET CLR 3.0.04506.30)" "site.musotica.com"
208.82.165.125 - - [07/Sep/2008:05:04:26 -0700] "GET /scripts/rolldiv.js HTTP/1.1" 304 - "http://musotica.com/haco.html" "Mozilla/4.0 (compatible; MSIE 7.0; Windows NT 5.1; Mozilla/4.0 (compatible; MSIE 6.0; Windows NT 5.1; SV1) ; Embedded Web Browser from: http://bsalsa.com/; .NET CLR 1.1.4322; .NET CLR 2.0.50727; InfoPath.1; .NET CLR 3.0.04506.30)" "site.musotica.com"
86.5.241.139 - - [07/Sep/2008:05:04:27 -0700] "GET /scripts/paging-images/images/spacer.gif HTTP/1.1" 404 275 "http://musotica.com/adficosehaco.html" "Mozilla/5.0 (Windows; U; Windows NT 5.1; en-US; rv:1.8.1.16) Gecko/20080702 Firefox/2.0.0.16" "site.musotica.com"
208.82.165.125 - - [07/Sep/2008:05:04:27 -0700] "GET /musotica/images/spacer.gif HTTP/1.1" 404 275 "http://musotica.com/haco.html" "Mozilla/4.0 (compatible; MSIE 7.0; Windows NT 5.1; Mozilla/4.0 (compatible; MSIE 6.0; Windows NT 5.1; SV1) ; Embedded Web Browser from: http://bsalsa.com/; .NET CLR 1.1.4322; .NET CLR 2.0.50727; InfoPath.1; .NET CLR 3.0.04506.30)" "site.musotica.com"
86.5.241.139 - - [07/Sep/2008:05:04:28 -0700] "GET /musotica/images/spacer.gif HTTP/1.1" 404 275 "http://musotica.com/adficosehaco.html" "Mozilla/5.0 (Windows; U; Windows NT 5.1; en-US; rv:1.8.1.16) Gecko/20080702 Firefox/2.0.0.16" "site.musotica.com"
122.168.25.248 - - [07/Sep/2008:05:04:36 -0700] "GET /scripts/paging-images/images/spacer.gif HTTP/1.1" 404 275 "http://musotica.com/cotopthpa.html" "Mozilla/4.0 (compatible; MSIE 6.0; Windows NT 5.1)" "site.musotica.com"
122.168.25.248 - - [07/Sep/2008:05:04:39 -0700] "GET /musotica/images/spacer.gif HTTP/1.1" 404 275 "http://musotica.com/cotopthpa.html" "Mozilla/4.0 (compatible; MSIE 6.0; Windows NT 5.1)" "site.musotica.com"
76.28.145.173 - - [07/Sep/2008:05:04:57 -0700] "GET /musotica/style/style.css HTTP/1.1" 200 2675 "http://musotica.com/searprcoseha.html" "Mozilla/5.0 (Windows; U; Windows NT 6.0; en-US; rv:1.9.0.1) Gecko/2008070208 Firefox/3.0.1" "site.musotica.com"
76.28.145.173 - - [07/Sep/2008:05:04:57 -0700] "GET /style/rolldiv-mozilla.css HTTP/1.1" 200 711 "http://musotica.com/searprcoseha.html" "Mozilla/5.0 (Windows; U; Windows NT 6.0; en-US; rv:1.9.0.1) Gecko/2008070208 Firefox/3.0.1" "site.musotica.com"
76.28.145.173 - - [07/Sep/2008:05:04:57 -0700] "GET /scripts/rolldiv.js HTTP/1.1" 200 623 "http://musotica.com/searprcoseha.html" "Mozilla/5.0 (Windows; U; Windows NT 6.0; en-US; rv:1.9.0.1) Gecko/2008070208 Firefox/3.0.1" "site.musotica.com"
76.28.145.173 - - [07/Sep/2008:05:04:57 -0700] "GET /scripts/paging-images/images/spacer.gif HTTP/1.1" 404 275 "http://musotica.com/searprcoseha.html" "Mozilla/5.0 (Windows; U; Windows NT 6.0; en-US; rv:1.9.0.1) Gecko/2008070208 Firefox/3.0.1" "site.musotica.com"
76.28.145.173 - - [07/Sep/2008:05:04:58 -0700] "GET /musotica/images/spacer.gif HTTP/1.1" 404 275 "http://musotica.com/searprcoseha.html" "Mozilla/5.0 (Windows; U; Windows NT 6.0; en-US; rv:1.9.0.1) Gecko/2008070208 Firefox/3.0.1" "site.musotica.com"
88.131.106.2 - - [07/Sep/2008:05:05:02 -0700] "GET /links.html HTTP/1.0" 200 26492 "-" "Speedy Spider (http://www.entireweb.com/about/search_tech/speedy_spider/)" "site.musotica.com"
58.179.203.237 - - [07/Sep/2008:05:05:02 -0700] "GET /musotica/images/spacer.gif HTTP/1.1" 404 275 "http://musotica.com/bodystockings1.html" "Mozilla/4.0 (compatible; MSIE 6.0; Windows NT 5.1; SV1; InfoPath.2; .NET CLR 2.0.50727)" "site.musotica.com"
86.5.241.139 - - [07/Sep/2008:05:05:08 -0700] "GET /musotica/images/spacer.gif HTTP/1.1" 404 275 "http://musotica.com/sefico.html" "Mozilla/5.0 (Windows; U; Windows NT 5.1; en-US; rv:1.8.1.16) Gecko/20080702 Firefox/2.0.0.16" "site.musotica.com"
122.168.25.248 - - [07/Sep/2008:05:05:30 -0700] "GET /musotica/images/spacer.gif HTTP/1.1" 404 275 "http://musotica.com/bodyshapers.html" "Mozilla/4.0 (compatible; MSIE 6.0; Windows NT 5.1)" "site.musotica.com"
41.221.19.251 - - [07/Sep/2008:05:05:32 -0700] "GET /musotica/style/style.css HTTP/1.1" 200 2675 "http://musotica.com/" "Mozilla/4.0 (compatible; MSIE 6.0; Windows NT 5.1; SV1; .NET CLR 1.1.4322)" "site.musotica.com"
74.6.18.237 - - [07/Sep/2008:05:05:36 -0700] "GET /links7.html HTTP/1.0" 200 37069 "-" "Mozilla/5.0 (compatible; Yahoo! Slurp; http://help.yahoo.com/help/us/ysearch/slurp)" "site.musotica.com"
76.28.145.173 - - [07/Sep/2008:05:05:41 -0700] "GET /musotica/style/style.css HTTP/1.1" 200 2675 "http://musotica.com/sececo.html" "Mozilla/5.0 (Windows; U; Windows NT 6.0; en-US; rv:1.9.0.1) Gecko/2008070208 Firefox/3.0.1" "site.musotica.com"
76.28.145.173 - - [07/Sep/2008:05:05:42 -0700] "GET /style/rolldiv-mozilla.css HTTP/1.1" 200 711 "http://musotica.com/sececo.html" "Mozilla/5.0 (Windows; U; Windows NT 6.0; en-US; rv:1.9.0.1) Gecko/2008070208 Firefox/3.0.1" "site.musotica.com"
76.28.145.173 - - [07/Sep/2008:05:05:42 -0700] "GET /scripts/rolldiv.js HTTP/1.1" 200 623 "http://musotica.com/sececo.html" "Mozilla/5.0 (Windows; U; Windows NT 6.0; en-US; rv:1.9.0.1) Gecko/2008070208 Firefox/3.0.1" "site.musotica.com"
76.28.145.173 - - [07/Sep/2008:05:05:42 -0700] "GET /scripts/cookies.js HTTP/1.1" 200 1429 "http://musotica.com/sececo.html" "Mozilla/5.0 (Windows; U; Windows NT 6.0; en-US; rv:1.9.0.1) Gecko/2008070208 Firefox/3.0.1" "site.musotica.com"
76.28.145.173 - - [07/Sep/2008:05:05:43 -0700] "GET /scripts/pagging-inner.js HTTP/1.1" 200 24676 "http://musotica.com/sececo.html" "Mozilla/5.0 (Windows; U; Windows NT 6.0; en-US; rv:1.9.0.1) Gecko/2008070208 Firefox/3.0.1" "site.musotica.com"
76.28.145.173 - - [07/Sep/2008:05:05:43 -0700] "GET /scripts/dpv.js HTTP/1.1" 200 1545 "http://musotica.com/sececo.html" "Mozilla/5.0 (Windows; U; Windows NT 6.0; en-US; rv:1.9.0.1) Gecko/2008070208 Firefox/3.0.1" "site.musotica.com"
76.28.145.173 - - [07/Sep/2008:05:05:44 -0700] "GET /musotica/images/spacer.gif HTTP/1.1" 404 275 "http://musotica.com/sececo.html" "Mozilla/5.0 (Windows; U; Windows NT 6.0; en-US; rv:1.9.0.1) Gecko/2008070208 Firefox/3.0.1" "site.musotica.com"
82.24.218.121 - - [07/Sep/2008:05:05:44 -0700] "GET /musotica/style/style.css HTTP/1.1" 200 2675 "http://musotica.com/seswpi.html?gclid=CPW4-vnRyZUCFQWL1Qodhkzghg" "Mozilla/4.0 (compatible; MSIE 7.0; Windows NT 6.0; SLCC1; .NET CLR 2.0.50727; Media Center PC 5.0; .NET CLR 3.0.04506; InfoPath.2)" "site.musotica.com"
82.24.218.121 - - [07/Sep/2008:05:05:45 -0700] "GET /style/rolldiv-ie.css HTTP/1.1" 200 809 "http://musotica.com/seswpi.html?gclid=CPW4-vnRyZUCFQWL1Qodhkzghg" "Mozilla/4.0 (compatible; MSIE 7.0; Windows NT 6.0; SLCC1; .NET CLR 2.0.50727; Media Center PC 5.0; .NET CLR 3.0.04506; InfoPath.2)" "site.musotica.com"
82.24.218.121 - - [07/Sep/2008:05:05:45 -0700] "GET /scripts/rolldiv.js HTTP/1.1" 200 623 "http://musotica.com/seswpi.html?gclid=CPW4-vnRyZUCFQWL1Qodhkzghg" "Mozilla/4.0 (compatible; MSIE 7.0; Windows NT 6.0; SLCC1; .NET CLR 2.0.50727; Media Center PC 5.0; .NET CLR 3.0.04506; InfoPath.2)" "site.musotica.com"
82.24.218.121 - - [07/Sep/2008:05:05:45 -0700] "GET /musotica/images/logo.gif HTTP/1.1" 200 2006 "http://musotica.com/seswpi.html?gclid=CPW4-vnRyZUCFQWL1Qodhkzghg" "Mozilla/4.0 (compatible; MSIE 7.0; Windows NT 6.0; SLCC1; .NET CLR 2.0.50727; Media Center PC 5.0; .NET CLR 3.0.04506; InfoPath.2)" "site.musotica.com"
82.24.218.121 - - [07/Sep/2008:05:05:45 -0700] "GET /musotica/images/phone.gif HTTP/1.1" 200 385 "http://musotica.com/seswpi.html?gclid=CPW4-vnRyZUCFQWL1Qodhkzghg" "Mozilla/4.0 (compatible; MSIE 7.0; Windows NT 6.0; SLCC1; .NET CLR 2.0.50727; Media Center PC 5.0; .NET CLR 3.0.04506; InfoPath.2)" "site.musotica.com"
41.221.19.251 - - [07/Sep/2008:05:05:45 -0700] "GET /musotica/images/head_strip.gif HTTP/1.1" 200 63 "http://musotica.com/" "Mozilla/4.0 (compatible; MSIE 6.0; Windows NT 5.1; SV1; .NET CLR 1.1.4322)" "site.musotica.com"
82.24.218.121 - - [07/Sep/2008:05:05:45 -0700] "GET /rolldiv-images/shadow.png HTTP/1.1" 200 175 "-" "Mozilla/4.0 (compatible; MSIE 7.0; Windows NT 6.0; SLCC1; .NET CLR 2.0.50727; Media Center PC 5.0; .NET CLR 3.0.04506; InfoPath.2)" "site.musotica.com"
82.24.218.121 - - [07/Sep/2008:05:05:45 -0700] "GET /musotica/images/home.gif HTTP/1.1" 200 70 "http://musotica.com/seswpi.html?gclid=CPW4-vnRyZUCFQWL1Qodhkzghg" "Mozilla/4.0 (compatible; MSIE 7.0; Windows NT 6.0; SLCC1; .NET CLR 2.0.50727; Media Center PC 5.0; .NET CLR 3.0.04506; InfoPath.2)" "site.musotica.com"
41.221.19.251 - - [07/Sep/2008:05:05:45 -0700] "GET /musotica/images/logo.gif HTTP/1.1" 200 2006 "http://musotica.com/" "Mozilla/4.0 (compatible; MSIE 6.0; Windows NT 5.1; SV1; .NET CLR 1.1.4322)" "site.musotica.com"
41.221.19.251 - - [07/Sep/2008:05:05:45 -0700] "GET /musotica/images/phone.gif HTTP/1.1" 200 385 "http://musotica.com/" "Mozilla/4.0 (compatible; MSIE 6.0; Windows NT 5.1; SV1; .NET CLR 1.1.4322)" "site.musotica.com"
41.221.19.251 - - [07/Sep/2008:05:05:45 -0700] "GET /musotica/images/newdot.gif HTTP/1.1" 200 62 "http://musotica.com/" "Mozilla/4.0 (compatible; MSIE 6.0; Windows NT 5.1; SV1; .NET CLR 1.1.4322)" "site.musotica.com"
41.221.19.251 - - [07/Sep/2008:05:05:45 -0700] "GET /musotica/images/home.gif HTTP/1.1" 200 70 "http://musotica.com/" "Mozilla/4.0 (compatible; MSIE 6.0; Windows NT 5.1; SV1; .NET CLR 1.1.4322)" "site.musotica.com"
41.221.19.251 - - [07/Sep/2008:05:05:45 -0700] "GET /musotica/images/search.gif HTTP/1.1" 200 1538 "http://musotica.com/" "Mozilla/4.0 (compatible; MSIE 6.0; Windows NT 5.1; SV1; .NET CLR 1.1.4322)" "site.musotica.com"
41.221.19.251 - - [07/Sep/2008:05:05:45 -0700] "GET /musotica/images/tell.gif HTTP/1.1" 200 67 "http://musotica.com/" "Mozilla/4.0 (compatible; MSIE 6.0; Windows NT 5.1; SV1; .NET CLR 1.1.4322)" "site.musotica.com"
41.221.19.251 - - [07/Sep/2008:05:05:45 -0700] "GET /musotica/images/bookmark.gif HTTP/1.1" 200 124 "http://musotica.com/" "Mozilla/4.0 (compatible; MSIE 6.0; Windows NT 5.1; SV1; .NET CLR 1.1.4322)" "site.musotica.com"
41.221.19.251 - - [07/Sep/2008:05:05:45 -0700] "GET /musotica/images/arrow.gif HTTP/1.1" 200 61 "http://musotica.com/" "Mozilla/4.0 (compatible; MSIE 6.0; Windows NT 5.1; SV1; .NET CLR 1.1.4322)" "site.musotica.com"
41.221.19.251 - - [07/Sep/2008:05:05:45 -0700] "GET /musotica/images/midline.gif HTTP/1.1" 200 49 "http://musotica.com/" "Mozilla/4.0 (compatible; MSIE 6.0; Windows NT 5.1; SV1; .NET CLR 1.1.4322)" "site.musotica.com"
41.221.19.251 - - [07/Sep/2008:05:05:45 -0700] "GET /musotica/images/go2.gif HTTP/1.1" 200 1322 "http://musotica.com/" "Mozilla/4.0 (compatible; MSIE 6.0; Windows NT 5.1; SV1; .NET CLR 1.1.4322)" "site.musotica.com"
41.221.19.251 - - [07/Sep/2008:05:05:45 -0700] "GET /musotica/images/arrow2.gif HTTP/1.1" 200 65 "http://musotica.com/" "Mozilla/4.0 (compatible; MSIE 6.0; Windows NT 5.1; SV1; .NET CLR 1.1.4322)" "site.musotica.com"
41.221.19.251 - - [07/Sep/2008:05:05:45 -0700] "GET /musotica/images/viewtext.gif HTTP/1.1" 200 1092 "http://musotica.com/" "Mozilla/4.0 (compatible; MSIE 6.0; Windows NT 5.1; SV1; .NET CLR 1.1.4322)" "site.musotica.com"
41.221.19.251 - - [07/Sep/2008:05:05:45 -0700] "GET /musotica/images/bannerdot.gif HTTP/1.1" 200 49 "http://musotica.com/" "Mozilla/4.0 (compatible; MSIE 6.0; Windows NT 5.1; SV1; .NET CLR 1.1.4322)" "site.musotica.com"
41.221.19.251 - - [07/Sep/2008:05:05:45 -0700] "GET /musotica/images/spacer.gif HTTP/1.1" 404 275 "http://musotica.com/" "Mozilla/4.0 (compatible; MSIE 6.0; Windows NT 5.1; SV1; .NET CLR 1.1.4322)" "site.musotica.com"
41.221.19.251 - - [07/Sep/2008:05:05:45 -0700] "GET /musotica/images/newgreendot.gif HTTP/1.1" 200 49 "http://musotica.com/" "Mozilla/4.0 (compatible; MSIE 6.0; Windows NT 5.1; SV1; .NET CLR 1.1.4322)" "site.musotica.com"
41.221.19.251 - - [07/Sep/2008:05:05:45 -0700] "GET /musotica/images/bottom-banner.gif HTTP/1.1" 200 10943 "http://musotica.com/" "Mozilla/4.0 (compatible; MSIE 6.0; Windows NT 5.1; SV1; .NET CLR 1.1.4322)" "site.musotica.com"
82.24.218.121 - - [07/Sep/2008:05:05:45 -0700] "GET /musotica/images/bookmark.gif HTTP/1.1" 200 124 "http://musotica.com/seswpi.html?gclid=CPW4-vnRyZUCFQWL1Qodhkzghg" "Mozilla/4.0 (compatible; MSIE 7.0; Windows NT 6.0; SLCC1; .NET CLR 2.0.50727; Media Center PC 5.0; .NET CLR 3.0.04506; InfoPath.2)" "site.musotica.com"
41.221.19.251 - - [07/Sep/2008:05:05:45 -0700] "GET /musotica/images/bottom-banner2.gif HTTP/1.1" 200 11310 "http://musotica.com/" "Mozilla/4.0 (compatible; MSIE 6.0; Windows NT 5.1; SV1; .NET CLR 1.1.4322)" "site.musotica.com"
82.24.218.121 - - [07/Sep/2008:05:05:45 -0700] "GET /musotica/images/tell.gif HTTP/1.1" 200 67 "http://musotica.com/seswpi.html?gclid=CPW4-vnRyZUCFQWL1Qodhkzghg" "Mozilla/4.0 (compatible; MSIE 7.0; Windows NT 6.0; SLCC1; .NET CLR 2.0.50727; Media Center PC 5.0; .NET CLR 3.0.04506; InfoPath.2)" "site.musotica.com"
41.221.19.251 - - [07/Sep/2008:05:05:46 -0700] "GET /musotica/images/bottom-banner3.gif HTTP/1.1" 200 10805 "http://musotica.com/" "Mozilla/4.0 (compatible; MSIE 6.0; Windows NT 5.1; SV1; .NET CLR 1.1.4322)" "site.musotica.com"
82.24.218.121 - - [07/Sep/2008:05:05:46 -0700] "GET /musotica/images/shop.gif HTTP/1.1" 200 83 "http://musotica.com/seswpi.html?gclid=CPW4-vnRyZUCFQWL1Qodhkzghg" "Mozilla/4.0 (compatible; MSIE 7.0; Windows NT 6.0; SLCC1; .NET CLR 2.0.50727; Media Center PC 5.0; .NET CLR 3.0.04506; InfoPath.2)" "site.musotica.com"
82.24.218.121 - - [07/Sep/2008:05:05:46 -0700] "GET /musotica/images/arrow.gif HTTP/1.1" 200 61 "http://musotica.com/seswpi.html?gclid=CPW4-vnRyZUCFQWL1Qodhkzghg" "Mozilla/4.0 (compatible; MSIE 7.0; Windows NT 6.0; SLCC1; .NET CLR 2.0.50727; Media Center PC 5.0; .NET CLR 3.0.04506; InfoPath.2)" "site.musotica.com"
41.221.19.251 - - [07/Sep/2008:05:05:46 -0700] "GET /musotica/images/bottom-banner4.gif HTTP/1.1" 200 11464 "http://musotica.com/" "Mozilla/4.0 (compatible; MSIE 6.0; Windows NT 5.1; SV1; .NET CLR 1.1.4322)" "site.musotica.com"
41.221.19.251 - - [07/Sep/2008:05:05:46 -0700] "GET /musotica/images/pay.jpg HTTP/1.1" 200 13131 "http://musotica.com/" "Mozilla/4.0 (compatible; MSIE 6.0; Windows NT 5.1; SV1; .NET CLR 1.1.4322)" "site.musotica.com"
41.221.19.251 - - [07/Sep/2008:05:05:46 -0700] "GET /musotica/images/ss.jpg HTTP/1.1" 200 5500 "http://musotica.com/" "Mozilla/4.0 (compatible; MSIE 6.0; Windows NT 5.1; SV1; .NET CLR 1.1.4322)" "site.musotica.com"
82.24.218.121 - - [07/Sep/2008:05:05:46 -0700] "GET /musotica/images/go.gif HTTP/1.1" 200 731 "http://musotica.com/seswpi.html?gclid=CPW4-vnRyZUCFQWL1Qodhkzghg" "Mozilla/4.0 (compatible; MSIE 7.0; Windows NT 6.0; SLCC1; .NET CLR 2.0.50727; Media Center PC 5.0; .NET CLR 3.0.04506; InfoPath.2)" "site.musotica.com"
82.24.218.121 - - [07/Sep/2008:05:05:46 -0700] "GET /musotica/images/head_strip.gif HTTP/1.1" 200 63 "http://musotica.com/seswpi.html?gclid=CPW4-vnRyZUCFQWL1Qodhkzghg" "Mozilla/4.0 (compatible; MSIE 7.0; Windows NT 6.0; SLCC1; .NET CLR 2.0.50727; Media Center PC 5.0; .NET CLR 3.0.04506; InfoPath.2)" "site.musotica.com"
82.24.218.121 - - [07/Sep/2008:05:05:46 -0700] "GET /musotica/images/newdot.gif HTTP/1.1" 200 62 "http://musotica.com/seswpi.html?gclid=CPW4-vnRyZUCFQWL1Qodhkzghg" "Mozilla/4.0 (compatible; MSIE 7.0; Windows NT 6.0; SLCC1; .NET CLR 2.0.50727; Media Center PC 5.0; .NET CLR 3.0.04506; InfoPath.2)" "site.musotica.com"
82.24.218.121 - - [07/Sep/2008:05:05:46 -0700] "GET /musotica/images/search.gif HTTP/1.1" 200 1538 "http://musotica.com/seswpi.html?gclid=CPW4-vnRyZUCFQWL1Qodhkzghg" "Mozilla/4.0 (compatible; MSIE 7.0; Windows NT 6.0; SLCC1; .NET CLR 2.0.50727; Media Center PC 5.0; .NET CLR 3.0.04506; InfoPath.2)" "site.musotica.com"
82.24.218.121 - - [07/Sep/2008:05:05:46 -0700] "GET /musotica/images/midline.gif HTTP/1.1" 200 49 "http://musotica.com/seswpi.html?gclid=CPW4-vnRyZUCFQWL1Qodhkzghg" "Mozilla/4.0 (compatible; MSIE 7.0; Windows NT 6.0; SLCC1; .NET CLR 2.0.50727; Media Center PC 5.0; .NET CLR 3.0.04506; InfoPath.2)" "site.musotica.com"
82.24.218.121 - - [07/Sep/2008:05:05:46 -0700] "GET /scripts/cookies.js HTTP/1.1" 200 1429 "http://musotica.com/seswpi.html?gclid=CPW4-vnRyZUCFQWL1Qodhkzghg" "Mozilla/4.0 (compatible; MSIE 7.0; Windows NT 6.0; SLCC1; .NET CLR 2.0.50727; Media Center PC 5.0; .NET CLR 3.0.04506; InfoPath.2)" "site.musotica.com"
82.24.218.121 - - [07/Sep/2008:05:05:47 -0700] "GET /scripts/pagging-inner.js HTTP/1.1" 200 24676 "http://musotica.com/seswpi.html?gclid=CPW4-vnRyZUCFQWL1Qodhkzghg" "Mozilla/4.0 (compatible; MSIE 7.0; Windows NT 6.0; SLCC1; .NET CLR 2.0.50727; Media Center PC 5.0; .NET CLR 3.0.04506; InfoPath.2)" "site.musotica.com"
122.168.25.248 - - [07/Sep/2008:05:05:47 -0700] "GET /musotica/images/spacer.gif HTTP/1.1" 404 275 "http://musotica.com/plussize1.html" "Mozilla/4.0 (compatible; MSIE 6.0; Windows NT 5.1)" "site.musotica.com"
82.24.218.121 - - [07/Sep/2008:05:05:47 -0700] "GET /scripts/dpv.js HTTP/1.1" 200 1545 "http://musotica.com/seswpi.html?gclid=CPW4-vnRyZUCFQWL1Qodhkzghg" "Mozilla/4.0 (compatible; MSIE 7.0; Windows NT 6.0; SLCC1; .NET CLR 2.0.50727; Media Center PC 5.0; .NET CLR 3.0.04506; InfoPath.2)" "site.musotica.com"
82.24.218.121 - - [07/Sep/2008:05:05:48 -0700] "GET /musotica/images/lingeris.jpg HTTP/1.1" 200 17260 "http://musotica.com/seswpi.html?gclid=CPW4-vnRyZUCFQWL1Qodhkzghg" "Mozilla/4.0 (compatible; MSIE 7.0; Windows NT 6.0; SLCC1; .NET CLR 2.0.50727; Media Center PC 5.0; .NET CLR 3.0.04506; InfoPath.2)" "site.musotica.com"
82.24.218.121 - - [07/Sep/2008:05:05:48 -0700] "GET /musotica/images/spacer.gif HTTP/1.1" 404 275 "http://musotica.com/seswpi.html?gclid=CPW4-vnRyZUCFQWL1Qodhkzghg" "Mozilla/4.0 (compatible; MSIE 7.0; Windows NT 6.0; SLCC1; .NET CLR 2.0.50727; Media Center PC 5.0; .NET CLR 3.0.04506; InfoPath.2)" "site.musotica.com"
41.221.19.251 - - [07/Sep/2008:05:05:48 -0700] "GET /musotica/images/shop.gif HTTP/1.1" 200 83 "http://musotica.com/" "Mozilla/4.0 (compatible; MSIE 6.0; Windows NT 5.1; SV1; .NET CLR 1.1.4322)" "site.musotica.com"
41.221.19.251 - - [07/Sep/2008:05:05:48 -0700] "GET /musotica/images/go.gif HTTP/1.1" 200 731 "http://musotica.com/" "Mozilla/4.0 (compatible; MSIE 6.0; Windows NT 5.1; SV1; .NET CLR 1.1.4322)" "site.musotica.com"
82.24.218.121 - - [07/Sep/2008:05:05:48 -0700] "GET /musotica/images/clubwear.jpg HTTP/1.1" 200 15480 "http://musotica.com/seswpi.html?gclid=CPW4-vnRyZUCFQWL1Qodhkzghg" "Mozilla/4.0 (compatible; MSIE 7.0; Windows NT 6.0; SLCC1; .NET CLR 2.0.50727; Media Center PC 5.0; .NET CLR 3.0.04506; InfoPath.2)" "site.musotica.com"
82.24.218.121 - - [07/Sep/2008:05:05:49 -0700] "GET /musotica/images/stockings.jpg HTTP/1.1" 200 15303 "http://musotica.com/seswpi.html?gclid=CPW4-vnRyZUCFQWL1Qodhkzghg" "Mozilla/4.0 (compatible; MSIE 7.0; Windows NT 6.0; SLCC1; .NET CLR 2.0.50727; Media Center PC 5.0; .NET CLR 3.0.04506; InfoPath.2)" "site.musotica.com"
82.24.218.121 - - [07/Sep/2008:05:05:49 -0700] "GET /rolldiv-images/footer.png HTTP/1.1" 200 637 "-" "Mozilla/4.0 (compatible; MSIE 7.0; Windows NT 6.0; SLCC1; .NET CLR 2.0.50727; Media Center PC 5.0; .NET CLR 3.0.04506; InfoPath.2)" "site.musotica.com"
82.24.218.121 - - [07/Sep/2008:05:05:49 -0700] "GET /musotica/images/shoes.jpg HTTP/1.1" 200 14412 "http://musotica.com/seswpi.html?gclid=CPW4-vnRyZUCFQWL1Qodhkzghg" "Mozilla/4.0 (compatible; MSIE 7.0; Windows NT 6.0; SLCC1; .NET CLR 2.0.50727; Media Center PC 5.0; .NET CLR 3.0.04506; InfoPath.2)" "site.musotica.com"
82.24.218.121 - - [07/Sep/2008:05:05:49 -0700] "GET /musotica/images/accessories.jpg HTTP/1.1" 200 17113 "http://musotica.com/seswpi.html?gclid=CPW4-vnRyZUCFQWL1Qodhkzghg" "Mozilla/4.0 (compatible; MSIE 7.0; Windows NT 6.0; SLCC1; .NET CLR 2.0.50727; Media Center PC 5.0; .NET CLR 3.0.04506; InfoPath.2)" "site.musotica.com"
82.24.218.121 - - [07/Sep/2008:05:05:50 -0700] "GET /rolldiv-images/header.png HTTP/1.1" 200 730 "-" "Mozilla/4.0 (compatible; MSIE 7.0; Windows NT 6.0; SLCC1; .NET CLR 2.0.50727; Media Center PC 5.0; .NET CLR 3.0.04506; InfoPath.2)" "site.musotica.com"
82.24.218.121 - - [07/Sep/2008:05:05:50 -0700] "GET /musotica/images/pay.jpg HTTP/1.1" 200 13131 "http://musotica.com/seswpi.html?gclid=CPW4-vnRyZUCFQWL1Qodhkzghg" "Mozilla/4.0 (compatible; MSIE 7.0; Windows NT 6.0; SLCC1; .NET CLR 2.0.50727; Media Center PC 5.0; .NET CLR 3.0.04506; InfoPath.2)" "site.musotica.com"
82.24.218.121 - - [07/Sep/2008:05:05:51 -0700] "GET /musotica/images/ss.jpg HTTP/1.1" 200 5500 "http://musotica.com/seswpi.html?gclid=CPW4-vnRyZUCFQWL1Qodhkzghg" "Mozilla/4.0 (compatible; MSIE 7.0; Windows NT 6.0; SLCC1; .NET CLR 2.0.50727; Media Center PC 5.0; .NET CLR 3.0.04506; InfoPath.2)" "site.musotica.com"
208.82.165.125 - - [07/Sep/2008:05:05:51 -0700] "GET /scripts/paging-images/images/spacer.gif HTTP/1.1" 404 275 "http://musotica.com/mihimaflat.html" "Mozilla/4.0 (compatible; MSIE 7.0; Windows NT 5.1; Mozilla/4.0 (compatible; MSIE 6.0; Windows NT 5.1; SV1) ; Embedded Web Browser from: http://bsalsa.com/; .NET CLR 1.1.4322; .NET CLR 2.0.50727; InfoPath.1; .NET CLR 3.0.04506.30)" "site.musotica.com"
82.24.218.121 - - [07/Sep/2008:05:05:51 -0700] "GET /musotica/images/bannerdot.gif HTTP/1.1" 200 49 "http://musotica.com/seswpi.html?gclid=CPW4-vnRyZUCFQWL1Qodhkzghg" "Mozilla/4.0 (compatible; MSIE 7.0; Windows NT 6.0; SLCC1; .NET CLR 2.0.50727; Media Center PC 5.0; .NET CLR 3.0.04506; InfoPath.2)" "site.musotica.com"
82.24.218.121 - - [07/Sep/2008:05:05:51 -0700] "GET /musotica/images/newgreendot.gif HTTP/1.1" 200 49 "http://musotica.com/seswpi.html?gclid=CPW4-vnRyZUCFQWL1Qodhkzghg" "Mozilla/4.0 (compatible; MSIE 7.0; Windows NT 6.0; SLCC1; .NET CLR 2.0.50727; Media Center PC 5.0; .NET CLR 3.0.04506; InfoPath.2)" "site.musotica.com"
208.82.165.125 - - [07/Sep/2008:05:05:51 -0700] "GET /musotica/images/spacer.gif HTTP/1.1" 404 275 "http://musotica.com/mihimaflat.html" "Mozilla/4.0 (compatible; MSIE 7.0; Windows NT 5.1; Mozilla/4.0 (compatible; MSIE 6.0; Windows NT 5.1; SV1) ; Embedded Web Browser from: http://bsalsa.com/; .NET CLR 1.1.4322; .NET CLR 2.0.50727; InfoPath.1; .NET CLR 3.0.04506.30)" "site.musotica.com"
76.28.145.173 - - [07/Sep/2008:05:06:00 -0700] "GET /musotica/style/style.css HTTP/1.1" 200 2675 "http://musotica.com/haco.html" "Mozilla/5.0 (Windows; U; Windows NT 6.0; en-US; rv:1.9.0.1) Gecko/2008070208 Firefox/3.0.1" "site.musotica.com"
76.28.145.173 - - [07/Sep/2008:05:06:00 -0700] "GET /style/rolldiv-mozilla.css HTTP/1.1" 200 711 "http://musotica.com/haco.html" "Mozilla/5.0 (Windows; U; Windows NT 6.0; en-US; rv:1.9.0.1) Gecko/2008070208 Firefox/3.0.1" "site.musotica.com"
76.28.145.173 - - [07/Sep/2008:05:06:00 -0700] "GET /scripts/rolldiv.js HTTP/1.1" 200 623 "http://musotica.com/haco.html" "Mozilla/5.0 (Windows; U; Windows NT 6.0; en-US; rv:1.9.0.1) Gecko/2008070208 Firefox/3.0.1" "site.musotica.com"
82.24.218.121 - - [07/Sep/2008:05:06:01 -0700] "GET /musotica/style/style.css HTTP/1.1" 304 - "http://musotica.com/dancewear.html" "Mozilla/4.0 (compatible; MSIE 7.0; Windows NT 6.0; SLCC1; .NET CLR 2.0.50727; Media Center PC 5.0; .NET CLR 3.0.04506; InfoPath.2)" "site.musotica.com"
76.28.145.173 - - [07/Sep/2008:05:06:01 -0700] "GET /musotica/images/spacer.gif HTTP/1.1" 404 275 "http://musotica.com/haco.html" "Mozilla/5.0 (Windows; U; Windows NT 6.0; en-US; rv:1.9.0.1) Gecko/2008070208 Firefox/3.0.1" "site.musotica.com"
82.24.218.121 - - [07/Sep/2008:05:06:01 -0700] "GET /scripts/rolldiv.js HTTP/1.1" 304 - "http://musotica.com/dancewear.html" "Mozilla/4.0 (compatible; MSIE 7.0; Windows NT 6.0; SLCC1; .NET CLR 2.0.50727; Media Center PC 5.0; .NET CLR 3.0.04506; InfoPath.2)" "site.musotica.com"
82.24.218.121 - - [07/Sep/2008:05:06:01 -0700] "GET /style/rolldiv-ie.css HTTP/1.1" 304 - "http://musotica.com/dancewear.html" "Mozilla/4.0 (compatible; MSIE 7.0; Windows NT 6.0; SLCC1; .NET CLR 2.0.50727; Media Center PC 5.0; .NET CLR 3.0.04506; InfoPath.2)" "site.musotica.com"
76.28.145.173 - - [07/Sep/2008:05:06:01 -0700] "GET /rolldiv-images/header.png HTTP/1.1" 200 730 "http://site.musotica.com/style/rolldiv-mozilla.css" "Mozilla/5.0 (Windows; U; Windows NT 6.0; en-US; rv:1.9.0.1) Gecko/2008070208 Firefox/3.0.1" "site.musotica.com"
76.28.145.173 - - [07/Sep/2008:05:06:01 -0700] "GET /rolldiv-images/shadow.png HTTP/1.1" 200 175 "http://site.musotica.com/style/rolldiv-mozilla.css" "Mozilla/5.0 (Windows; U; Windows NT 6.0; en-US; rv:1.9.0.1) Gecko/2008070208 Firefox/3.0.1" "site.musotica.com"
76.28.145.173 - - [07/Sep/2008:05:06:02 -0700] "GET /rolldiv-images/footer.png HTTP/1.1" 200 637 "http://site.musotica.com/style/rolldiv-mozilla.css" "Mozilla/5.0 (Windows; U; Windows NT 6.0; en-US; rv:1.9.0.1) Gecko/2008070208 Firefox/3.0.1" "site.musotica.com"
82.24.218.121 - - [07/Sep/2008:05:06:02 -0700] "GET /musotica/images/spacer.gif HTTP/1.1" 404 275 "http://musotica.com/dancewear.html" "Mozilla/4.0 (compatible; MSIE 7.0; Windows NT 6.0; SLCC1; .NET CLR 2.0.50727; Media Center PC 5.0; .NET CLR 3.0.04506; InfoPath.2)" "site.musotica.com"
208.82.165.125 - - [07/Sep/2008:05:06:02 -0700] "GET /scripts/cookies.js HTTP/1.1" 304 - "http://musotica.com/seflat.html" "Mozilla/4.0 (compatible; MSIE 7.0; Windows NT 5.1; Mozilla/4.0 (compatible; MSIE 6.0; Windows NT 5.1; SV1) ; Embedded Web Browser from: http://bsalsa.com/; .NET CLR 1.1.4322; .NET CLR 2.0.50727; InfoPath.1; .NET CLR 3.0.04506.30)" "site.musotica.com"
208.82.165.125 - - [07/Sep/2008:05:06:02 -0700] "GET /scripts/pagging-inner.js HTTP/1.1" 304 - "http://musotica.com/seflat.html" "Mozilla/4.0 (compatible; MSIE 7.0; Windows NT 5.1; Mozilla/4.0 (compatible; MSIE 6.0; Windows NT 5.1; SV1) ; Embedded Web Browser from: http://bsalsa.com/; .NET CLR 1.1.4322; .NET CLR 2.0.50727; InfoPath.1; .NET CLR 3.0.04506.30)" "site.musotica.com"
208.82.165.125 - - [07/Sep/2008:05:06:03 -0700] "GET /scripts/dpv.js HTTP/1.1" 304 - "http://musotica.com/seflat.html" "Mozilla/4.0 (compatible; MSIE 7.0; Windows NT 5.1; Mozilla/4.0 (compatible; MSIE 6.0; Windows NT 5.1; SV1) ; Embedded Web Browser from: http://bsalsa.com/; .NET CLR 1.1.4322; .NET CLR 2.0.50727; InfoPath.1; .NET CLR 3.0.04506.30)" "site.musotica.com"
208.82.165.125 - - [07/Sep/2008:05:06:04 -0700] "GET /musotica/images/spacer.gif HTTP/1.1" 404 275 "http://musotica.com/seflat.html" "Mozilla/4.0 (compatible; MSIE 7.0; Windows NT 5.1; Mozilla/4.0 (compatible; MSIE 6.0; Windows NT 5.1; SV1) ; Embedded Web Browser from: http://bsalsa.com/; .NET CLR 1.1.4322; .NET CLR 2.0.50727; InfoPath.1; .NET CLR 3.0.04506.30)" "site.musotica.com"
76.28.145.173 - - [07/Sep/2008:05:06:05 -0700] "GET /musotica/style/style.css HTTP/1.1" 200 2675 "http://musotica.com/juhacojuhaco.html" "Mozilla/5.0 (Windows; U; Windows NT 6.0; en-US; rv:1.9.0.1) Gecko/2008070208 Firefox/3.0.1" "site.musotica.com"
76.28.145.173 - - [07/Sep/2008:05:06:06 -0700] "GET /style/rolldiv-mozilla.css HTTP/1.1" 200 711 "http://musotica.com/juhacojuhaco.html" "Mozilla/5.0 (Windows; U; Windows NT 6.0; en-US; rv:1.9.0.1) Gecko/2008070208 Firefox/3.0.1" "site.musotica.com"
76.28.145.173 - - [07/Sep/2008:05:06:06 -0700] "GET /scripts/rolldiv.js HTTP/1.1" 200 623 "http://musotica.com/juhacojuhaco.html" "Mozilla/5.0 (Windows; U; Windows NT 6.0; en-US; rv:1.9.0.1) Gecko/2008070208 Firefox/3.0.1" "site.musotica.com"
76.28.145.173 - - [07/Sep/2008:05:06:06 -0700] "GET /scripts/cookies.js HTTP/1.1" 200 1429 "http://musotica.com/juhacojuhaco.html" "Mozilla/5.0 (Windows; U; Windows NT 6.0; en-US; rv:1.9.0.1) Gecko/2008070208 Firefox/3.0.1" "site.musotica.com"
76.28.145.173 - - [07/Sep/2008:05:06:06 -0700] "GET /scripts/pagging-inner.js HTTP/1.1" 200 24676 "http://musotica.com/juhacojuhaco.html" "Mozilla/5.0 (Windows; U; Windows NT 6.0; en-US; rv:1.9.0.1) Gecko/2008070208 Firefox/3.0.1" "site.musotica.com"
76.28.145.173 - - [07/Sep/2008:05:06:07 -0700] "GET /scripts/dpv.js HTTP/1.1" 200 1545 "http://musotica.com/juhacojuhaco.html" "Mozilla/5.0 (Windows; U; Windows NT 6.0; en-US; rv:1.9.0.1) Gecko/2008070208 Firefox/3.0.1" "site.musotica.com"
76.28.145.173 - - [07/Sep/2008:05:06:07 -0700] "GET /musotica/images/spacer.gif HTTP/1.1" 404 275 "http://musotica.com/juhacojuhaco.html" "Mozilla/5.0 (Windows; U; Windows NT 6.0; en-US; rv:1.9.0.1) Gecko/2008070208 Firefox/3.0.1" "site.musotica.com"
208.82.165.125 - - [07/Sep/2008:05:06:24 -0700] "GET /musotica/images/spacer.gif HTTP/1.1" 404 275 "http://musotica.com/shoes.html" "Mozilla/4.0 (compatible; MSIE 7.0; Windows NT 5.1; Mozilla/4.0 (compatible; MSIE 6.0; Windows NT 5.1; SV1) ; Embedded Web Browser from: http://bsalsa.com/; .NET CLR 1.1.4322; .NET CLR 2.0.50727; InfoPath.1; .NET CLR 3.0.04506.30)" "site.musotica.com"
122.168.25.248 - - [07/Sep/2008:05:06:25 -0700] "GET /musotica/images/spacer.gif HTTP/1.1" 404 275 "http://musotica.com/bodystockings1.html" "Mozilla/4.0 (compatible; MSIE 6.0; Windows NT 5.1)" "site.musotica.com"
216.239.50.136 - - [07/Sep/2008:05:06:26 -0700] "GET /scripts/rolldiv.js HTTP/1.0" 200 623 "http://musotica.com/haco.html" "Mozilla/4.0 (compatible; MSIE 6.0; Windows NT 5.0; Google Wireless Transcoder;)" "site.musotica.com"
