208.82.165.125 - - [07/Sep/2008:05:06:26 -0700] "GET /musotica/images/spacer.gif HTTP/1.1" 404 275 "http://musotica.com/shoes.html" "Mozilla/4.0 (compatible; MSIE 7.0; Windows NT 5.1; Mozilla/4.0 (compatible; MSIE 6.0; Windows NT 5.1; SV1) ; Embedded Web Browser from: http://bsalsa.com/; .NET CLR 1.1.4322; .NET CLR 2.0.50727; InfoPath.1; .NET CLR 3.0.04506.30)" "site.musotica.com"
122.168.25.248 - - [07/Sep/2008:05:06:45 -0700] "GET /musotica/images/spacer.gif HTTP/1.1" 404 275 "http://musotica.com/dancewear.html" "Mozilla/4.0 (compatible; MSIE 6.0; Windows NT 5.1)" "site.musotica.com"
82.24.218.121 - - [07/Sep/2008:05:06:51 -0700] "GET /musotica/style/style.css HTTP/1.1" 304 - "http://musotica.com/selegavsw.html" "Mozilla/4.0 (compatible; MSIE 7.0; Windows NT 6.0; SLCC1; .NET CLR 2.0.50727; Media Center PC 5.0; .NET CLR 3.0.04506; InfoPath.2)" "site.musotica.com"
82.24.218.121 - - [07/Sep/2008:05:06:51 -0700] "GET /style/rolldiv-ie.css HTTP/1.1" 304 - "http://musotica.com/selegavsw.html" "Mozilla/4.0 (compatible; MSIE 7.0; Windows NT 6.0; SLCC1; .NET CLR 2.0.50727; Media Center PC 5.0; .NET CLR 3.0.04506; InfoPath.2)" "site.musotica.com"
82.24.218.121 - - [07/Sep/2008:05:06:51 -0700] "GET /scripts/rolldiv.js HTTP/1.1" 304 - "http://musotica.com/selegavsw.html" "Mozilla/4.0 (compatible; MSIE 7.0; Windows NT 6.0; SLCC1; .NET CLR 2.0.50727; Media Center PC 5.0; .NET CLR 3.0.04506; InfoPath.2)" "site.musotica.com"
82.24.218.121 - - [07/Sep/2008:05:06:52 -0700] "GET /scripts/cookies.js HTTP/1.1" 304 - "http://musotica.com/selegavsw.html" "Mozilla/4.0 (compatible; MSIE 7.0; Windows NT 6.0; SLCC1; .NET CLR 2.0.50727; Media Center PC 5.0; .NET CLR 3.0.04506; InfoPath.2)" "site.musotica.com"
82.24.218.121 - - [07/Sep/2008:05:06:52 -0700] "GET /scripts/pagging-inner.js HTTP/1.1" 304 - "http://musotica.com/selegavsw.html" "Mozilla/4.0 (compatible; MSIE 7.0; Windows NT 6.0; SLCC1; .NET CLR 2.0.50727; Media Center PC 5.0; .NET CLR 3.0.04506; InfoPath.2)" "site.musotica.com"
82.24.218.121 - - [07/Sep/2008:05:06:52 -0700] "GET /scripts/dpv.js HTTP/1.1" 304 - "http://musotica.com/selegavsw.html" "Mozilla/4.0 (compatible; MSIE 7.0; Windows NT 6.0; SLCC1; .NET CLR 2.0.50727; Media Center PC 5.0; .NET CLR 3.0.04506; InfoPath.2)" "site.musotica.com"
82.24.218.121 - - [07/Sep/2008:05:06:53 -0700] "GET /musotica/images/spacer.gif HTTP/1.1" 404 275 "http://musotica.com/selegavsw.html" "Mozilla/4.0 (compatible; MSIE 7.0; Windows NT 6.0; SLCC1; .NET CLR 2.0.50727; Media Center PC 5.0; .NET CLR 3.0.04506; InfoPath.2)" "site.musotica.com"
70.45.41.62 - - [07/Sep/2008:05:07:03 -0700] "GET /musotica/style/style.css HTTP/1.1" 200 2675 "http://musotica.com/seglmecoseha.html" "Mozilla/4.0 (compatible; MSIE 7.0; Windows NT 6.0; SLCC1; .NET CLR 2.0.50727; .NET CLR 3.0.04506)" "site.musotica.com"
70.45.41.62 - - [07/Sep/2008:05:07:03 -0700] "GET /scripts/rolldiv.js HTTP/1.1" 200 623 "http://musotica.com/seglmecoseha.html" "Mozilla/4.0 (compatible; MSIE 7.0; Windows NT 6.0; SLCC1; .NET CLR 2.0.50727; .NET CLR 3.0.04506)" "site.musotica.com"
70.45.41.62 - - [07/Sep/2008:05:07:03 -0700] "GET /style/rolldiv-ie.css HTTP/1.1" 200 809 "http://musotica.com/seglmecoseha.html" "Mozilla/4.0 (compatible; MSIE 7.0; Windows NT 6.0; SLCC1; .NET CLR 2.0.50727; .NET CLR 3.0.04506)" "site.musotica.com"
70.45.41.62 - - [07/Sep/2008:05:07:04 -0700] "GET /musotica/images/logo.gif HTTP/1.1" 200 2006 "http://musotica.com/seglmecoseha.html" "Mozilla/4.0 (compatible; MSIE 7.0; Windows NT 6.0; SLCC1; .NET CLR 2.0.50727; .NET CLR 3.0.04506)" "site.musotica.com"
70.45.41.62 - - [07/Sep/2008:05:07:04 -0700] "GET /musotica/images/phone.gif HTTP/1.1" 200 385 "http://musotica.com/seglmecoseha.html" "Mozilla/4.0 (compatible; MSIE 7.0; Windows NT 6.0; SLCC1; .NET CLR 2.0.50727; .NET CLR 3.0.04506)" "site.musotica.com"
70.45.41.62 - - [07/Sep/2008:05:07:04 -0700] "GET /musotica/images/tell.gif HTTP/1.1" 200 67 "http://musotica.com/seglmecoseha.html" "Mozilla/4.0 (compatible; MSIE 7.0; Windows NT 6.0; SLCC1; .NET CLR 2.0.50727; .NET CLR 3.0.04506)" "site.musotica.com"
82.24.218.121 - - [07/Sep/2008:05:07:07 -0700] "GET /musotica/style/style.css HTTP/1.1" 304 - "http://musotica.com/sexystarbikini.html" "Mozilla/4.0 (compatible; MSIE 7.0; Windows NT 6.0; SLCC1; .NET CLR 2.0.50727; Media Center PC 5.0; .NET CLR 3.0.04506; InfoPath.2)" "site.musotica.com"
82.24.218.121 - - [07/Sep/2008:05:07:07 -0700] "GET /scripts/rolldiv.js HTTP/1.1" 304 - "http://musotica.com/sexystarbikini.html" "Mozilla/4.0 (compatible; MSIE 7.0; Windows NT 6.0; SLCC1; .NET CLR 2.0.50727; Media Center PC 5.0; .NET CLR 3.0.04506; InfoPath.2)" "site.musotica.com"
82.24.218.121 - - [07/Sep/2008:05:07:07 -0700] "GET /style/rolldiv-ie.css HTTP/1.1" 304 - "http://musotica.com/sexystarbikini.html" "Mozilla/4.0 (compatible; MSIE 7.0; Windows NT 6.0; SLCC1; .NET CLR 2.0.50727; Media Center PC 5.0; .NET CLR 3.0.04506; InfoPath.2)" "site.musotica.com"
82.24.218.121 - - [07/Sep/2008:05:07:08 -0700] "GET /scripts/paging-images/images/spacer.gif HTTP/1.1" 404 275 "http://musotica.com/sexystarbikini.html" "Mozilla/4.0 (compatible; MSIE 7.0; Windows NT 6.0; SLCC1; .NET CLR 2.0.50727; Media Center PC 5.0; .NET CLR 3.0.04506; InfoPath.2)" "site.musotica.com"
122.168.25.248 - - [07/Sep/2008:05:07:09 -0700] "GET /musotica/images/spacer.gif HTTP/1.1" 404 275 "http://musotica.com/dancerwear1.html" "Mozilla/4.0 (compatible; MSIE 6.0; Windows NT 5.1)" "site.musotica.com"
82.24.218.121 - - [07/Sep/2008:05:07:09 -0700] "GET /musotica/images/spacer.gif HTTP/1.1" 404 275 "http://musotica.com/sexystarbikini.html" "Mozilla/4.0 (compatible; MSIE 7.0; Windows NT 6.0; SLCC1; .NET CLR 2.0.50727; Media Center PC 5.0; .NET CLR 3.0.04506; InfoPath.2)" "site.musotica.com"
82.24.218.121 - - [07/Sep/2008:05:07:23 -0700] "GET /musotica/style/style.css HTTP/1.1" 304 - "http://musotica.com/selegavsw.html" "Mozilla/4.0 (compatible; MSIE 7.0; Windows NT 6.0; SLCC1; .NET CLR 2.0.50727; Media Center PC 5.0; .NET CLR 3.0.04506; InfoPath.2)" "site.musotica.com"
82.24.218.121 - - [07/Sep/2008:05:07:23 -0700] "GET /style/rolldiv-ie.css HTTP/1.1" 304 - "http://musotica.com/selegavsw.html" "Mozilla/4.0 (compatible; MSIE 7.0; Windows NT 6.0; SLCC1; .NET CLR 2.0.50727; Media Center PC 5.0; .NET CLR 3.0.04506; InfoPath.2)" "site.musotica.com"
82.24.218.121 - - [07/Sep/2008:05:07:23 -0700] "GET /scripts/rolldiv.js HTTP/1.1" 304 - "http://musotica.com/selegavsw.html" "Mozilla/4.0 (compatible; MSIE 7.0; Windows NT 6.0; SLCC1; .NET CLR 2.0.50727; Media Center PC 5.0; .NET CLR 3.0.04506; InfoPath.2)" "site.musotica.com"
82.24.218.121 - - [07/Sep/2008:05:07:23 -0700] "GET /scripts/cookies.js HTTP/1.1" 304 - "http://musotica.com/selegavsw.html" "Mozilla/4.0 (compatible; MSIE 7.0; Windows NT 6.0; SLCC1; .NET CLR 2.0.50727; Media Center PC 5.0; .NET CLR 3.0.04506; InfoPath.2)" "site.musotica.com"
82.24.218.121 - - [07/Sep/2008:05:07:24 -0700] "GET /scripts/pagging-inner.js HTTP/1.1" 304 - "http://musotica.com/selegavsw.html" "Mozilla/4.0 (compatible; MSIE 7.0; Windows NT 6.0; SLCC1; .NET CLR 2.0.50727; Media Center PC 5.0; .NET CLR 3.0.04506; InfoPath.2)" "site.musotica.com"
82.24.218.121 - - [07/Sep/2008:05:07:24 -0700] "GET /scripts/dpv.js HTTP/1.1" 304 - "http://musotica.com/selegavsw.html" "Mozilla/4.0 (compatible; MSIE 7.0; Windows NT 6.0; SLCC1; .NET CLR 2.0.50727; Media Center PC 5.0; .NET CLR 3.0.04506; InfoPath.2)" "site.musotica.com"
82.24.218.121 - - [07/Sep/2008:05:07:25 -0700] "GET /musotica/images/spacer.gif HTTP/1.1" 404 275 "http://musotica.com/selegavsw.html" "Mozilla/4.0 (compatible; MSIE 7.0; Windows NT 6.0; SLCC1; .NET CLR 2.0.50727; Media Center PC 5.0; .NET CLR 3.0.04506; InfoPath.2)" "site.musotica.com"
82.24.218.121 - - [07/Sep/2008:05:07:26 -0700] "GET /musotica/images/spacer.gif HTTP/1.1" 404 275 "http://musotica.com/dancewear.html" "Mozilla/4.0 (compatible; MSIE 7.0; Windows NT 6.0; SLCC1; .NET CLR 2.0.50727; Media Center PC 5.0; .NET CLR 3.0.04506; InfoPath.2)" "site.musotica.com"
82.24.218.121 - - [07/Sep/2008:05:07:29 -0700] "GET /musotica/images/spacer.gif HTTP/1.1" 404 275 "http://musotica.com/seswpi.html?gclid=CPW4-vnRyZUCFQWL1Qodhkzghg" "Mozilla/4.0 (compatible; MSIE 7.0; Windows NT 6.0; SLCC1; .NET CLR 2.0.50727; Media Center PC 5.0; .NET CLR 3.0.04506; InfoPath.2)" "site.musotica.com"
59.101.181.246 - - [07/Sep/2008:05:07:35 -0700] "GET /musotica/style/style.css HTTP/1.1" 200 2675 "http://musotica.com/sexytops.html" "Mozilla/4.0 (compatible; MSIE 7.0; Windows NT 5.1; .NET CLR 1.1.4322; .NET CLR 2.0.50727; .NET CLR 3.0.04506.30; .NET CLR 3.0.04506.648)" "site.musotica.com"
12.108.45.6 - - [07/Sep/2008:05:07:36 -0700] "GET /musotica/style/style.css HTTP/1.1" 200 2675 "http://musotica.com/" "Mozilla/4.0 (compatible; MSIE 6.0; Windows NT 5.1; SV1; .NET CLR 1.1.4322; .NET CLR 2.0.50727; .NET CLR 3.0.04506.30)" "site.musotica.com"
59.101.181.246 - - [07/Sep/2008:05:07:36 -0700] "GET /scripts/rolldiv.js HTTP/1.1" 200 623 "http://musotica.com/sexytops.html" "Mozilla/4.0 (compatible; MSIE 7.0; Windows NT 5.1; .NET CLR 1.1.4322; .NET CLR 2.0.50727; .NET CLR 3.0.04506.30; .NET CLR 3.0.04506.648)" "site.musotica.com"
59.101.181.246 - - [07/Sep/2008:05:07:37 -0700] "GET /style/rolldiv-ie.css HTTP/1.1" 200 809 "http://musotica.com/sexytops.html" "Mozilla/4.0 (compatible; MSIE 7.0; Windows NT 5.1; .NET CLR 1.1.4322; .NET CLR 2.0.50727; .NET CLR 3.0.04506.30; .NET CLR 3.0.04506.648)" "site.musotica.com"
59.101.181.246 - - [07/Sep/2008:05:07:38 -0700] "GET /musotica/images/logo.gif HTTP/1.1" 200 2006 "http://musotica.com/sexytops.html" "Mozilla/4.0 (compatible; MSIE 7.0; Windows NT 5.1; .NET CLR 1.1.4322; .NET CLR 2.0.50727; .NET CLR 3.0.04506.30; .NET CLR 3.0.04506.648)" "site.musotica.com"
59.101.181.246 - - [07/Sep/2008:05:07:38 -0700] "GET /musotica/images/phone.gif HTTP/1.1" 200 385 "http://musotica.com/sexytops.html" "Mozilla/4.0 (compatible; MSIE 7.0; Windows NT 5.1; .NET CLR 1.1.4322; .NET CLR 2.0.50727; .NET CLR 3.0.04506.30; .NET CLR 3.0.04506.648)" "site.musotica.com"
59.101.181.246 - - [07/Sep/2008:05:07:39 -0700] "GET /rolldiv-images/shadow.png HTTP/1.1" 200 175 "-" "Mozilla/4.0 (compatible; MSIE 7.0; Windows NT 5.1; .NET CLR 1.1.4322; .NET CLR 2.0.50727; .NET CLR 3.0.04506.30; .NET CLR 3.0.04506.648)" "site.musotica.com"
59.101.181.246 - - [07/Sep/2008:05:07:39 -0700] "GET /musotica/images/home.gif HTTP/1.1" 200 70 "http://musotica.com/sexytops.html" "Mozilla/4.0 (compatible; MSIE 7.0; Windows NT 5.1; .NET CLR 1.1.4322; .NET CLR 2.0.50727; .NET CLR 3.0.04506.30; .NET CLR 3.0.04506.648)" "site.musotica.com"
12.108.45.6 - - [07/Sep/2008:05:07:39 -0700] "GET /musotica/images/phone.gif HTTP/1.1" 200 385 "http://musotica.com/" "Mozilla/4.0 (compatible; MSIE 6.0; Windows NT 5.1; SV1; .NET CLR 1.1.4322; .NET CLR 2.0.50727; .NET CLR 3.0.04506.30)" "site.musotica.com"
12.108.45.6 - - [07/Sep/2008:05:07:39 -0700] "GET /musotica/images/logo.gif HTTP/1.1" 200 2006 "http://musotica.com/" "Mozilla/4.0 (compatible; MSIE 6.0; Windows NT 5.1; SV1; .NET CLR 1.1.4322; .NET CLR 2.0.50727; .NET CLR 3.0.04506.30)" "site.musotica.com"
12.108.45.6 - - [07/Sep/2008:05:07:39 -0700] "GET /musotica/images/tell.gif HTTP/1.1" 200 67 "http://musotica.com/" "Mozilla/4.0 (compatible; MSIE 6.0; Windows NT 5.1; SV1; .NET CLR 1.1.4322; .NET CLR 2.0.50727; .NET CLR 3.0.04506.30)" "site.musotica.com"
59.101.181.246 - - [07/Sep/2008:05:07:39 -0700] "GET /musotica/images/tell.gif HTTP/1.1" 200 67 "http://musotica.com/sexytops.html" "Mozilla/4.0 (compatible; MSIE 7.0; Windows NT 5.1; .NET CLR 1.1.4322; .NET CLR 2.0.50727; .NET CLR 3.0.04506.30; .NET CLR 3.0.04506.648)" "site.musotica.com"
12.108.45.6 - - [07/Sep/2008:05:07:39 -0700] "GET /musotica/images/home.gif HTTP/1.1" 200 70 "http://musotica.com/" "Mozilla/4.0 (compatible; MSIE 6.0; Windows NT 5.1; SV1; .NET CLR 1.1.4322; .NET CLR 2.0.50727; .NET CLR 3.0.04506.30)" "site.musotica.com"
59.101.181.246 - - [07/Sep/2008:05:07:39 -0700] "GET /musotica/images/bookmark.gif HTTP/1.1" 200 124 "http://musotica.com/sexytops.html" "Mozilla/4.0 (compatible; MSIE 7.0; Windows NT 5.1; .NET CLR 1.1.4322; .NET CLR 2.0.50727; .NET CLR 3.0.04506.30; .NET CLR 3.0.04506.648)" "site.musotica.com"
12.108.45.6 - - [07/Sep/2008:05:07:40 -0700] "GET /musotica/images/bookmark.gif HTTP/1.1" 200 124 "http://musotica.com/" "Mozilla/4.0 (compatible; MSIE 6.0; Windows NT 5.1; SV1; .NET CLR 1.1.4322; .NET CLR 2.0.50727; .NET CLR 3.0.04506.30)" "site.musotica.com"
12.108.45.6 - - [07/Sep/2008:05:07:40 -0700] "GET /musotica/images/go.gif HTTP/1.1" 200 731 "http://musotica.com/" "Mozilla/4.0 (compatible; MSIE 6.0; Windows NT 5.1; SV1; .NET CLR 1.1.4322; .NET CLR 2.0.50727; .NET CLR 3.0.04506.30)" "site.musotica.com"
12.108.45.6 - - [07/Sep/2008:05:07:40 -0700] "GET /musotica/images/shop.gif HTTP/1.1" 200 83 "http://musotica.com/" "Mozilla/4.0 (compatible; MSIE 6.0; Windows NT 5.1; SV1; .NET CLR 1.1.4322; .NET CLR 2.0.50727; .NET CLR 3.0.04506.30)" "site.musotica.com"
12.108.45.6 - - [07/Sep/2008:05:07:40 -0700] "GET /musotica/images/arrow.gif HTTP/1.1" 200 61 "http://musotica.com/" "Mozilla/4.0 (compatible; MSIE 6.0; Windows NT 5.1; SV1; .NET CLR 1.1.4322; .NET CLR 2.0.50727; .NET CLR 3.0.04506.30)" "site.musotica.com"
59.101.181.246 - - [07/Sep/2008:05:07:40 -0700] "GET /musotica/images/go.gif HTTP/1.1" 200 731 "http://musotica.com/sexytops.html" "Mozilla/4.0 (compatible; MSIE 7.0; Windows NT 5.1; .NET CLR 1.1.4322; .NET CLR 2.0.50727; .NET CLR 3.0.04506.30; .NET CLR 3.0.04506.648)" "site.musotica.com"
12.108.45.6 - - [07/Sep/2008:05:07:40 -0700] "GET /musotica/images/go2.gif HTTP/1.1" 200 1322 "http://musotica.com/" "Mozilla/4.0 (compatible; MSIE 6.0; Windows NT 5.1; SV1; .NET CLR 1.1.4322; .NET CLR 2.0.50727; .NET CLR 3.0.04506.30)" "site.musotica.com"
59.101.181.246 - - [07/Sep/2008:05:07:40 -0700] "GET /musotica/images/shop.gif HTTP/1.1" 200 83 "http://musotica.com/sexytops.html" "Mozilla/4.0 (compatible; MSIE 7.0; Windows NT 5.1; .NET CLR 1.1.4322; .NET CLR 2.0.50727; .NET CLR 3.0.04506.30; .NET CLR 3.0.04506.648)" "site.musotica.com"
59.101.181.246 - - [07/Sep/2008:05:07:41 -0700] "GET /musotica/images/arrow.gif HTTP/1.1" 200 61 "http://musotica.com/sexytops.html" "Mozilla/4.0 (compatible; MSIE 7.0; Windows NT 5.1; .NET CLR 1.1.4322; .NET CLR 2.0.50727; .NET CLR 3.0.04506.30; .NET CLR 3.0.04506.648)" "site.musotica.com"
59.101.181.246 - - [07/Sep/2008:05:07:41 -0700] "GET /musotica/images/head_strip.gif HTTP/1.1" 200 63 "http://musotica.com/sexytops.html" "Mozilla/4.0 (compatible; MSIE 7.0; Windows NT 5.1; .NET CLR 1.1.4322; .NET CLR 2.0.50727; .NET CLR 3.0.04506.30; .NET CLR 3.0.04506.648)" "site.musotica.com"
59.101.181.246 - - [07/Sep/2008:05:07:42 -0700] "GET /musotica/images/newdot.gif HTTP/1.1" 200 62 "http://musotica.com/sexytops.html" "Mozilla/4.0 (compatible; MSIE 7.0; Windows NT 5.1; .NET CLR 1.1.4322; .NET CLR 2.0.50727; .NET CLR 3.0.04506.30; .NET CLR 3.0.04506.648)" "site.musotica.com"
59.101.181.246 - - [07/Sep/2008:05:07:42 -0700] "GET /musotica/images/search.gif HTTP/1.1" 200 1538 "http://musotica.com/sexytops.html" "Mozilla/4.0 (compatible; MSIE 7.0; Windows NT 5.1; .NET CLR 1.1.4322; .NET CLR 2.0.50727; .NET CLR 3.0.04506.30; .NET CLR 3.0.04506.648)" "site.musotica.com"
59.101.181.246 - - [07/Sep/2008:05:07:42 -0700] "GET /musotica/images/midline.gif HTTP/1.1" 200 49 "http://musotica.com/sexytops.html" "Mozilla/4.0 (compatible; MSIE 7.0; Windows NT 5.1; .NET CLR 1.1.4322; .NET CLR 2.0.50727; .NET CLR 3.0.04506.30; .NET CLR 3.0.04506.648)" "site.musotica.com"
59.101.181.246 - - [07/Sep/2008:05:07:43 -0700] "GET /scripts/cookies.js HTTP/1.1" 200 1429 "http://musotica.com/sexytops.html" "Mozilla/4.0 (compatible; MSIE 7.0; Windows NT 5.1; .NET CLR 1.1.4322; .NET CLR 2.0.50727; .NET CLR 3.0.04506.30; .NET CLR 3.0.04506.648)" "site.musotica.com"
59.101.181.246 - - [07/Sep/2008:05:07:43 -0700] "GET /scripts/pagging-inner.js HTTP/1.1" 200 24676 "http://musotica.com/sexytops.html" "Mozilla/4.0 (compatible; MSIE 7.0; Windows NT 5.1; .NET CLR 1.1.4322; .NET CLR 2.0.50727; .NET CLR 3.0.04506.30; .NET CLR 3.0.04506.648)" "site.musotica.com"
12.108.45.6 - - [07/Sep/2008:05:07:44 -0700] "GET /musotica/images/arrow2.gif HTTP/1.1" 200 65 "http://musotica.com/" "Mozilla/4.0 (compatible; MSIE 6.0; Windows NT 5.1; SV1; .NET CLR 1.1.4322; .NET CLR 2.0.50727; .NET CLR 3.0.04506.30)" "site.musotica.com"
216.239.50.136 - - [07/Sep/2008:05:07:44 -0700] "GET /scripts/cookies.js HTTP/1.0" 200 1429 "http://musotica.com/sexynavygirls.html" "Mozilla/4.0 (compatible; MSIE 6.0; Windows NT 5.0; Google Wireless Transcoder;)" "site.musotica.com"
216.239.50.136 - - [07/Sep/2008:05:07:44 -0700] "GET /scripts/dpv.js HTTP/1.0" 200 1545 "http://musotica.com/sexynavygirls.html" "Mozilla/4.0 (compatible; MSIE 6.0; Windows NT 5.0; Google Wireless Transcoder;)" "site.musotica.com"
216.239.50.136 - - [07/Sep/2008:05:07:44 -0700] "GET /scripts/rolldiv.js HTTP/1.0" 200 623 "http://musotica.com/sexynavygirls.html" "Mozilla/4.0 (compatible; MSIE 6.0; Windows NT 5.0; Google Wireless Transcoder;)" "site.musotica.com"
216.239.50.136 - - [07/Sep/2008:05:07:44 -0700] "GET /scripts/pagging-inner.js HTTP/1.0" 200 24676 "http://musotica.com/sexynavygirls.html" "Mozilla/4.0 (compatible; MSIE 6.0; Windows NT 5.0; Google Wireless Transcoder;)" "site.musotica.com"
12.108.45.6 - - [07/Sep/2008:05:07:44 -0700] "GET /musotica/images/viewtext.gif HTTP/1.1" 200 1092 "http://musotica.com/" "Mozilla/4.0 (compatible; MSIE 6.0; Windows NT 5.1; SV1; .NET CLR 1.1.4322; .NET CLR 2.0.50727; .NET CLR 3.0.04506.30)" "site.musotica.com"
59.101.181.246 - - [07/Sep/2008:05:07:45 -0700] "GET /scripts/dpv.js HTTP/1.1" 200 1545 "http://musotica.com/sexytops.html" "Mozilla/4.0 (compatible; MSIE 7.0; Windows NT 5.1; .NET CLR 1.1.4322; .NET CLR 2.0.50727; .NET CLR 3.0.04506.30; .NET CLR 3.0.04506.648)" "site.musotica.com"
59.101.181.246 - - [07/Sep/2008:05:07:46 -0700] "GET /musotica/images/spacer.gif HTTP/1.1" 404 275 "http://musotica.com/sexytops.html" "Mozilla/4.0 (compatible; MSIE 7.0; Windows NT 5.1; .NET CLR 1.1.4322; .NET CLR 2.0.50727; .NET CLR 3.0.04506.30; .NET CLR 3.0.04506.648)" "site.musotica.com"
59.101.181.246 - - [07/Sep/2008:05:07:47 -0700] "GET /musotica/images/lingeris.jpg HTTP/1.1" 200 17260 "http://musotica.com/sexytops.html" "Mozilla/4.0 (compatible; MSIE 7.0; Windows NT 5.1; .NET CLR 1.1.4322; .NET CLR 2.0.50727; .NET CLR 3.0.04506.30; .NET CLR 3.0.04506.648)" "site.musotica.com"
12.108.45.6 - - [07/Sep/2008:05:07:47 -0700] "GET /musotica/images/bottom-banner.gif HTTP/1.1" 200 10943 "http://musotica.com/" "Mozilla/4.0 (compatible; MSIE 6.0; Windows NT 5.1; SV1; .NET CLR 1.1.4322; .NET CLR 2.0.50727; .NET CLR 3.0.04506.30)" "site.musotica.com"
12.108.45.6 - - [07/Sep/2008:05:07:47 -0700] "GET /musotica/images/spacer.gif HTTP/1.1" 404 275 "http://musotica.com/" "Mozilla/4.0 (compatible; MSIE 6.0; Windows NT 5.1; SV1; .NET CLR 1.1.4322; .NET CLR 2.0.50727; .NET CLR 3.0.04506.30)" "site.musotica.com"
12.108.45.6 - - [07/Sep/2008:05:07:47 -0700] "GET /musotica/images/bottom-banner2.gif HTTP/1.1" 200 11310 "http://musotica.com/" "Mozilla/4.0 (compatible; MSIE 6.0; Windows NT 5.1; SV1; .NET CLR 1.1.4322; .NET CLR 2.0.50727; .NET CLR 3.0.04506.30)" "site.musotica.com"
59.101.181.246 - - [07/Sep/2008:05:07:47 -0700] "GET /musotica/images/bannerdot.gif HTTP/1.1" 200 49 "http://musotica.com/sexytops.html" "Mozilla/4.0 (compatible; MSIE 7.0; Windows NT 5.1; .NET CLR 1.1.4322; .NET CLR 2.0.50727; .NET CLR 3.0.04506.30; .NET CLR 3.0.04506.648)" "site.musotica.com"
12.108.45.6 - - [07/Sep/2008:05:07:48 -0700] "GET /musotica/images/bottom-banner3.gif HTTP/1.1" 200 10805 "http://musotica.com/" "Mozilla/4.0 (compatible; MSIE 6.0; Windows NT 5.1; SV1; .NET CLR 1.1.4322; .NET CLR 2.0.50727; .NET CLR 3.0.04506.30)" "site.musotica.com"
12.108.45.6 - - [07/Sep/2008:05:07:48 -0700] "GET /musotica/images/bottom-banner4.gif HTTP/1.1" 200 11464 "http://musotica.com/" "Mozilla/4.0 (compatible; MSIE 6.0; Windows NT 5.1; SV1; .NET CLR 1.1.4322; .NET CLR 2.0.50727; .NET CLR 3.0.04506.30)" "site.musotica.com"
12.108.45.6 - - [07/Sep/2008:05:07:48 -0700] "GET /musotica/images/pay.jpg HTTP/1.1" 200 13131 "http://musotica.com/" "Mozilla/4.0 (compatible; MSIE 6.0; Windows NT 5.1; SV1; .NET CLR 1.1.4322; .NET CLR 2.0.50727; .NET CLR 3.0.04506.30)" "site.musotica.com"
122.168.25.248 - - [07/Sep/2008:05:07:48 -0700] "GET /musotica/images/spacer.gif HTTP/1.1" 404 275 "http://musotica.com/bodystockings1.html" "Mozilla/4.0 (compatible; MSIE 6.0; Windows NT 5.1)" "site.musotica.com"
12.108.45.6 - - [07/Sep/2008:05:07:48 -0700] "GET /musotica/images/ss.jpg HTTP/1.1" 200 5500 "http://musotica.com/" "Mozilla/4.0 (compatible; MSIE 6.0; Windows NT 5.1; SV1; .NET CLR 1.1.4322; .NET CLR 2.0.50727; .NET CLR 3.0.04506.30)" "site.musotica.com"
12.108.45.6 - - [07/Sep/2008:05:07:49 -0700] "GET /musotica/images/head_strip.gif HTTP/1.1" 200 63 "http://musotica.com/" "Mozilla/4.0 (compatible; MSIE 6.0; Windows NT 5.1; SV1; .NET CLR 1.1.4322; .NET CLR 2.0.50727; .NET CLR 3.0.04506.30)" "site.musotica.com"
12.108.45.6 - - [07/Sep/2008:05:07:49 -0700] "GET /musotica/images/newdot.gif HTTP/1.1" 200 62 "http://musotica.com/" "Mozilla/4.0 (compatible; MSIE 6.0; Windows NT 5.1; SV1; .NET CLR 1.1.4322; .NET CLR 2.0.50727; .NET CLR 3.0.04506.30)" "site.musotica.com"
12.108.45.6 - - [07/Sep/2008:05:07:49 -0700] "GET /musotica/images/search.gif HTTP/1.1" 200 1538 "http://musotica.com/" "Mozilla/4.0 (compatible; MSIE 6.0; Windows NT 5.1; SV1; .NET CLR 1.1.4322; .NET CLR 2.0.50727; .NET CLR 3.0.04506.30)" "site.musotica.com"
59.101.181.246 - - [07/Sep/2008:05:07:49 -0700] "GET /musotica/images/clubwear.jpg HTTP/1.1" 200 15480 "http://musotica.com/sexytops.html" "Mozilla/4.0 (compatible; MSIE 7.0; Windows NT 5.1; .NET CLR 1.1.4322; .NET CLR 2.0.50727; .NET CLR 3.0.04506.30; .NET CLR 3.0.04506.648)" "site.musotica.com"
12.108.45.6 - - [07/Sep/2008:05:07:49 -0700] "GET /musotica/images/midline.gif HTTP/1.1" 200 49 "http://musotica.com/" "Mozilla/4.0 (compatible; MSIE 6.0; Windows NT 5.1; SV1; .NET CLR 1.1.4322; .NET CLR 2.0.50727; .NET CLR 3.0.04506.30)" "site.musotica.com"
12.108.45.6 - - [07/Sep/2008:05:07:49 -0700] "GET /musotica/images/bannerdot.gif HTTP/1.1" 200 49 "http://musotica.com/" "Mozilla/4.0 (compatible; MSIE 6.0; Windows NT 5.1; SV1; .NET CLR 1.1.4322; .NET CLR 2.0.50727; .NET CLR 3.0.04506.30)" "site.musotica.com"
12.108.45.6 - - [07/Sep/2008:05:07:49 -0700] "GET /musotica/images/newgreendot.gif HTTP/1.1" 200 49 "http://musotica.com/" "Mozilla/4.0 (compatible; MSIE 6.0; Windows NT 5.1; SV1; .NET CLR 1.1.4322; .NET CLR 2.0.50727; .NET CLR 3.0.04506.30)" "site.musotica.com"
59.101.181.246 - - [07/Sep/2008:05:07:49 -0700] "GET /musotica/images/stockings.jpg HTTP/1.1" 200 15303 "http://musotica.com/sexytops.html" "Mozilla/4.0 (compatible; MSIE 7.0; Windows NT 5.1; .NET CLR 1.1.4322; .NET CLR 2.0.50727; .NET CLR 3.0.04506.30; .NET CLR 3.0.04506.648)" "site.musotica.com"
59.101.181.246 - - [07/Sep/2008:05:07:51 -0700] "GET /musotica/images/newgreendot.gif HTTP/1.1" 200 49 "http://musotica.com/sexytops.html" "Mozilla/4.0 (compatible; MSIE 7.0; Windows NT 5.1; .NET CLR 1.1.4322; .NET CLR 2.0.50727; .NET CLR 3.0.04506.30; .NET CLR 3.0.04506.648)" "site.musotica.com"
59.101.181.246 - - [07/Sep/2008:05:07:51 -0700] "GET /musotica/images/shoes.jpg HTTP/1.1" 200 14412 "http://musotica.com/sexytops.html" "Mozilla/4.0 (compatible; MSIE 7.0; Windows NT 5.1; .NET CLR 1.1.4322; .NET CLR 2.0.50727; .NET CLR 3.0.04506.30; .NET CLR 3.0.04506.648)" "site.musotica.com"
122.168.25.248 - - [07/Sep/2008:05:07:53 -0700] "GET /musotica/images/spacer.gif HTTP/1.1" 404 275 "http://musotica.com/musoticawear.html" "Mozilla/4.0 (compatible; MSIE 6.0; Windows NT 5.1)" "site.musotica.com"
12.108.45.6 - - [07/Sep/2008:05:07:54 -0700] "GET /style/rolldiv-ie.css HTTP/1.1" 304 - "http://musotica.com/haco.html" "Mozilla/4.0 (compatible; MSIE 6.0; Windows NT 5.1; SV1; .NET CLR 1.1.4322; .NET CLR 2.0.50727; .NET CLR 3.0.04506.30)" "site.musotica.com"
12.108.45.6 - - [07/Sep/2008:05:07:54 -0700] "GET /scripts/rolldiv.js HTTP/1.1" 304 - "http://musotica.com/haco.html" "Mozilla/4.0 (compatible; MSIE 6.0; Windows NT 5.1; SV1; .NET CLR 1.1.4322; .NET CLR 2.0.50727; .NET CLR 3.0.04506.30)" "site.musotica.com"
12.108.45.6 - - [07/Sep/2008:05:07:59 -0700] "GET /musotica/images/clubwear.jpg HTTP/1.1" 200 15480 "http://musotica.com/haco.html" "Mozilla/4.0 (compatible; MSIE 6.0; Windows NT 5.1; SV1; .NET CLR 1.1.4322; .NET CLR 2.0.50727; .NET CLR 3.0.04506.30)" "site.musotica.com"
12.108.45.6 - - [07/Sep/2008:05:08:04 -0700] "GET /scripts/cookies.js HTTP/1.1" 304 - "http://musotica.com/fairytales.html" "Mozilla/4.0 (compatible; MSIE 6.0; Windows NT 5.1; SV1; .NET CLR 1.1.4322; .NET CLR 2.0.50727; .NET CLR 3.0.04506.30)" "site.musotica.com"
12.108.45.6 - - [07/Sep/2008:05:08:04 -0700] "GET /scripts/pagging-inner.js HTTP/1.1" 304 - "http://musotica.com/fairytales.html" "Mozilla/4.0 (compatible; MSIE 6.0; Windows NT 5.1; SV1; .NET CLR 1.1.4322; .NET CLR 2.0.50727; .NET CLR 3.0.04506.30)" "site.musotica.com"
12.108.45.6 - - [07/Sep/2008:05:08:04 -0700] "GET /scripts/dpv.js HTTP/1.1" 304 - "http://musotica.com/fairytales.html" "Mozilla/4.0 (compatible; MSIE 6.0; Windows NT 5.1; SV1; .NET CLR 1.1.4322; .NET CLR 2.0.50727; .NET CLR 3.0.04506.30)" "site.musotica.com"
122.168.25.248 - - [07/Sep/2008:05:08:06 -0700] "GET /musotica/images/spacer.gif HTTP/1.1" 404 275 "http://musotica.com/bodystockings1.html" "Mozilla/4.0 (compatible; MSIE 6.0; Windows NT 5.1)" "site.musotica.com"
122.168.25.248 - - [07/Sep/2008:05:08:07 -0700] "GET /musotica/images/spacer.gif HTTP/1.1" 404 275 "http://musotica.com/dancewear.html" "Mozilla/4.0 (compatible; MSIE 6.0; Windows NT 5.1)" "site.musotica.com"
122.168.25.248 - - [07/Sep/2008:05:08:08 -0700] "GET /musotica/images/spacer.gif HTTP/1.1" 404 275 "http://musotica.com/bodystockings1.html" "Mozilla/4.0 (compatible; MSIE 6.0; Windows NT 5.1)" "site.musotica.com"
122.168.25.248 - - [07/Sep/2008:05:08:11 -0700] "GET /musotica/images/spacer.gif HTTP/1.1" 404 275 "http://musotica.com/plussize1.html" "Mozilla/4.0 (compatible; MSIE 6.0; Windows NT 5.1)" "site.musotica.com"
122.168.25.248 - - [07/Sep/2008:05:08:13 -0700] "GET /musotica/images/spacer.gif HTTP/1.1" 404 275 "http://musotica.com/bodyshapers.html" "Mozilla/4.0 (compatible; MSIE 6.0; Windows NT 5.1)" "site.musotica.com"
122.168.25.248 - - [07/Sep/2008:05:08:14 -0700] "GET /scripts/paging-images/images/spacer.gif HTTP/1.1" 404 275 "http://musotica.com/cotopthpa.html" "Mozilla/4.0 (compatible; MSIE 6.0; Windows NT 5.1)" "site.musotica.com"
122.168.25.248 - - [07/Sep/2008:05:08:14 -0700] "GET /musotica/images/spacer.gif HTTP/1.1" 404 275 "http://musotica.com/cotopthpa.html" "Mozilla/4.0 (compatible; MSIE 6.0; Windows NT 5.1)" "site.musotica.com"
122.168.25.248 - - [07/Sep/2008:05:08:15 -0700] "GET /musotica/images/spacer.gif HTTP/1.1" 404 275 "http://musotica.com/bodyshapers.html" "Mozilla/4.0 (compatible; MSIE 6.0; Windows NT 5.1)" "site.musotica.com"
12.108.45.6 - - [07/Sep/2008:05:08:17 -0700] "GET /musotica/images/spacer.gif HTTP/1.1" 404 275 "http://musotica.com/fairytales.html" "Mozilla/4.0 (compatible; MSIE 6.0; Windows NT 5.1; SV1; .NET CLR 1.1.4322; .NET CLR 2.0.50727; .NET CLR 3.0.04506.30)" "site.musotica.com"
12.108.45.6 - - [07/Sep/2008:05:08:17 -0700] "GET /musotica/images/stockings.jpg HTTP/1.1" 200 15303 "http://musotica.com/fairytales.html" "Mozilla/4.0 (compatible; MSIE 6.0; Windows NT 5.1; SV1; .NET CLR 1.1.4322; .NET CLR 2.0.50727; .NET CLR 3.0.04506.30)" "site.musotica.com"
12.108.45.6 - - [07/Sep/2008:05:08:17 -0700] "GET /musotica/images/shoes.jpg HTTP/1.1" 200 14412 "http://musotica.com/fairytales.html" "Mozilla/4.0 (compatible; MSIE 6.0; Windows NT 5.1; SV1; .NET CLR 1.1.4322; .NET CLR 2.0.50727; .NET CLR 3.0.04506.30)" "site.musotica.com"
12.108.45.6 - - [07/Sep/2008:05:08:18 -0700] "GET /musotica/images/accessories.jpg HTTP/1.1" 200 17113 "http://musotica.com/fairytales.html" "Mozilla/4.0 (compatible; MSIE 6.0; Windows NT 5.1; SV1; .NET CLR 1.1.4322; .NET CLR 2.0.50727; .NET CLR 3.0.04506.30)" "site.musotica.com"
12.108.45.6 - - [07/Sep/2008:05:08:18 -0700] "GET /musotica/images/lingeris.jpg HTTP/1.1" 200 17260 "http://musotica.com/fairytales.html" "Mozilla/4.0 (compatible; MSIE 6.0; Windows NT 5.1; SV1; .NET CLR 1.1.4322; .NET CLR 2.0.50727; .NET CLR 3.0.04506.30)" "site.musotica.com"
82.47.104.94 - - [07/Sep/2008:05:08:28 -0700] "GET /musotica/style/style.css HTTP/1.1" 200 2675 "http://musotica.com/sepocosehaco.html" "Mozilla/4.0 (compatible; MSIE 7.0; Windows NT 5.1; .NET CLR 1.1.4322; .NET CLR 2.0.50727)" "site.musotica.com"
82.47.104.94 - - [07/Sep/2008:05:08:28 -0700] "GET /style/rolldiv-ie.css HTTP/1.1" 200 809 "http://musotica.com/sepocosehaco.html" "Mozilla/4.0 (compatible; MSIE 7.0; Windows NT 5.1; .NET CLR 1.1.4322; .NET CLR 2.0.50727)" "site.musotica.com"
82.47.104.94 - - [07/Sep/2008:05:08:28 -0700] "GET /scripts/rolldiv.js HTTP/1.1" 200 623 "http://musotica.com/sepocosehaco.html" "Mozilla/4.0 (compatible; MSIE 7.0; Windows NT 5.1; .NET CLR 1.1.4322; .NET CLR 2.0.50727)" "site.musotica.com"
82.47.104.94 - - [07/Sep/2008:05:08:29 -0700] "GET /musotica/images/phone.gif HTTP/1.1" 200 385 "http://musotica.com/sepocosehaco.html" "Mozilla/4.0 (compatible; MSIE 7.0; Windows NT 5.1; .NET CLR 1.1.4322; .NET CLR 2.0.50727)" "site.musotica.com"
82.47.104.94 - - [07/Sep/2008:05:08:29 -0700] "GET /musotica/images/logo.gif HTTP/1.1" 200 2006 "http://musotica.com/sepocosehaco.html" "Mozilla/4.0 (compatible; MSIE 7.0; Windows NT 5.1; .NET CLR 1.1.4322; .NET CLR 2.0.50727)" "site.musotica.com"
82.47.104.94 - - [07/Sep/2008:05:08:29 -0700] "GET /musotica/images/home.gif HTTP/1.1" 200 70 "http://musotica.com/sepocosehaco.html" "Mozilla/4.0 (compatible; MSIE 7.0; Windows NT 5.1; .NET CLR 1.1.4322; .NET CLR 2.0.50727)" "site.musotica.com"
82.47.104.94 - - [07/Sep/2008:05:08:29 -0700] "GET /musotica/images/head_strip.gif HTTP/1.1" 200 63 "http://musotica.com/sepocosehaco.html" "Mozilla/4.0 (compatible; MSIE 7.0; Windows NT 5.1; .NET CLR 1.1.4322; .NET CLR 2.0.50727)" "site.musotica.com"
82.47.104.94 - - [07/Sep/2008:05:08:29 -0700] "GET /musotica/images/tell.gif HTTP/1.1" 200 67 "http://musotica.com/sepocosehaco.html" "Mozilla/4.0 (compatible; MSIE 7.0; Windows NT 5.1; .NET CLR 1.1.4322; .NET CLR 2.0.50727)" "site.musotica.com"
82.47.104.94 - - [07/Sep/2008:05:08:29 -0700] "GET /musotica/images/bookmark.gif HTTP/1.1" 200 124 "http://musotica.com/sepocosehaco.html" "Mozilla/4.0 (compatible; MSIE 7.0; Windows NT 5.1; .NET CLR 1.1.4322; .NET CLR 2.0.50727)" "site.musotica.com"
82.47.104.94 - - [07/Sep/2008:05:08:29 -0700] "GET /musotica/images/newdot.gif HTTP/1.1" 200 62 "http://musotica.com/sepocosehaco.html" "Mozilla/4.0 (compatible; MSIE 7.0; Windows NT 5.1; .NET CLR 1.1.4322; .NET CLR 2.0.50727)" "site.musotica.com"
82.47.104.94 - - [07/Sep/2008:05:08:29 -0700] "GET /musotica/images/go.gif HTTP/1.1" 200 731 "http://musotica.com/sepocosehaco.html" "Mozilla/4.0 (compatible; MSIE 7.0; Windows NT 5.1; .NET CLR 1.1.4322; .NET CLR 2.0.50727)" "site.musotica.com"
82.47.104.94 - - [07/Sep/2008:05:08:29 -0700] "GET /musotica/images/shop.gif HTTP/1.1" 200 83 "http://musotica.com/sepocosehaco.html" "Mozilla/4.0 (compatible; MSIE 7.0; Windows NT 5.1; .NET CLR 1.1.4322; .NET CLR 2.0.50727)" "site.musotica.com"
82.47.104.94 - - [07/Sep/2008:05:08:29 -0700] "GET /musotica/images/arrow.gif HTTP/1.1" 200 61 "http://musotica.com/sepocosehaco.html" "Mozilla/4.0 (compatible; MSIE 7.0; Windows NT 5.1; .NET CLR 1.1.4322; .NET CLR 2.0.50727)" "site.musotica.com"
82.47.104.94 - - [07/Sep/2008:05:08:30 -0700] "GET /musotica/images/search.gif HTTP/1.1" 200 1538 "http://musotica.com/sepocosehaco.html" "Mozilla/4.0 (compatible; MSIE 7.0; Windows NT 5.1; .NET CLR 1.1.4322; .NET CLR 2.0.50727)" "site.musotica.com"
82.47.104.94 - - [07/Sep/2008:05:08:30 -0700] "GET /musotica/images/midline.gif HTTP/1.1" 200 49 "http://musotica.com/sepocosehaco.html" "Mozilla/4.0 (compatible; MSIE 7.0; Windows NT 5.1; .NET CLR 1.1.4322; .NET CLR 2.0.50727)" "site.musotica.com"
82.47.104.94 - - [07/Sep/2008:05:08:30 -0700] "GET /scripts/paging-images/images/spacer.gif HTTP/1.1" 404 275 "http://musotica.com/sepocosehaco.html" "Mozilla/4.0 (compatible; MSIE 7.0; Windows NT 5.1; .NET CLR 1.1.4322; .NET CLR 2.0.50727)" "site.musotica.com"
82.47.104.94 - - [07/Sep/2008:05:08:33 -0700] "GET /musotica/images/lingeris.jpg HTTP/1.1" 200 17260 "http://musotica.com/sepocosehaco.html" "Mozilla/4.0 (compatible; MSIE 7.0; Windows NT 5.1; .NET CLR 1.1.4322; .NET CLR 2.0.50727)" "site.musotica.com"
82.47.104.94 - - [07/Sep/2008:05:08:33 -0700] "GET /musotica/images/spacer.gif HTTP/1.1" 404 275 "http://musotica.com/sepocosehaco.html" "Mozilla/4.0 (compatible; MSIE 7.0; Windows NT 5.1; .NET CLR 1.1.4322; .NET CLR 2.0.50727)" "site.musotica.com"
82.47.104.94 - - [07/Sep/2008:05:08:33 -0700] "GET /musotica/images/clubwear.jpg HTTP/1.1" 200 15480 "http://musotica.com/sepocosehaco.html" "Mozilla/4.0 (compatible; MSIE 7.0; Windows NT 5.1; .NET CLR 1.1.4322; .NET CLR 2.0.50727)" "site.musotica.com"
82.47.104.94 - - [07/Sep/2008:05:08:33 -0700] "GET /musotica/images/bannerdot.gif HTTP/1.1" 200 49 "http://musotica.com/sepocosehaco.html" "Mozilla/4.0 (compatible; MSIE 7.0; Windows NT 5.1; .NET CLR 1.1.4322; .NET CLR 2.0.50727)" "site.musotica.com"
82.47.104.94 - - [07/Sep/2008:05:08:34 -0700] "GET /musotica/images/stockings.jpg HTTP/1.1" 200 15303 "http://musotica.com/sepocosehaco.html" "Mozilla/4.0 (compatible; MSIE 7.0; Windows NT 5.1; .NET CLR 1.1.4322; .NET CLR 2.0.50727)" "site.musotica.com"
82.47.104.94 - - [07/Sep/2008:05:08:34 -0700] "GET /musotica/images/shoes.jpg HTTP/1.1" 200 14412 "http://musotica.com/sepocosehaco.html" "Mozilla/4.0 (compatible; MSIE 7.0; Windows NT 5.1; .NET CLR 1.1.4322; .NET CLR 2.0.50727)" "site.musotica.com"
82.47.104.94 - - [07/Sep/2008:05:08:34 -0700] "GET /musotica/images/newgreendot.gif HTTP/1.1" 200 49 "http://musotica.com/sepocosehaco.html" "Mozilla/4.0 (compatible; MSIE 7.0; Windows NT 5.1; .NET CLR 1.1.4322; .NET CLR 2.0.50727)" "site.musotica.com"
82.47.104.94 - - [07/Sep/2008:05:08:34 -0700] "GET /musotica/images/accessories.jpg HTTP/1.1" 200 17113 "http://musotica.com/sepocosehaco.html" "Mozilla/4.0 (compatible; MSIE 7.0; Windows NT 5.1; .NET CLR 1.1.4322; .NET CLR 2.0.50727)" "site.musotica.com"
82.47.104.94 - - [07/Sep/2008:05:08:34 -0700] "GET /musotica/images/pay.jpg HTTP/1.1" 200 13131 "http://musotica.com/sepocosehaco.html" "Mozilla/4.0 (compatible; MSIE 7.0; Windows NT 5.1; .NET CLR 1.1.4322; .NET CLR 2.0.50727)" "site.musotica.com"
82.47.104.94 - - [07/Sep/2008:05:08:35 -0700] "GET /musotica/images/ss.jpg HTTP/1.1" 200 5500 "http://musotica.com/sepocosehaco.html" "Mozilla/4.0 (compatible; MSIE 7.0; Windows NT 5.1; .NET CLR 1.1.4322; .NET CLR 2.0.50727)" "site.musotica.com"
216.80.75.183 - - [07/Sep/2008:05:09:05 -0700] "GET /musotica/style/style.css HTTP/1.1" 200 2675 "http://musotica.com/sehemidr.html" "Mozilla/5.0 (Windows; U; Windows NT 5.1; en-US; rv:1.9.0.1) Gecko/2008070208 Firefox/3.0.1" "site.musotica.com"
216.80.75.183 - - [07/Sep/2008:05:09:05 -0700] "GET /style/rolldiv-mozilla.css HTTP/1.1" 200 711 "http://musotica.com/sehemidr.html" "Mozilla/5.0 (Windows; U; Windows NT 5.1; en-US; rv:1.9.0.1) Gecko/2008070208 Firefox/3.0.1" "site.musotica.com"
216.80.75.183 - - [07/Sep/2008:05:09:06 -0700] "GET /scripts/rolldiv.js HTTP/1.1" 200 623 "http://musotica.com/sehemidr.html" "Mozilla/5.0 (Windows; U; Windows NT 5.1; en-US; rv:1.9.0.1) Gecko/2008070208 Firefox/3.0.1" "site.musotica.com"
216.80.75.183 - - [07/Sep/2008:05:09:06 -0700] "GET /musotica/images/logo.gif HTTP/1.1" 200 2006 "http://musotica.com/sehemidr.html" "Mozilla/5.0 (Windows; U; Windows NT 5.1; en-US; rv:1.9.0.1) Gecko/2008070208 Firefox/3.0.1" "site.musotica.com"
216.80.75.183 - - [07/Sep/2008:05:09:06 -0700] "GET /musotica/images/phone.gif HTTP/1.1" 200 385 "http://musotica.com/sehemidr.html" "Mozilla/5.0 (Windows; U; Windows NT 5.1; en-US; rv:1.9.0.1) Gecko/2008070208 Firefox/3.0.1" "site.musotica.com"
216.80.75.183 - - [07/Sep/2008:05:09:06 -0700] "GET /musotica/images/home.gif HTTP/1.1" 200 70 "http://musotica.com/sehemidr.html" "Mozilla/5.0 (Windows; U; Windows NT 5.1; en-US; rv:1.9.0.1) Gecko/2008070208 Firefox/3.0.1" "site.musotica.com"
216.80.75.183 - - [07/Sep/2008:05:09:06 -0700] "GET /musotica/images/tell.gif HTTP/1.1" 200 67 "http://musotica.com/sehemidr.html" "Mozilla/5.0 (Windows; U; Windows NT 5.1; en-US; rv:1.9.0.1) Gecko/2008070208 Firefox/3.0.1" "site.musotica.com"
216.80.75.183 - - [07/Sep/2008:05:09:06 -0700] "GET /musotica/images/go.gif HTTP/1.1" 200 731 "http://musotica.com/sehemidr.html" "Mozilla/5.0 (Windows; U; Windows NT 5.1; en-US; rv:1.9.0.1) Gecko/2008070208 Firefox/3.0.1" "site.musotica.com"
216.80.75.183 - - [07/Sep/2008:05:09:06 -0700] "GET /musotica/images/bookmark.gif HTTP/1.1" 200 124 "http://musotica.com/sehemidr.html" "Mozilla/5.0 (Windows; U; Windows NT 5.1; en-US; rv:1.9.0.1) Gecko/2008070208 Firefox/3.0.1" "site.musotica.com"
216.80.75.183 - - [07/Sep/2008:05:09:07 -0700] "GET /musotica/images/arrow.gif HTTP/1.1" 200 61 "http://musotica.com/sehemidr.html" "Mozilla/5.0 (Windows; U; Windows NT 5.1; en-US; rv:1.9.0.1) Gecko/2008070208 Firefox/3.0.1" "site.musotica.com"
216.80.75.183 - - [07/Sep/2008:05:09:07 -0700] "GET /musotica/images/search.gif HTTP/1.1" 200 1538 "http://site.musotica.com/musotica/style/style.css" "Mozilla/5.0 (Windows; U; Windows NT 5.1; en-US; rv:1.9.0.1) Gecko/2008070208 Firefox/3.0.1" "site.musotica.com"
216.80.75.183 - - [07/Sep/2008:05:09:07 -0700] "GET /musotica/images/head_strip.gif HTTP/1.1" 200 63 "http://site.musotica.com/musotica/style/style.css" "Mozilla/5.0 (Windows; U; Windows NT 5.1; en-US; rv:1.9.0.1) Gecko/2008070208 Firefox/3.0.1" "site.musotica.com"
216.80.75.183 - - [07/Sep/2008:05:09:07 -0700] "GET /musotica/images/newdot.gif HTTP/1.1" 200 62 "http://site.musotica.com/musotica/style/style.css" "Mozilla/5.0 (Windows; U; Windows NT 5.1; en-US; rv:1.9.0.1) Gecko/2008070208 Firefox/3.0.1" "site.musotica.com"
216.80.75.183 - - [07/Sep/2008:05:09:07 -0700] "GET /scripts/paging-images/images/spacer.gif HTTP/1.1" 404 275 "http://musotica.com/sehemidr.html" "Mozilla/5.0 (Windows; U; Windows NT 5.1; en-US; rv:1.9.0.1) Gecko/2008070208 Firefox/3.0.1" "site.musotica.com"
216.80.75.183 - - [07/Sep/2008:05:09:07 -0700] "GET /musotica/images/lingeris.jpg HTTP/1.1" 200 17260 "http://musotica.com/sehemidr.html" "Mozilla/5.0 (Windows; U; Windows NT 5.1; en-US; rv:1.9.0.1) Gecko/2008070208 Firefox/3.0.1" "site.musotica.com"
216.80.75.183 - - [07/Sep/2008:05:09:07 -0700] "GET /musotica/images/spacer.gif HTTP/1.1" 404 275 "http://musotica.com/sehemidr.html" "Mozilla/5.0 (Windows; U; Windows NT 5.1; en-US; rv:1.9.0.1) Gecko/2008070208 Firefox/3.0.1" "site.musotica.com"
216.80.75.183 - - [07/Sep/2008:05:09:07 -0700] "GET /musotica/images/newgreendot.gif HTTP/1.1" 200 49 "http://site.musotica.com/musotica/style/style.css" "Mozilla/5.0 (Windows; U; Windows NT 5.1; en-US; rv:1.9.0.1) Gecko/2008070208 Firefox/3.0.1" "site.musotica.com"
216.80.75.183 - - [07/Sep/2008:05:09:07 -0700] "GET /musotica/images/bannerdot.gif HTTP/1.1" 200 49 "http://site.musotica.com/musotica/style/style.css" "Mozilla/5.0 (Windows; U; Windows NT 5.1; en-US; rv:1.9.0.1) Gecko/2008070208 Firefox/3.0.1" "site.musotica.com"
216.80.75.183 - - [07/Sep/2008:05:09:07 -0700] "GET /musotica/images/pay.jpg HTTP/1.1" 200 13131 "http://musotica.com/sehemidr.html" "Mozilla/5.0 (Windows; U; Windows NT 5.1; en-US; rv:1.9.0.1) Gecko/2008070208 Firefox/3.0.1" "site.musotica.com"
216.80.75.183 - - [07/Sep/2008:05:09:07 -0700] "GET /musotica/images/clubwear.jpg HTTP/1.1" 200 15480 "http://musotica.com/sehemidr.html" "Mozilla/5.0 (Windows; U; Windows NT 5.1; en-US; rv:1.9.0.1) Gecko/2008070208 Firefox/3.0.1" "site.musotica.com"
216.80.75.183 - - [07/Sep/2008:05:09:07 -0700] "GET /musotica/images/ss.jpg HTTP/1.1" 200 5500 "http://musotica.com/sehemidr.html" "Mozilla/5.0 (Windows; U; Windows NT 5.1; en-US; rv:1.9.0.1) Gecko/2008070208 Firefox/3.0.1" "site.musotica.com"
216.80.75.183 - - [07/Sep/2008:05:09:07 -0700] "GET /musotica/images/stockings.jpg HTTP/1.1" 200 15303 "http://musotica.com/sehemidr.html" "Mozilla/5.0 (Windows; U; Windows NT 5.1; en-US; rv:1.9.0.1) Gecko/2008070208 Firefox/3.0.1" "site.musotica.com"
216.80.75.183 - - [07/Sep/2008:05:09:08 -0700] "GET /musotica/images/shoes.jpg HTTP/1.1" 200 14412 "http://musotica.com/sehemidr.html" "Mozilla/5.0 (Windows; U; Windows NT 5.1; en-US; rv:1.9.0.1) Gecko/2008070208 Firefox/3.0.1" "site.musotica.com"
216.80.75.183 - - [07/Sep/2008:05:09:08 -0700] "GET /musotica/images/accessories.jpg HTTP/1.1" 200 17113 "http://musotica.com/sehemidr.html" "Mozilla/5.0 (Windows; U; Windows NT 5.1; en-US; rv:1.9.0.1) Gecko/2008070208 Firefox/3.0.1" "site.musotica.com"
216.80.75.183 - - [07/Sep/2008:05:09:09 -0700] "GET /musotica/images/shop.gif HTTP/1.1" 200 83 "http://musotica.com/sehemidr.html" "Mozilla/5.0 (Windows; U; Windows NT 5.1; en-US; rv:1.9.0.1) Gecko/2008070208 Firefox/3.0.1" "site.musotica.com"
216.80.75.183 - - [07/Sep/2008:05:09:10 -0700] "GET /musotica/images/midline.gif HTTP/1.1" 200 49 "http://site.musotica.com/musotica/style/style.css" "Mozilla/5.0 (Windows; U; Windows NT 5.1; en-US; rv:1.9.0.1) Gecko/2008070208 Firefox/3.0.1" "site.musotica.com"
216.80.75.183 - - [07/Sep/2008:05:09:16 -0700] "GET /musotica/images/arrow2.gif HTTP/1.1" 200 65 "http://musotica.com/" "Mozilla/5.0 (Windows; U; Windows NT 5.1; en-US; rv:1.9.0.1) Gecko/2008070208 Firefox/3.0.1" "site.musotica.com"
216.80.75.183 - - [07/Sep/2008:05:09:16 -0700] "GET /musotica/images/go2.gif HTTP/1.1" 200 1322 "http://musotica.com/" "Mozilla/5.0 (Windows; U; Windows NT 5.1; en-US; rv:1.9.0.1) Gecko/2008070208 Firefox/3.0.1" "site.musotica.com"
216.80.75.183 - - [07/Sep/2008:05:09:16 -0700] "GET /musotica/images/viewtext.gif HTTP/1.1" 200 1092 "http://musotica.com/" "Mozilla/5.0 (Windows; U; Windows NT 5.1; en-US; rv:1.9.0.1) Gecko/2008070208 Firefox/3.0.1" "site.musotica.com"
216.80.75.183 - - [07/Sep/2008:05:09:16 -0700] "GET /musotica/images/bottom-banner.gif HTTP/1.1" 200 10943 "http://musotica.com/" "Mozilla/5.0 (Windows; U; Windows NT 5.1; en-US; rv:1.9.0.1) Gecko/2008070208 Firefox/3.0.1" "site.musotica.com"
216.80.75.183 - - [07/Sep/2008:05:09:16 -0700] "GET /musotica/images/spacer.gif HTTP/1.1" 404 275 "http://musotica.com/" "Mozilla/5.0 (Windows; U; Windows NT 5.1; en-US; rv:1.9.0.1) Gecko/2008070208 Firefox/3.0.1" "site.musotica.com"
216.80.75.183 - - [07/Sep/2008:05:09:16 -0700] "GET /musotica/images/bottom-banner2.gif HTTP/1.1" 200 11310 "http://musotica.com/" "Mozilla/5.0 (Windows; U; Windows NT 5.1; en-US; rv:1.9.0.1) Gecko/2008070208 Firefox/3.0.1" "site.musotica.com"
216.80.75.183 - - [07/Sep/2008:05:09:16 -0700] "GET /musotica/images/bottom-banner3.gif HTTP/1.1" 200 10805 "http://musotica.com/" "Mozilla/5.0 (Windows; U; Windows NT 5.1; en-US; rv:1.9.0.1) Gecko/2008070208 Firefox/3.0.1" "site.musotica.com"
216.80.75.183 - - [07/Sep/2008:05:09:16 -0700] "GET /musotica/images/bottom-banner4.gif HTTP/1.1" 200 11464 "http://musotica.com/" "Mozilla/5.0 (Windows; U; Windows NT 5.1; en-US; rv:1.9.0.1) Gecko/2008070208 Firefox/3.0.1" "site.musotica.com"
216.80.75.183 - - [07/Sep/2008:05:09:31 -0700] "GET /musotica/images/spacer.gif HTTP/1.1" 404 275 "http://musotica.com/haco.html" "Mozilla/5.0 (Windows; U; Windows NT 5.1; en-US; rv:1.9.0.1) Gecko/2008070208 Firefox/3.0.1" "site.musotica.com"
68.217.85.15 - - [07/Sep/2008:05:10:33 -0700] "GET /musotica/style/style.css HTTP/1.1" 200 2675 "http://musotica.com/" "Mozilla/4.0 (compatible; MSIE 7.0; Windows NT 6.0; SV1; SLCC1; .NET CLR 2.0.50727; Media Center PC 5.0; .NET CLR 3.0.04506)" "site.musotica.com"
68.217.85.15 - - [07/Sep/2008:05:10:34 -0700] "GET /musotica/images/logo.gif HTTP/1.1" 200 2006 "http://musotica.com/" "Mozilla/4.0 (compatible; MSIE 7.0; Windows NT 6.0; SV1; SLCC1; .NET CLR 2.0.50727; Media Center PC 5.0; .NET CLR 3.0.04506)" "site.musotica.com"
68.217.85.15 - - [07/Sep/2008:05:10:34 -0700] "GET /musotica/images/phone.gif HTTP/1.1" 200 385 "http://musotica.com/" "Mozilla/4.0 (compatible; MSIE 7.0; Windows NT 6.0; SV1; SLCC1; .NET CLR 2.0.50727; Media Center PC 5.0; .NET CLR 3.0.04506)" "site.musotica.com"
68.217.85.15 - - [07/Sep/2008:05:10:34 -0700] "GET /musotica/images/home.gif HTTP/1.1" 200 70 "http://musotica.com/" "Mozilla/4.0 (compatible; MSIE 7.0; Windows NT 6.0; SV1; SLCC1; .NET CLR 2.0.50727; Media Center PC 5.0; .NET CLR 3.0.04506)" "site.musotica.com"
68.217.85.15 - - [07/Sep/2008:05:10:34 -0700] "GET /musotica/images/tell.gif HTTP/1.1" 200 67 "http://musotica.com/" "Mozilla/4.0 (compatible; MSIE 7.0; Windows NT 6.0; SV1; SLCC1; .NET CLR 2.0.50727; Media Center PC 5.0; .NET CLR 3.0.04506)" "site.musotica.com"
68.217.85.15 - - [07/Sep/2008:05:10:34 -0700] "GET /musotica/images/bookmark.gif HTTP/1.1" 200 124 "http://musotica.com/" "Mozilla/4.0 (compatible; MSIE 7.0; Windows NT 6.0; SV1; SLCC1; .NET CLR 2.0.50727; Media Center PC 5.0; .NET CLR 3.0.04506)" "site.musotica.com"
68.217.85.15 - - [07/Sep/2008:05:10:34 -0700] "GET /musotica/images/go.gif HTTP/1.1" 200 731 "http://musotica.com/" "Mozilla/4.0 (compatible; MSIE 7.0; Windows NT 6.0; SV1; SLCC1; .NET CLR 2.0.50727; Media Center PC 5.0; .NET CLR 3.0.04506)" "site.musotica.com"
68.217.85.15 - - [07/Sep/2008:05:10:35 -0700] "GET /musotica/images/shop.gif HTTP/1.1" 200 83 "http://musotica.com/" "Mozilla/4.0 (compatible; MSIE 7.0; Windows NT 6.0; SV1; SLCC1; .NET CLR 2.0.50727; Media Center PC 5.0; .NET CLR 3.0.04506)" "site.musotica.com"
68.217.85.15 - - [07/Sep/2008:05:10:35 -0700] "GET /musotica/images/arrow.gif HTTP/1.1" 200 61 "http://musotica.com/" "Mozilla/4.0 (compatible; MSIE 7.0; Windows NT 6.0; SV1; SLCC1; .NET CLR 2.0.50727; Media Center PC 5.0; .NET CLR 3.0.04506)" "site.musotica.com"
68.217.85.15 - - [07/Sep/2008:05:10:35 -0700] "GET /musotica/images/go2.gif HTTP/1.1" 200 1322 "http://musotica.com/" "Mozilla/4.0 (compatible; MSIE 7.0; Windows NT 6.0; SV1; SLCC1; .NET CLR 2.0.50727; Media Center PC 5.0; .NET CLR 3.0.04506)" "site.musotica.com"
68.217.85.15 - - [07/Sep/2008:05:10:35 -0700] "GET /musotica/images/arrow2.gif HTTP/1.1" 200 65 "http://musotica.com/" "Mozilla/4.0 (compatible; MSIE 7.0; Windows NT 6.0; SV1; SLCC1; .NET CLR 2.0.50727; Media Center PC 5.0; .NET CLR 3.0.04506)" "site.musotica.com"
68.217.85.15 - - [07/Sep/2008:05:10:36 -0700] "GET /musotica/images/viewtext.gif HTTP/1.1" 200 1092 "http://musotica.com/" "Mozilla/4.0 (compatible; MSIE 7.0; Windows NT 6.0; SV1; SLCC1; .NET CLR 2.0.50727; Media Center PC 5.0; .NET CLR 3.0.04506)" "site.musotica.com"
68.217.85.15 - - [07/Sep/2008:05:10:36 -0700] "GET /musotica/images/bottom-banner.gif HTTP/1.1" 200 10943 "http://musotica.com/" "Mozilla/4.0 (compatible; MSIE 7.0; Windows NT 6.0; SV1; SLCC1; .NET CLR 2.0.50727; Media Center PC 5.0; .NET CLR 3.0.04506)" "site.musotica.com"
68.217.85.15 - - [07/Sep/2008:05:10:36 -0700] "GET /musotica/images/spacer.gif HTTP/1.1" 404 275 "http://musotica.com/" "Mozilla/4.0 (compatible; MSIE 7.0; Windows NT 6.0; SV1; SLCC1; .NET CLR 2.0.50727; Media Center PC 5.0; .NET CLR 3.0.04506)" "site.musotica.com"
68.217.85.15 - - [07/Sep/2008:05:10:36 -0700] "GET /musotica/images/bottom-banner2.gif HTTP/1.1" 200 11310 "http://musotica.com/" "Mozilla/4.0 (compatible; MSIE 7.0; Windows NT 6.0; SV1; SLCC1; .NET CLR 2.0.50727; Media Center PC 5.0; .NET CLR 3.0.04506)" "site.musotica.com"
68.217.85.15 - - [07/Sep/2008:05:10:36 -0700] "GET /musotica/images/bottom-banner3.gif HTTP/1.1" 200 10805 "http://musotica.com/" "Mozilla/4.0 (compatible; MSIE 7.0; Windows NT 6.0; SV1; SLCC1; .NET CLR 2.0.50727; Media Center PC 5.0; .NET CLR 3.0.04506)" "site.musotica.com"
68.217.85.15 - - [07/Sep/2008:05:10:37 -0700] "GET /musotica/images/bottom-banner4.gif HTTP/1.1" 200 11464 "http://musotica.com/" "Mozilla/4.0 (compatible; MSIE 7.0; Windows NT 6.0; SV1; SLCC1; .NET CLR 2.0.50727; Media Center PC 5.0; .NET CLR 3.0.04506)" "site.musotica.com"
68.217.85.15 - - [07/Sep/2008:05:10:37 -0700] "GET /musotica/images/pay.jpg HTTP/1.1" 200 13131 "http://musotica.com/" "Mozilla/4.0 (compatible; MSIE 7.0; Windows NT 6.0; SV1; SLCC1; .NET CLR 2.0.50727; Media Center PC 5.0; .NET CLR 3.0.04506)" "site.musotica.com"
68.217.85.15 - - [07/Sep/2008:05:10:37 -0700] "GET /musotica/images/ss.jpg HTTP/1.1" 200 5500 "http://musotica.com/" "Mozilla/4.0 (compatible; MSIE 7.0; Windows NT 6.0; SV1; SLCC1; .NET CLR 2.0.50727; Media Center PC 5.0; .NET CLR 3.0.04506)" "site.musotica.com"
68.217.85.15 - - [07/Sep/2008:05:10:37 -0700] "GET /musotica/images/head_strip.gif HTTP/1.1" 200 63 "http://musotica.com/" "Mozilla/4.0 (compatible; MSIE 7.0; Windows NT 6.0; SV1; SLCC1; .NET CLR 2.0.50727; Media Center PC 5.0; .NET CLR 3.0.04506)" "site.musotica.com"
68.217.85.15 - - [07/Sep/2008:05:10:37 -0700] "GET /musotica/images/newdot.gif HTTP/1.1" 200 62 "http://musotica.com/" "Mozilla/4.0 (compatible; MSIE 7.0; Windows NT 6.0; SV1; SLCC1; .NET CLR 2.0.50727; Media Center PC 5.0; .NET CLR 3.0.04506)" "site.musotica.com"
68.217.85.15 - - [07/Sep/2008:05:10:37 -0700] "GET /musotica/images/search.gif HTTP/1.1" 200 1538 "http://musotica.com/" "Mozilla/4.0 (compatible; MSIE 7.0; Windows NT 6.0; SV1; SLCC1; .NET CLR 2.0.50727; Media Center PC 5.0; .NET CLR 3.0.04506)" "site.musotica.com"
68.217.85.15 - - [07/Sep/2008:05:10:38 -0700] "GET /musotica/images/midline.gif HTTP/1.1" 200 49 "http://musotica.com/" "Mozilla/4.0 (compatible; MSIE 7.0; Windows NT 6.0; SV1; SLCC1; .NET CLR 2.0.50727; Media Center PC 5.0; .NET CLR 3.0.04506)" "site.musotica.com"
