212.134.155.210 - - [09/Sep/2008:05:23:47 -0700] "GET /musotica/images/newgreendot.gif HTTP/1.0" 200 49 "http://musotica.com/sexynavygirls.html" "Mozilla/4.0 (compatible; MSIE 7.0; Windows NT 5.1; Sky Broadband; .NET CLR 2.0.50727; Sky Broadband)" "site.musotica.com"
76.119.247.216 - - [09/Sep/2008:05:23:51 -0700] "GET /musotica/style/style.css HTTP/1.1" 200 2675 "http://musotica.com/goandpr.html" "Mozilla/5.0 (Windows; U; Windows NT 6.0; en-US; rv:1.9.0.1) Gecko/2008070208 Firefox/3.0.1" "site.musotica.com"
76.119.247.216 - - [09/Sep/2008:05:23:51 -0700] "GET /style/rolldiv-mozilla.css HTTP/1.1" 200 711 "http://musotica.com/goandpr.html" "Mozilla/5.0 (Windows; U; Windows NT 6.0; en-US; rv:1.9.0.1) Gecko/2008070208 Firefox/3.0.1" "site.musotica.com"
76.119.247.216 - - [09/Sep/2008:05:23:51 -0700] "GET /scripts/rolldiv.js HTTP/1.1" 200 623 "http://musotica.com/goandpr.html" "Mozilla/5.0 (Windows; U; Windows NT 6.0; en-US; rv:1.9.0.1) Gecko/2008070208 Firefox/3.0.1" "site.musotica.com"
76.119.247.216 - - [09/Sep/2008:05:23:51 -0700] "GET /musotica/images/logo.gif HTTP/1.1" 200 2006 "http://musotica.com/goandpr.html" "Mozilla/5.0 (Windows; U; Windows NT 6.0; en-US; rv:1.9.0.1) Gecko/2008070208 Firefox/3.0.1" "site.musotica.com"
76.119.247.216 - - [09/Sep/2008:05:23:51 -0700] "GET /musotica/images/phone.gif HTTP/1.1" 200 385 "http://musotica.com/goandpr.html" "Mozilla/5.0 (Windows; U; Windows NT 6.0; en-US; rv:1.9.0.1) Gecko/2008070208 Firefox/3.0.1" "site.musotica.com"
76.119.247.216 - - [09/Sep/2008:05:23:51 -0700] "GET /musotica/images/home.gif HTTP/1.1" 200 70 "http://musotica.com/goandpr.html" "Mozilla/5.0 (Windows; U; Windows NT 6.0; en-US; rv:1.9.0.1) Gecko/2008070208 Firefox/3.0.1" "site.musotica.com"
76.119.247.216 - - [09/Sep/2008:05:23:51 -0700] "GET /musotica/images/tell.gif HTTP/1.1" 200 67 "http://musotica.com/goandpr.html" "Mozilla/5.0 (Windows; U; Windows NT 6.0; en-US; rv:1.9.0.1) Gecko/2008070208 Firefox/3.0.1" "site.musotica.com"
212.134.155.210 - - [09/Sep/2008:05:23:51 -0700] "GET /rolldiv-images/footer.png HTTP/1.0" 200 637 "-" "Mozilla/4.0 (compatible; MSIE 7.0; Windows NT 5.1; Sky Broadband; .NET CLR 2.0.50727; Sky Broadband)" "site.musotica.com"
76.119.247.216 - - [09/Sep/2008:05:23:51 -0700] "GET /musotica/images/bookmark.gif HTTP/1.1" 200 124 "http://musotica.com/goandpr.html" "Mozilla/5.0 (Windows; U; Windows NT 6.0; en-US; rv:1.9.0.1) Gecko/2008070208 Firefox/3.0.1" "site.musotica.com"
76.119.247.216 - - [09/Sep/2008:05:23:51 -0700] "GET /musotica/images/go.gif HTTP/1.1" 200 731 "http://musotica.com/goandpr.html" "Mozilla/5.0 (Windows; U; Windows NT 6.0; en-US; rv:1.9.0.1) Gecko/2008070208 Firefox/3.0.1" "site.musotica.com"
76.119.247.216 - - [09/Sep/2008:05:23:51 -0700] "GET /musotica/images/arrow.gif HTTP/1.1" 200 61 "http://musotica.com/goandpr.html" "Mozilla/5.0 (Windows; U; Windows NT 6.0; en-US; rv:1.9.0.1) Gecko/2008070208 Firefox/3.0.1" "site.musotica.com"
76.119.247.216 - - [09/Sep/2008:05:23:51 -0700] "GET /musotica/images/shop.gif HTTP/1.1" 200 83 "http://musotica.com/goandpr.html" "Mozilla/5.0 (Windows; U; Windows NT 6.0; en-US; rv:1.9.0.1) Gecko/2008070208 Firefox/3.0.1" "site.musotica.com"
76.119.247.216 - - [09/Sep/2008:05:23:51 -0700] "GET /musotica/images/head_strip.gif HTTP/1.1" 200 63 "http://site.musotica.com/musotica/style/style.css" "Mozilla/5.0 (Windows; U; Windows NT 6.0; en-US; rv:1.9.0.1) Gecko/2008070208 Firefox/3.0.1" "site.musotica.com"
76.119.247.216 - - [09/Sep/2008:05:23:51 -0700] "GET /scripts/cookies.js HTTP/1.1" 200 1429 "http://musotica.com/goandpr.html" "Mozilla/5.0 (Windows; U; Windows NT 6.0; en-US; rv:1.9.0.1) Gecko/2008070208 Firefox/3.0.1" "site.musotica.com"
76.119.247.216 - - [09/Sep/2008:05:23:51 -0700] "GET /musotica/images/newdot.gif HTTP/1.1" 200 62 "http://site.musotica.com/musotica/style/style.css" "Mozilla/5.0 (Windows; U; Windows NT 6.0; en-US; rv:1.9.0.1) Gecko/2008070208 Firefox/3.0.1" "site.musotica.com"
76.119.247.216 - - [09/Sep/2008:05:23:51 -0700] "GET /musotica/images/search.gif HTTP/1.1" 200 1538 "http://site.musotica.com/musotica/style/style.css" "Mozilla/5.0 (Windows; U; Windows NT 6.0; en-US; rv:1.9.0.1) Gecko/2008070208 Firefox/3.0.1" "site.musotica.com"
76.119.247.216 - - [09/Sep/2008:05:23:51 -0700] "GET /musotica/images/midline.gif HTTP/1.1" 200 49 "http://site.musotica.com/musotica/style/style.css" "Mozilla/5.0 (Windows; U; Windows NT 6.0; en-US; rv:1.9.0.1) Gecko/2008070208 Firefox/3.0.1" "site.musotica.com"
76.119.247.216 - - [09/Sep/2008:05:23:51 -0700] "GET /scripts/pagging-inner.js HTTP/1.1" 200 24676 "http://musotica.com/goandpr.html" "Mozilla/5.0 (Windows; U; Windows NT 6.0; en-US; rv:1.9.0.1) Gecko/2008070208 Firefox/3.0.1" "site.musotica.com"
212.134.155.210 - - [09/Sep/2008:05:23:51 -0700] "GET /rolldiv-images/header.png HTTP/1.0" 200 730 "-" "Mozilla/4.0 (compatible; MSIE 7.0; Windows NT 5.1; Sky Broadband; .NET CLR 2.0.50727; Sky Broadband)" "site.musotica.com"
76.119.247.216 - - [09/Sep/2008:05:23:51 -0700] "GET /scripts/dpv.js HTTP/1.1" 200 1545 "http://musotica.com/goandpr.html" "Mozilla/5.0 (Windows; U; Windows NT 6.0; en-US; rv:1.9.0.1) Gecko/2008070208 Firefox/3.0.1" "site.musotica.com"
76.119.247.216 - - [09/Sep/2008:05:23:52 -0700] "GET /musotica/images/lingeris.jpg HTTP/1.1" 200 17260 "http://musotica.com/goandpr.html" "Mozilla/5.0 (Windows; U; Windows NT 6.0; en-US; rv:1.9.0.1) Gecko/2008070208 Firefox/3.0.1" "site.musotica.com"
76.119.247.216 - - [09/Sep/2008:05:23:52 -0700] "GET /musotica/images/clubwear.jpg HTTP/1.1" 200 15480 "http://musotica.com/goandpr.html" "Mozilla/5.0 (Windows; U; Windows NT 6.0; en-US; rv:1.9.0.1) Gecko/2008070208 Firefox/3.0.1" "site.musotica.com"
76.119.247.216 - - [09/Sep/2008:05:23:52 -0700] "GET /musotica/images/spacer.gif HTTP/1.1" 404 275 "http://musotica.com/goandpr.html" "Mozilla/5.0 (Windows; U; Windows NT 6.0; en-US; rv:1.9.0.1) Gecko/2008070208 Firefox/3.0.1" "site.musotica.com"
76.119.247.216 - - [09/Sep/2008:05:23:52 -0700] "GET /musotica/images/accessories.jpg HTTP/1.1" 200 17113 "http://musotica.com/goandpr.html" "Mozilla/5.0 (Windows; U; Windows NT 6.0; en-US; rv:1.9.0.1) Gecko/2008070208 Firefox/3.0.1" "site.musotica.com"
76.119.247.216 - - [09/Sep/2008:05:23:52 -0700] "GET /musotica/images/stockings.jpg HTTP/1.1" 200 15303 "http://musotica.com/goandpr.html" "Mozilla/5.0 (Windows; U; Windows NT 6.0; en-US; rv:1.9.0.1) Gecko/2008070208 Firefox/3.0.1" "site.musotica.com"
76.119.247.216 - - [09/Sep/2008:05:23:52 -0700] "GET /musotica/images/shoes.jpg HTTP/1.1" 200 14412 "http://musotica.com/goandpr.html" "Mozilla/5.0 (Windows; U; Windows NT 6.0; en-US; rv:1.9.0.1) Gecko/2008070208 Firefox/3.0.1" "site.musotica.com"
76.119.247.216 - - [09/Sep/2008:05:23:52 -0700] "GET /musotica/images/pay.jpg HTTP/1.1" 200 13131 "http://musotica.com/goandpr.html" "Mozilla/5.0 (Windows; U; Windows NT 6.0; en-US; rv:1.9.0.1) Gecko/2008070208 Firefox/3.0.1" "site.musotica.com"
76.119.247.216 - - [09/Sep/2008:05:23:52 -0700] "GET /musotica/images/ss.jpg HTTP/1.1" 200 5500 "http://musotica.com/goandpr.html" "Mozilla/5.0 (Windows; U; Windows NT 6.0; en-US; rv:1.9.0.1) Gecko/2008070208 Firefox/3.0.1" "site.musotica.com"
76.119.247.216 - - [09/Sep/2008:05:23:52 -0700] "GET /musotica/images/bannerdot.gif HTTP/1.1" 200 49 "http://site.musotica.com/musotica/style/style.css" "Mozilla/5.0 (Windows; U; Windows NT 6.0; en-US; rv:1.9.0.1) Gecko/2008070208 Firefox/3.0.1" "site.musotica.com"
76.119.247.216 - - [09/Sep/2008:05:23:52 -0700] "GET /musotica/images/newgreendot.gif HTTP/1.1" 200 49 "http://site.musotica.com/musotica/style/style.css" "Mozilla/5.0 (Windows; U; Windows NT 6.0; en-US; rv:1.9.0.1) Gecko/2008070208 Firefox/3.0.1" "site.musotica.com"
76.119.247.216 - - [09/Sep/2008:05:23:58 -0700] "GET /scripts/paging-images/images/spacer.gif HTTP/1.1" 404 275 "http://musotica.com/logohaco.html" "Mozilla/5.0 (Windows; U; Windows NT 6.0; en-US; rv:1.9.0.1) Gecko/2008070208 Firefox/3.0.1" "site.musotica.com"
76.119.247.216 - - [09/Sep/2008:05:23:58 -0700] "GET /musotica/images/spacer.gif HTTP/1.1" 404 275 "http://musotica.com/logohaco.html" "Mozilla/5.0 (Windows; U; Windows NT 6.0; en-US; rv:1.9.0.1) Gecko/2008070208 Firefox/3.0.1" "site.musotica.com"
12.178.168.2 - - [09/Sep/2008:05:24:38 -0700] "GET /musotica/style/style.css HTTP/1.1" 200 2675 "http://musotica.com/sexynurse.html" "Mozilla/4.0 (compatible; MSIE 6.0; Windows NT 5.1; SV1; .NET CLR 1.1.4322; .NET CLR 2.0.50727)" "site.musotica.com"
12.178.168.2 - - [09/Sep/2008:05:24:39 -0700] "GET /style/rolldiv-ie.css HTTP/1.1" 200 809 "http://musotica.com/sexynurse.html" "Mozilla/4.0 (compatible; MSIE 6.0; Windows NT 5.1; SV1; .NET CLR 1.1.4322; .NET CLR 2.0.50727)" "site.musotica.com"
12.178.168.2 - - [09/Sep/2008:05:24:39 -0700] "GET /scripts/rolldiv.js HTTP/1.1" 200 623 "http://musotica.com/sexynurse.html" "Mozilla/4.0 (compatible; MSIE 6.0; Windows NT 5.1; SV1; .NET CLR 1.1.4322; .NET CLR 2.0.50727)" "site.musotica.com"
12.178.168.2 - - [09/Sep/2008:05:24:39 -0700] "GET /musotica/images/phone.gif HTTP/1.1" 200 385 "http://musotica.com/sexynurse.html" "Mozilla/4.0 (compatible; MSIE 6.0; Windows NT 5.1; SV1; .NET CLR 1.1.4322; .NET CLR 2.0.50727)" "site.musotica.com"
12.178.168.2 - - [09/Sep/2008:05:24:39 -0700] "GET /musotica/images/logo.gif HTTP/1.1" 200 2006 "http://musotica.com/sexynurse.html" "Mozilla/4.0 (compatible; MSIE 6.0; Windows NT 5.1; SV1; .NET CLR 1.1.4322; .NET CLR 2.0.50727)" "site.musotica.com"
12.178.168.2 - - [09/Sep/2008:05:24:39 -0700] "GET /rolldiv-images/shadow.png HTTP/1.1" 200 175 "-" "Mozilla/4.0 (compatible; MSIE 6.0; Windows NT 5.1; SV1; .NET CLR 1.1.4322; .NET CLR 2.0.50727)" "site.musotica.com"
12.178.168.2 - - [09/Sep/2008:05:24:39 -0700] "GET /musotica/images/home.gif HTTP/1.1" 200 70 "http://musotica.com/sexynurse.html" "Mozilla/4.0 (compatible; MSIE 6.0; Windows NT 5.1; SV1; .NET CLR 1.1.4322; .NET CLR 2.0.50727)" "site.musotica.com"
12.178.168.2 - - [09/Sep/2008:05:24:39 -0700] "GET /musotica/images/tell.gif HTTP/1.1" 200 67 "http://musotica.com/sexynurse.html" "Mozilla/4.0 (compatible; MSIE 6.0; Windows NT 5.1; SV1; .NET CLR 1.1.4322; .NET CLR 2.0.50727)" "site.musotica.com"
12.178.168.2 - - [09/Sep/2008:05:24:39 -0700] "GET /musotica/images/bookmark.gif HTTP/1.1" 200 124 "http://musotica.com/sexynurse.html" "Mozilla/4.0 (compatible; MSIE 6.0; Windows NT 5.1; SV1; .NET CLR 1.1.4322; .NET CLR 2.0.50727)" "site.musotica.com"
12.178.168.2 - - [09/Sep/2008:05:24:40 -0700] "GET /musotica/images/go.gif HTTP/1.1" 200 731 "http://musotica.com/sexynurse.html" "Mozilla/4.0 (compatible; MSIE 6.0; Windows NT 5.1; SV1; .NET CLR 1.1.4322; .NET CLR 2.0.50727)" "site.musotica.com"
12.178.168.2 - - [09/Sep/2008:05:24:40 -0700] "GET /musotica/images/shop.gif HTTP/1.1" 200 83 "http://musotica.com/sexynurse.html" "Mozilla/4.0 (compatible; MSIE 6.0; Windows NT 5.1; SV1; .NET CLR 1.1.4322; .NET CLR 2.0.50727)" "site.musotica.com"
12.178.168.2 - - [09/Sep/2008:05:24:40 -0700] "GET /musotica/images/arrow.gif HTTP/1.1" 200 61 "http://musotica.com/sexynurse.html" "Mozilla/4.0 (compatible; MSIE 6.0; Windows NT 5.1; SV1; .NET CLR 1.1.4322; .NET CLR 2.0.50727)" "site.musotica.com"
12.178.168.2 - - [09/Sep/2008:05:24:40 -0700] "GET /musotica/images/head_strip.gif HTTP/1.1" 200 63 "http://musotica.com/sexynurse.html" "Mozilla/4.0 (compatible; MSIE 6.0; Windows NT 5.1; SV1; .NET CLR 1.1.4322; .NET CLR 2.0.50727)" "site.musotica.com"
12.178.168.2 - - [09/Sep/2008:05:24:40 -0700] "GET /musotica/images/newdot.gif HTTP/1.1" 200 62 "http://musotica.com/sexynurse.html" "Mozilla/4.0 (compatible; MSIE 6.0; Windows NT 5.1; SV1; .NET CLR 1.1.4322; .NET CLR 2.0.50727)" "site.musotica.com"
12.178.168.2 - - [09/Sep/2008:05:24:40 -0700] "GET /musotica/images/search.gif HTTP/1.1" 200 1538 "http://musotica.com/sexynurse.html" "Mozilla/4.0 (compatible; MSIE 6.0; Windows NT 5.1; SV1; .NET CLR 1.1.4322; .NET CLR 2.0.50727)" "site.musotica.com"
12.178.168.2 - - [09/Sep/2008:05:24:40 -0700] "GET /musotica/images/midline.gif HTTP/1.1" 200 49 "http://musotica.com/sexynurse.html" "Mozilla/4.0 (compatible; MSIE 6.0; Windows NT 5.1; SV1; .NET CLR 1.1.4322; .NET CLR 2.0.50727)" "site.musotica.com"
12.178.168.2 - - [09/Sep/2008:05:24:40 -0700] "GET /scripts/cookies.js HTTP/1.1" 200 1429 "http://musotica.com/sexynurse.html" "Mozilla/4.0 (compatible; MSIE 6.0; Windows NT 5.1; SV1; .NET CLR 1.1.4322; .NET CLR 2.0.50727)" "site.musotica.com"
12.178.168.2 - - [09/Sep/2008:05:24:40 -0700] "GET /scripts/pagging-inner.js HTTP/1.1" 200 24676 "http://musotica.com/sexynurse.html" "Mozilla/4.0 (compatible; MSIE 6.0; Windows NT 5.1; SV1; .NET CLR 1.1.4322; .NET CLR 2.0.50727)" "site.musotica.com"
12.178.168.2 - - [09/Sep/2008:05:24:41 -0700] "GET /scripts/dpv.js HTTP/1.1" 200 1545 "http://musotica.com/sexynurse.html" "Mozilla/4.0 (compatible; MSIE 6.0; Windows NT 5.1; SV1; .NET CLR 1.1.4322; .NET CLR 2.0.50727)" "site.musotica.com"
12.178.168.2 - - [09/Sep/2008:05:24:41 -0700] "GET /musotica/images/bannerdot.gif HTTP/1.1" 200 49 "http://musotica.com/sexynurse.html" "Mozilla/4.0 (compatible; MSIE 6.0; Windows NT 5.1; SV1; .NET CLR 1.1.4322; .NET CLR 2.0.50727)" "site.musotica.com"
12.178.168.2 - - [09/Sep/2008:05:24:41 -0700] "GET /musotica/images/lingeris.jpg HTTP/1.1" 200 17260 "http://musotica.com/sexynurse.html" "Mozilla/4.0 (compatible; MSIE 6.0; Windows NT 5.1; SV1; .NET CLR 1.1.4322; .NET CLR 2.0.50727)" "site.musotica.com"
12.178.168.2 - - [09/Sep/2008:05:24:41 -0700] "GET /musotica/images/clubwear.jpg HTTP/1.1" 200 15480 "http://musotica.com/sexynurse.html" "Mozilla/4.0 (compatible; MSIE 6.0; Windows NT 5.1; SV1; .NET CLR 1.1.4322; .NET CLR 2.0.50727)" "site.musotica.com"
12.178.168.2 - - [09/Sep/2008:05:24:42 -0700] "GET /rolldiv-images/header.png HTTP/1.1" 200 730 "-" "Mozilla/4.0 (compatible; MSIE 6.0; Windows NT 5.1; SV1; .NET CLR 1.1.4322; .NET CLR 2.0.50727)" "site.musotica.com"
12.178.168.2 - - [09/Sep/2008:05:24:42 -0700] "GET /musotica/images/newgreendot.gif HTTP/1.1" 200 49 "http://musotica.com/sexynurse.html" "Mozilla/4.0 (compatible; MSIE 6.0; Windows NT 5.1; SV1; .NET CLR 1.1.4322; .NET CLR 2.0.50727)" "site.musotica.com"
12.178.168.2 - - [09/Sep/2008:05:24:42 -0700] "GET /musotica/images/spacer.gif HTTP/1.1" 404 275 "http://musotica.com/sexynurse.html" "Mozilla/4.0 (compatible; MSIE 6.0; Windows NT 5.1; SV1; .NET CLR 1.1.4322; .NET CLR 2.0.50727)" "site.musotica.com"
12.178.168.2 - - [09/Sep/2008:05:24:42 -0700] "GET /musotica/images/stockings.jpg HTTP/1.1" 200 15303 "http://musotica.com/sexynurse.html" "Mozilla/4.0 (compatible; MSIE 6.0; Windows NT 5.1; SV1; .NET CLR 1.1.4322; .NET CLR 2.0.50727)" "site.musotica.com"
12.178.168.2 - - [09/Sep/2008:05:24:42 -0700] "GET /rolldiv-images/footer.png HTTP/1.1" 200 637 "-" "Mozilla/4.0 (compatible; MSIE 6.0; Windows NT 5.1; SV1; .NET CLR 1.1.4322; .NET CLR 2.0.50727)" "site.musotica.com"
12.178.168.2 - - [09/Sep/2008:05:24:42 -0700] "GET /musotica/images/shoes.jpg HTTP/1.1" 200 14412 "http://musotica.com/sexynurse.html" "Mozilla/4.0 (compatible; MSIE 6.0; Windows NT 5.1; SV1; .NET CLR 1.1.4322; .NET CLR 2.0.50727)" "site.musotica.com"
12.178.168.2 - - [09/Sep/2008:05:24:42 -0700] "GET /musotica/images/pay.jpg HTTP/1.1" 200 13131 "http://musotica.com/sexynurse.html" "Mozilla/4.0 (compatible; MSIE 6.0; Windows NT 5.1; SV1; .NET CLR 1.1.4322; .NET CLR 2.0.50727)" "site.musotica.com"
12.178.168.2 - - [09/Sep/2008:05:24:43 -0700] "GET /musotica/images/accessories.jpg HTTP/1.1" 200 17113 "http://musotica.com/sexynurse.html" "Mozilla/4.0 (compatible; MSIE 6.0; Windows NT 5.1; SV1; .NET CLR 1.1.4322; .NET CLR 2.0.50727)" "site.musotica.com"
12.178.168.2 - - [09/Sep/2008:05:24:43 -0700] "GET /musotica/images/ss.jpg HTTP/1.1" 200 5500 "http://musotica.com/sexynurse.html" "Mozilla/4.0 (compatible; MSIE 6.0; Windows NT 5.1; SV1; .NET CLR 1.1.4322; .NET CLR 2.0.50727)" "site.musotica.com"
65.54.154.26 - - [09/Sep/2008:05:24:43 -0700] "GET /musotica/style/style.css HTTP/1.0" 304 - "http://musotica.com/sepodotliset.html" "Mozilla/4.0 (compatible; MSIE 7.0; Windows NT 5.1; .NET CLR 1.1.4322)" "site.musotica.com"
212.134.155.210 - - [09/Sep/2008:05:24:43 -0700] "GET /musotica/style/style.css HTTP/1.0" 304 - "http://musotica.com/senagicobyro.html" "Mozilla/4.0 (compatible; MSIE 7.0; Windows NT 5.1; Sky Broadband; .NET CLR 2.0.50727; Sky Broadband)" "site.musotica.com"
65.54.154.26 - - [09/Sep/2008:05:24:44 -0700] "GET /style/rolldiv-ie.css HTTP/1.0" 304 - "http://musotica.com/sepodotliset.html" "Mozilla/4.0 (compatible; MSIE 7.0; Windows NT 5.1; .NET CLR 1.1.4322)" "site.musotica.com"
65.54.154.26 - - [09/Sep/2008:05:24:44 -0700] "GET /scripts/rolldiv.js HTTP/1.0" 304 - "http://musotica.com/sepodotliset.html" "Mozilla/4.0 (compatible; MSIE 7.0; Windows NT 5.1; .NET CLR 1.1.4322)" "site.musotica.com"
212.134.155.210 - - [09/Sep/2008:05:24:44 -0700] "GET /style/rolldiv-ie.css HTTP/1.0" 304 - "http://musotica.com/senagicobyro.html" "Mozilla/4.0 (compatible; MSIE 7.0; Windows NT 5.1; Sky Broadband; .NET CLR 2.0.50727; Sky Broadband)" "site.musotica.com"
212.134.155.210 - - [09/Sep/2008:05:24:44 -0700] "GET /scripts/rolldiv.js HTTP/1.0" 304 - "http://musotica.com/senagicobyro.html" "Mozilla/4.0 (compatible; MSIE 7.0; Windows NT 5.1; Sky Broadband; .NET CLR 2.0.50727; Sky Broadband)" "site.musotica.com"
65.54.154.26 - - [09/Sep/2008:05:24:44 -0700] "GET /scripts/paging-images/images/spacer.gif HTTP/1.0" 404 275 "http://musotica.com/sepodotliset.html" "Mozilla/4.0 (compatible; MSIE 7.0; Windows NT 5.1; .NET CLR 1.1.4322)" "site.musotica.com"
212.134.155.210 - - [09/Sep/2008:05:24:44 -0700] "GET /scripts/paging-images/images/spacer.gif HTTP/1.0" 404 275 "http://musotica.com/senagicobyro.html" "Mozilla/4.0 (compatible; MSIE 7.0; Windows NT 5.1; Sky Broadband; .NET CLR 2.0.50727; Sky Broadband)" "site.musotica.com"
65.54.154.26 - - [09/Sep/2008:05:24:44 -0700] "GET /musotica/images/spacer.gif HTTP/1.0" 404 275 "http://musotica.com/sepodotliset.html" "Mozilla/4.0 (compatible; MSIE 7.0; Windows NT 5.1; .NET CLR 1.1.4322)" "site.musotica.com"
212.134.155.210 - - [09/Sep/2008:05:24:46 -0700] "GET /musotica/images/spacer.gif HTTP/1.0" 404 275 "http://musotica.com/senagicobyro.html" "Mozilla/4.0 (compatible; MSIE 7.0; Windows NT 5.1; Sky Broadband; .NET CLR 2.0.50727; Sky Broadband)" "site.musotica.com"
12.178.168.2 - - [09/Sep/2008:05:24:52 -0700] "GET /scripts/paging-images/images/spacer.gif HTTP/1.1" 404 275 "http://musotica.com/selegavnuwis.html" "Mozilla/4.0 (compatible; MSIE 6.0; Windows NT 5.1; SV1; .NET CLR 1.1.4322; .NET CLR 2.0.50727)" "site.musotica.com"
12.178.168.2 - - [09/Sep/2008:05:24:52 -0700] "GET /musotica/images/spacer.gif HTTP/1.1" 404 275 "http://musotica.com/selegavnuwis.html" "Mozilla/4.0 (compatible; MSIE 6.0; Windows NT 5.1; SV1; .NET CLR 1.1.4322; .NET CLR 2.0.50727)" "site.musotica.com"
64.12.117.70 - - [09/Sep/2008:05:25:08 -0700] "GET /musotica/images/bookmark.gif HTTP/1.1" 200 124 "http://musotica.com/haco.html" "Mozilla/4.0 (compatible; MSIE 7.0; AOL 9.0; Windows NT 5.1; .NET CLR 1.1.4322)" "site.musotica.com"
64.12.117.206 - - [09/Sep/2008:05:25:10 -0700] "GET /musotica/images/spacer.gif HTTP/1.1" 404 275 "http://musotica.com/haco.html" "Mozilla/4.0 (compatible; MSIE 7.0; AOL 9.0; Windows NT 5.1; .NET CLR 1.1.4322)" "site.musotica.com"
65.54.154.26 - - [09/Sep/2008:05:25:13 -0700] "GET /musotica/style/style.css HTTP/1.0" 304 - "http://musotica.com/seholisetinc.html" "Mozilla/4.0 (compatible; MSIE 7.0; Windows NT 5.1; .NET CLR 1.1.4322)" "site.musotica.com"
65.54.154.26 - - [09/Sep/2008:05:25:14 -0700] "GET /style/rolldiv-ie.css HTTP/1.0" 304 - "http://musotica.com/seholisetinc.html" "Mozilla/4.0 (compatible; MSIE 7.0; Windows NT 5.1; .NET CLR 1.1.4322)" "site.musotica.com"
65.54.154.26 - - [09/Sep/2008:05:25:14 -0700] "GET /scripts/rolldiv.js HTTP/1.0" 304 - "http://musotica.com/seholisetinc.html" "Mozilla/4.0 (compatible; MSIE 7.0; Windows NT 5.1; .NET CLR 1.1.4322)" "site.musotica.com"
65.54.154.26 - - [09/Sep/2008:05:25:15 -0700] "GET /scripts/paging-images/images/spacer.gif HTTP/1.0" 404 275 "http://musotica.com/seholisetinc.html" "Mozilla/4.0 (compatible; MSIE 7.0; Windows NT 5.1; .NET CLR 1.1.4322)" "site.musotica.com"
65.54.154.26 - - [09/Sep/2008:05:25:15 -0700] "GET /musotica/images/spacer.gif HTTP/1.0" 404 275 "http://musotica.com/seholisetinc.html" "Mozilla/4.0 (compatible; MSIE 7.0; Windows NT 5.1; .NET CLR 1.1.4322)" "site.musotica.com"
212.134.155.210 - - [09/Sep/2008:05:25:22 -0700] "GET /musotica/style/style.css HTTP/1.0" 304 - "http://musotica.com/sexynavygirls.html" "Mozilla/4.0 (compatible; MSIE 7.0; Windows NT 5.1; Sky Broadband; .NET CLR 2.0.50727; Sky Broadband)" "site.musotica.com"
212.134.155.210 - - [09/Sep/2008:05:25:23 -0700] "GET /style/rolldiv-ie.css HTTP/1.0" 304 - "http://musotica.com/sexynavygirls.html" "Mozilla/4.0 (compatible; MSIE 7.0; Windows NT 5.1; Sky Broadband; .NET CLR 2.0.50727; Sky Broadband)" "site.musotica.com"
65.54.154.26 - - [09/Sep/2008:05:25:23 -0700] "GET /musotica/style/style.css HTTP/1.0" 304 - "http://musotica.com/sepivfrcaset.html" "Mozilla/4.0 (compatible; MSIE 7.0; Windows NT 5.1; .NET CLR 1.1.4322)" "site.musotica.com"
65.54.154.26 - - [09/Sep/2008:05:25:24 -0700] "GET /style/rolldiv-ie.css HTTP/1.0" 304 - "http://musotica.com/sepivfrcaset.html" "Mozilla/4.0 (compatible; MSIE 7.0; Windows NT 5.1; .NET CLR 1.1.4322)" "site.musotica.com"
65.54.154.26 - - [09/Sep/2008:05:25:24 -0700] "GET /scripts/rolldiv.js HTTP/1.0" 304 - "http://musotica.com/sepivfrcaset.html" "Mozilla/4.0 (compatible; MSIE 7.0; Windows NT 5.1; .NET CLR 1.1.4322)" "site.musotica.com"
65.54.154.26 - - [09/Sep/2008:05:25:25 -0700] "GET /scripts/paging-images/images/spacer.gif HTTP/1.0" 404 275 "http://musotica.com/sepivfrcaset.html" "Mozilla/4.0 (compatible; MSIE 7.0; Windows NT 5.1; .NET CLR 1.1.4322)" "site.musotica.com"
65.54.154.26 - - [09/Sep/2008:05:25:25 -0700] "GET /musotica/images/spacer.gif HTTP/1.0" 404 275 "http://musotica.com/sepivfrcaset.html" "Mozilla/4.0 (compatible; MSIE 7.0; Windows NT 5.1; .NET CLR 1.1.4322)" "site.musotica.com"
212.134.155.210 - - [09/Sep/2008:05:25:25 -0700] "GET /scripts/rolldiv.js HTTP/1.0" 304 - "http://musotica.com/sexynavygirls.html" "Mozilla/4.0 (compatible; MSIE 7.0; Windows NT 5.1; Sky Broadband; .NET CLR 2.0.50727; Sky Broadband)" "site.musotica.com"
212.134.155.210 - - [09/Sep/2008:05:25:26 -0700] "GET /scripts/cookies.js HTTP/1.0" 304 - "http://musotica.com/sexynavygirls.html" "Mozilla/4.0 (compatible; MSIE 7.0; Windows NT 5.1; Sky Broadband; .NET CLR 2.0.50727; Sky Broadband)" "site.musotica.com"
212.134.155.210 - - [09/Sep/2008:05:25:27 -0700] "GET /scripts/pagging-inner.js HTTP/1.0" 304 - "http://musotica.com/sexynavygirls.html" "Mozilla/4.0 (compatible; MSIE 7.0; Windows NT 5.1; Sky Broadband; .NET CLR 2.0.50727; Sky Broadband)" "site.musotica.com"
212.134.155.210 - - [09/Sep/2008:05:25:28 -0700] "GET /scripts/dpv.js HTTP/1.0" 304 - "http://musotica.com/sexynavygirls.html" "Mozilla/4.0 (compatible; MSIE 7.0; Windows NT 5.1; Sky Broadband; .NET CLR 2.0.50727; Sky Broadband)" "site.musotica.com"
212.134.155.210 - - [09/Sep/2008:05:25:29 -0700] "GET /musotica/images/spacer.gif HTTP/1.0" 404 275 "http://musotica.com/sexynavygirls.html" "Mozilla/4.0 (compatible; MSIE 7.0; Windows NT 5.1; Sky Broadband; .NET CLR 2.0.50727; Sky Broadband)" "site.musotica.com"
97.101.227.78 - - [09/Sep/2008:05:25:47 -0700] "GET /musotica/style/style.css HTTP/1.1" 200 2675 "http://musotica.com/sexynavygirls.html" "Mozilla/5.0 (Macintosh; U; Intel Mac OS X; en) AppleWebKit/419.2.1 (KHTML, like Gecko) Safari/419.3" "site.musotica.com"
97.101.227.78 - - [09/Sep/2008:05:25:48 -0700] "GET /style/rolldiv-mozilla.css HTTP/1.1" 200 711 "http://musotica.com/sexynavygirls.html" "Mozilla/5.0 (Macintosh; U; Intel Mac OS X; en) AppleWebKit/419.2.1 (KHTML, like Gecko) Safari/419.3" "site.musotica.com"
97.101.227.78 - - [09/Sep/2008:05:25:48 -0700] "GET /scripts/rolldiv.js HTTP/1.1" 200 623 "http://musotica.com/sexynavygirls.html" "Mozilla/5.0 (Macintosh; U; Intel Mac OS X; en) AppleWebKit/419.2.1 (KHTML, like Gecko) Safari/419.3" "site.musotica.com"
97.101.227.78 - - [09/Sep/2008:05:25:48 -0700] "GET /musotica/images/phone.gif HTTP/1.1" 200 385 "http://musotica.com/sexynavygirls.html" "Mozilla/5.0 (Macintosh; U; Intel Mac OS X; en) AppleWebKit/419.2.1 (KHTML, like Gecko) Safari/419.3" "site.musotica.com"
97.101.227.78 - - [09/Sep/2008:05:25:48 -0700] "GET /musotica/images/newdot.gif HTTP/1.1" 200 62 "http://musotica.com/sexynavygirls.html" "Mozilla/5.0 (Macintosh; U; Intel Mac OS X; en) AppleWebKit/419.2.1 (KHTML, like Gecko) Safari/419.3" "site.musotica.com"
97.101.227.78 - - [09/Sep/2008:05:25:48 -0700] "GET /musotica/images/head_strip.gif HTTP/1.1" 200 63 "http://musotica.com/sexynavygirls.html" "Mozilla/5.0 (Macintosh; U; Intel Mac OS X; en) AppleWebKit/419.2.1 (KHTML, like Gecko) Safari/419.3" "site.musotica.com"
97.101.227.78 - - [09/Sep/2008:05:25:48 -0700] "GET /musotica/images/logo.gif HTTP/1.1" 200 2006 "http://musotica.com/sexynavygirls.html" "Mozilla/5.0 (Macintosh; U; Intel Mac OS X; en) AppleWebKit/419.2.1 (KHTML, like Gecko) Safari/419.3" "site.musotica.com"
97.101.227.78 - - [09/Sep/2008:05:25:48 -0700] "GET /musotica/images/bookmark.gif HTTP/1.1" 200 124 "http://musotica.com/sexynavygirls.html" "Mozilla/5.0 (Macintosh; U; Intel Mac OS X; en) AppleWebKit/419.2.1 (KHTML, like Gecko) Safari/419.3" "site.musotica.com"
97.101.227.78 - - [09/Sep/2008:05:25:48 -0700] "GET /musotica/images/search.gif HTTP/1.1" 200 1538 "http://musotica.com/sexynavygirls.html" "Mozilla/5.0 (Macintosh; U; Intel Mac OS X; en) AppleWebKit/419.2.1 (KHTML, like Gecko) Safari/419.3" "site.musotica.com"
97.101.227.78 - - [09/Sep/2008:05:25:48 -0700] "GET /musotica/images/tell.gif HTTP/1.1" 200 67 "http://musotica.com/sexynavygirls.html" "Mozilla/5.0 (Macintosh; U; Intel Mac OS X; en) AppleWebKit/419.2.1 (KHTML, like Gecko) Safari/419.3" "site.musotica.com"
97.101.227.78 - - [09/Sep/2008:05:25:48 -0700] "GET /musotica/images/home.gif HTTP/1.1" 200 70 "http://musotica.com/sexynavygirls.html" "Mozilla/5.0 (Macintosh; U; Intel Mac OS X; en) AppleWebKit/419.2.1 (KHTML, like Gecko) Safari/419.3" "site.musotica.com"
97.101.227.78 - - [09/Sep/2008:05:25:48 -0700] "GET /musotica/images/arrow.gif HTTP/1.1" 200 61 "http://musotica.com/sexynavygirls.html" "Mozilla/5.0 (Macintosh; U; Intel Mac OS X; en) AppleWebKit/419.2.1 (KHTML, like Gecko) Safari/419.3" "site.musotica.com"
97.101.227.78 - - [09/Sep/2008:05:25:48 -0700] "GET /musotica/images/midline.gif HTTP/1.1" 200 49 "http://musotica.com/sexynavygirls.html" "Mozilla/5.0 (Macintosh; U; Intel Mac OS X; en) AppleWebKit/419.2.1 (KHTML, like Gecko) Safari/419.3" "site.musotica.com"
97.101.227.78 - - [09/Sep/2008:05:25:48 -0700] "GET /musotica/images/shop.gif HTTP/1.1" 200 83 "http://musotica.com/sexynavygirls.html" "Mozilla/5.0 (Macintosh; U; Intel Mac OS X; en) AppleWebKit/419.2.1 (KHTML, like Gecko) Safari/419.3" "site.musotica.com"
97.101.227.78 - - [09/Sep/2008:05:25:48 -0700] "GET /musotica/images/go.gif HTTP/1.1" 200 731 "http://musotica.com/sexynavygirls.html" "Mozilla/5.0 (Macintosh; U; Intel Mac OS X; en) AppleWebKit/419.2.1 (KHTML, like Gecko) Safari/419.3" "site.musotica.com"
97.101.227.78 - - [09/Sep/2008:05:25:48 -0700] "GET /scripts/cookies.js HTTP/1.1" 200 1429 "http://musotica.com/sexynavygirls.html" "Mozilla/5.0 (Macintosh; U; Intel Mac OS X; en) AppleWebKit/419.2.1 (KHTML, like Gecko) Safari/419.3" "site.musotica.com"
97.101.227.78 - - [09/Sep/2008:05:25:48 -0700] "GET /scripts/pagging-inner.js HTTP/1.1" 200 24676 "http://musotica.com/sexynavygirls.html" "Mozilla/5.0 (Macintosh; U; Intel Mac OS X; en) AppleWebKit/419.2.1 (KHTML, like Gecko) Safari/419.3" "site.musotica.com"
97.101.227.78 - - [09/Sep/2008:05:25:48 -0700] "GET /scripts/dpv.js HTTP/1.1" 200 1545 "http://musotica.com/sexynavygirls.html" "Mozilla/5.0 (Macintosh; U; Intel Mac OS X; en) AppleWebKit/419.2.1 (KHTML, like Gecko) Safari/419.3" "site.musotica.com"
97.101.227.78 - - [09/Sep/2008:05:25:49 -0700] "GET /musotica/images/bannerdot.gif HTTP/1.1" 200 49 "http://musotica.com/sexynavygirls.html" "Mozilla/5.0 (Macintosh; U; Intel Mac OS X; en) AppleWebKit/419.2.1 (KHTML, like Gecko) Safari/419.3" "site.musotica.com"
97.101.227.78 - - [09/Sep/2008:05:25:49 -0700] "GET /musotica/images/newgreendot.gif HTTP/1.1" 200 49 "http://musotica.com/sexynavygirls.html" "Mozilla/5.0 (Macintosh; U; Intel Mac OS X; en) AppleWebKit/419.2.1 (KHTML, like Gecko) Safari/419.3" "site.musotica.com"
97.101.227.78 - - [09/Sep/2008:05:25:49 -0700] "GET /musotica/images/spacer.gif HTTP/1.1" 404 275 "http://musotica.com/sexynavygirls.html" "Mozilla/5.0 (Macintosh; U; Intel Mac OS X; en) AppleWebKit/419.2.1 (KHTML, like Gecko) Safari/419.3" "site.musotica.com"
97.101.227.78 - - [09/Sep/2008:05:25:49 -0700] "GET /musotica/images/lingeris.jpg HTTP/1.1" 200 17260 "http://musotica.com/sexynavygirls.html" "Mozilla/5.0 (Macintosh; U; Intel Mac OS X; en) AppleWebKit/419.2.1 (KHTML, like Gecko) Safari/419.3" "site.musotica.com"
97.101.227.78 - - [09/Sep/2008:05:25:49 -0700] "GET /musotica/images/shoes.jpg HTTP/1.1" 200 14412 "http://musotica.com/sexynavygirls.html" "Mozilla/5.0 (Macintosh; U; Intel Mac OS X; en) AppleWebKit/419.2.1 (KHTML, like Gecko) Safari/419.3" "site.musotica.com"
97.101.227.78 - - [09/Sep/2008:05:25:49 -0700] "GET /musotica/images/stockings.jpg HTTP/1.1" 200 15303 "http://musotica.com/sexynavygirls.html" "Mozilla/5.0 (Macintosh; U; Intel Mac OS X; en) AppleWebKit/419.2.1 (KHTML, like Gecko) Safari/419.3" "site.musotica.com"
97.101.227.78 - - [09/Sep/2008:05:25:49 -0700] "GET /musotica/images/clubwear.jpg HTTP/1.1" 200 15480 "http://musotica.com/sexynavygirls.html" "Mozilla/5.0 (Macintosh; U; Intel Mac OS X; en) AppleWebKit/419.2.1 (KHTML, like Gecko) Safari/419.3" "site.musotica.com"
97.101.227.78 - - [09/Sep/2008:05:25:49 -0700] "GET /musotica/images/accessories.jpg HTTP/1.1" 200 17113 "http://musotica.com/sexynavygirls.html" "Mozilla/5.0 (Macintosh; U; Intel Mac OS X; en) AppleWebKit/419.2.1 (KHTML, like Gecko) Safari/419.3" "site.musotica.com"
97.101.227.78 - - [09/Sep/2008:05:25:49 -0700] "GET /musotica/images/pay.jpg HTTP/1.1" 200 13131 "http://musotica.com/sexynavygirls.html" "Mozilla/5.0 (Macintosh; U; Intel Mac OS X; en) AppleWebKit/419.2.1 (KHTML, like Gecko) Safari/419.3" "site.musotica.com"
97.101.227.78 - - [09/Sep/2008:05:25:49 -0700] "GET /musotica/images/ss.jpg HTTP/1.1" 200 5500 "http://musotica.com/sexynavygirls.html" "Mozilla/5.0 (Macintosh; U; Intel Mac OS X; en) AppleWebKit/419.2.1 (KHTML, like Gecko) Safari/419.3" "site.musotica.com"
97.101.227.78 - - [09/Sep/2008:05:26:01 -0700] "GET /scripts/paging-images/images/spacer.gif HTTP/1.1" 404 275 "http://musotica.com/flsahaco.html" "Mozilla/5.0 (Macintosh; U; Intel Mac OS X; en) AppleWebKit/419.2.1 (KHTML, like Gecko) Safari/419.3" "site.musotica.com"
121.162.188.158 - - [09/Sep/2008:05:26:24 -0700] "GET /musotica/style/style.css HTTP/1.1" 200 2675 "http://musotica.com/seligilo.html" "Mozilla/4.0 (compatible; MSIE 7.0; Windows NT 6.0; SLCC1; .NET CLR 2.0.50727; Media Center PC 5.0; .NET CLR 3.0.04506; .NET CLR 1.1.4322)" "site.musotica.com"
121.162.188.158 - - [09/Sep/2008:05:26:26 -0700] "GET /style/rolldiv-ie.css HTTP/1.1" 200 809 "http://musotica.com/seligilo.html" "Mozilla/4.0 (compatible; MSIE 7.0; Windows NT 6.0; SLCC1; .NET CLR 2.0.50727; Media Center PC 5.0; .NET CLR 3.0.04506; .NET CLR 1.1.4322)" "site.musotica.com"
121.162.188.158 - - [09/Sep/2008:05:26:26 -0700] "GET /scripts/rolldiv.js HTTP/1.1" 200 623 "http://musotica.com/seligilo.html" "Mozilla/4.0 (compatible; MSIE 7.0; Windows NT 6.0; SLCC1; .NET CLR 2.0.50727; Media Center PC 5.0; .NET CLR 3.0.04506; .NET CLR 1.1.4322)" "site.musotica.com"
121.162.188.158 - - [09/Sep/2008:05:26:27 -0700] "GET /musotica/images/head_strip.gif HTTP/1.1" 200 63 "http://musotica.com/seligilo.html" "Mozilla/4.0 (compatible; MSIE 7.0; Windows NT 6.0; SLCC1; .NET CLR 2.0.50727; Media Center PC 5.0; .NET CLR 3.0.04506; .NET CLR 1.1.4322)" "site.musotica.com"
121.162.188.158 - - [09/Sep/2008:05:26:27 -0700] "GET /musotica/images/logo.gif HTTP/1.1" 200 2006 "http://musotica.com/seligilo.html" "Mozilla/4.0 (compatible; MSIE 7.0; Windows NT 6.0; SLCC1; .NET CLR 2.0.50727; Media Center PC 5.0; .NET CLR 3.0.04506; .NET CLR 1.1.4322)" "site.musotica.com"
121.162.188.158 - - [09/Sep/2008:05:26:27 -0700] "GET /musotica/images/phone.gif HTTP/1.1" 200 385 "http://musotica.com/seligilo.html" "Mozilla/4.0 (compatible; MSIE 7.0; Windows NT 6.0; SLCC1; .NET CLR 2.0.50727; Media Center PC 5.0; .NET CLR 3.0.04506; .NET CLR 1.1.4322)" "site.musotica.com"
121.162.188.158 - - [09/Sep/2008:05:26:27 -0700] "GET /musotica/images/newdot.gif HTTP/1.1" 200 62 "http://musotica.com/seligilo.html" "Mozilla/4.0 (compatible; MSIE 7.0; Windows NT 6.0; SLCC1; .NET CLR 2.0.50727; Media Center PC 5.0; .NET CLR 3.0.04506; .NET CLR 1.1.4322)" "site.musotica.com"
121.162.188.158 - - [09/Sep/2008:05:26:28 -0700] "GET /musotica/images/home.gif HTTP/1.1" 200 70 "http://musotica.com/seligilo.html" "Mozilla/4.0 (compatible; MSIE 7.0; Windows NT 6.0; SLCC1; .NET CLR 2.0.50727; Media Center PC 5.0; .NET CLR 3.0.04506; .NET CLR 1.1.4322)" "site.musotica.com"
121.162.188.158 - - [09/Sep/2008:05:26:28 -0700] "GET /musotica/images/tell.gif HTTP/1.1" 200 67 "http://musotica.com/seligilo.html" "Mozilla/4.0 (compatible; MSIE 7.0; Windows NT 6.0; SLCC1; .NET CLR 2.0.50727; Media Center PC 5.0; .NET CLR 3.0.04506; .NET CLR 1.1.4322)" "site.musotica.com"
121.162.188.158 - - [09/Sep/2008:05:26:28 -0700] "GET /musotica/images/bookmark.gif HTTP/1.1" 200 124 "http://musotica.com/seligilo.html" "Mozilla/4.0 (compatible; MSIE 7.0; Windows NT 6.0; SLCC1; .NET CLR 2.0.50727; Media Center PC 5.0; .NET CLR 3.0.04506; .NET CLR 1.1.4322)" "site.musotica.com"
121.162.188.158 - - [09/Sep/2008:05:26:28 -0700] "GET /musotica/images/search.gif HTTP/1.1" 200 1538 "http://musotica.com/seligilo.html" "Mozilla/4.0 (compatible; MSIE 7.0; Windows NT 6.0; SLCC1; .NET CLR 2.0.50727; Media Center PC 5.0; .NET CLR 3.0.04506; .NET CLR 1.1.4322)" "site.musotica.com"
121.162.188.158 - - [09/Sep/2008:05:26:29 -0700] "GET /musotica/images/go.gif HTTP/1.1" 200 731 "http://musotica.com/seligilo.html" "Mozilla/4.0 (compatible; MSIE 7.0; Windows NT 6.0; SLCC1; .NET CLR 2.0.50727; Media Center PC 5.0; .NET CLR 3.0.04506; .NET CLR 1.1.4322)" "site.musotica.com"
121.162.188.158 - - [09/Sep/2008:05:26:29 -0700] "GET /musotica/images/shop.gif HTTP/1.1" 200 83 "http://musotica.com/seligilo.html" "Mozilla/4.0 (compatible; MSIE 7.0; Windows NT 6.0; SLCC1; .NET CLR 2.0.50727; Media Center PC 5.0; .NET CLR 3.0.04506; .NET CLR 1.1.4322)" "site.musotica.com"
121.162.188.158 - - [09/Sep/2008:05:26:29 -0700] "GET /musotica/images/midline.gif HTTP/1.1" 200 49 "http://musotica.com/seligilo.html" "Mozilla/4.0 (compatible; MSIE 7.0; Windows NT 6.0; SLCC1; .NET CLR 2.0.50727; Media Center PC 5.0; .NET CLR 3.0.04506; .NET CLR 1.1.4322)" "site.musotica.com"
121.162.188.158 - - [09/Sep/2008:05:26:29 -0700] "GET /musotica/images/arrow.gif HTTP/1.1" 200 61 "http://musotica.com/seligilo.html" "Mozilla/4.0 (compatible; MSIE 7.0; Windows NT 6.0; SLCC1; .NET CLR 2.0.50727; Media Center PC 5.0; .NET CLR 3.0.04506; .NET CLR 1.1.4322)" "site.musotica.com"
121.162.188.158 - - [09/Sep/2008:05:26:30 -0700] "GET /scripts/cookies.js HTTP/1.1" 200 1429 "http://musotica.com/seligilo.html" "Mozilla/4.0 (compatible; MSIE 7.0; Windows NT 6.0; SLCC1; .NET CLR 2.0.50727; Media Center PC 5.0; .NET CLR 3.0.04506; .NET CLR 1.1.4322)" "site.musotica.com"
121.162.188.158 - - [09/Sep/2008:05:26:30 -0700] "GET /rolldiv-images/shadow.png HTTP/1.1" 200 175 "-" "Mozilla/4.0 (compatible; MSIE 7.0; Windows NT 6.0; SLCC1; .NET CLR 2.0.50727; Media Center PC 5.0; .NET CLR 3.0.04506; .NET CLR 1.1.4322)" "site.musotica.com"
121.162.188.158 - - [09/Sep/2008:05:26:30 -0700] "GET /scripts/pagging-inner.js HTTP/1.1" 200 24676 "http://musotica.com/seligilo.html" "Mozilla/4.0 (compatible; MSIE 7.0; Windows NT 6.0; SLCC1; .NET CLR 2.0.50727; Media Center PC 5.0; .NET CLR 3.0.04506; .NET CLR 1.1.4322)" "site.musotica.com"
121.162.188.158 - - [09/Sep/2008:05:26:32 -0700] "GET /scripts/dpv.js HTTP/1.1" 200 1545 "http://musotica.com/seligilo.html" "Mozilla/4.0 (compatible; MSIE 7.0; Windows NT 6.0; SLCC1; .NET CLR 2.0.50727; Media Center PC 5.0; .NET CLR 3.0.04506; .NET CLR 1.1.4322)" "site.musotica.com"
121.162.188.158 - - [09/Sep/2008:05:26:32 -0700] "GET /musotica/images/lingeris.jpg HTTP/1.1" 200 17260 "http://musotica.com/seligilo.html" "Mozilla/4.0 (compatible; MSIE 7.0; Windows NT 6.0; SLCC1; .NET CLR 2.0.50727; Media Center PC 5.0; .NET CLR 3.0.04506; .NET CLR 1.1.4322)" "site.musotica.com"
121.162.188.158 - - [09/Sep/2008:05:26:32 -0700] "GET /musotica/images/bannerdot.gif HTTP/1.1" 200 49 "http://musotica.com/seligilo.html" "Mozilla/4.0 (compatible; MSIE 7.0; Windows NT 6.0; SLCC1; .NET CLR 2.0.50727; Media Center PC 5.0; .NET CLR 3.0.04506; .NET CLR 1.1.4322)" "site.musotica.com"
121.162.188.158 - - [09/Sep/2008:05:26:33 -0700] "GET /musotica/images/newgreendot.gif HTTP/1.1" 200 49 "http://musotica.com/seligilo.html" "Mozilla/4.0 (compatible; MSIE 7.0; Windows NT 6.0; SLCC1; .NET CLR 2.0.50727; Media Center PC 5.0; .NET CLR 3.0.04506; .NET CLR 1.1.4322)" "site.musotica.com"
121.162.188.158 - - [09/Sep/2008:05:26:33 -0700] "GET /musotica/images/spacer.gif HTTP/1.1" 404 275 "http://musotica.com/seligilo.html" "Mozilla/4.0 (compatible; MSIE 7.0; Windows NT 6.0; SLCC1; .NET CLR 2.0.50727; Media Center PC 5.0; .NET CLR 3.0.04506; .NET CLR 1.1.4322)" "site.musotica.com"
121.162.188.158 - - [09/Sep/2008:05:26:33 -0700] "GET /musotica/images/clubwear.jpg HTTP/1.1" 200 15480 "http://musotica.com/seligilo.html" "Mozilla/4.0 (compatible; MSIE 7.0; Windows NT 6.0; SLCC1; .NET CLR 2.0.50727; Media Center PC 5.0; .NET CLR 3.0.04506; .NET CLR 1.1.4322)" "site.musotica.com"
121.162.188.158 - - [09/Sep/2008:05:26:34 -0700] "GET /musotica/images/stockings.jpg HTTP/1.1" 200 15303 "http://musotica.com/seligilo.html" "Mozilla/4.0 (compatible; MSIE 7.0; Windows NT 6.0; SLCC1; .NET CLR 2.0.50727; Media Center PC 5.0; .NET CLR 3.0.04506; .NET CLR 1.1.4322)" "site.musotica.com"
121.162.188.158 - - [09/Sep/2008:05:26:34 -0700] "GET /musotica/images/shoes.jpg HTTP/1.1" 200 14412 "http://musotica.com/seligilo.html" "Mozilla/4.0 (compatible; MSIE 7.0; Windows NT 6.0; SLCC1; .NET CLR 2.0.50727; Media Center PC 5.0; .NET CLR 3.0.04506; .NET CLR 1.1.4322)" "site.musotica.com"
121.162.188.158 - - [09/Sep/2008:05:26:35 -0700] "GET /musotica/images/accessories.jpg HTTP/1.1" 200 17113 "http://musotica.com/seligilo.html" "Mozilla/4.0 (compatible; MSIE 7.0; Windows NT 6.0; SLCC1; .NET CLR 2.0.50727; Media Center PC 5.0; .NET CLR 3.0.04506; .NET CLR 1.1.4322)" "site.musotica.com"
121.162.188.158 - - [09/Sep/2008:05:26:35 -0700] "GET /musotica/images/pay.jpg HTTP/1.1" 200 13131 "http://musotica.com/seligilo.html" "Mozilla/4.0 (compatible; MSIE 7.0; Windows NT 6.0; SLCC1; .NET CLR 2.0.50727; Media Center PC 5.0; .NET CLR 3.0.04506; .NET CLR 1.1.4322)" "site.musotica.com"
121.162.188.158 - - [09/Sep/2008:05:26:36 -0700] "GET /musotica/images/ss.jpg HTTP/1.1" 200 5500 "http://musotica.com/seligilo.html" "Mozilla/4.0 (compatible; MSIE 7.0; Windows NT 6.0; SLCC1; .NET CLR 2.0.50727; Media Center PC 5.0; .NET CLR 3.0.04506; .NET CLR 1.1.4322)" "site.musotica.com"
121.162.188.158 - - [09/Sep/2008:05:26:37 -0700] "GET /rolldiv-images/header.png HTTP/1.1" 200 730 "-" "Mozilla/4.0 (compatible; MSIE 7.0; Windows NT 6.0; SLCC1; .NET CLR 2.0.50727; Media Center PC 5.0; .NET CLR 3.0.04506; .NET CLR 1.1.4322)" "site.musotica.com"
121.162.188.158 - - [09/Sep/2008:05:26:37 -0700] "GET /rolldiv-images/footer.png HTTP/1.1" 200 637 "-" "Mozilla/4.0 (compatible; MSIE 7.0; Windows NT 6.0; SLCC1; .NET CLR 2.0.50727; Media Center PC 5.0; .NET CLR 3.0.04506; .NET CLR 1.1.4322)" "site.musotica.com"
121.162.188.158 - - [09/Sep/2008:05:26:40 -0700] "GET /scripts/paging-images/images/spacer.gif HTTP/1.1" 404 275 "http://musotica.com/sesogicoseha.html" "Mozilla/4.0 (compatible; MSIE 7.0; Windows NT 6.0; SLCC1; .NET CLR 2.0.50727; Media Center PC 5.0; .NET CLR 3.0.04506; .NET CLR 1.1.4322)" "site.musotica.com"
121.162.188.158 - - [09/Sep/2008:05:26:41 -0700] "GET /musotica/images/spacer.gif HTTP/1.1" 404 275 "http://musotica.com/sesogicoseha.html" "Mozilla/4.0 (compatible; MSIE 7.0; Windows NT 6.0; SLCC1; .NET CLR 2.0.50727; Media Center PC 5.0; .NET CLR 3.0.04506; .NET CLR 1.1.4322)" "site.musotica.com"
24.56.204.79 - - [09/Sep/2008:05:26:56 -0700] "GET /musotica/style/style.css HTTP/1.1" 200 2675 "http://musotica.com/secrli.html" "Mozilla/5.0 (Windows; U; Windows NT 5.1; en-US; rv:1.9.0.1) Gecko/2008070208 Firefox/3.0.1" "site.musotica.com"
24.56.204.79 - - [09/Sep/2008:05:26:57 -0700] "GET /style/rolldiv-mozilla.css HTTP/1.1" 200 711 "http://musotica.com/secrli.html" "Mozilla/5.0 (Windows; U; Windows NT 5.1; en-US; rv:1.9.0.1) Gecko/2008070208 Firefox/3.0.1" "site.musotica.com"
24.56.204.79 - - [09/Sep/2008:05:26:57 -0700] "GET /scripts/rolldiv.js HTTP/1.1" 200 623 "http://musotica.com/secrli.html" "Mozilla/5.0 (Windows; U; Windows NT 5.1; en-US; rv:1.9.0.1) Gecko/2008070208 Firefox/3.0.1" "site.musotica.com"
24.56.204.79 - - [09/Sep/2008:05:26:57 -0700] "GET /musotica/images/logo.gif HTTP/1.1" 200 2006 "http://musotica.com/secrli.html" "Mozilla/5.0 (Windows; U; Windows NT 5.1; en-US; rv:1.9.0.1) Gecko/2008070208 Firefox/3.0.1" "site.musotica.com"
24.56.204.79 - - [09/Sep/2008:05:26:57 -0700] "GET /musotica/images/phone.gif HTTP/1.1" 200 385 "http://musotica.com/secrli.html" "Mozilla/5.0 (Windows; U; Windows NT 5.1; en-US; rv:1.9.0.1) Gecko/2008070208 Firefox/3.0.1" "site.musotica.com"
24.56.204.79 - - [09/Sep/2008:05:26:57 -0700] "GET /musotica/images/home.gif HTTP/1.1" 200 70 "http://musotica.com/secrli.html" "Mozilla/5.0 (Windows; U; Windows NT 5.1; en-US; rv:1.9.0.1) Gecko/2008070208 Firefox/3.0.1" "site.musotica.com"
24.56.204.79 - - [09/Sep/2008:05:26:57 -0700] "GET /musotica/images/tell.gif HTTP/1.1" 200 67 "http://musotica.com/secrli.html" "Mozilla/5.0 (Windows; U; Windows NT 5.1; en-US; rv:1.9.0.1) Gecko/2008070208 Firefox/3.0.1" "site.musotica.com"
24.56.204.79 - - [09/Sep/2008:05:26:57 -0700] "GET /musotica/images/bookmark.gif HTTP/1.1" 200 124 "http://musotica.com/secrli.html" "Mozilla/5.0 (Windows; U; Windows NT 5.1; en-US; rv:1.9.0.1) Gecko/2008070208 Firefox/3.0.1" "site.musotica.com"
24.56.204.79 - - [09/Sep/2008:05:26:57 -0700] "GET /musotica/images/go.gif HTTP/1.1" 200 731 "http://musotica.com/secrli.html" "Mozilla/5.0 (Windows; U; Windows NT 5.1; en-US; rv:1.9.0.1) Gecko/2008070208 Firefox/3.0.1" "site.musotica.com"
24.56.204.79 - - [09/Sep/2008:05:26:57 -0700] "GET /scripts/cookies.js HTTP/1.1" 200 1429 "http://musotica.com/secrli.html" "Mozilla/5.0 (Windows; U; Windows NT 5.1; en-US; rv:1.9.0.1) Gecko/2008070208 Firefox/3.0.1" "site.musotica.com"
24.56.204.79 - - [09/Sep/2008:05:26:57 -0700] "GET /musotica/images/arrow.gif HTTP/1.1" 200 61 "http://musotica.com/secrli.html" "Mozilla/5.0 (Windows; U; Windows NT 5.1; en-US; rv:1.9.0.1) Gecko/2008070208 Firefox/3.0.1" "site.musotica.com"
24.56.204.79 - - [09/Sep/2008:05:26:58 -0700] "GET /musotica/images/shop.gif HTTP/1.1" 200 83 "http://musotica.com/secrli.html" "Mozilla/5.0 (Windows; U; Windows NT 5.1; en-US; rv:1.9.0.1) Gecko/2008070208 Firefox/3.0.1" "site.musotica.com"
24.56.204.79 - - [09/Sep/2008:05:26:58 -0700] "GET /musotica/images/head_strip.gif HTTP/1.1" 200 63 "http://site.musotica.com/musotica/style/style.css" "Mozilla/5.0 (Windows; U; Windows NT 5.1; en-US; rv:1.9.0.1) Gecko/2008070208 Firefox/3.0.1" "site.musotica.com"
24.56.204.79 - - [09/Sep/2008:05:26:58 -0700] "GET /musotica/images/newdot.gif HTTP/1.1" 200 62 "http://site.musotica.com/musotica/style/style.css" "Mozilla/5.0 (Windows; U; Windows NT 5.1; en-US; rv:1.9.0.1) Gecko/2008070208 Firefox/3.0.1" "site.musotica.com"
24.56.204.79 - - [09/Sep/2008:05:26:58 -0700] "GET /musotica/images/search.gif HTTP/1.1" 200 1538 "http://site.musotica.com/musotica/style/style.css" "Mozilla/5.0 (Windows; U; Windows NT 5.1; en-US; rv:1.9.0.1) Gecko/2008070208 Firefox/3.0.1" "site.musotica.com"
24.56.204.79 - - [09/Sep/2008:05:26:58 -0700] "GET /musotica/images/midline.gif HTTP/1.1" 200 49 "http://site.musotica.com/musotica/style/style.css" "Mozilla/5.0 (Windows; U; Windows NT 5.1; en-US; rv:1.9.0.1) Gecko/2008070208 Firefox/3.0.1" "site.musotica.com"
24.56.204.79 - - [09/Sep/2008:05:26:58 -0700] "GET /scripts/pagging-inner.js HTTP/1.1" 200 24676 "http://musotica.com/secrli.html" "Mozilla/5.0 (Windows; U; Windows NT 5.1; en-US; rv:1.9.0.1) Gecko/2008070208 Firefox/3.0.1" "site.musotica.com"
121.162.188.158 - - [09/Sep/2008:05:26:58 -0700] "GET /musotica/style/style.css HTTP/1.1" 304 - "http://musotica.com/seligilo.html" "Mozilla/4.0 (compatible; MSIE 7.0; Windows NT 6.0; SLCC1; .NET CLR 2.0.50727; Media Center PC 5.0; .NET CLR 3.0.04506; .NET CLR 1.1.4322)" "site.musotica.com"
24.56.204.79 - - [09/Sep/2008:05:26:58 -0700] "GET /scripts/dpv.js HTTP/1.1" 200 1545 "http://musotica.com/secrli.html" "Mozilla/5.0 (Windows; U; Windows NT 5.1; en-US; rv:1.9.0.1) Gecko/2008070208 Firefox/3.0.1" "site.musotica.com"
24.56.204.79 - - [09/Sep/2008:05:26:59 -0700] "GET /musotica/images/lingeris.jpg HTTP/1.1" 200 17260 "http://musotica.com/secrli.html" "Mozilla/5.0 (Windows; U; Windows NT 5.1; en-US; rv:1.9.0.1) Gecko/2008070208 Firefox/3.0.1" "site.musotica.com"
121.162.188.158 - - [09/Sep/2008:05:26:59 -0700] "GET /style/rolldiv-ie.css HTTP/1.1" 304 - "http://musotica.com/seligilo.html" "Mozilla/4.0 (compatible; MSIE 7.0; Windows NT 6.0; SLCC1; .NET CLR 2.0.50727; Media Center PC 5.0; .NET CLR 3.0.04506; .NET CLR 1.1.4322)" "site.musotica.com"
24.56.204.79 - - [09/Sep/2008:05:26:59 -0700] "GET /musotica/images/spacer.gif HTTP/1.1" 404 275 "http://musotica.com/secrli.html" "Mozilla/5.0 (Windows; U; Windows NT 5.1; en-US; rv:1.9.0.1) Gecko/2008070208 Firefox/3.0.1" "site.musotica.com"
24.56.204.79 - - [09/Sep/2008:05:26:59 -0700] "GET /musotica/images/bannerdot.gif HTTP/1.1" 200 49 "http://site.musotica.com/musotica/style/style.css" "Mozilla/5.0 (Windows; U; Windows NT 5.1; en-US; rv:1.9.0.1) Gecko/2008070208 Firefox/3.0.1" "site.musotica.com"
24.56.204.79 - - [09/Sep/2008:05:26:59 -0700] "GET /musotica/images/newgreendot.gif HTTP/1.1" 200 49 "http://site.musotica.com/musotica/style/style.css" "Mozilla/5.0 (Windows; U; Windows NT 5.1; en-US; rv:1.9.0.1) Gecko/2008070208 Firefox/3.0.1" "site.musotica.com"
24.56.204.79 - - [09/Sep/2008:05:26:59 -0700] "GET /musotica/images/clubwear.jpg HTTP/1.1" 200 15480 "http://musotica.com/secrli.html" "Mozilla/5.0 (Windows; U; Windows NT 5.1; en-US; rv:1.9.0.1) Gecko/2008070208 Firefox/3.0.1" "site.musotica.com"
24.56.204.79 - - [09/Sep/2008:05:26:59 -0700] "GET /musotica/images/stockings.jpg HTTP/1.1" 200 15303 "http://musotica.com/secrli.html" "Mozilla/5.0 (Windows; U; Windows NT 5.1; en-US; rv:1.9.0.1) Gecko/2008070208 Firefox/3.0.1" "site.musotica.com"
121.162.188.158 - - [09/Sep/2008:05:26:59 -0700] "GET /scripts/rolldiv.js HTTP/1.1" 304 - "http://musotica.com/seligilo.html" "Mozilla/4.0 (compatible; MSIE 7.0; Windows NT 6.0; SLCC1; .NET CLR 2.0.50727; Media Center PC 5.0; .NET CLR 3.0.04506; .NET CLR 1.1.4322)" "site.musotica.com"
24.56.204.79 - - [09/Sep/2008:05:27:00 -0700] "GET /musotica/images/pay.jpg HTTP/1.1" 200 13131 "http://musotica.com/secrli.html" "Mozilla/5.0 (Windows; U; Windows NT 5.1; en-US; rv:1.9.0.1) Gecko/2008070208 Firefox/3.0.1" "site.musotica.com"
24.56.204.79 - - [09/Sep/2008:05:27:00 -0700] "GET /musotica/images/ss.jpg HTTP/1.1" 200 5500 "http://musotica.com/secrli.html" "Mozilla/5.0 (Windows; U; Windows NT 5.1; en-US; rv:1.9.0.1) Gecko/2008070208 Firefox/3.0.1" "site.musotica.com"
24.56.204.79 - - [09/Sep/2008:05:27:00 -0700] "GET /musotica/images/shoes.jpg HTTP/1.1" 200 14412 "http://musotica.com/secrli.html" "Mozilla/5.0 (Windows; U; Windows NT 5.1; en-US; rv:1.9.0.1) Gecko/2008070208 Firefox/3.0.1" "site.musotica.com"
121.162.188.158 - - [09/Sep/2008:05:27:00 -0700] "GET /scripts/cookies.js HTTP/1.1" 304 - "http://musotica.com/seligilo.html" "Mozilla/4.0 (compatible; MSIE 7.0; Windows NT 6.0; SLCC1; .NET CLR 2.0.50727; Media Center PC 5.0; .NET CLR 3.0.04506; .NET CLR 1.1.4322)" "site.musotica.com"
24.56.204.79 - - [09/Sep/2008:05:27:00 -0700] "GET /musotica/images/accessories.jpg HTTP/1.1" 200 17113 "http://musotica.com/secrli.html" "Mozilla/5.0 (Windows; U; Windows NT 5.1; en-US; rv:1.9.0.1) Gecko/2008070208 Firefox/3.0.1" "site.musotica.com"
121.162.188.158 - - [09/Sep/2008:05:27:00 -0700] "GET /scripts/pagging-inner.js HTTP/1.1" 304 - "http://musotica.com/seligilo.html" "Mozilla/4.0 (compatible; MSIE 7.0; Windows NT 6.0; SLCC1; .NET CLR 2.0.50727; Media Center PC 5.0; .NET CLR 3.0.04506; .NET CLR 1.1.4322)" "site.musotica.com"
121.162.188.158 - - [09/Sep/2008:05:27:01 -0700] "GET /scripts/dpv.js HTTP/1.1" 304 - "http://musotica.com/seligilo.html" "Mozilla/4.0 (compatible; MSIE 7.0; Windows NT 6.0; SLCC1; .NET CLR 2.0.50727; Media Center PC 5.0; .NET CLR 3.0.04506; .NET CLR 1.1.4322)" "site.musotica.com"
121.162.188.158 - - [09/Sep/2008:05:27:02 -0700] "GET /musotica/images/spacer.gif HTTP/1.1" 404 275 "http://musotica.com/seligilo.html" "Mozilla/4.0 (compatible; MSIE 7.0; Windows NT 6.0; SLCC1; .NET CLR 2.0.50727; Media Center PC 5.0; .NET CLR 3.0.04506; .NET CLR 1.1.4322)" "site.musotica.com"
24.56.204.79 - - [09/Sep/2008:05:27:23 -0700] "GET /musotica/images/spacer.gif HTTP/1.1" 404 275 "http://musotica.com/plussize1.html" "Mozilla/5.0 (Windows; U; Windows NT 5.1; en-US; rv:1.9.0.1) Gecko/2008070208 Firefox/3.0.1" "site.musotica.com"
