195.189.142.246 - - [09/Sep/2008:05:35:23 -0700] "GET /scripts/pagging-inner.js HTTP/1.1" 200 24676 "http://musotica.com/jewelry.html" "Opera/9.50 (J2ME/MIDP; Opera Mini/4.1.11355/546; U; en)" "site.musotica.com"
195.189.142.246 - - [09/Sep/2008:05:35:24 -0700] "GET /scripts/dpv.js HTTP/1.1" 200 1545 "http://musotica.com/jewelry.html" "Opera/9.50 (J2ME/MIDP; Opera Mini/4.1.11355/546; U; en)" "site.musotica.com"
195.189.142.246 - - [09/Sep/2008:05:35:24 -0700] "GET /musotica/images/bookmark.gif HTTP/1.1" 200 124 "http://musotica.com/jewelry.html" "Opera/9.50 (J2ME/MIDP; Opera Mini/4.1.11355/546; U; en)" "site.musotica.com"
195.189.142.246 - - [09/Sep/2008:05:35:24 -0700] "GET /musotica/images/phone.gif HTTP/1.1" 200 385 "http://musotica.com/jewelry.html" "Opera/9.50 (J2ME/MIDP; Opera Mini/4.1.11355/546; U; en)" "site.musotica.com"
195.189.142.246 - - [09/Sep/2008:05:35:24 -0700] "GET /musotica/images/shop.gif HTTP/1.1" 200 83 "http://musotica.com/jewelry.html" "Opera/9.50 (J2ME/MIDP; Opera Mini/4.1.11355/546; U; en)" "site.musotica.com"
195.189.142.246 - - [09/Sep/2008:05:35:24 -0700] "GET /musotica/images/search.gif HTTP/1.1" 200 1538 "http://musotica.com/jewelry.html" "Opera/9.50 (J2ME/MIDP; Opera Mini/4.1.11355/546; U; en)" "site.musotica.com"
195.189.142.246 - - [09/Sep/2008:05:35:24 -0700] "GET /musotica/images/head_strip.gif HTTP/1.1" 200 63 "http://musotica.com/jewelry.html" "Opera/9.50 (J2ME/MIDP; Opera Mini/4.1.11355/546; U; en)" "site.musotica.com"
195.189.142.246 - - [09/Sep/2008:05:35:24 -0700] "GET /musotica/images/go.gif HTTP/1.1" 200 731 "http://musotica.com/jewelry.html" "Opera/9.50 (J2ME/MIDP; Opera Mini/4.1.11355/546; U; en)" "site.musotica.com"
195.189.142.246 - - [09/Sep/2008:05:35:24 -0700] "GET /musotica/images/tell.gif HTTP/1.1" 200 67 "http://musotica.com/jewelry.html" "Opera/9.50 (J2ME/MIDP; Opera Mini/4.1.11355/546; U; en)" "site.musotica.com"
195.189.142.246 - - [09/Sep/2008:05:35:24 -0700] "GET /musotica/images/home.gif HTTP/1.1" 200 70 "http://musotica.com/jewelry.html" "Opera/9.50 (J2ME/MIDP; Opera Mini/4.1.11355/546; U; en)" "site.musotica.com"
195.189.142.246 - - [09/Sep/2008:05:35:24 -0700] "GET /musotica/images/logo.gif HTTP/1.1" 200 2006 "http://musotica.com/jewelry.html" "Opera/9.50 (J2ME/MIDP; Opera Mini/4.1.11355/546; U; en)" "site.musotica.com"
195.189.142.246 - - [09/Sep/2008:05:35:24 -0700] "GET /musotica/images/newdot.gif HTTP/1.1" 200 62 "http://musotica.com/jewelry.html" "Opera/9.50 (J2ME/MIDP; Opera Mini/4.1.11355/546; U; en)" "site.musotica.com"
195.189.142.246 - - [09/Sep/2008:05:35:24 -0700] "GET /musotica/images/stockings.jpg HTTP/1.1" 200 15303 "http://musotica.com/jewelry.html" "Opera/9.50 (J2ME/MIDP; Opera Mini/4.1.11355/546; U; en)" "site.musotica.com"
195.189.142.246 - - [09/Sep/2008:05:35:24 -0700] "GET /musotica/images/midline.gif HTTP/1.1" 200 49 "http://musotica.com/jewelry.html" "Opera/9.50 (J2ME/MIDP; Opera Mini/4.1.11355/546; U; en)" "site.musotica.com"
195.189.142.246 - - [09/Sep/2008:05:35:24 -0700] "GET /musotica/images/clubwear.jpg HTTP/1.1" 200 15480 "http://musotica.com/jewelry.html" "Opera/9.50 (J2ME/MIDP; Opera Mini/4.1.11355/546; U; en)" "site.musotica.com"
195.189.142.246 - - [09/Sep/2008:05:35:24 -0700] "GET /musotica/images/accessories.jpg HTTP/1.1" 200 17113 "http://musotica.com/jewelry.html" "Opera/9.50 (J2ME/MIDP; Opera Mini/4.1.11355/546; U; en)" "site.musotica.com"
195.189.142.246 - - [09/Sep/2008:05:35:24 -0700] "GET /musotica/images/shoes.jpg HTTP/1.1" 200 14412 "http://musotica.com/jewelry.html" "Opera/9.50 (J2ME/MIDP; Opera Mini/4.1.11355/546; U; en)" "site.musotica.com"
195.189.142.246 - - [09/Sep/2008:05:35:24 -0700] "GET /musotica/images/bannerdot.gif HTTP/1.1" 200 49 "http://musotica.com/jewelry.html" "Opera/9.50 (J2ME/MIDP; Opera Mini/4.1.11355/546; U; en)" "site.musotica.com"
195.189.142.246 - - [09/Sep/2008:05:35:24 -0700] "GET /musotica/images/arrow.gif HTTP/1.1" 200 61 "http://musotica.com/jewelry.html" "Opera/9.50 (J2ME/MIDP; Opera Mini/4.1.11355/546; U; en)" "site.musotica.com"
195.189.142.246 - - [09/Sep/2008:05:35:24 -0700] "GET /musotica/images/newgreendot.gif HTTP/1.1" 200 49 "http://musotica.com/jewelry.html" "Opera/9.50 (J2ME/MIDP; Opera Mini/4.1.11355/546; U; en)" "site.musotica.com"
195.189.142.246 - - [09/Sep/2008:05:35:24 -0700] "GET /musotica/images/lingeris.jpg HTTP/1.1" 200 17260 "http://musotica.com/jewelry.html" "Opera/9.50 (J2ME/MIDP; Opera Mini/4.1.11355/546; U; en)" "site.musotica.com"
195.189.142.246 - - [09/Sep/2008:05:35:24 -0700] "GET /musotica/images/spacer.gif HTTP/1.1" 404 275 "http://musotica.com/jewelry.html" "Opera/9.50 (J2ME/MIDP; Opera Mini/4.1.11355/546; U; en)" "site.musotica.com"
195.189.142.246 - - [09/Sep/2008:05:35:25 -0700] "GET /musotica/images/pay.jpg HTTP/1.1" 200 13131 "http://musotica.com/jewelry.html" "Opera/9.50 (J2ME/MIDP; Opera Mini/4.1.11355/546; U; en)" "site.musotica.com"
195.189.142.246 - - [09/Sep/2008:05:35:25 -0700] "GET /musotica/images/ss.jpg HTTP/1.1" 200 5500 "http://musotica.com/jewelry.html" "Opera/9.50 (J2ME/MIDP; Opera Mini/4.1.11355/546; U; en)" "site.musotica.com"
72.231.17.82 - - [09/Sep/2008:05:35:28 -0700] "GET /musotica/style/style.css HTTP/1.1" 200 2675 "http://musotica.com/dancerwear1.html" "Mozilla/5.0 (Windows; U; Windows NT 5.1; en-US; rv:1.9.0.1) Gecko/2008070208 Firefox/3.0.1" "site.musotica.com"
72.231.17.82 - - [09/Sep/2008:05:35:29 -0700] "GET /style/rolldiv-mozilla.css HTTP/1.1" 200 711 "http://musotica.com/dancerwear1.html" "Mozilla/5.0 (Windows; U; Windows NT 5.1; en-US; rv:1.9.0.1) Gecko/2008070208 Firefox/3.0.1" "site.musotica.com"
72.231.17.82 - - [09/Sep/2008:05:35:29 -0700] "GET /scripts/rolldiv.js HTTP/1.1" 200 623 "http://musotica.com/dancerwear1.html" "Mozilla/5.0 (Windows; U; Windows NT 5.1; en-US; rv:1.9.0.1) Gecko/2008070208 Firefox/3.0.1" "site.musotica.com"
72.231.17.82 - - [09/Sep/2008:05:35:29 -0700] "GET /musotica/images/logo.gif HTTP/1.1" 200 2006 "http://musotica.com/dancerwear1.html" "Mozilla/5.0 (Windows; U; Windows NT 5.1; en-US; rv:1.9.0.1) Gecko/2008070208 Firefox/3.0.1" "site.musotica.com"
72.231.17.82 - - [09/Sep/2008:05:35:29 -0700] "GET /musotica/images/phone.gif HTTP/1.1" 200 385 "http://musotica.com/dancerwear1.html" "Mozilla/5.0 (Windows; U; Windows NT 5.1; en-US; rv:1.9.0.1) Gecko/2008070208 Firefox/3.0.1" "site.musotica.com"
72.231.17.82 - - [09/Sep/2008:05:35:29 -0700] "GET /musotica/images/home.gif HTTP/1.1" 200 70 "http://musotica.com/dancerwear1.html" "Mozilla/5.0 (Windows; U; Windows NT 5.1; en-US; rv:1.9.0.1) Gecko/2008070208 Firefox/3.0.1" "site.musotica.com"
72.231.17.82 - - [09/Sep/2008:05:35:29 -0700] "GET /musotica/images/tell.gif HTTP/1.1" 200 67 "http://musotica.com/dancerwear1.html" "Mozilla/5.0 (Windows; U; Windows NT 5.1; en-US; rv:1.9.0.1) Gecko/2008070208 Firefox/3.0.1" "site.musotica.com"
72.231.17.82 - - [09/Sep/2008:05:35:29 -0700] "GET /musotica/images/bookmark.gif HTTP/1.1" 200 124 "http://musotica.com/dancerwear1.html" "Mozilla/5.0 (Windows; U; Windows NT 5.1; en-US; rv:1.9.0.1) Gecko/2008070208 Firefox/3.0.1" "site.musotica.com"
72.231.17.82 - - [09/Sep/2008:05:35:29 -0700] "GET /musotica/images/go.gif HTTP/1.1" 200 731 "http://musotica.com/dancerwear1.html" "Mozilla/5.0 (Windows; U; Windows NT 5.1; en-US; rv:1.9.0.1) Gecko/2008070208 Firefox/3.0.1" "site.musotica.com"
72.231.17.82 - - [09/Sep/2008:05:35:29 -0700] "GET /musotica/images/arrow.gif HTTP/1.1" 200 61 "http://musotica.com/dancerwear1.html" "Mozilla/5.0 (Windows; U; Windows NT 5.1; en-US; rv:1.9.0.1) Gecko/2008070208 Firefox/3.0.1" "site.musotica.com"
72.231.17.82 - - [09/Sep/2008:05:35:29 -0700] "GET /musotica/images/shop.gif HTTP/1.1" 200 83 "http://musotica.com/dancerwear1.html" "Mozilla/5.0 (Windows; U; Windows NT 5.1; en-US; rv:1.9.0.1) Gecko/2008070208 Firefox/3.0.1" "site.musotica.com"
72.231.17.82 - - [09/Sep/2008:05:35:29 -0700] "GET /musotica/images/head_strip.gif HTTP/1.1" 200 63 "http://site.musotica.com/musotica/style/style.css" "Mozilla/5.0 (Windows; U; Windows NT 5.1; en-US; rv:1.9.0.1) Gecko/2008070208 Firefox/3.0.1" "site.musotica.com"
72.231.17.82 - - [09/Sep/2008:05:35:29 -0700] "GET /musotica/images/newdot.gif HTTP/1.1" 200 62 "http://site.musotica.com/musotica/style/style.css" "Mozilla/5.0 (Windows; U; Windows NT 5.1; en-US; rv:1.9.0.1) Gecko/2008070208 Firefox/3.0.1" "site.musotica.com"
72.231.17.82 - - [09/Sep/2008:05:35:29 -0700] "GET /musotica/images/search.gif HTTP/1.1" 200 1538 "http://site.musotica.com/musotica/style/style.css" "Mozilla/5.0 (Windows; U; Windows NT 5.1; en-US; rv:1.9.0.1) Gecko/2008070208 Firefox/3.0.1" "site.musotica.com"
72.231.17.82 - - [09/Sep/2008:05:35:29 -0700] "GET /musotica/images/midline.gif HTTP/1.1" 200 49 "http://site.musotica.com/musotica/style/style.css" "Mozilla/5.0 (Windows; U; Windows NT 5.1; en-US; rv:1.9.0.1) Gecko/2008070208 Firefox/3.0.1" "site.musotica.com"
72.231.17.82 - - [09/Sep/2008:05:35:29 -0700] "GET /musotica/images/lingeris.jpg HTTP/1.1" 200 17260 "http://musotica.com/dancerwear1.html" "Mozilla/5.0 (Windows; U; Windows NT 5.1; en-US; rv:1.9.0.1) Gecko/2008070208 Firefox/3.0.1" "site.musotica.com"
72.231.17.82 - - [09/Sep/2008:05:35:29 -0700] "GET /musotica/images/spacer.gif HTTP/1.1" 404 275 "http://musotica.com/dancerwear1.html" "Mozilla/5.0 (Windows; U; Windows NT 5.1; en-US; rv:1.9.0.1) Gecko/2008070208 Firefox/3.0.1" "site.musotica.com"
72.231.17.82 - - [09/Sep/2008:05:35:30 -0700] "GET /musotica/images/stockings.jpg HTTP/1.1" 200 15303 "http://musotica.com/dancerwear1.html" "Mozilla/5.0 (Windows; U; Windows NT 5.1; en-US; rv:1.9.0.1) Gecko/2008070208 Firefox/3.0.1" "site.musotica.com"
72.231.17.82 - - [09/Sep/2008:05:35:30 -0700] "GET /musotica/images/shoes.jpg HTTP/1.1" 200 14412 "http://musotica.com/dancerwear1.html" "Mozilla/5.0 (Windows; U; Windows NT 5.1; en-US; rv:1.9.0.1) Gecko/2008070208 Firefox/3.0.1" "site.musotica.com"
72.231.17.82 - - [09/Sep/2008:05:35:30 -0700] "GET /musotica/images/clubwear.jpg HTTP/1.1" 200 15480 "http://musotica.com/dancerwear1.html" "Mozilla/5.0 (Windows; U; Windows NT 5.1; en-US; rv:1.9.0.1) Gecko/2008070208 Firefox/3.0.1" "site.musotica.com"
72.231.17.82 - - [09/Sep/2008:05:35:30 -0700] "GET /musotica/images/pay.jpg HTTP/1.1" 200 13131 "http://musotica.com/dancerwear1.html" "Mozilla/5.0 (Windows; U; Windows NT 5.1; en-US; rv:1.9.0.1) Gecko/2008070208 Firefox/3.0.1" "site.musotica.com"
72.231.17.82 - - [09/Sep/2008:05:35:30 -0700] "GET /musotica/images/ss.jpg HTTP/1.1" 200 5500 "http://musotica.com/dancerwear1.html" "Mozilla/5.0 (Windows; U; Windows NT 5.1; en-US; rv:1.9.0.1) Gecko/2008070208 Firefox/3.0.1" "site.musotica.com"
72.231.17.82 - - [09/Sep/2008:05:35:30 -0700] "GET /musotica/images/accessories.jpg HTTP/1.1" 200 17113 "http://musotica.com/dancerwear1.html" "Mozilla/5.0 (Windows; U; Windows NT 5.1; en-US; rv:1.9.0.1) Gecko/2008070208 Firefox/3.0.1" "site.musotica.com"
72.231.17.82 - - [09/Sep/2008:05:35:30 -0700] "GET /musotica/images/newgreendot.gif HTTP/1.1" 200 49 "http://site.musotica.com/musotica/style/style.css" "Mozilla/5.0 (Windows; U; Windows NT 5.1; en-US; rv:1.9.0.1) Gecko/2008070208 Firefox/3.0.1" "site.musotica.com"
72.231.17.82 - - [09/Sep/2008:05:35:30 -0700] "GET /musotica/images/bannerdot.gif HTTP/1.1" 200 49 "http://site.musotica.com/musotica/style/style.css" "Mozilla/5.0 (Windows; U; Windows NT 5.1; en-US; rv:1.9.0.1) Gecko/2008070208 Firefox/3.0.1" "site.musotica.com"
198.54.202.218 - - [09/Sep/2008:05:35:37 -0700] "GET /musotica/images/spacer.gif HTTP/1.1" 404 275 "http://musotica.com/dancerwear1.html" "Mozilla/5.0 (Windows; U; Windows NT 6.0; en-GB; rv:1.9.0.1) Gecko/2008070208 Firefox/3.0.1" "site.musotica.com"
81.7.102.247 - - [09/Sep/2008:05:35:43 -0700] "GET /musotica/style/style.css HTTP/1.1" 200 2675 "http://musotica.com/newsindex2.html" "Mozilla/4.0 (compatible; MSIE 7.0; Windows NT 5.1; Creative ZENcast v1.02.10)" "site.musotica.com"
81.7.102.247 - - [09/Sep/2008:05:35:43 -0700] "GET /style/rolldiv-ie.css HTTP/1.1" 200 809 "http://musotica.com/newsindex2.html" "Mozilla/4.0 (compatible; MSIE 7.0; Windows NT 5.1; Creative ZENcast v1.02.10)" "site.musotica.com"
81.7.102.247 - - [09/Sep/2008:05:35:43 -0700] "GET /scripts/rolldiv.js HTTP/1.1" 200 623 "http://musotica.com/newsindex2.html" "Mozilla/4.0 (compatible; MSIE 7.0; Windows NT 5.1; Creative ZENcast v1.02.10)" "site.musotica.com"
81.7.102.247 - - [09/Sep/2008:05:35:44 -0700] "GET /musotica/images/logo.gif HTTP/1.1" 200 2006 "http://musotica.com/newsindex2.html" "Mozilla/4.0 (compatible; MSIE 7.0; Windows NT 5.1; Creative ZENcast v1.02.10)" "site.musotica.com"
81.7.102.247 - - [09/Sep/2008:05:35:44 -0700] "GET /musotica/images/phone.gif HTTP/1.1" 200 385 "http://musotica.com/newsindex2.html" "Mozilla/4.0 (compatible; MSIE 7.0; Windows NT 5.1; Creative ZENcast v1.02.10)" "site.musotica.com"
81.7.102.247 - - [09/Sep/2008:05:35:44 -0700] "GET /musotica/images/home.gif HTTP/1.1" 200 70 "http://musotica.com/newsindex2.html" "Mozilla/4.0 (compatible; MSIE 7.0; Windows NT 5.1; Creative ZENcast v1.02.10)" "site.musotica.com"
81.7.102.247 - - [09/Sep/2008:05:35:44 -0700] "GET /musotica/images/tell.gif HTTP/1.1" 200 67 "http://musotica.com/newsindex2.html" "Mozilla/4.0 (compatible; MSIE 7.0; Windows NT 5.1; Creative ZENcast v1.02.10)" "site.musotica.com"
81.7.102.247 - - [09/Sep/2008:05:35:44 -0700] "GET /musotica/images/bookmark.gif HTTP/1.1" 200 124 "http://musotica.com/newsindex2.html" "Mozilla/4.0 (compatible; MSIE 7.0; Windows NT 5.1; Creative ZENcast v1.02.10)" "site.musotica.com"
81.7.102.247 - - [09/Sep/2008:05:35:44 -0700] "GET /musotica/images/go.gif HTTP/1.1" 200 731 "http://musotica.com/newsindex2.html" "Mozilla/4.0 (compatible; MSIE 7.0; Windows NT 5.1; Creative ZENcast v1.02.10)" "site.musotica.com"
81.7.102.247 - - [09/Sep/2008:05:35:45 -0700] "GET /musotica/images/shop.gif HTTP/1.1" 200 83 "http://musotica.com/newsindex2.html" "Mozilla/4.0 (compatible; MSIE 7.0; Windows NT 5.1; Creative ZENcast v1.02.10)" "site.musotica.com"
81.7.102.247 - - [09/Sep/2008:05:35:45 -0700] "GET /musotica/images/arrow.gif HTTP/1.1" 200 61 "http://musotica.com/newsindex2.html" "Mozilla/4.0 (compatible; MSIE 7.0; Windows NT 5.1; Creative ZENcast v1.02.10)" "site.musotica.com"
81.7.102.247 - - [09/Sep/2008:05:35:45 -0700] "GET /musotica/images/head_strip.gif HTTP/1.1" 200 63 "http://musotica.com/newsindex2.html" "Mozilla/4.0 (compatible; MSIE 7.0; Windows NT 5.1; Creative ZENcast v1.02.10)" "site.musotica.com"
81.7.102.247 - - [09/Sep/2008:05:35:45 -0700] "GET /musotica/images/newdot.gif HTTP/1.1" 200 62 "http://musotica.com/newsindex2.html" "Mozilla/4.0 (compatible; MSIE 7.0; Windows NT 5.1; Creative ZENcast v1.02.10)" "site.musotica.com"
81.7.102.247 - - [09/Sep/2008:05:35:45 -0700] "GET /musotica/images/search.gif HTTP/1.1" 200 1538 "http://musotica.com/newsindex2.html" "Mozilla/4.0 (compatible; MSIE 7.0; Windows NT 5.1; Creative ZENcast v1.02.10)" "site.musotica.com"
81.7.102.247 - - [09/Sep/2008:05:35:45 -0700] "GET /musotica/images/midline.gif HTTP/1.1" 200 49 "http://musotica.com/newsindex2.html" "Mozilla/4.0 (compatible; MSIE 7.0; Windows NT 5.1; Creative ZENcast v1.02.10)" "site.musotica.com"
72.231.17.82 - - [09/Sep/2008:05:35:49 -0700] "GET /musotica/images/spacer.gif HTTP/1.1" 404 275 "http://musotica.com/trendylingerie.html" "Mozilla/5.0 (Windows; U; Windows NT 5.1; en-US; rv:1.9.0.1) Gecko/2008070208 Firefox/3.0.1" "site.musotica.com"
72.231.17.82 - - [09/Sep/2008:05:35:50 -0700] "GET /rolldiv-images/header.png HTTP/1.1" 200 730 "http://site.musotica.com/style/rolldiv-mozilla.css" "Mozilla/5.0 (Windows; U; Windows NT 5.1; en-US; rv:1.9.0.1) Gecko/2008070208 Firefox/3.0.1" "site.musotica.com"
72.231.17.82 - - [09/Sep/2008:05:35:50 -0700] "GET /rolldiv-images/footer.png HTTP/1.1" 200 637 "http://site.musotica.com/style/rolldiv-mozilla.css" "Mozilla/5.0 (Windows; U; Windows NT 5.1; en-US; rv:1.9.0.1) Gecko/2008070208 Firefox/3.0.1" "site.musotica.com"
72.231.17.82 - - [09/Sep/2008:05:35:50 -0700] "GET /rolldiv-images/shadow.png HTTP/1.1" 200 175 "http://site.musotica.com/style/rolldiv-mozilla.css" "Mozilla/5.0 (Windows; U; Windows NT 5.1; en-US; rv:1.9.0.1) Gecko/2008070208 Firefox/3.0.1" "site.musotica.com"
81.7.102.247 - - [09/Sep/2008:05:35:51 -0700] "GET /musotica/images/spacer.gif HTTP/1.1" 404 275 "http://musotica.com/newsindex2.html" "Mozilla/4.0 (compatible; MSIE 7.0; Windows NT 5.1; Creative ZENcast v1.02.10)" "site.musotica.com"
81.7.102.247 - - [09/Sep/2008:05:35:51 -0700] "GET /musotica/images/lingeris.jpg HTTP/1.1" 200 17260 "http://musotica.com/newsindex2.html" "Mozilla/4.0 (compatible; MSIE 7.0; Windows NT 5.1; Creative ZENcast v1.02.10)" "site.musotica.com"
81.7.102.247 - - [09/Sep/2008:05:35:51 -0700] "GET /musotica/images/clubwear.jpg HTTP/1.1" 200 15480 "http://musotica.com/newsindex2.html" "Mozilla/4.0 (compatible; MSIE 7.0; Windows NT 5.1; Creative ZENcast v1.02.10)" "site.musotica.com"
81.7.102.247 - - [09/Sep/2008:05:35:53 -0700] "GET /musotica/images/stockings.jpg HTTP/1.1" 200 15303 "http://musotica.com/newsindex2.html" "Mozilla/4.0 (compatible; MSIE 7.0; Windows NT 5.1; Creative ZENcast v1.02.10)" "site.musotica.com"
81.7.102.247 - - [09/Sep/2008:05:35:54 -0700] "GET /musotica/images/shoes.jpg HTTP/1.1" 200 14412 "http://musotica.com/newsindex2.html" "Mozilla/4.0 (compatible; MSIE 7.0; Windows NT 5.1; Creative ZENcast v1.02.10)" "site.musotica.com"
81.7.102.247 - - [09/Sep/2008:05:35:54 -0700] "GET /musotica/images/accessories.jpg HTTP/1.1" 200 17113 "http://musotica.com/newsindex2.html" "Mozilla/4.0 (compatible; MSIE 7.0; Windows NT 5.1; Creative ZENcast v1.02.10)" "site.musotica.com"
81.7.102.247 - - [09/Sep/2008:05:35:55 -0700] "GET /musotica/images/pay.jpg HTTP/1.1" 200 13131 "http://musotica.com/newsindex2.html" "Mozilla/4.0 (compatible; MSIE 7.0; Windows NT 5.1; Creative ZENcast v1.02.10)" "site.musotica.com"
81.7.102.247 - - [09/Sep/2008:05:35:55 -0700] "GET /musotica/images/ss.jpg HTTP/1.1" 200 5500 "http://musotica.com/newsindex2.html" "Mozilla/4.0 (compatible; MSIE 7.0; Windows NT 5.1; Creative ZENcast v1.02.10)" "site.musotica.com"
81.7.102.247 - - [09/Sep/2008:05:35:55 -0700] "GET /musotica/images/bannerdot.gif HTTP/1.1" 200 49 "http://musotica.com/newsindex2.html" "Mozilla/4.0 (compatible; MSIE 7.0; Windows NT 5.1; Creative ZENcast v1.02.10)" "site.musotica.com"
81.7.102.247 - - [09/Sep/2008:05:35:56 -0700] "GET /musotica/images/newgreendot.gif HTTP/1.1" 200 49 "http://musotica.com/newsindex2.html" "Mozilla/4.0 (compatible; MSIE 7.0; Windows NT 5.1; Creative ZENcast v1.02.10)" "site.musotica.com"
212.18.43.13 - - [09/Sep/2008:05:36:30 -0700] "GET /musotica/style/style.css HTTP/1.1" 200 2675 "http://musotica.com/5platformshoes.html" "Mozilla/5.0 (Windows; U; Windows NT 5.1; sl; rv:1.8.1.16) Gecko/20080702 Firefox/2.0.0.16" "site.musotica.com"
72.231.17.82 - - [09/Sep/2008:05:36:30 -0700] "GET /scripts/cookies.js HTTP/1.1" 200 1429 "http://musotica.com/sexybrasets.html" "Mozilla/5.0 (Windows; U; Windows NT 5.1; en-US; rv:1.9.0.1) Gecko/2008070208 Firefox/3.0.1" "site.musotica.com"
72.231.17.82 - - [09/Sep/2008:05:36:30 -0700] "GET /scripts/pagging-inner.js HTTP/1.1" 200 24676 "http://musotica.com/sexybrasets.html" "Mozilla/5.0 (Windows; U; Windows NT 5.1; en-US; rv:1.9.0.1) Gecko/2008070208 Firefox/3.0.1" "site.musotica.com"
72.231.17.82 - - [09/Sep/2008:05:36:31 -0700] "GET /scripts/dpv.js HTTP/1.1" 200 1545 "http://musotica.com/sexybrasets.html" "Mozilla/5.0 (Windows; U; Windows NT 5.1; en-US; rv:1.9.0.1) Gecko/2008070208 Firefox/3.0.1" "site.musotica.com"
72.231.17.82 - - [09/Sep/2008:05:36:31 -0700] "GET /musotica/images/spacer.gif HTTP/1.1" 404 275 "http://musotica.com/sexybrasets.html" "Mozilla/5.0 (Windows; U; Windows NT 5.1; en-US; rv:1.9.0.1) Gecko/2008070208 Firefox/3.0.1" "site.musotica.com"
212.18.43.13 - - [09/Sep/2008:05:36:32 -0700] "GET /style/rolldiv-mozilla.css HTTP/1.1" 200 711 "http://musotica.com/5platformshoes.html" "Mozilla/5.0 (Windows; U; Windows NT 5.1; sl; rv:1.8.1.16) Gecko/20080702 Firefox/2.0.0.16" "site.musotica.com"
212.18.43.13 - - [09/Sep/2008:05:36:32 -0700] "GET /scripts/rolldiv.js HTTP/1.1" 200 623 "http://musotica.com/5platformshoes.html" "Mozilla/5.0 (Windows; U; Windows NT 5.1; sl; rv:1.8.1.16) Gecko/20080702 Firefox/2.0.0.16" "site.musotica.com"
212.18.43.13 - - [09/Sep/2008:05:36:32 -0700] "GET /musotica/images/logo.gif HTTP/1.1" 200 2006 "http://musotica.com/5platformshoes.html" "Mozilla/5.0 (Windows; U; Windows NT 5.1; sl; rv:1.8.1.16) Gecko/20080702 Firefox/2.0.0.16" "site.musotica.com"
212.18.43.13 - - [09/Sep/2008:05:36:32 -0700] "GET /musotica/images/phone.gif HTTP/1.1" 200 385 "http://musotica.com/5platformshoes.html" "Mozilla/5.0 (Windows; U; Windows NT 5.1; sl; rv:1.8.1.16) Gecko/20080702 Firefox/2.0.0.16" "site.musotica.com"
212.18.43.13 - - [09/Sep/2008:05:36:33 -0700] "GET /scripts/cookies.js HTTP/1.1" 200 1429 "http://musotica.com/5platformshoes.html" "Mozilla/5.0 (Windows; U; Windows NT 5.1; sl; rv:1.8.1.16) Gecko/20080702 Firefox/2.0.0.16" "site.musotica.com"
212.18.43.13 - - [09/Sep/2008:05:36:33 -0700] "GET /musotica/images/home.gif HTTP/1.1" 200 70 "http://musotica.com/5platformshoes.html" "Mozilla/5.0 (Windows; U; Windows NT 5.1; sl; rv:1.8.1.16) Gecko/20080702 Firefox/2.0.0.16" "site.musotica.com"
212.18.43.13 - - [09/Sep/2008:05:36:33 -0700] "GET /musotica/images/tell.gif HTTP/1.1" 200 67 "http://musotica.com/5platformshoes.html" "Mozilla/5.0 (Windows; U; Windows NT 5.1; sl; rv:1.8.1.16) Gecko/20080702 Firefox/2.0.0.16" "site.musotica.com"
212.18.43.13 - - [09/Sep/2008:05:36:33 -0700] "GET /scripts/pagging-inner.js HTTP/1.1" 200 24676 "http://musotica.com/5platformshoes.html" "Mozilla/5.0 (Windows; U; Windows NT 5.1; sl; rv:1.8.1.16) Gecko/20080702 Firefox/2.0.0.16" "site.musotica.com"
212.18.43.13 - - [09/Sep/2008:05:36:33 -0700] "GET /musotica/images/bookmark.gif HTTP/1.1" 200 124 "http://musotica.com/5platformshoes.html" "Mozilla/5.0 (Windows; U; Windows NT 5.1; sl; rv:1.8.1.16) Gecko/20080702 Firefox/2.0.0.16" "site.musotica.com"
212.18.43.13 - - [09/Sep/2008:05:36:34 -0700] "GET /musotica/images/go.gif HTTP/1.1" 200 731 "http://musotica.com/5platformshoes.html" "Mozilla/5.0 (Windows; U; Windows NT 5.1; sl; rv:1.8.1.16) Gecko/20080702 Firefox/2.0.0.16" "site.musotica.com"
212.18.43.13 - - [09/Sep/2008:05:36:34 -0700] "GET /musotica/images/shop.gif HTTP/1.1" 200 83 "http://musotica.com/5platformshoes.html" "Mozilla/5.0 (Windows; U; Windows NT 5.1; sl; rv:1.8.1.16) Gecko/20080702 Firefox/2.0.0.16" "site.musotica.com"
212.18.43.13 - - [09/Sep/2008:05:36:34 -0700] "GET /scripts/dpv.js HTTP/1.1" 200 1545 "http://musotica.com/5platformshoes.html" "Mozilla/5.0 (Windows; U; Windows NT 5.1; sl; rv:1.8.1.16) Gecko/20080702 Firefox/2.0.0.16" "site.musotica.com"
212.18.43.13 - - [09/Sep/2008:05:36:34 -0700] "GET /musotica/images/arrow.gif HTTP/1.1" 200 61 "http://musotica.com/5platformshoes.html" "Mozilla/5.0 (Windows; U; Windows NT 5.1; sl; rv:1.8.1.16) Gecko/20080702 Firefox/2.0.0.16" "site.musotica.com"
81.7.102.247 - - [09/Sep/2008:05:36:34 -0700] "GET /rolldiv-images/shadow.png HTTP/1.1" 200 175 "-" "Mozilla/4.0 (compatible; MSIE 7.0; Windows NT 5.1; Creative ZENcast v1.02.10)" "site.musotica.com"
212.18.43.13 - - [09/Sep/2008:05:36:34 -0700] "GET /musotica/images/head_strip.gif HTTP/1.1" 200 63 "http://site.musotica.com/musotica/style/style.css" "Mozilla/5.0 (Windows; U; Windows NT 5.1; sl; rv:1.8.1.16) Gecko/20080702 Firefox/2.0.0.16" "site.musotica.com"
212.18.43.13 - - [09/Sep/2008:05:36:34 -0700] "GET /musotica/images/lingeris.jpg HTTP/1.1" 200 17260 "http://musotica.com/5platformshoes.html" "Mozilla/5.0 (Windows; U; Windows NT 5.1; sl; rv:1.8.1.16) Gecko/20080702 Firefox/2.0.0.16" "site.musotica.com"
212.18.43.13 - - [09/Sep/2008:05:36:35 -0700] "GET /musotica/images/spacer.gif HTTP/1.1" 404 275 "http://musotica.com/5platformshoes.html" "Mozilla/5.0 (Windows; U; Windows NT 5.1; sl; rv:1.8.1.16) Gecko/20080702 Firefox/2.0.0.16" "site.musotica.com"
81.7.102.247 - - [09/Sep/2008:05:36:35 -0700] "GET /musotica/images/spacer.gif HTTP/1.1" 404 275 "http://musotica.com/trendylingerie.html" "Mozilla/4.0 (compatible; MSIE 7.0; Windows NT 5.1; Creative ZENcast v1.02.10)" "site.musotica.com"
212.18.43.13 - - [09/Sep/2008:05:36:35 -0700] "GET /musotica/images/clubwear.jpg HTTP/1.1" 200 15480 "http://musotica.com/5platformshoes.html" "Mozilla/5.0 (Windows; U; Windows NT 5.1; sl; rv:1.8.1.16) Gecko/20080702 Firefox/2.0.0.16" "site.musotica.com"
212.18.43.13 - - [09/Sep/2008:05:36:35 -0700] "GET /musotica/images/stockings.jpg HTTP/1.1" 200 15303 "http://musotica.com/5platformshoes.html" "Mozilla/5.0 (Windows; U; Windows NT 5.1; sl; rv:1.8.1.16) Gecko/20080702 Firefox/2.0.0.16" "site.musotica.com"
212.18.43.13 - - [09/Sep/2008:05:36:36 -0700] "GET /musotica/images/shoes.jpg HTTP/1.1" 200 14412 "http://musotica.com/5platformshoes.html" "Mozilla/5.0 (Windows; U; Windows NT 5.1; sl; rv:1.8.1.16) Gecko/20080702 Firefox/2.0.0.16" "site.musotica.com"
212.18.43.13 - - [09/Sep/2008:05:36:36 -0700] "GET /musotica/images/accessories.jpg HTTP/1.1" 200 17113 "http://musotica.com/5platformshoes.html" "Mozilla/5.0 (Windows; U; Windows NT 5.1; sl; rv:1.8.1.16) Gecko/20080702 Firefox/2.0.0.16" "site.musotica.com"
212.18.43.13 - - [09/Sep/2008:05:36:36 -0700] "GET /musotica/images/pay.jpg HTTP/1.1" 200 13131 "http://musotica.com/5platformshoes.html" "Mozilla/5.0 (Windows; U; Windows NT 5.1; sl; rv:1.8.1.16) Gecko/20080702 Firefox/2.0.0.16" "site.musotica.com"
212.18.43.13 - - [09/Sep/2008:05:36:37 -0700] "GET /musotica/images/ss.jpg HTTP/1.1" 200 5500 "http://musotica.com/5platformshoes.html" "Mozilla/5.0 (Windows; U; Windows NT 5.1; sl; rv:1.8.1.16) Gecko/20080702 Firefox/2.0.0.16" "site.musotica.com"
212.18.43.13 - - [09/Sep/2008:05:36:37 -0700] "GET /musotica/images/newdot.gif HTTP/1.1" 200 62 "http://site.musotica.com/musotica/style/style.css" "Mozilla/5.0 (Windows; U; Windows NT 5.1; sl; rv:1.8.1.16) Gecko/20080702 Firefox/2.0.0.16" "site.musotica.com"
212.18.43.13 - - [09/Sep/2008:05:36:37 -0700] "GET /musotica/images/search.gif HTTP/1.1" 200 1538 "http://site.musotica.com/musotica/style/style.css" "Mozilla/5.0 (Windows; U; Windows NT 5.1; sl; rv:1.8.1.16) Gecko/20080702 Firefox/2.0.0.16" "site.musotica.com"
212.18.43.13 - - [09/Sep/2008:05:36:37 -0700] "GET /musotica/images/midline.gif HTTP/1.1" 200 49 "http://site.musotica.com/musotica/style/style.css" "Mozilla/5.0 (Windows; U; Windows NT 5.1; sl; rv:1.8.1.16) Gecko/20080702 Firefox/2.0.0.16" "site.musotica.com"
212.18.43.13 - - [09/Sep/2008:05:36:37 -0700] "GET /musotica/images/bannerdot.gif HTTP/1.1" 200 49 "http://site.musotica.com/musotica/style/style.css" "Mozilla/5.0 (Windows; U; Windows NT 5.1; sl; rv:1.8.1.16) Gecko/20080702 Firefox/2.0.0.16" "site.musotica.com"
212.18.43.13 - - [09/Sep/2008:05:36:38 -0700] "GET /musotica/images/newgreendot.gif HTTP/1.1" 200 49 "http://site.musotica.com/musotica/style/style.css" "Mozilla/5.0 (Windows; U; Windows NT 5.1; sl; rv:1.8.1.16) Gecko/20080702 Firefox/2.0.0.16" "site.musotica.com"
116.71.172.224 - - [09/Sep/2008:05:36:39 -0700] "GET /musotica/style/style.css HTTP/1.1" 304 - "http://musotica.com/privacypolicy.html" "Mozilla/4.0 (compatible; MSIE 6.0; Windows NT 5.1; SV1)" "site.musotica.com"
81.7.102.247 - - [09/Sep/2008:05:36:39 -0700] "GET /rolldiv-images/header.png HTTP/1.1" 200 730 "-" "Mozilla/4.0 (compatible; MSIE 7.0; Windows NT 5.1; Creative ZENcast v1.02.10)" "site.musotica.com"
81.7.102.247 - - [09/Sep/2008:05:36:40 -0700] "GET /rolldiv-images/footer.png HTTP/1.1" 200 637 "-" "Mozilla/4.0 (compatible; MSIE 7.0; Windows NT 5.1; Creative ZENcast v1.02.10)" "site.musotica.com"
116.71.172.224 - - [09/Sep/2008:05:36:40 -0700] "GET /musotica/images/spacer.gif HTTP/1.1" 404 275 "http://musotica.com/privacypolicy.html" "Mozilla/4.0 (compatible; MSIE 6.0; Windows NT 5.1; SV1)" "site.musotica.com"
84.203.192.234 - - [09/Sep/2008:05:36:49 -0700] "GET /musotica/style/style.css HTTP/1.1" 304 - "http://musotica.com/sexynavygirls.html" "Mozilla/4.0 (compatible; MSIE 6.0; Windows NT 5.1; SV1; .NET CLR 1.1.4322)" "site.musotica.com"
84.203.192.234 - - [09/Sep/2008:05:36:50 -0700] "GET /style/rolldiv-ie.css HTTP/1.1" 304 - "http://musotica.com/sexynavygirls.html" "Mozilla/4.0 (compatible; MSIE 6.0; Windows NT 5.1; SV1; .NET CLR 1.1.4322)" "site.musotica.com"
84.203.192.234 - - [09/Sep/2008:05:36:50 -0700] "GET /scripts/rolldiv.js HTTP/1.1" 304 - "http://musotica.com/sexynavygirls.html" "Mozilla/4.0 (compatible; MSIE 6.0; Windows NT 5.1; SV1; .NET CLR 1.1.4322)" "site.musotica.com"
116.71.172.224 - - [09/Sep/2008:05:36:50 -0700] "GET /style/rolldiv-ie.css HTTP/1.1" 304 - "http://musotica.com/returnpolicy.html" "Mozilla/4.0 (compatible; MSIE 6.0; Windows NT 5.1; SV1)" "site.musotica.com"
116.71.172.224 - - [09/Sep/2008:05:36:50 -0700] "GET /scripts/rolldiv.js HTTP/1.1" 304 - "http://musotica.com/returnpolicy.html" "Mozilla/4.0 (compatible; MSIE 6.0; Windows NT 5.1; SV1)" "site.musotica.com"
84.203.192.234 - - [09/Sep/2008:05:36:51 -0700] "GET /scripts/cookies.js HTTP/1.1" 304 - "http://musotica.com/sexynavygirls.html" "Mozilla/4.0 (compatible; MSIE 6.0; Windows NT 5.1; SV1; .NET CLR 1.1.4322)" "site.musotica.com"
116.71.172.224 - - [09/Sep/2008:05:36:51 -0700] "GET /musotica/images/spacer.gif HTTP/1.1" 404 275 "http://musotica.com/returnpolicy.html" "Mozilla/4.0 (compatible; MSIE 6.0; Windows NT 5.1; SV1)" "site.musotica.com"
84.203.192.234 - - [09/Sep/2008:05:36:51 -0700] "GET /scripts/pagging-inner.js HTTP/1.1" 304 - "http://musotica.com/sexynavygirls.html" "Mozilla/4.0 (compatible; MSIE 6.0; Windows NT 5.1; SV1; .NET CLR 1.1.4322)" "site.musotica.com"
84.203.192.234 - - [09/Sep/2008:05:36:51 -0700] "GET /scripts/dpv.js HTTP/1.1" 304 - "http://musotica.com/sexynavygirls.html" "Mozilla/4.0 (compatible; MSIE 6.0; Windows NT 5.1; SV1; .NET CLR 1.1.4322)" "site.musotica.com"
84.203.192.234 - - [09/Sep/2008:05:36:53 -0700] "GET /musotica/images/spacer.gif HTTP/1.1" 404 275 "http://musotica.com/sexynavygirls.html" "Mozilla/4.0 (compatible; MSIE 6.0; Windows NT 5.1; SV1; .NET CLR 1.1.4322)" "site.musotica.com"
72.231.17.82 - - [09/Sep/2008:05:36:54 -0700] "GET /musotica/images/spacer.gif HTTP/1.1" 404 275 "http://musotica.com/trendylingerie.html" "Mozilla/5.0 (Windows; U; Windows NT 5.1; en-US; rv:1.9.0.1) Gecko/2008070208 Firefox/3.0.1" "site.musotica.com"
72.231.17.82 - - [09/Sep/2008:05:37:00 -0700] "GET /musotica/images/spacer.gif HTTP/1.1" 404 275 "http://musotica.com/sepaandbo.html" "Mozilla/5.0 (Windows; U; Windows NT 5.1; en-US; rv:1.9.0.1) Gecko/2008070208 Firefox/3.0.1" "site.musotica.com"
84.203.192.234 - - [09/Sep/2008:05:37:01 -0700] "GET /scripts/paging-images/images/spacer.gif HTTP/1.1" 404 275 "http://musotica.com/sesacosehaco.html" "Mozilla/4.0 (compatible; MSIE 6.0; Windows NT 5.1; SV1; .NET CLR 1.1.4322)" "site.musotica.com"
81.7.102.247 - - [09/Sep/2008:05:37:02 -0700] "GET /musotica/images/spacer.gif HTTP/1.1" 404 275 "http://musotica.com/newsindex2.html" "Mozilla/4.0 (compatible; MSIE 7.0; Windows NT 5.1; Creative ZENcast v1.02.10)" "site.musotica.com"
84.203.192.234 - - [09/Sep/2008:05:37:02 -0700] "GET /musotica/images/spacer.gif HTTP/1.1" 404 275 "http://musotica.com/sesacosehaco.html" "Mozilla/4.0 (compatible; MSIE 6.0; Windows NT 5.1; SV1; .NET CLR 1.1.4322)" "site.musotica.com"
195.189.142.246 - - [09/Sep/2008:05:37:06 -0700] "GET /scripts/paging-images/images/spacer.gif HTTP/1.1" 404 275 "http://musotica.com/serhbra.html" "Opera/9.50 (J2ME/MIDP; Opera Mini/4.1.11355/546; U; en)" "site.musotica.com"
65.54.154.26 - - [09/Sep/2008:05:37:08 -0700] "GET /musotica/style/style.css HTTP/1.0" 304 - "http://musotica.com/brrulaskset.html" "Mozilla/4.0 (compatible; MSIE 7.0; Windows NT 5.1; .NET CLR 1.1.4322)" "site.musotica.com"
195.189.142.246 - - [09/Sep/2008:05:37:08 -0700] "GET /musotica/images/spacer.gif HTTP/1.1" 404 275 "http://musotica.com/serhbra.html" "Opera/9.50 (J2ME/MIDP; Opera Mini/4.1.11355/546; U; en)" "site.musotica.com"
65.54.154.26 - - [09/Sep/2008:05:37:08 -0700] "GET /style/rolldiv-ie.css HTTP/1.0" 304 - "http://musotica.com/brrulaskset.html" "Mozilla/4.0 (compatible; MSIE 7.0; Windows NT 5.1; .NET CLR 1.1.4322)" "site.musotica.com"
65.54.154.26 - - [09/Sep/2008:05:37:08 -0700] "GET /scripts/rolldiv.js HTTP/1.0" 304 - "http://musotica.com/brrulaskset.html" "Mozilla/4.0 (compatible; MSIE 7.0; Windows NT 5.1; .NET CLR 1.1.4322)" "site.musotica.com"
65.54.154.26 - - [09/Sep/2008:05:37:09 -0700] "GET /scripts/paging-images/images/spacer.gif HTTP/1.0" 404 275 "http://musotica.com/brrulaskset.html" "Mozilla/4.0 (compatible; MSIE 7.0; Windows NT 5.1; .NET CLR 1.1.4322)" "site.musotica.com"
116.71.172.224 - - [09/Sep/2008:05:37:10 -0700] "GET /musotica/images/spacer.gif HTTP/1.1" 404 275 "http://musotica.com/faq.html" "Mozilla/4.0 (compatible; MSIE 6.0; Windows NT 5.1; SV1)" "site.musotica.com"
65.54.154.26 - - [09/Sep/2008:05:37:12 -0700] "GET /musotica/images/spacer.gif HTTP/1.0" 404 275 "http://musotica.com/brrulaskset.html" "Mozilla/4.0 (compatible; MSIE 7.0; Windows NT 5.1; .NET CLR 1.1.4322)" "site.musotica.com"
116.71.172.224 - - [09/Sep/2008:05:37:15 -0700] "GET /musotica/images/spacer.gif HTTP/1.1" 404 275 "http://musotica.com/returnpolicy.html" "Mozilla/4.0 (compatible; MSIE 6.0; Windows NT 5.1; SV1)" "site.musotica.com"
84.203.192.234 - - [09/Sep/2008:05:37:17 -0700] "GET /musotica/images/spacer.gif HTTP/1.1" 404 275 "http://musotica.com/sexynavygirls.html" "Mozilla/4.0 (compatible; MSIE 6.0; Windows NT 5.1; SV1; .NET CLR 1.1.4322)" "site.musotica.com"
116.71.172.224 - - [09/Sep/2008:05:37:19 -0700] "GET /musotica/images/spacer.gif HTTP/1.1" 404 275 "http://musotica.com/aboutus.html" "Mozilla/4.0 (compatible; MSIE 6.0; Windows NT 5.1; SV1)" "site.musotica.com"
72.231.17.82 - - [09/Sep/2008:05:37:21 -0700] "GET /musotica/images/spacer.gif HTTP/1.1" 404 275 "http://musotica.com/accessories.html" "Mozilla/5.0 (Windows; U; Windows NT 5.1; en-US; rv:1.9.0.1) Gecko/2008070208 Firefox/3.0.1" "site.musotica.com"
65.54.154.26 - - [09/Sep/2008:05:37:21 -0700] "GET /musotica/style/style.css HTTP/1.0" 304 - "http://musotica.com/yemeskset.html" "Mozilla/4.0 (compatible; MSIE 7.0; Windows NT 5.1; .NET CLR 1.1.4322)" "site.musotica.com"
65.54.154.26 - - [09/Sep/2008:05:37:22 -0700] "GET /style/rolldiv-ie.css HTTP/1.0" 304 - "http://musotica.com/yemeskset.html" "Mozilla/4.0 (compatible; MSIE 7.0; Windows NT 5.1; .NET CLR 1.1.4322)" "site.musotica.com"
65.54.154.26 - - [09/Sep/2008:05:37:22 -0700] "GET /scripts/rolldiv.js HTTP/1.0" 304 - "http://musotica.com/yemeskset.html" "Mozilla/4.0 (compatible; MSIE 7.0; Windows NT 5.1; .NET CLR 1.1.4322)" "site.musotica.com"
65.54.154.26 - - [09/Sep/2008:05:37:23 -0700] "GET /scripts/paging-images/images/spacer.gif HTTP/1.0" 404 275 "http://musotica.com/yemeskset.html" "Mozilla/4.0 (compatible; MSIE 7.0; Windows NT 5.1; .NET CLR 1.1.4322)" "site.musotica.com"
65.54.154.26 - - [09/Sep/2008:05:37:23 -0700] "GET /musotica/images/spacer.gif HTTP/1.0" 404 275 "http://musotica.com/yemeskset.html" "Mozilla/4.0 (compatible; MSIE 7.0; Windows NT 5.1; .NET CLR 1.1.4322)" "site.musotica.com"
69.130.227.146 - - [09/Sep/2008:05:37:33 -0700] "GET /musotica/style/style.css HTTP/1.1" 200 2675 "http://musotica.com/sehacoinplsi.html?gclid=CLTz--XczpUCFQyfnAod3X8-iQ" "Mozilla/4.0 (compatible; MSIE 7.0; Windows NT 5.1; .NET CLR 1.1.4322; .NET CLR 2.0.50727)" "site.musotica.com"
69.130.227.146 - - [09/Sep/2008:05:37:34 -0700] "GET /scripts/rolldiv.js HTTP/1.1" 200 623 "http://musotica.com/sehacoinplsi.html?gclid=CLTz--XczpUCFQyfnAod3X8-iQ" "Mozilla/4.0 (compatible; MSIE 7.0; Windows NT 5.1; .NET CLR 1.1.4322; .NET CLR 2.0.50727)" "site.musotica.com"
69.130.227.146 - - [09/Sep/2008:05:37:34 -0700] "GET /style/rolldiv-ie.css HTTP/1.1" 200 809 "http://musotica.com/sehacoinplsi.html?gclid=CLTz--XczpUCFQyfnAod3X8-iQ" "Mozilla/4.0 (compatible; MSIE 7.0; Windows NT 5.1; .NET CLR 1.1.4322; .NET CLR 2.0.50727)" "site.musotica.com"
69.130.227.146 - - [09/Sep/2008:05:37:34 -0700] "GET /musotica/images/logo.gif HTTP/1.1" 200 2006 "http://musotica.com/sehacoinplsi.html?gclid=CLTz--XczpUCFQyfnAod3X8-iQ" "Mozilla/4.0 (compatible; MSIE 7.0; Windows NT 5.1; .NET CLR 1.1.4322; .NET CLR 2.0.50727)" "site.musotica.com"
69.130.227.146 - - [09/Sep/2008:05:37:34 -0700] "GET /musotica/images/phone.gif HTTP/1.1" 200 385 "http://musotica.com/sehacoinplsi.html?gclid=CLTz--XczpUCFQyfnAod3X8-iQ" "Mozilla/4.0 (compatible; MSIE 7.0; Windows NT 5.1; .NET CLR 1.1.4322; .NET CLR 2.0.50727)" "site.musotica.com"
69.130.227.146 - - [09/Sep/2008:05:37:34 -0700] "GET /rolldiv-images/shadow.png HTTP/1.1" 200 175 "-" "Mozilla/4.0 (compatible; MSIE 7.0; Windows NT 5.1; .NET CLR 1.1.4322; .NET CLR 2.0.50727)" "site.musotica.com"
69.130.227.146 - - [09/Sep/2008:05:37:34 -0700] "GET /musotica/images/home.gif HTTP/1.1" 200 70 "http://musotica.com/sehacoinplsi.html?gclid=CLTz--XczpUCFQyfnAod3X8-iQ" "Mozilla/4.0 (compatible; MSIE 7.0; Windows NT 5.1; .NET CLR 1.1.4322; .NET CLR 2.0.50727)" "site.musotica.com"
72.231.17.82 - - [09/Sep/2008:05:37:34 -0700] "GET /musotica/images/spacer.gif HTTP/1.1" 404 275 "http://musotica.com/sepaandbo.html" "Mozilla/5.0 (Windows; U; Windows NT 5.1; en-US; rv:1.9.0.1) Gecko/2008070208 Firefox/3.0.1" "site.musotica.com"
69.130.227.146 - - [09/Sep/2008:05:37:34 -0700] "GET /musotica/images/tell.gif HTTP/1.1" 200 67 "http://musotica.com/sehacoinplsi.html?gclid=CLTz--XczpUCFQyfnAod3X8-iQ" "Mozilla/4.0 (compatible; MSIE 7.0; Windows NT 5.1; .NET CLR 1.1.4322; .NET CLR 2.0.50727)" "site.musotica.com"
69.130.227.146 - - [09/Sep/2008:05:37:34 -0700] "GET /musotica/images/bookmark.gif HTTP/1.1" 200 124 "http://musotica.com/sehacoinplsi.html?gclid=CLTz--XczpUCFQyfnAod3X8-iQ" "Mozilla/4.0 (compatible; MSIE 7.0; Windows NT 5.1; .NET CLR 1.1.4322; .NET CLR 2.0.50727)" "site.musotica.com"
69.130.227.146 - - [09/Sep/2008:05:37:34 -0700] "GET /musotica/images/go.gif HTTP/1.1" 200 731 "http://musotica.com/sehacoinplsi.html?gclid=CLTz--XczpUCFQyfnAod3X8-iQ" "Mozilla/4.0 (compatible; MSIE 7.0; Windows NT 5.1; .NET CLR 1.1.4322; .NET CLR 2.0.50727)" "site.musotica.com"
69.130.227.146 - - [09/Sep/2008:05:37:34 -0700] "GET /musotica/images/shop.gif HTTP/1.1" 200 83 "http://musotica.com/sehacoinplsi.html?gclid=CLTz--XczpUCFQyfnAod3X8-iQ" "Mozilla/4.0 (compatible; MSIE 7.0; Windows NT 5.1; .NET CLR 1.1.4322; .NET CLR 2.0.50727)" "site.musotica.com"
69.130.227.146 - - [09/Sep/2008:05:37:34 -0700] "GET /musotica/images/arrow.gif HTTP/1.1" 200 61 "http://musotica.com/sehacoinplsi.html?gclid=CLTz--XczpUCFQyfnAod3X8-iQ" "Mozilla/4.0 (compatible; MSIE 7.0; Windows NT 5.1; .NET CLR 1.1.4322; .NET CLR 2.0.50727)" "site.musotica.com"
69.130.227.146 - - [09/Sep/2008:05:37:34 -0700] "GET /musotica/images/head_strip.gif HTTP/1.1" 200 63 "http://musotica.com/sehacoinplsi.html?gclid=CLTz--XczpUCFQyfnAod3X8-iQ" "Mozilla/4.0 (compatible; MSIE 7.0; Windows NT 5.1; .NET CLR 1.1.4322; .NET CLR 2.0.50727)" "site.musotica.com"
69.130.227.146 - - [09/Sep/2008:05:37:34 -0700] "GET /musotica/images/newdot.gif HTTP/1.1" 200 62 "http://musotica.com/sehacoinplsi.html?gclid=CLTz--XczpUCFQyfnAod3X8-iQ" "Mozilla/4.0 (compatible; MSIE 7.0; Windows NT 5.1; .NET CLR 1.1.4322; .NET CLR 2.0.50727)" "site.musotica.com"
69.130.227.146 - - [09/Sep/2008:05:37:34 -0700] "GET /musotica/images/search.gif HTTP/1.1" 200 1538 "http://musotica.com/sehacoinplsi.html?gclid=CLTz--XczpUCFQyfnAod3X8-iQ" "Mozilla/4.0 (compatible; MSIE 7.0; Windows NT 5.1; .NET CLR 1.1.4322; .NET CLR 2.0.50727)" "site.musotica.com"
69.130.227.146 - - [09/Sep/2008:05:37:34 -0700] "GET /musotica/images/midline.gif HTTP/1.1" 200 49 "http://musotica.com/sehacoinplsi.html?gclid=CLTz--XczpUCFQyfnAod3X8-iQ" "Mozilla/4.0 (compatible; MSIE 7.0; Windows NT 5.1; .NET CLR 1.1.4322; .NET CLR 2.0.50727)" "site.musotica.com"
69.130.227.146 - - [09/Sep/2008:05:37:34 -0700] "GET /scripts/cookies.js HTTP/1.1" 200 1429 "http://musotica.com/sehacoinplsi.html?gclid=CLTz--XczpUCFQyfnAod3X8-iQ" "Mozilla/4.0 (compatible; MSIE 7.0; Windows NT 5.1; .NET CLR 1.1.4322; .NET CLR 2.0.50727)" "site.musotica.com"
69.130.227.146 - - [09/Sep/2008:05:37:35 -0700] "GET /scripts/pagging-inner.js HTTP/1.1" 200 24676 "http://musotica.com/sehacoinplsi.html?gclid=CLTz--XczpUCFQyfnAod3X8-iQ" "Mozilla/4.0 (compatible; MSIE 7.0; Windows NT 5.1; .NET CLR 1.1.4322; .NET CLR 2.0.50727)" "site.musotica.com"
116.71.172.224 - - [09/Sep/2008:05:37:35 -0700] "GET /musotica/images/spacer.gif HTTP/1.1" 404 275 "http://musotica.com/accessories.html" "Mozilla/4.0 (compatible; MSIE 6.0; Windows NT 5.1; SV1)" "site.musotica.com"
69.130.227.146 - - [09/Sep/2008:05:37:35 -0700] "GET /scripts/dpv.js HTTP/1.1" 200 1545 "http://musotica.com/sehacoinplsi.html?gclid=CLTz--XczpUCFQyfnAod3X8-iQ" "Mozilla/4.0 (compatible; MSIE 7.0; Windows NT 5.1; .NET CLR 1.1.4322; .NET CLR 2.0.50727)" "site.musotica.com"
72.231.17.82 - - [09/Sep/2008:05:37:35 -0700] "GET /musotica/images/spacer.gif HTTP/1.1" 404 275 "http://musotica.com/trendylingerie.html" "Mozilla/5.0 (Windows; U; Windows NT 5.1; en-US; rv:1.9.0.1) Gecko/2008070208 Firefox/3.0.1" "site.musotica.com"
69.130.227.146 - - [09/Sep/2008:05:37:35 -0700] "GET /musotica/images/lingeris.jpg HTTP/1.1" 200 17260 "http://musotica.com/sehacoinplsi.html?gclid=CLTz--XczpUCFQyfnAod3X8-iQ" "Mozilla/4.0 (compatible; MSIE 7.0; Windows NT 5.1; .NET CLR 1.1.4322; .NET CLR 2.0.50727)" "site.musotica.com"
69.130.227.146 - - [09/Sep/2008:05:37:35 -0700] "GET /musotica/images/clubwear.jpg HTTP/1.1" 200 15480 "http://musotica.com/sehacoinplsi.html?gclid=CLTz--XczpUCFQyfnAod3X8-iQ" "Mozilla/4.0 (compatible; MSIE 7.0; Windows NT 5.1; .NET CLR 1.1.4322; .NET CLR 2.0.50727)" "site.musotica.com"
69.130.227.146 - - [09/Sep/2008:05:37:36 -0700] "GET /musotica/images/spacer.gif HTTP/1.1" 404 275 "http://musotica.com/sehacoinplsi.html?gclid=CLTz--XczpUCFQyfnAod3X8-iQ" "Mozilla/4.0 (compatible; MSIE 7.0; Windows NT 5.1; .NET CLR 1.1.4322; .NET CLR 2.0.50727)" "site.musotica.com"
69.130.227.146 - - [09/Sep/2008:05:37:36 -0700] "GET /musotica/images/stockings.jpg HTTP/1.1" 200 15303 "http://musotica.com/sehacoinplsi.html?gclid=CLTz--XczpUCFQyfnAod3X8-iQ" "Mozilla/4.0 (compatible; MSIE 7.0; Windows NT 5.1; .NET CLR 1.1.4322; .NET CLR 2.0.50727)" "site.musotica.com"
203.87.207.90 - - [09/Sep/2008:05:37:36 -0700] "GET /musotica/style/style.css HTTP/1.1" 200 2675 "http://musotica.com/fitness.html" "Mozilla/5.0 (Windows; U; Windows NT 5.1; en-US; rv:1.9.0.1) Gecko/2008070208 Firefox/3.0.1" "site.musotica.com"
69.130.227.146 - - [09/Sep/2008:05:37:36 -0700] "GET /musotica/images/shoes.jpg HTTP/1.1" 200 14412 "http://musotica.com/sehacoinplsi.html?gclid=CLTz--XczpUCFQyfnAod3X8-iQ" "Mozilla/4.0 (compatible; MSIE 7.0; Windows NT 5.1; .NET CLR 1.1.4322; .NET CLR 2.0.50727)" "site.musotica.com"
69.130.227.146 - - [09/Sep/2008:05:37:36 -0700] "GET /musotica/images/accessories.jpg HTTP/1.1" 200 17113 "http://musotica.com/sehacoinplsi.html?gclid=CLTz--XczpUCFQyfnAod3X8-iQ" "Mozilla/4.0 (compatible; MSIE 7.0; Windows NT 5.1; .NET CLR 1.1.4322; .NET CLR 2.0.50727)" "site.musotica.com"
69.130.227.146 - - [09/Sep/2008:05:37:37 -0700] "GET /musotica/images/pay.jpg HTTP/1.1" 200 13131 "http://musotica.com/sehacoinplsi.html?gclid=CLTz--XczpUCFQyfnAod3X8-iQ" "Mozilla/4.0 (compatible; MSIE 7.0; Windows NT 5.1; .NET CLR 1.1.4322; .NET CLR 2.0.50727)" "site.musotica.com"
69.130.227.146 - - [09/Sep/2008:05:37:37 -0700] "GET /rolldiv-images/footer.png HTTP/1.1" 200 637 "-" "Mozilla/4.0 (compatible; MSIE 7.0; Windows NT 5.1; .NET CLR 1.1.4322; .NET CLR 2.0.50727)" "site.musotica.com"
69.130.227.146 - - [09/Sep/2008:05:37:37 -0700] "GET /musotica/images/ss.jpg HTTP/1.1" 200 5500 "http://musotica.com/sehacoinplsi.html?gclid=CLTz--XczpUCFQyfnAod3X8-iQ" "Mozilla/4.0 (compatible; MSIE 7.0; Windows NT 5.1; .NET CLR 1.1.4322; .NET CLR 2.0.50727)" "site.musotica.com"
69.130.227.146 - - [09/Sep/2008:05:37:37 -0700] "GET /musotica/images/bannerdot.gif HTTP/1.1" 200 49 "http://musotica.com/sehacoinplsi.html?gclid=CLTz--XczpUCFQyfnAod3X8-iQ" "Mozilla/4.0 (compatible; MSIE 7.0; Windows NT 5.1; .NET CLR 1.1.4322; .NET CLR 2.0.50727)" "site.musotica.com"
69.130.227.146 - - [09/Sep/2008:05:37:37 -0700] "GET /rolldiv-images/header.png HTTP/1.1" 200 730 "-" "Mozilla/4.0 (compatible; MSIE 7.0; Windows NT 5.1; .NET CLR 1.1.4322; .NET CLR 2.0.50727)" "site.musotica.com"
69.130.227.146 - - [09/Sep/2008:05:37:37 -0700] "GET /musotica/images/newgreendot.gif HTTP/1.1" 200 49 "http://musotica.com/sehacoinplsi.html?gclid=CLTz--XczpUCFQyfnAod3X8-iQ" "Mozilla/4.0 (compatible; MSIE 7.0; Windows NT 5.1; .NET CLR 1.1.4322; .NET CLR 2.0.50727)" "site.musotica.com"
72.231.17.82 - - [09/Sep/2008:05:37:38 -0700] "GET /musotica/images/spacer.gif HTTP/1.1" 404 275 "http://musotica.com/dancerwear1.html" "Mozilla/5.0 (Windows; U; Windows NT 5.1; en-US; rv:1.9.0.1) Gecko/2008070208 Firefox/3.0.1" "site.musotica.com"
65.54.154.26 - - [09/Sep/2008:05:37:42 -0700] "GET /musotica/style/style.css HTTP/1.0" 304 - "http://musotica.com/rutashset.html" "Mozilla/4.0 (compatible; MSIE 7.0; Windows NT 5.1; .NET CLR 1.1.4322)" "site.musotica.com"
72.231.17.82 - - [09/Sep/2008:05:37:42 -0700] "GET /musotica/images/spacer.gif HTTP/1.1" 404 275 "http://musotica.com/kosiukojeans.html" "Mozilla/5.0 (Windows; U; Windows NT 5.1; en-US; rv:1.9.0.1) Gecko/2008070208 Firefox/3.0.1" "site.musotica.com"
65.54.154.26 - - [09/Sep/2008:05:37:42 -0700] "GET /style/rolldiv-ie.css HTTP/1.0" 304 - "http://musotica.com/rutashset.html" "Mozilla/4.0 (compatible; MSIE 7.0; Windows NT 5.1; .NET CLR 1.1.4322)" "site.musotica.com"
65.54.154.26 - - [09/Sep/2008:05:37:42 -0700] "GET /scripts/rolldiv.js HTTP/1.0" 304 - "http://musotica.com/rutashset.html" "Mozilla/4.0 (compatible; MSIE 7.0; Windows NT 5.1; .NET CLR 1.1.4322)" "site.musotica.com"
64.19.80.101 - - [09/Sep/2008:05:37:43 -0700] "GET /musotica/style/style.css HTTP/1.0" 200 2675 "http://musotica.com/adultrobes.html" "Mozilla/4.0 (compatible; MSIE 6.0; Windows NT 5.1; SV1)" "site.musotica.com"
65.54.154.26 - - [09/Sep/2008:05:37:43 -0700] "GET /scripts/paging-images/images/spacer.gif HTTP/1.0" 404 275 "http://musotica.com/rutashset.html" "Mozilla/4.0 (compatible; MSIE 7.0; Windows NT 5.1; .NET CLR 1.1.4322)" "site.musotica.com"
65.54.154.26 - - [09/Sep/2008:05:37:43 -0700] "GET /musotica/images/spacer.gif HTTP/1.0" 404 275 "http://musotica.com/rutashset.html" "Mozilla/4.0 (compatible; MSIE 7.0; Windows NT 5.1; .NET CLR 1.1.4322)" "site.musotica.com"
203.87.207.90 - - [09/Sep/2008:05:37:46 -0700] "GET /style/rolldiv-mozilla.css HTTP/1.1" 200 711 "http://musotica.com/fitness.html" "Mozilla/5.0 (Windows; U; Windows NT 5.1; en-US; rv:1.9.0.1) Gecko/2008070208 Firefox/3.0.1" "site.musotica.com"
203.87.207.90 - - [09/Sep/2008:05:37:46 -0700] "GET /scripts/rolldiv.js HTTP/1.1" 200 623 "http://musotica.com/fitness.html" "Mozilla/5.0 (Windows; U; Windows NT 5.1; en-US; rv:1.9.0.1) Gecko/2008070208 Firefox/3.0.1" "site.musotica.com"
65.54.154.26 - - [09/Sep/2008:05:37:49 -0700] "GET /scripts/paging-images/images/spacer.gif HTTP/1.0" 404 275 "http://musotica.com/stlathpilise.html" "Mozilla/4.0 (compatible; MSIE 7.0; Windows NT 5.1; .NET CLR 1.1.4322)" "site.musotica.com"
65.54.154.26 - - [09/Sep/2008:05:37:50 -0700] "GET /musotica/images/spacer.gif HTTP/1.0" 404 275 "http://musotica.com/stlathpilise.html" "Mozilla/4.0 (compatible; MSIE 7.0; Windows NT 5.1; .NET CLR 1.1.4322)" "site.musotica.com"
72.231.17.82 - - [09/Sep/2008:05:37:50 -0700] "GET /musotica/images/spacer.gif HTTP/1.1" 404 275 "http://musotica.com/dancerwear1.html" "Mozilla/5.0 (Windows; U; Windows NT 5.1; en-US; rv:1.9.0.1) Gecko/2008070208 Firefox/3.0.1" "site.musotica.com"
203.87.207.90 - - [09/Sep/2008:05:37:50 -0700] "GET /musotica/images/logo.gif HTTP/1.1" 200 2006 "http://musotica.com/fitness.html" "Mozilla/5.0 (Windows; U; Windows NT 5.1; en-US; rv:1.9.0.1) Gecko/2008070208 Firefox/3.0.1" "site.musotica.com"
203.87.207.90 - - [09/Sep/2008:05:37:50 -0700] "GET /musotica/images/phone.gif HTTP/1.1" 200 385 "http://musotica.com/fitness.html" "Mozilla/5.0 (Windows; U; Windows NT 5.1; en-US; rv:1.9.0.1) Gecko/2008070208 Firefox/3.0.1" "site.musotica.com"
203.87.207.90 - - [09/Sep/2008:05:37:51 -0700] "GET /musotica/images/home.gif HTTP/1.1" 200 70 "http://musotica.com/fitness.html" "Mozilla/5.0 (Windows; U; Windows NT 5.1; en-US; rv:1.9.0.1) Gecko/2008070208 Firefox/3.0.1" "site.musotica.com"
203.87.207.90 - - [09/Sep/2008:05:37:51 -0700] "GET /musotica/images/head_strip.gif HTTP/1.1" 200 63 "http://site.musotica.com/musotica/style/style.css" "Mozilla/5.0 (Windows; U; Windows NT 5.1; en-US; rv:1.9.0.1) Gecko/2008070208 Firefox/3.0.1" "site.musotica.com"
203.87.207.90 - - [09/Sep/2008:05:37:51 -0700] "GET /musotica/images/tell.gif HTTP/1.1" 200 67 "http://musotica.com/fitness.html" "Mozilla/5.0 (Windows; U; Windows NT 5.1; en-US; rv:1.9.0.1) Gecko/2008070208 Firefox/3.0.1" "site.musotica.com"
203.87.207.90 - - [09/Sep/2008:05:37:52 -0700] "GET /scripts/cookies.js HTTP/1.1" 200 1429 "http://musotica.com/fitness.html" "Mozilla/5.0 (Windows; U; Windows NT 5.1; en-US; rv:1.9.0.1) Gecko/2008070208 Firefox/3.0.1" "site.musotica.com"
203.87.207.90 - - [09/Sep/2008:05:37:52 -0700] "GET /musotica/images/bookmark.gif HTTP/1.1" 200 124 "http://musotica.com/fitness.html" "Mozilla/5.0 (Windows; U; Windows NT 5.1; en-US; rv:1.9.0.1) Gecko/2008070208 Firefox/3.0.1" "site.musotica.com"
203.87.207.90 - - [09/Sep/2008:05:37:53 -0700] "GET /musotica/images/newdot.gif HTTP/1.1" 200 62 "http://site.musotica.com/musotica/style/style.css" "Mozilla/5.0 (Windows; U; Windows NT 5.1; en-US; rv:1.9.0.1) Gecko/2008070208 Firefox/3.0.1" "site.musotica.com"
64.19.80.101 - - [09/Sep/2008:05:37:54 -0700] "GET /style/rolldiv-ie.css HTTP/1.0" 200 809 "http://musotica.com/adultrobes.html" "Mozilla/4.0 (compatible; MSIE 6.0; Windows NT 5.1; SV1)" "site.musotica.com"
