65.54.154.26 - - [09/Sep/2008:05:00:00 -0700] "GET /scripts/pagging-inner.js HTTP/1.0" 304 - "http://musotica.com/fitness.html" "Mozilla/4.0 (compatible; MSIE 7.0; Windows NT 5.1; .NET CLR 1.1.4322)" "site.musotica.com"
96.239.40.82 - - [09/Sep/2008:05:00:13 -0700] "GET /musotica/style/style.css HTTP/1.1" 200 2675 "http://musotica.com/seracobylega.html" "Mozilla/5.0 (Macintosh; U; PPC Mac OS X; en-us) AppleWebKit/85.8.5 (KHTML, like Gecko) Safari/85.8.1" "site.musotica.com"
96.239.40.82 - - [09/Sep/2008:05:00:14 -0700] "GET /musotica/images/head_strip.gif HTTP/1.1" 200 63 "http://musotica.com/seracobylega.html" "Mozilla/5.0 (Macintosh; U; PPC Mac OS X; en-us) AppleWebKit/85.8.5 (KHTML, like Gecko) Safari/85.8.1" "site.musotica.com"
96.239.40.82 - - [09/Sep/2008:05:00:15 -0700] "GET /musotica/images/newdot.gif HTTP/1.1" 200 62 "http://musotica.com/seracobylega.html" "Mozilla/5.0 (Macintosh; U; PPC Mac OS X; en-us) AppleWebKit/85.8.5 (KHTML, like Gecko) Safari/85.8.1" "site.musotica.com"
96.239.40.82 - - [09/Sep/2008:05:00:15 -0700] "GET /musotica/images/search.gif HTTP/1.1" 200 1538 "http://musotica.com/seracobylega.html" "Mozilla/5.0 (Macintosh; U; PPC Mac OS X; en-us) AppleWebKit/85.8.5 (KHTML, like Gecko) Safari/85.8.1" "site.musotica.com"
96.239.40.82 - - [09/Sep/2008:05:00:15 -0700] "GET /musotica/images/go.gif HTTP/1.1" 200 731 "http://musotica.com/seracobylega.html" "Mozilla/5.0 (Macintosh; U; PPC Mac OS X; en-us) AppleWebKit/85.8.5 (KHTML, like Gecko) Safari/85.8.1" "site.musotica.com"
96.239.40.82 - - [09/Sep/2008:05:00:15 -0700] "GET /musotica/images/midline.gif HTTP/1.1" 200 49 "http://musotica.com/seracobylega.html" "Mozilla/5.0 (Macintosh; U; PPC Mac OS X; en-us) AppleWebKit/85.8.5 (KHTML, like Gecko) Safari/85.8.1" "site.musotica.com"
96.239.40.82 - - [09/Sep/2008:05:00:15 -0700] "GET /musotica/images/newgreendot.gif HTTP/1.1" 200 49 "http://musotica.com/seracobylega.html" "Mozilla/5.0 (Macintosh; U; PPC Mac OS X; en-us) AppleWebKit/85.8.5 (KHTML, like Gecko) Safari/85.8.1" "site.musotica.com"
96.239.40.82 - - [09/Sep/2008:05:00:15 -0700] "GET /musotica/images/bannerdot.gif HTTP/1.1" 200 49 "http://musotica.com/seracobylega.html" "Mozilla/5.0 (Macintosh; U; PPC Mac OS X; en-us) AppleWebKit/85.8.5 (KHTML, like Gecko) Safari/85.8.1" "site.musotica.com"
96.239.40.82 - - [09/Sep/2008:05:00:16 -0700] "GET /style/rolldiv-mozilla.css HTTP/1.1" 200 711 "http://musotica.com/seracobylega.html" "Mozilla/5.0 (Macintosh; U; PPC Mac OS X; en-us) AppleWebKit/85.8.5 (KHTML, like Gecko) Safari/85.8.1" "site.musotica.com"
96.239.40.82 - - [09/Sep/2008:05:00:16 -0700] "GET /scripts/rolldiv.js HTTP/1.1" 200 623 "http://musotica.com/seracobylega.html" "Mozilla/5.0 (Macintosh; U; PPC Mac OS X; en-us) AppleWebKit/85.8.5 (KHTML, like Gecko) Safari/85.8.1" "site.musotica.com"
96.239.40.82 - - [09/Sep/2008:05:00:16 -0700] "GET /rolldiv-images/header.png HTTP/1.1" 200 730 "http://musotica.com/seracobylega.html" "Mozilla/5.0 (Macintosh; U; PPC Mac OS X; en-us) AppleWebKit/85.8.5 (KHTML, like Gecko) Safari/85.8.1" "site.musotica.com"
96.239.40.82 - - [09/Sep/2008:05:00:16 -0700] "GET /rolldiv-images/shadow.png HTTP/1.1" 200 175 "http://musotica.com/seracobylega.html" "Mozilla/5.0 (Macintosh; U; PPC Mac OS X; en-us) AppleWebKit/85.8.5 (KHTML, like Gecko) Safari/85.8.1" "site.musotica.com"
32.160.6.36 - - [09/Sep/2008:05:00:16 -0700] "GET /scripts/cookies.js HTTP/1.1" 200 1429 "http://musotica.com/seswpi.html" "Mozilla/5.0 (iPhone; U; CPU iPhone OS 2_0 like Mac OS X; en-us) AppleWebKit/525.18.1 (KHTML, like Gecko) Version/3.1.1 Mobile/5A347 Safari/525.20" "site.musotica.com"
96.239.40.82 - - [09/Sep/2008:05:00:16 -0700] "GET /rolldiv-images/footer.png HTTP/1.1" 200 637 "http://musotica.com/seracobylega.html" "Mozilla/5.0 (Macintosh; U; PPC Mac OS X; en-us) AppleWebKit/85.8.5 (KHTML, like Gecko) Safari/85.8.1" "site.musotica.com"
32.160.6.36 - - [09/Sep/2008:05:00:17 -0700] "GET /scripts/rolldiv.js HTTP/1.1" 200 623 "http://musotica.com/seswpi.html" "Mozilla/5.0 (iPhone; U; CPU iPhone OS 2_0 like Mac OS X; en-us) AppleWebKit/525.18.1 (KHTML, like Gecko) Version/3.1.1 Mobile/5A347 Safari/525.20" "site.musotica.com"
96.239.40.82 - - [09/Sep/2008:05:00:17 -0700] "GET /musotica/images/logo.gif HTTP/1.1" 200 2006 "http://musotica.com/seracobylega.html" "Mozilla/5.0 (Macintosh; U; PPC Mac OS X; en-us) AppleWebKit/85.8.5 (KHTML, like Gecko) Safari/85.8.1" "site.musotica.com"
77.98.150.126 - - [09/Sep/2008:05:00:17 -0700] "GET /musotica/style/style.css HTTP/1.1" 200 2675 "http://musotica.com/seswpi.html?gclid=CNuRu7vUzpUCFQyN1Qod6BWXhw" "Mozilla/4.0 (compatible; MSIE 7.0; Windows NT 5.1; .NET CLR 1.1.4322)" "site.musotica.com"
32.160.6.36 - - [09/Sep/2008:05:00:17 -0700] "GET /scripts/pagging-inner.js HTTP/1.1" 200 24676 "http://musotica.com/seswpi.html" "Mozilla/5.0 (iPhone; U; CPU iPhone OS 2_0 like Mac OS X; en-us) AppleWebKit/525.18.1 (KHTML, like Gecko) Version/3.1.1 Mobile/5A347 Safari/525.20" "site.musotica.com"
96.239.40.82 - - [09/Sep/2008:05:00:17 -0700] "GET /musotica/images/phone.gif HTTP/1.1" 200 385 "http://musotica.com/seracobylega.html" "Mozilla/5.0 (Macintosh; U; PPC Mac OS X; en-us) AppleWebKit/85.8.5 (KHTML, like Gecko) Safari/85.8.1" "site.musotica.com"
32.160.6.36 - - [09/Sep/2008:05:00:17 -0700] "GET /musotica/style/style.css HTTP/1.1" 200 2675 "http://musotica.com/seswpi.html" "Mozilla/5.0 (iPhone; U; CPU iPhone OS 2_0 like Mac OS X; en-us) AppleWebKit/525.18.1 (KHTML, like Gecko) Version/3.1.1 Mobile/5A347 Safari/525.20" "site.musotica.com"
96.239.40.82 - - [09/Sep/2008:05:00:17 -0700] "GET /musotica/images/home.gif HTTP/1.1" 200 70 "http://musotica.com/seracobylega.html" "Mozilla/5.0 (Macintosh; U; PPC Mac OS X; en-us) AppleWebKit/85.8.5 (KHTML, like Gecko) Safari/85.8.1" "site.musotica.com"
96.239.40.82 - - [09/Sep/2008:05:00:17 -0700] "GET /musotica/images/tell.gif HTTP/1.1" 200 67 "http://musotica.com/seracobylega.html" "Mozilla/5.0 (Macintosh; U; PPC Mac OS X; en-us) AppleWebKit/85.8.5 (KHTML, like Gecko) Safari/85.8.1" "site.musotica.com"
96.239.40.82 - - [09/Sep/2008:05:00:17 -0700] "GET /musotica/images/bookmark.gif HTTP/1.1" 200 124 "http://musotica.com/seracobylega.html" "Mozilla/5.0 (Macintosh; U; PPC Mac OS X; en-us) AppleWebKit/85.8.5 (KHTML, like Gecko) Safari/85.8.1" "site.musotica.com"
77.98.150.126 - - [09/Sep/2008:05:00:18 -0700] "GET /style/rolldiv-ie.css HTTP/1.1" 200 809 "http://musotica.com/seswpi.html?gclid=CNuRu7vUzpUCFQyN1Qod6BWXhw" "Mozilla/4.0 (compatible; MSIE 7.0; Windows NT 5.1; .NET CLR 1.1.4322)" "site.musotica.com"
77.98.150.126 - - [09/Sep/2008:05:00:18 -0700] "GET /scripts/rolldiv.js HTTP/1.1" 200 623 "http://musotica.com/seswpi.html?gclid=CNuRu7vUzpUCFQyN1Qod6BWXhw" "Mozilla/4.0 (compatible; MSIE 7.0; Windows NT 5.1; .NET CLR 1.1.4322)" "site.musotica.com"
96.239.40.82 - - [09/Sep/2008:05:00:18 -0700] "GET /musotica/images/shop.gif HTTP/1.1" 200 83 "http://musotica.com/seracobylega.html" "Mozilla/5.0 (Macintosh; U; PPC Mac OS X; en-us) AppleWebKit/85.8.5 (KHTML, like Gecko) Safari/85.8.1" "site.musotica.com"
96.239.40.82 - - [09/Sep/2008:05:00:18 -0700] "GET /musotica/images/arrow.gif HTTP/1.1" 200 61 "http://musotica.com/seracobylega.html" "Mozilla/5.0 (Macintosh; U; PPC Mac OS X; en-us) AppleWebKit/85.8.5 (KHTML, like Gecko) Safari/85.8.1" "site.musotica.com"
77.98.150.126 - - [09/Sep/2008:05:00:18 -0700] "GET /musotica/images/head_strip.gif HTTP/1.1" 200 63 "http://musotica.com/seswpi.html?gclid=CNuRu7vUzpUCFQyN1Qod6BWXhw" "Mozilla/4.0 (compatible; MSIE 7.0; Windows NT 5.1; .NET CLR 1.1.4322)" "site.musotica.com"
77.98.150.126 - - [09/Sep/2008:05:00:18 -0700] "GET /musotica/images/phone.gif HTTP/1.1" 200 385 "http://musotica.com/seswpi.html?gclid=CNuRu7vUzpUCFQyN1Qod6BWXhw" "Mozilla/4.0 (compatible; MSIE 7.0; Windows NT 5.1; .NET CLR 1.1.4322)" "site.musotica.com"
77.98.150.126 - - [09/Sep/2008:05:00:18 -0700] "GET /rolldiv-images/shadow.png HTTP/1.1" 200 175 "-" "Mozilla/4.0 (compatible; MSIE 7.0; Windows NT 5.1; .NET CLR 1.1.4322)" "site.musotica.com"
77.98.150.126 - - [09/Sep/2008:05:00:18 -0700] "GET /musotica/images/logo.gif HTTP/1.1" 200 2006 "http://musotica.com/seswpi.html?gclid=CNuRu7vUzpUCFQyN1Qod6BWXhw" "Mozilla/4.0 (compatible; MSIE 7.0; Windows NT 5.1; .NET CLR 1.1.4322)" "site.musotica.com"
77.98.150.126 - - [09/Sep/2008:05:00:18 -0700] "GET /musotica/images/home.gif HTTP/1.1" 200 70 "http://musotica.com/seswpi.html?gclid=CNuRu7vUzpUCFQyN1Qod6BWXhw" "Mozilla/4.0 (compatible; MSIE 7.0; Windows NT 5.1; .NET CLR 1.1.4322)" "site.musotica.com"
77.98.150.126 - - [09/Sep/2008:05:00:18 -0700] "GET /musotica/images/newdot.gif HTTP/1.1" 200 62 "http://musotica.com/seswpi.html?gclid=CNuRu7vUzpUCFQyN1Qod6BWXhw" "Mozilla/4.0 (compatible; MSIE 7.0; Windows NT 5.1; .NET CLR 1.1.4322)" "site.musotica.com"
77.98.150.126 - - [09/Sep/2008:05:00:19 -0700] "GET /musotica/images/tell.gif HTTP/1.1" 200 67 "http://musotica.com/seswpi.html?gclid=CNuRu7vUzpUCFQyN1Qod6BWXhw" "Mozilla/4.0 (compatible; MSIE 7.0; Windows NT 5.1; .NET CLR 1.1.4322)" "site.musotica.com"
77.98.150.126 - - [09/Sep/2008:05:00:19 -0700] "GET /musotica/images/bookmark.gif HTTP/1.1" 200 124 "http://musotica.com/seswpi.html?gclid=CNuRu7vUzpUCFQyN1Qod6BWXhw" "Mozilla/4.0 (compatible; MSIE 7.0; Windows NT 5.1; .NET CLR 1.1.4322)" "site.musotica.com"
77.98.150.126 - - [09/Sep/2008:05:00:19 -0700] "GET /musotica/images/go.gif HTTP/1.1" 200 731 "http://musotica.com/seswpi.html?gclid=CNuRu7vUzpUCFQyN1Qod6BWXhw" "Mozilla/4.0 (compatible; MSIE 7.0; Windows NT 5.1; .NET CLR 1.1.4322)" "site.musotica.com"
77.98.150.126 - - [09/Sep/2008:05:00:19 -0700] "GET /musotica/images/shop.gif HTTP/1.1" 200 83 "http://musotica.com/seswpi.html?gclid=CNuRu7vUzpUCFQyN1Qod6BWXhw" "Mozilla/4.0 (compatible; MSIE 7.0; Windows NT 5.1; .NET CLR 1.1.4322)" "site.musotica.com"
77.98.150.126 - - [09/Sep/2008:05:00:19 -0700] "GET /musotica/images/arrow.gif HTTP/1.1" 200 61 "http://musotica.com/seswpi.html?gclid=CNuRu7vUzpUCFQyN1Qod6BWXhw" "Mozilla/4.0 (compatible; MSIE 7.0; Windows NT 5.1; .NET CLR 1.1.4322)" "site.musotica.com"
77.98.150.126 - - [09/Sep/2008:05:00:19 -0700] "GET /musotica/images/search.gif HTTP/1.1" 200 1538 "http://musotica.com/seswpi.html?gclid=CNuRu7vUzpUCFQyN1Qod6BWXhw" "Mozilla/4.0 (compatible; MSIE 7.0; Windows NT 5.1; .NET CLR 1.1.4322)" "site.musotica.com"
77.98.150.126 - - [09/Sep/2008:05:00:19 -0700] "GET /musotica/images/midline.gif HTTP/1.1" 200 49 "http://musotica.com/seswpi.html?gclid=CNuRu7vUzpUCFQyN1Qod6BWXhw" "Mozilla/4.0 (compatible; MSIE 7.0; Windows NT 5.1; .NET CLR 1.1.4322)" "site.musotica.com"
77.98.150.126 - - [09/Sep/2008:05:00:19 -0700] "GET /scripts/cookies.js HTTP/1.1" 200 1429 "http://musotica.com/seswpi.html?gclid=CNuRu7vUzpUCFQyN1Qod6BWXhw" "Mozilla/4.0 (compatible; MSIE 7.0; Windows NT 5.1; .NET CLR 1.1.4322)" "site.musotica.com"
77.98.150.126 - - [09/Sep/2008:05:00:20 -0700] "GET /scripts/pagging-inner.js HTTP/1.1" 200 24676 "http://musotica.com/seswpi.html?gclid=CNuRu7vUzpUCFQyN1Qod6BWXhw" "Mozilla/4.0 (compatible; MSIE 7.0; Windows NT 5.1; .NET CLR 1.1.4322)" "site.musotica.com"
96.239.40.82 - - [09/Sep/2008:05:00:20 -0700] "GET /scripts/paging-images/images/spacer.gif HTTP/1.1" 404 275 "http://musotica.com/seracobylega.html" "Mozilla/5.0 (Macintosh; U; PPC Mac OS X; en-us) AppleWebKit/85.8.5 (KHTML, like Gecko) Safari/85.8.1" "site.musotica.com"
77.98.150.126 - - [09/Sep/2008:05:00:20 -0700] "GET /scripts/dpv.js HTTP/1.1" 200 1545 "http://musotica.com/seswpi.html?gclid=CNuRu7vUzpUCFQyN1Qod6BWXhw" "Mozilla/4.0 (compatible; MSIE 7.0; Windows NT 5.1; .NET CLR 1.1.4322)" "site.musotica.com"
77.98.150.126 - - [09/Sep/2008:05:00:21 -0700] "GET /musotica/images/lingeris.jpg HTTP/1.1" 200 17260 "http://musotica.com/seswpi.html?gclid=CNuRu7vUzpUCFQyN1Qod6BWXhw" "Mozilla/4.0 (compatible; MSIE 7.0; Windows NT 5.1; .NET CLR 1.1.4322)" "site.musotica.com"
77.98.150.126 - - [09/Sep/2008:05:00:21 -0700] "GET /musotica/images/bannerdot.gif HTTP/1.1" 200 49 "http://musotica.com/seswpi.html?gclid=CNuRu7vUzpUCFQyN1Qod6BWXhw" "Mozilla/4.0 (compatible; MSIE 7.0; Windows NT 5.1; .NET CLR 1.1.4322)" "site.musotica.com"
77.98.150.126 - - [09/Sep/2008:05:00:21 -0700] "GET /musotica/images/spacer.gif HTTP/1.1" 404 275 "http://musotica.com/seswpi.html?gclid=CNuRu7vUzpUCFQyN1Qod6BWXhw" "Mozilla/4.0 (compatible; MSIE 7.0; Windows NT 5.1; .NET CLR 1.1.4322)" "site.musotica.com"
77.98.150.126 - - [09/Sep/2008:05:00:21 -0700] "GET /musotica/images/clubwear.jpg HTTP/1.1" 200 15480 "http://musotica.com/seswpi.html?gclid=CNuRu7vUzpUCFQyN1Qod6BWXhw" "Mozilla/4.0 (compatible; MSIE 7.0; Windows NT 5.1; .NET CLR 1.1.4322)" "site.musotica.com"
77.98.150.126 - - [09/Sep/2008:05:00:21 -0700] "GET /musotica/images/stockings.jpg HTTP/1.1" 200 15303 "http://musotica.com/seswpi.html?gclid=CNuRu7vUzpUCFQyN1Qod6BWXhw" "Mozilla/4.0 (compatible; MSIE 7.0; Windows NT 5.1; .NET CLR 1.1.4322)" "site.musotica.com"
77.98.150.126 - - [09/Sep/2008:05:00:22 -0700] "GET /musotica/images/newgreendot.gif HTTP/1.1" 200 49 "http://musotica.com/seswpi.html?gclid=CNuRu7vUzpUCFQyN1Qod6BWXhw" "Mozilla/4.0 (compatible; MSIE 7.0; Windows NT 5.1; .NET CLR 1.1.4322)" "site.musotica.com"
77.98.150.126 - - [09/Sep/2008:05:00:22 -0700] "GET /musotica/images/shoes.jpg HTTP/1.1" 200 14412 "http://musotica.com/seswpi.html?gclid=CNuRu7vUzpUCFQyN1Qod6BWXhw" "Mozilla/4.0 (compatible; MSIE 7.0; Windows NT 5.1; .NET CLR 1.1.4322)" "site.musotica.com"
77.98.150.126 - - [09/Sep/2008:05:00:22 -0700] "GET /musotica/images/accessories.jpg HTTP/1.1" 200 17113 "http://musotica.com/seswpi.html?gclid=CNuRu7vUzpUCFQyN1Qod6BWXhw" "Mozilla/4.0 (compatible; MSIE 7.0; Windows NT 5.1; .NET CLR 1.1.4322)" "site.musotica.com"
96.239.40.82 - - [09/Sep/2008:05:00:22 -0700] "GET /musotica/images/lingeris.jpg HTTP/1.1" 200 17260 "http://musotica.com/seracobylega.html" "Mozilla/5.0 (Macintosh; U; PPC Mac OS X; en-us) AppleWebKit/85.8.5 (KHTML, like Gecko) Safari/85.8.1" "site.musotica.com"
96.239.40.82 - - [09/Sep/2008:05:00:22 -0700] "GET /musotica/images/spacer.gif HTTP/1.1" 404 275 "http://musotica.com/seracobylega.html" "Mozilla/5.0 (Macintosh; U; PPC Mac OS X; en-us) AppleWebKit/85.8.5 (KHTML, like Gecko) Safari/85.8.1" "site.musotica.com"
77.98.150.126 - - [09/Sep/2008:05:00:22 -0700] "GET /musotica/images/pay.jpg HTTP/1.1" 200 13131 "http://musotica.com/seswpi.html?gclid=CNuRu7vUzpUCFQyN1Qod6BWXhw" "Mozilla/4.0 (compatible; MSIE 7.0; Windows NT 5.1; .NET CLR 1.1.4322)" "site.musotica.com"
96.239.40.82 - - [09/Sep/2008:05:00:22 -0700] "GET /musotica/images/clubwear.jpg HTTP/1.1" 200 15480 "http://musotica.com/seracobylega.html" "Mozilla/5.0 (Macintosh; U; PPC Mac OS X; en-us) AppleWebKit/85.8.5 (KHTML, like Gecko) Safari/85.8.1" "site.musotica.com"
96.239.40.82 - - [09/Sep/2008:05:00:23 -0700] "GET /musotica/images/stockings.jpg HTTP/1.1" 200 15303 "http://musotica.com/seracobylega.html" "Mozilla/5.0 (Macintosh; U; PPC Mac OS X; en-us) AppleWebKit/85.8.5 (KHTML, like Gecko) Safari/85.8.1" "site.musotica.com"
77.98.150.126 - - [09/Sep/2008:05:00:23 -0700] "GET /musotica/images/ss.jpg HTTP/1.1" 200 5500 "http://musotica.com/seswpi.html?gclid=CNuRu7vUzpUCFQyN1Qod6BWXhw" "Mozilla/4.0 (compatible; MSIE 7.0; Windows NT 5.1; .NET CLR 1.1.4322)" "site.musotica.com"
96.239.40.82 - - [09/Sep/2008:05:00:23 -0700] "GET /musotica/images/shoes.jpg HTTP/1.1" 200 14412 "http://musotica.com/seracobylega.html" "Mozilla/5.0 (Macintosh; U; PPC Mac OS X; en-us) AppleWebKit/85.8.5 (KHTML, like Gecko) Safari/85.8.1" "site.musotica.com"
96.239.40.82 - - [09/Sep/2008:05:00:23 -0700] "GET /musotica/images/accessories.jpg HTTP/1.1" 200 17113 "http://musotica.com/seracobylega.html" "Mozilla/5.0 (Macintosh; U; PPC Mac OS X; en-us) AppleWebKit/85.8.5 (KHTML, like Gecko) Safari/85.8.1" "site.musotica.com"
96.239.40.82 - - [09/Sep/2008:05:00:23 -0700] "GET /musotica/images/pay.jpg HTTP/1.1" 200 13131 "http://musotica.com/seracobylega.html" "Mozilla/5.0 (Macintosh; U; PPC Mac OS X; en-us) AppleWebKit/85.8.5 (KHTML, like Gecko) Safari/85.8.1" "site.musotica.com"
96.239.40.82 - - [09/Sep/2008:05:00:23 -0700] "GET /musotica/images/ss.jpg HTTP/1.1" 200 5500 "http://musotica.com/seracobylega.html" "Mozilla/5.0 (Macintosh; U; PPC Mac OS X; en-us) AppleWebKit/85.8.5 (KHTML, like Gecko) Safari/85.8.1" "site.musotica.com"
77.98.150.126 - - [09/Sep/2008:05:00:26 -0700] "GET /rolldiv-images/footer.png HTTP/1.1" 200 637 "-" "Mozilla/4.0 (compatible; MSIE 7.0; Windows NT 5.1; .NET CLR 1.1.4322)" "site.musotica.com"
65.54.154.26 - - [09/Sep/2008:05:00:26 -0700] "GET /musotica/images/spacer.gif HTTP/1.0" 404 275 "http://musotica.com/fitness.html" "Mozilla/4.0 (compatible; MSIE 7.0; Windows NT 5.1; .NET CLR 1.1.4322)" "site.musotica.com"
77.98.150.126 - - [09/Sep/2008:05:00:26 -0700] "GET /rolldiv-images/header.png HTTP/1.1" 200 730 "-" "Mozilla/4.0 (compatible; MSIE 7.0; Windows NT 5.1; .NET CLR 1.1.4322)" "site.musotica.com"
32.160.6.36 - - [09/Sep/2008:05:00:31 -0700] "GET /scripts/dpv.js HTTP/1.1" 200 1545 "http://musotica.com/seswpi.html" "Mozilla/5.0 (iPhone; U; CPU iPhone OS 2_0 like Mac OS X; en-us) AppleWebKit/525.18.1 (KHTML, like Gecko) Version/3.1.1 Mobile/5A347 Safari/525.20" "site.musotica.com"
32.160.6.36 - - [09/Sep/2008:05:00:32 -0700] "GET /style/rolldiv-mozilla.css HTTP/1.1" 200 711 "http://musotica.com/seswpi.html" "Mozilla/5.0 (iPhone; U; CPU iPhone OS 2_0 like Mac OS X; en-us) AppleWebKit/525.18.1 (KHTML, like Gecko) Version/3.1.1 Mobile/5A347 Safari/525.20" "site.musotica.com"
32.160.6.36 - - [09/Sep/2008:05:00:33 -0700] "GET /musotica/images/logo.gif HTTP/1.1" 200 2006 "http://musotica.com/seswpi.html" "Mozilla/5.0 (iPhone; U; CPU iPhone OS 2_0 like Mac OS X; en-us) AppleWebKit/525.18.1 (KHTML, like Gecko) Version/3.1.1 Mobile/5A347 Safari/525.20" "site.musotica.com"
32.160.6.36 - - [09/Sep/2008:05:00:33 -0700] "GET /musotica/images/home.gif HTTP/1.1" 200 70 "http://musotica.com/seswpi.html" "Mozilla/5.0 (iPhone; U; CPU iPhone OS 2_0 like Mac OS X; en-us) AppleWebKit/525.18.1 (KHTML, like Gecko) Version/3.1.1 Mobile/5A347 Safari/525.20" "site.musotica.com"
32.160.6.36 - - [09/Sep/2008:05:00:33 -0700] "GET /musotica/images/phone.gif HTTP/1.1" 200 385 "http://musotica.com/seswpi.html" "Mozilla/5.0 (iPhone; U; CPU iPhone OS 2_0 like Mac OS X; en-us) AppleWebKit/525.18.1 (KHTML, like Gecko) Version/3.1.1 Mobile/5A347 Safari/525.20" "site.musotica.com"
32.160.6.36 - - [09/Sep/2008:05:00:34 -0700] "GET /musotica/images/tell.gif HTTP/1.1" 200 67 "http://musotica.com/seswpi.html" "Mozilla/5.0 (iPhone; U; CPU iPhone OS 2_0 like Mac OS X; en-us) AppleWebKit/525.18.1 (KHTML, like Gecko) Version/3.1.1 Mobile/5A347 Safari/525.20" "site.musotica.com"
32.160.6.36 - - [09/Sep/2008:05:00:35 -0700] "GET /musotica/images/go.gif HTTP/1.1" 200 731 "http://musotica.com/seswpi.html" "Mozilla/5.0 (iPhone; U; CPU iPhone OS 2_0 like Mac OS X; en-us) AppleWebKit/525.18.1 (KHTML, like Gecko) Version/3.1.1 Mobile/5A347 Safari/525.20" "site.musotica.com"
32.160.6.36 - - [09/Sep/2008:05:00:35 -0700] "GET /musotica/images/bookmark.gif HTTP/1.1" 200 124 "http://musotica.com/seswpi.html" "Mozilla/5.0 (iPhone; U; CPU iPhone OS 2_0 like Mac OS X; en-us) AppleWebKit/525.18.1 (KHTML, like Gecko) Version/3.1.1 Mobile/5A347 Safari/525.20" "site.musotica.com"
32.160.6.36 - - [09/Sep/2008:05:00:35 -0700] "GET /musotica/images/shop.gif HTTP/1.1" 200 83 "http://musotica.com/seswpi.html" "Mozilla/5.0 (iPhone; U; CPU iPhone OS 2_0 like Mac OS X; en-us) AppleWebKit/525.18.1 (KHTML, like Gecko) Version/3.1.1 Mobile/5A347 Safari/525.20" "site.musotica.com"
32.160.6.36 - - [09/Sep/2008:05:00:35 -0700] "GET /musotica/images/arrow.gif HTTP/1.1" 200 61 "http://musotica.com/seswpi.html" "Mozilla/5.0 (iPhone; U; CPU iPhone OS 2_0 like Mac OS X; en-us) AppleWebKit/525.18.1 (KHTML, like Gecko) Version/3.1.1 Mobile/5A347 Safari/525.20" "site.musotica.com"
32.160.6.36 - - [09/Sep/2008:05:00:37 -0700] "GET /musotica/images/midline.gif HTTP/1.1" 200 49 "http://musotica.com/seswpi.html" "Mozilla/5.0 (iPhone; U; CPU iPhone OS 2_0 like Mac OS X; en-us) AppleWebKit/525.18.1 (KHTML, like Gecko) Version/3.1.1 Mobile/5A347 Safari/525.20" "site.musotica.com"
32.160.6.36 - - [09/Sep/2008:05:00:37 -0700] "GET /musotica/images/head_strip.gif HTTP/1.1" 200 63 "http://musotica.com/seswpi.html" "Mozilla/5.0 (iPhone; U; CPU iPhone OS 2_0 like Mac OS X; en-us) AppleWebKit/525.18.1 (KHTML, like Gecko) Version/3.1.1 Mobile/5A347 Safari/525.20" "site.musotica.com"
32.160.6.36 - - [09/Sep/2008:05:00:37 -0700] "GET /musotica/images/search.gif HTTP/1.1" 200 1538 "http://musotica.com/seswpi.html" "Mozilla/5.0 (iPhone; U; CPU iPhone OS 2_0 like Mac OS X; en-us) AppleWebKit/525.18.1 (KHTML, like Gecko) Version/3.1.1 Mobile/5A347 Safari/525.20" "site.musotica.com"
32.160.6.36 - - [09/Sep/2008:05:00:37 -0700] "GET /musotica/images/newdot.gif HTTP/1.1" 200 62 "http://musotica.com/seswpi.html" "Mozilla/5.0 (iPhone; U; CPU iPhone OS 2_0 like Mac OS X; en-us) AppleWebKit/525.18.1 (KHTML, like Gecko) Version/3.1.1 Mobile/5A347 Safari/525.20" "site.musotica.com"
32.160.6.36 - - [09/Sep/2008:05:00:40 -0700] "GET /musotica/images/clubwear.jpg HTTP/1.1" 200 15480 "http://musotica.com/seswpi.html" "Mozilla/5.0 (iPhone; U; CPU iPhone OS 2_0 like Mac OS X; en-us) AppleWebKit/525.18.1 (KHTML, like Gecko) Version/3.1.1 Mobile/5A347 Safari/525.20" "site.musotica.com"
32.160.6.36 - - [09/Sep/2008:05:00:40 -0700] "GET /musotica/images/stockings.jpg HTTP/1.1" 200 15303 "http://musotica.com/seswpi.html" "Mozilla/5.0 (iPhone; U; CPU iPhone OS 2_0 like Mac OS X; en-us) AppleWebKit/525.18.1 (KHTML, like Gecko) Version/3.1.1 Mobile/5A347 Safari/525.20" "site.musotica.com"
32.160.6.36 - - [09/Sep/2008:05:00:41 -0700] "GET /musotica/images/spacer.gif HTTP/1.1" 404 275 "http://musotica.com/seswpi.html" "Mozilla/5.0 (iPhone; U; CPU iPhone OS 2_0 like Mac OS X; en-us) AppleWebKit/525.18.1 (KHTML, like Gecko) Version/3.1.1 Mobile/5A347 Safari/525.20" "site.musotica.com"
77.98.150.126 - - [09/Sep/2008:05:00:41 -0700] "GET /musotica/images/spacer.gif HTTP/1.1" 404 275 "http://musotica.com/dancewear.html" "Mozilla/4.0 (compatible; MSIE 7.0; Windows NT 5.1; .NET CLR 1.1.4322)" "site.musotica.com"
32.160.6.36 - - [09/Sep/2008:05:00:42 -0700] "GET /musotica/images/lingeris.jpg HTTP/1.1" 200 17260 "http://musotica.com/seswpi.html" "Mozilla/5.0 (iPhone; U; CPU iPhone OS 2_0 like Mac OS X; en-us) AppleWebKit/525.18.1 (KHTML, like Gecko) Version/3.1.1 Mobile/5A347 Safari/525.20" "site.musotica.com"
68.34.161.38 - - [09/Sep/2008:05:00:44 -0700] "GET /musotica/style/style.css HTTP/1.1" 200 2675 "http://musotica.com/halloweendog.html" "Mozilla/4.0 (compatible; MSIE 7.0; Windows NT 5.1)" "site.musotica.com"
32.160.6.36 - - [09/Sep/2008:05:00:44 -0700] "GET /musotica/images/shoes.jpg HTTP/1.1" 200 14412 "http://musotica.com/seswpi.html" "Mozilla/5.0 (iPhone; U; CPU iPhone OS 2_0 like Mac OS X; en-us) AppleWebKit/525.18.1 (KHTML, like Gecko) Version/3.1.1 Mobile/5A347 Safari/525.20" "site.musotica.com"
68.34.161.38 - - [09/Sep/2008:05:00:44 -0700] "GET /style/rolldiv-ie.css HTTP/1.1" 200 809 "http://musotica.com/halloweendog.html" "Mozilla/4.0 (compatible; MSIE 7.0; Windows NT 5.1)" "site.musotica.com"
68.34.161.38 - - [09/Sep/2008:05:00:44 -0700] "GET /scripts/rolldiv.js HTTP/1.1" 200 623 "http://musotica.com/halloweendog.html" "Mozilla/4.0 (compatible; MSIE 7.0; Windows NT 5.1)" "site.musotica.com"
68.34.161.38 - - [09/Sep/2008:05:00:44 -0700] "GET /musotica/images/logo.gif HTTP/1.1" 200 2006 "http://musotica.com/halloweendog.html" "Mozilla/4.0 (compatible; MSIE 7.0; Windows NT 5.1)" "site.musotica.com"
68.34.161.38 - - [09/Sep/2008:05:00:44 -0700] "GET /musotica/images/phone.gif HTTP/1.1" 200 385 "http://musotica.com/halloweendog.html" "Mozilla/4.0 (compatible; MSIE 7.0; Windows NT 5.1)" "site.musotica.com"
68.34.161.38 - - [09/Sep/2008:05:00:44 -0700] "GET /musotica/images/head_strip.gif HTTP/1.1" 200 63 "http://musotica.com/halloweendog.html" "Mozilla/4.0 (compatible; MSIE 7.0; Windows NT 5.1)" "site.musotica.com"
68.34.161.38 - - [09/Sep/2008:05:00:44 -0700] "GET /musotica/images/home.gif HTTP/1.1" 200 70 "http://musotica.com/halloweendog.html" "Mozilla/4.0 (compatible; MSIE 7.0; Windows NT 5.1)" "site.musotica.com"
68.34.161.38 - - [09/Sep/2008:05:00:44 -0700] "GET /musotica/images/tell.gif HTTP/1.1" 200 67 "http://musotica.com/halloweendog.html" "Mozilla/4.0 (compatible; MSIE 7.0; Windows NT 5.1)" "site.musotica.com"
68.34.161.38 - - [09/Sep/2008:05:00:44 -0700] "GET /musotica/images/newdot.gif HTTP/1.1" 200 62 "http://musotica.com/halloweendog.html" "Mozilla/4.0 (compatible; MSIE 7.0; Windows NT 5.1)" "site.musotica.com"
68.34.161.38 - - [09/Sep/2008:05:00:44 -0700] "GET /musotica/images/bookmark.gif HTTP/1.1" 200 124 "http://musotica.com/halloweendog.html" "Mozilla/4.0 (compatible; MSIE 7.0; Windows NT 5.1)" "site.musotica.com"
68.34.161.38 - - [09/Sep/2008:05:00:44 -0700] "GET /musotica/images/go.gif HTTP/1.1" 200 731 "http://musotica.com/halloweendog.html" "Mozilla/4.0 (compatible; MSIE 7.0; Windows NT 5.1)" "site.musotica.com"
68.34.161.38 - - [09/Sep/2008:05:00:45 -0700] "GET /musotica/images/search.gif HTTP/1.1" 200 1538 "http://musotica.com/halloweendog.html" "Mozilla/4.0 (compatible; MSIE 7.0; Windows NT 5.1)" "site.musotica.com"
32.160.6.36 - - [09/Sep/2008:05:00:45 -0700] "GET /musotica/images/pay.jpg HTTP/1.1" 200 13131 "http://musotica.com/seswpi.html" "Mozilla/5.0 (iPhone; U; CPU iPhone OS 2_0 like Mac OS X; en-us) AppleWebKit/525.18.1 (KHTML, like Gecko) Version/3.1.1 Mobile/5A347 Safari/525.20" "site.musotica.com"
68.34.161.38 - - [09/Sep/2008:05:00:45 -0700] "GET /musotica/images/shop.gif HTTP/1.1" 200 83 "http://musotica.com/halloweendog.html" "Mozilla/4.0 (compatible; MSIE 7.0; Windows NT 5.1)" "site.musotica.com"
68.34.161.38 - - [09/Sep/2008:05:00:45 -0700] "GET /musotica/images/arrow.gif HTTP/1.1" 200 61 "http://musotica.com/halloweendog.html" "Mozilla/4.0 (compatible; MSIE 7.0; Windows NT 5.1)" "site.musotica.com"
32.160.6.36 - - [09/Sep/2008:05:00:45 -0700] "GET /musotica/images/accessories.jpg HTTP/1.1" 200 17113 "http://musotica.com/seswpi.html" "Mozilla/5.0 (iPhone; U; CPU iPhone OS 2_0 like Mac OS X; en-us) AppleWebKit/525.18.1 (KHTML, like Gecko) Version/3.1.1 Mobile/5A347 Safari/525.20" "site.musotica.com"
68.34.161.38 - - [09/Sep/2008:05:00:45 -0700] "GET /musotica/images/midline.gif HTTP/1.1" 200 49 "http://musotica.com/halloweendog.html" "Mozilla/4.0 (compatible; MSIE 7.0; Windows NT 5.1)" "site.musotica.com"
68.34.161.38 - - [09/Sep/2008:05:00:45 -0700] "GET /scripts/cookies.js HTTP/1.1" 200 1429 "http://musotica.com/halloweendog.html" "Mozilla/4.0 (compatible; MSIE 7.0; Windows NT 5.1)" "site.musotica.com"
68.34.161.38 - - [09/Sep/2008:05:00:45 -0700] "GET /rolldiv-images/shadow.png HTTP/1.1" 200 175 "-" "Mozilla/4.0 (compatible; MSIE 7.0; Windows NT 5.1)" "site.musotica.com"
32.160.6.36 - - [09/Sep/2008:05:00:45 -0700] "GET /musotica/images/ss.jpg HTTP/1.1" 200 5500 "http://musotica.com/seswpi.html" "Mozilla/5.0 (iPhone; U; CPU iPhone OS 2_0 like Mac OS X; en-us) AppleWebKit/525.18.1 (KHTML, like Gecko) Version/3.1.1 Mobile/5A347 Safari/525.20" "site.musotica.com"
68.34.161.38 - - [09/Sep/2008:05:00:45 -0700] "GET /scripts/pagging-inner.js HTTP/1.1" 200 24676 "http://musotica.com/halloweendog.html" "Mozilla/4.0 (compatible; MSIE 7.0; Windows NT 5.1)" "site.musotica.com"
68.34.161.38 - - [09/Sep/2008:05:00:46 -0700] "GET /scripts/dpv.js HTTP/1.1" 200 1545 "http://musotica.com/halloweendog.html" "Mozilla/4.0 (compatible; MSIE 7.0; Windows NT 5.1)" "site.musotica.com"
77.98.150.126 - - [09/Sep/2008:05:00:46 -0700] "GET /musotica/images/spacer.gif HTTP/1.1" 404 275 "http://musotica.com/pinupbikinis1.html" "Mozilla/4.0 (compatible; MSIE 7.0; Windows NT 5.1; .NET CLR 1.1.4322)" "site.musotica.com"
68.34.161.38 - - [09/Sep/2008:05:00:47 -0700] "GET /musotica/images/lingeris.jpg HTTP/1.1" 200 17260 "http://musotica.com/halloweendog.html" "Mozilla/4.0 (compatible; MSIE 7.0; Windows NT 5.1)" "site.musotica.com"
68.34.161.38 - - [09/Sep/2008:05:00:47 -0700] "GET /musotica/images/spacer.gif HTTP/1.1" 404 275 "http://musotica.com/halloweendog.html" "Mozilla/4.0 (compatible; MSIE 7.0; Windows NT 5.1)" "site.musotica.com"
68.34.161.38 - - [09/Sep/2008:05:00:47 -0700] "GET /musotica/images/bannerdot.gif HTTP/1.1" 200 49 "http://musotica.com/halloweendog.html" "Mozilla/4.0 (compatible; MSIE 7.0; Windows NT 5.1)" "site.musotica.com"
68.34.161.38 - - [09/Sep/2008:05:00:47 -0700] "GET /musotica/images/accessories.jpg HTTP/1.1" 200 17113 "http://musotica.com/halloweendog.html" "Mozilla/4.0 (compatible; MSIE 7.0; Windows NT 5.1)" "site.musotica.com"
68.34.161.38 - - [09/Sep/2008:05:00:47 -0700] "GET /musotica/images/stockings.jpg HTTP/1.1" 200 15303 "http://musotica.com/halloweendog.html" "Mozilla/4.0 (compatible; MSIE 7.0; Windows NT 5.1)" "site.musotica.com"
68.34.161.38 - - [09/Sep/2008:05:00:47 -0700] "GET /musotica/images/newgreendot.gif HTTP/1.1" 200 49 "http://musotica.com/halloweendog.html" "Mozilla/4.0 (compatible; MSIE 7.0; Windows NT 5.1)" "site.musotica.com"
32.160.6.36 - - [09/Sep/2008:05:00:47 -0700] "GET /musotica/images/bannerdot.gif HTTP/1.1" 200 49 "http://musotica.com/seswpi.html" "Mozilla/5.0 (iPhone; U; CPU iPhone OS 2_0 like Mac OS X; en-us) AppleWebKit/525.18.1 (KHTML, like Gecko) Version/3.1.1 Mobile/5A347 Safari/525.20" "site.musotica.com"
68.34.161.38 - - [09/Sep/2008:05:00:47 -0700] "GET /musotica/images/shoes.jpg HTTP/1.1" 200 14412 "http://musotica.com/halloweendog.html" "Mozilla/4.0 (compatible; MSIE 7.0; Windows NT 5.1)" "site.musotica.com"
68.34.161.38 - - [09/Sep/2008:05:00:47 -0700] "GET /musotica/images/pay.jpg HTTP/1.1" 200 13131 "http://musotica.com/halloweendog.html" "Mozilla/4.0 (compatible; MSIE 7.0; Windows NT 5.1)" "site.musotica.com"
68.34.161.38 - - [09/Sep/2008:05:00:47 -0700] "GET /musotica/images/ss.jpg HTTP/1.1" 200 5500 "http://musotica.com/halloweendog.html" "Mozilla/4.0 (compatible; MSIE 7.0; Windows NT 5.1)" "site.musotica.com"
32.160.6.36 - - [09/Sep/2008:05:00:47 -0700] "GET /musotica/images/newgreendot.gif HTTP/1.1" 200 49 "http://musotica.com/seswpi.html" "Mozilla/5.0 (iPhone; U; CPU iPhone OS 2_0 like Mac OS X; en-us) AppleWebKit/525.18.1 (KHTML, like Gecko) Version/3.1.1 Mobile/5A347 Safari/525.20" "site.musotica.com"
68.34.161.38 - - [09/Sep/2008:05:00:48 -0700] "GET /musotica/images/clubwear.jpg HTTP/1.1" 200 15480 "http://musotica.com/halloweendog.html" "Mozilla/4.0 (compatible; MSIE 7.0; Windows NT 5.1)" "site.musotica.com"
77.98.150.126 - - [09/Sep/2008:05:00:55 -0700] "GET /scripts/paging-images/images/spacer.gif HTTP/1.1" 404 275 "http://musotica.com/sepinupbibym.html" "Mozilla/4.0 (compatible; MSIE 7.0; Windows NT 5.1; .NET CLR 1.1.4322)" "site.musotica.com"
77.98.150.126 - - [09/Sep/2008:05:00:56 -0700] "GET /musotica/images/spacer.gif HTTP/1.1" 404 275 "http://musotica.com/sepinupbibym.html" "Mozilla/4.0 (compatible; MSIE 7.0; Windows NT 5.1; .NET CLR 1.1.4322)" "site.musotica.com"
65.54.154.26 - - [09/Sep/2008:05:01:01 -0700] "GET /musotica/style/style.css HTTP/1.0" 304 - "http://musotica.com/sefohotpacub.html" "Mozilla/4.0 (compatible; MSIE 7.0; Windows NT 5.1; .NET CLR 1.1.4322)" "site.musotica.com"
65.54.154.26 - - [09/Sep/2008:05:01:02 -0700] "GET /style/rolldiv-ie.css HTTP/1.0" 304 - "http://musotica.com/sefohotpacub.html" "Mozilla/4.0 (compatible; MSIE 7.0; Windows NT 5.1; .NET CLR 1.1.4322)" "site.musotica.com"
65.54.154.26 - - [09/Sep/2008:05:01:02 -0700] "GET /scripts/rolldiv.js HTTP/1.0" 304 - "http://musotica.com/sefohotpacub.html" "Mozilla/4.0 (compatible; MSIE 7.0; Windows NT 5.1; .NET CLR 1.1.4322)" "site.musotica.com"
65.54.154.26 - - [09/Sep/2008:05:01:03 -0700] "GET /scripts/paging-images/images/spacer.gif HTTP/1.0" 404 275 "http://musotica.com/sefohotpacub.html" "Mozilla/4.0 (compatible; MSIE 7.0; Windows NT 5.1; .NET CLR 1.1.4322)" "site.musotica.com"
32.160.75.122 - - [09/Sep/2008:05:01:08 -0700] "GET /scripts/paging-images/images/spacer.gif HTTP/1.1" 404 275 "http://musotica.com/blackcrochet.html" "Mozilla/5.0 (iPhone; U; CPU iPhone OS 2_0 like Mac OS X; en-us) AppleWebKit/525.18.1 (KHTML, like Gecko) Version/3.1.1 Mobile/5A347 Safari/525.20" "site.musotica.com"
65.54.154.26 - - [09/Sep/2008:05:01:09 -0700] "GET /musotica/images/spacer.gif HTTP/1.0" 404 275 "http://musotica.com/sefohotpacub.html" "Mozilla/4.0 (compatible; MSIE 7.0; Windows NT 5.1; .NET CLR 1.1.4322)" "site.musotica.com"
218.228.10.101 - - [09/Sep/2008:05:01:11 -0700] "GET /musotica/images/spacer.gif HTTP/1.1" 404 275 "http://musotica.com/dancewear.html" "Opera/9.30 (Nintendo Wii; U; ; 2047-7; ja)" "site.musotica.com"
65.54.154.26 - - [09/Sep/2008:05:01:19 -0700] "GET /musotica/style/style.css HTTP/1.0" 304 - "http://musotica.com/sethtiebi.html" "Mozilla/4.0 (compatible; MSIE 7.0; Windows NT 5.1; .NET CLR 1.1.4322)" "site.musotica.com"
65.54.154.26 - - [09/Sep/2008:05:01:26 -0700] "GET /style/rolldiv-ie.css HTTP/1.0" 304 - "http://musotica.com/sethtiebi.html" "Mozilla/4.0 (compatible; MSIE 7.0; Windows NT 5.1; .NET CLR 1.1.4322)" "site.musotica.com"
65.54.154.26 - - [09/Sep/2008:05:01:26 -0700] "GET /scripts/rolldiv.js HTTP/1.0" 304 - "http://musotica.com/sethtiebi.html" "Mozilla/4.0 (compatible; MSIE 7.0; Windows NT 5.1; .NET CLR 1.1.4322)" "site.musotica.com"
65.54.154.26 - - [09/Sep/2008:05:01:27 -0700] "GET /scripts/paging-images/images/spacer.gif HTTP/1.0" 404 275 "http://musotica.com/sethtiebi.html" "Mozilla/4.0 (compatible; MSIE 7.0; Windows NT 5.1; .NET CLR 1.1.4322)" "site.musotica.com"
65.54.154.26 - - [09/Sep/2008:05:01:27 -0700] "GET /musotica/images/spacer.gif HTTP/1.0" 404 275 "http://musotica.com/sethtiebi.html" "Mozilla/4.0 (compatible; MSIE 7.0; Windows NT 5.1; .NET CLR 1.1.4322)" "site.musotica.com"
77.98.150.126 - - [09/Sep/2008:05:01:31 -0700] "GET /musotica/images/spacer.gif HTTP/1.1" 404 275 "http://musotica.com/pinupbikinis1.html" "Mozilla/4.0 (compatible; MSIE 7.0; Windows NT 5.1; .NET CLR 1.1.4322)" "site.musotica.com"
77.98.150.126 - - [09/Sep/2008:05:01:39 -0700] "GET /musotica/images/spacer.gif HTTP/1.1" 404 275 "http://musotica.com/dancewear.html" "Mozilla/4.0 (compatible; MSIE 7.0; Windows NT 5.1; .NET CLR 1.1.4322)" "site.musotica.com"
77.98.150.126 - - [09/Sep/2008:05:01:42 -0700] "GET /musotica/images/spacer.gif HTTP/1.1" 404 275 "http://musotica.com/seswpi.html?gclid=CNuRu7vUzpUCFQyN1Qod6BWXhw" "Mozilla/4.0 (compatible; MSIE 7.0; Windows NT 5.1; .NET CLR 1.1.4322)" "site.musotica.com"
66.147.157.210 - - [09/Sep/2008:05:02:22 -0700] "GET /musotica/style/style.css HTTP/1.1" 200 2675 "http://musotica.com/brknplsh.html" "Mozilla/4.0 (compatible; MSIE 6.0; Windows NT 5.1; SV1; InfoPath.1; .NET CLR 1.1.4322; .NET CLR 2.0.50727)" "site.musotica.com"
66.147.157.210 - - [09/Sep/2008:05:02:28 -0700] "GET /style/rolldiv-ie.css HTTP/1.1" 200 809 "http://musotica.com/brknplsh.html" "Mozilla/4.0 (compatible; MSIE 6.0; Windows NT 5.1; SV1; InfoPath.1; .NET CLR 1.1.4322; .NET CLR 2.0.50727)" "site.musotica.com"
66.147.157.210 - - [09/Sep/2008:05:02:28 -0700] "GET /scripts/rolldiv.js HTTP/1.1" 200 623 "http://musotica.com/brknplsh.html" "Mozilla/4.0 (compatible; MSIE 6.0; Windows NT 5.1; SV1; InfoPath.1; .NET CLR 1.1.4322; .NET CLR 2.0.50727)" "site.musotica.com"
66.147.157.210 - - [09/Sep/2008:05:02:32 -0700] "GET /musotica/images/home.gif HTTP/1.1" 200 70 "http://musotica.com/brknplsh.html" "Mozilla/4.0 (compatible; MSIE 6.0; Windows NT 5.1; SV1; InfoPath.1; .NET CLR 1.1.4322; .NET CLR 2.0.50727)" "site.musotica.com"
66.147.157.210 - - [09/Sep/2008:05:02:32 -0700] "GET /musotica/images/tell.gif HTTP/1.1" 200 67 "http://musotica.com/brknplsh.html" "Mozilla/4.0 (compatible; MSIE 6.0; Windows NT 5.1; SV1; InfoPath.1; .NET CLR 1.1.4322; .NET CLR 2.0.50727)" "site.musotica.com"
66.147.157.210 - - [09/Sep/2008:05:02:32 -0700] "GET /musotica/images/bookmark.gif HTTP/1.1" 200 124 "http://musotica.com/brknplsh.html" "Mozilla/4.0 (compatible; MSIE 6.0; Windows NT 5.1; SV1; InfoPath.1; .NET CLR 1.1.4322; .NET CLR 2.0.50727)" "site.musotica.com"
66.147.157.210 - - [09/Sep/2008:05:02:32 -0700] "GET /musotica/images/go.gif HTTP/1.1" 200 731 "http://musotica.com/brknplsh.html" "Mozilla/4.0 (compatible; MSIE 6.0; Windows NT 5.1; SV1; InfoPath.1; .NET CLR 1.1.4322; .NET CLR 2.0.50727)" "site.musotica.com"
66.147.157.210 - - [09/Sep/2008:05:02:33 -0700] "GET /musotica/images/head_strip.gif HTTP/1.1" 200 63 "http://musotica.com/brknplsh.html" "Mozilla/4.0 (compatible; MSIE 6.0; Windows NT 5.1; SV1; InfoPath.1; .NET CLR 1.1.4322; .NET CLR 2.0.50727)" "site.musotica.com"
66.147.157.210 - - [09/Sep/2008:05:02:33 -0700] "GET /musotica/images/newdot.gif HTTP/1.1" 200 62 "http://musotica.com/brknplsh.html" "Mozilla/4.0 (compatible; MSIE 6.0; Windows NT 5.1; SV1; InfoPath.1; .NET CLR 1.1.4322; .NET CLR 2.0.50727)" "site.musotica.com"
66.147.157.210 - - [09/Sep/2008:05:02:33 -0700] "GET /musotica/images/midline.gif HTTP/1.1" 200 49 "http://musotica.com/brknplsh.html" "Mozilla/4.0 (compatible; MSIE 6.0; Windows NT 5.1; SV1; InfoPath.1; .NET CLR 1.1.4322; .NET CLR 2.0.50727)" "site.musotica.com"
66.147.157.210 - - [09/Sep/2008:05:02:34 -0700] "GET /scripts/paging-images/images/spacer.gif HTTP/1.1" 404 275 "http://musotica.com/brknplsh.html" "Mozilla/4.0 (compatible; MSIE 6.0; Windows NT 5.1; SV1; InfoPath.1; .NET CLR 1.1.4322; .NET CLR 2.0.50727)" "site.musotica.com"
66.147.157.210 - - [09/Sep/2008:05:02:34 -0700] "GET /musotica/images/clubwear.jpg HTTP/1.1" 200 15480 "http://musotica.com/brknplsh.html" "Mozilla/4.0 (compatible; MSIE 6.0; Windows NT 5.1; SV1; InfoPath.1; .NET CLR 1.1.4322; .NET CLR 2.0.50727)" "site.musotica.com"
66.147.157.210 - - [09/Sep/2008:05:02:34 -0700] "GET /musotica/images/spacer.gif HTTP/1.1" 404 275 "http://musotica.com/brknplsh.html" "Mozilla/4.0 (compatible; MSIE 6.0; Windows NT 5.1; SV1; InfoPath.1; .NET CLR 1.1.4322; .NET CLR 2.0.50727)" "site.musotica.com"
66.147.157.210 - - [09/Sep/2008:05:02:35 -0700] "GET /musotica/images/stockings.jpg HTTP/1.1" 200 15303 "http://musotica.com/brknplsh.html" "Mozilla/4.0 (compatible; MSIE 6.0; Windows NT 5.1; SV1; InfoPath.1; .NET CLR 1.1.4322; .NET CLR 2.0.50727)" "site.musotica.com"
66.147.157.210 - - [09/Sep/2008:05:02:35 -0700] "GET /musotica/images/lingeris.jpg HTTP/1.1" 200 17260 "http://musotica.com/brknplsh.html" "Mozilla/4.0 (compatible; MSIE 6.0; Windows NT 5.1; SV1; InfoPath.1; .NET CLR 1.1.4322; .NET CLR 2.0.50727)" "site.musotica.com"
66.147.157.210 - - [09/Sep/2008:05:02:35 -0700] "GET /musotica/images/accessories.jpg HTTP/1.1" 200 17113 "http://musotica.com/brknplsh.html" "Mozilla/4.0 (compatible; MSIE 6.0; Windows NT 5.1; SV1; InfoPath.1; .NET CLR 1.1.4322; .NET CLR 2.0.50727)" "site.musotica.com"
66.147.157.210 - - [09/Sep/2008:05:02:35 -0700] "GET /musotica/images/pay.jpg HTTP/1.1" 200 13131 "http://musotica.com/brknplsh.html" "Mozilla/4.0 (compatible; MSIE 6.0; Windows NT 5.1; SV1; InfoPath.1; .NET CLR 1.1.4322; .NET CLR 2.0.50727)" "site.musotica.com"
66.147.157.210 - - [09/Sep/2008:05:02:35 -0700] "GET /musotica/images/ss.jpg HTTP/1.1" 200 5500 "http://musotica.com/brknplsh.html" "Mozilla/4.0 (compatible; MSIE 6.0; Windows NT 5.1; SV1; InfoPath.1; .NET CLR 1.1.4322; .NET CLR 2.0.50727)" "site.musotica.com"
66.147.157.210 - - [09/Sep/2008:05:02:35 -0700] "GET /musotica/images/shoes.jpg HTTP/1.1" 200 14412 "http://musotica.com/brknplsh.html" "Mozilla/4.0 (compatible; MSIE 6.0; Windows NT 5.1; SV1; InfoPath.1; .NET CLR 1.1.4322; .NET CLR 2.0.50727)" "site.musotica.com"
66.147.157.210 - - [09/Sep/2008:05:02:35 -0700] "GET /musotica/images/bannerdot.gif HTTP/1.1" 200 49 "http://musotica.com/brknplsh.html" "Mozilla/4.0 (compatible; MSIE 6.0; Windows NT 5.1; SV1; InfoPath.1; .NET CLR 1.1.4322; .NET CLR 2.0.50727)" "site.musotica.com"
66.147.157.210 - - [09/Sep/2008:05:02:36 -0700] "GET /musotica/images/newgreendot.gif HTTP/1.1" 200 49 "http://musotica.com/brknplsh.html" "Mozilla/4.0 (compatible; MSIE 6.0; Windows NT 5.1; SV1; InfoPath.1; .NET CLR 1.1.4322; .NET CLR 2.0.50727)" "site.musotica.com"
65.54.154.26 - - [09/Sep/2008:05:02:43 -0700] "GET /musotica/style/style.css HTTP/1.0" 304 - "http://musotica.com/sebrbesetwir.html" "Mozilla/4.0 (compatible; MSIE 7.0; Windows NT 5.1; .NET CLR 1.1.4322)" "site.musotica.com"
65.54.154.26 - - [09/Sep/2008:05:02:44 -0700] "GET /style/rolldiv-ie.css HTTP/1.0" 304 - "http://musotica.com/sebrbesetwir.html" "Mozilla/4.0 (compatible; MSIE 7.0; Windows NT 5.1; .NET CLR 1.1.4322)" "site.musotica.com"
65.54.154.26 - - [09/Sep/2008:05:02:44 -0700] "GET /scripts/rolldiv.js HTTP/1.0" 304 - "http://musotica.com/sebrbesetwir.html" "Mozilla/4.0 (compatible; MSIE 7.0; Windows NT 5.1; .NET CLR 1.1.4322)" "site.musotica.com"
65.54.154.26 - - [09/Sep/2008:05:02:45 -0700] "GET /scripts/paging-images/images/spacer.gif HTTP/1.0" 404 275 "http://musotica.com/sebrbesetwir.html" "Mozilla/4.0 (compatible; MSIE 7.0; Windows NT 5.1; .NET CLR 1.1.4322)" "site.musotica.com"
65.54.154.26 - - [09/Sep/2008:05:02:45 -0700] "GET /musotica/images/spacer.gif HTTP/1.0" 404 275 "http://musotica.com/sebrbesetwir.html" "Mozilla/4.0 (compatible; MSIE 7.0; Windows NT 5.1; .NET CLR 1.1.4322)" "site.musotica.com"
89.211.3.3 - - [09/Sep/2008:05:03:01 -0700] "GET /musotica/images/spacer.gif HTTP/1.1" 404 275 "http://musotica.com/dancerwear1.html" "Mozilla/4.0 (compatible; MSIE 6.0; Windows NT 5.1; SV1)" "site.musotica.com"
32.160.254.233 - - [09/Sep/2008:05:03:08 -0700] "GET /scripts/pagging-inner.js HTTP/1.1" 200 24676 "http://musotica.com/seswpi.html" "Mozilla/5.0 (iPhone; U; CPU iPhone OS 2_0 like Mac OS X; en-us) AppleWebKit/525.18.1 (KHTML, like Gecko) Version/3.1.1 Mobile/5A347 Safari/525.20" "site.musotica.com"
65.54.154.26 - - [09/Sep/2008:05:03:11 -0700] "GET /musotica/style/style.css HTTP/1.0" 304 - "http://musotica.com/denimshortset.html" "Mozilla/4.0 (compatible; MSIE 7.0; Windows NT 5.1; .NET CLR 1.1.4322)" "site.musotica.com"
65.54.154.26 - - [09/Sep/2008:05:03:12 -0700] "GET /style/rolldiv-ie.css HTTP/1.0" 304 - "http://musotica.com/denimshortset.html" "Mozilla/4.0 (compatible; MSIE 7.0; Windows NT 5.1; .NET CLR 1.1.4322)" "site.musotica.com"
65.54.154.26 - - [09/Sep/2008:05:03:12 -0700] "GET /scripts/rolldiv.js HTTP/1.0" 304 - "http://musotica.com/denimshortset.html" "Mozilla/4.0 (compatible; MSIE 7.0; Windows NT 5.1; .NET CLR 1.1.4322)" "site.musotica.com"
65.54.154.26 - - [09/Sep/2008:05:03:13 -0700] "GET /scripts/paging-images/images/spacer.gif HTTP/1.0" 404 275 "http://musotica.com/denimshortset.html" "Mozilla/4.0 (compatible; MSIE 7.0; Windows NT 5.1; .NET CLR 1.1.4322)" "site.musotica.com"
65.54.154.26 - - [09/Sep/2008:05:03:13 -0700] "GET /musotica/images/spacer.gif HTTP/1.0" 404 275 "http://musotica.com/denimshortset.html" "Mozilla/4.0 (compatible; MSIE 7.0; Windows NT 5.1; .NET CLR 1.1.4322)" "site.musotica.com"
89.211.3.3 - - [09/Sep/2008:05:03:26 -0700] "GET /musotica/images/spacer.gif HTTP/1.1" 404 275 "http://musotica.com/sexyromper.html" "Mozilla/4.0 (compatible; MSIE 6.0; Windows NT 5.1; SV1)" "site.musotica.com"
65.54.154.26 - - [09/Sep/2008:05:03:37 -0700] "GET /musotica/style/style.css HTTP/1.0" 304 - "http://musotica.com/hatophotpabi.html" "Mozilla/4.0 (compatible; MSIE 7.0; Windows NT 5.1; .NET CLR 1.1.4322)" "site.musotica.com"
65.54.154.26 - - [09/Sep/2008:05:03:38 -0700] "GET /style/rolldiv-ie.css HTTP/1.0" 304 - "http://musotica.com/hatophotpabi.html" "Mozilla/4.0 (compatible; MSIE 7.0; Windows NT 5.1; .NET CLR 1.1.4322)" "site.musotica.com"
65.54.154.26 - - [09/Sep/2008:05:03:38 -0700] "GET /scripts/rolldiv.js HTTP/1.0" 304 - "http://musotica.com/hatophotpabi.html" "Mozilla/4.0 (compatible; MSIE 7.0; Windows NT 5.1; .NET CLR 1.1.4322)" "site.musotica.com"
65.54.154.26 - - [09/Sep/2008:05:03:38 -0700] "GET /scripts/paging-images/images/spacer.gif HTTP/1.0" 404 275 "http://musotica.com/hatophotpabi.html" "Mozilla/4.0 (compatible; MSIE 7.0; Windows NT 5.1; .NET CLR 1.1.4322)" "site.musotica.com"
65.54.154.26 - - [09/Sep/2008:05:03:38 -0700] "GET /musotica/images/spacer.gif HTTP/1.0" 404 275 "http://musotica.com/hatophotpabi.html" "Mozilla/4.0 (compatible; MSIE 7.0; Windows NT 5.1; .NET CLR 1.1.4322)" "site.musotica.com"
89.211.3.3 - - [09/Sep/2008:05:04:09 -0700] "GET /musotica/images/spacer.gif HTTP/1.1" 404 275 "http://musotica.com/dancerwear1.html" "Mozilla/4.0 (compatible; MSIE 6.0; Windows NT 5.1; SV1)" "site.musotica.com"
89.211.3.3 - - [09/Sep/2008:05:04:29 -0700] "GET /musotica/images/spacer.gif HTTP/1.1" 404 275 "http://musotica.com/bodystockings1.html" "Mozilla/4.0 (compatible; MSIE 6.0; Windows NT 5.1; SV1)" "site.musotica.com"
89.211.3.3 - - [09/Sep/2008:05:04:53 -0700] "GET /musotica/images/spacer.gif HTTP/1.1" 404 275 "http://musotica.com/bodystockings1.html" "Mozilla/4.0 (compatible; MSIE 6.0; Windows NT 5.1; SV1)" "site.musotica.com"
32.160.0.114 - - [09/Sep/2008:05:05:01 -0700] "GET /scripts/pagging-inner.js HTTP/1.1" 200 24676 "http://musotica.com/seswpi.html" "Mozilla/5.0 (iPhone; U; CPU iPhone OS 2_0 like Mac OS X; en-us) AppleWebKit/525.18.1 (KHTML, like Gecko) Version/3.1.1 Mobile/5A347 Safari/525.20" "site.musotica.com"
203.217.67.174 - - [09/Sep/2008:05:05:01 -0700] "GET /musotica/style/style.css HTTP/1.1" 200 2675 "http://musotica.com/segaco.html" "Mozilla/5.0 (Windows; U; Windows NT 5.1; en-US; rv:1.9.0.1) Gecko/2008070208 Firefox/3.0.1" "site.musotica.com"
58.93.133.92 - - [09/Sep/2008:05:05:02 -0700] "GET /musotica/style/style.css HTTP/1.1" 200 2675 "http://musotica.com/bodystockings1.html" "Mozilla/4.0 (compatible; MSIE 7.0; Windows NT 5.1; .NET CLR 1.1.4322)" "site.musotica.com"
89.211.3.3 - - [09/Sep/2008:05:05:03 -0700] "GET /musotica/images/spacer.gif HTTP/1.1" 404 275 "http://musotica.com/bodystockings.html" "Mozilla/4.0 (compatible; MSIE 6.0; Windows NT 5.1; SV1)" "site.musotica.com"
58.93.133.92 - - [09/Sep/2008:05:05:03 -0700] "GET /scripts/rolldiv.js HTTP/1.1" 200 623 "http://musotica.com/bodystockings1.html" "Mozilla/4.0 (compatible; MSIE 7.0; Windows NT 5.1; .NET CLR 1.1.4322)" "site.musotica.com"
58.93.133.92 - - [09/Sep/2008:05:05:03 -0700] "GET /style/rolldiv-ie.css HTTP/1.1" 200 809 "http://musotica.com/bodystockings1.html" "Mozilla/4.0 (compatible; MSIE 7.0; Windows NT 5.1; .NET CLR 1.1.4322)" "site.musotica.com"
58.93.133.92 - - [09/Sep/2008:05:05:03 -0700] "GET /musotica/images/phone.gif HTTP/1.1" 200 385 "http://musotica.com/bodystockings1.html" "Mozilla/4.0 (compatible; MSIE 7.0; Windows NT 5.1; .NET CLR 1.1.4322)" "site.musotica.com"
58.93.133.92 - - [09/Sep/2008:05:05:03 -0700] "GET /musotica/images/head_strip.gif HTTP/1.1" 200 63 "http://musotica.com/bodystockings1.html" "Mozilla/4.0 (compatible; MSIE 7.0; Windows NT 5.1; .NET CLR 1.1.4322)" "site.musotica.com"
58.93.133.92 - - [09/Sep/2008:05:05:04 -0700] "GET /rolldiv-images/shadow.png HTTP/1.1" 200 175 "-" "Mozilla/4.0 (compatible; MSIE 7.0; Windows NT 5.1; .NET CLR 1.1.4322)" "site.musotica.com"
58.93.133.92 - - [09/Sep/2008:05:05:04 -0700] "GET /musotica/images/logo.gif HTTP/1.1" 200 2006 "http://musotica.com/bodystockings1.html" "Mozilla/4.0 (compatible; MSIE 7.0; Windows NT 5.1; .NET CLR 1.1.4322)" "site.musotica.com"
58.93.133.92 - - [09/Sep/2008:05:05:04 -0700] "GET /musotica/images/home.gif HTTP/1.1" 200 70 "http://musotica.com/bodystockings1.html" "Mozilla/4.0 (compatible; MSIE 7.0; Windows NT 5.1; .NET CLR 1.1.4322)" "site.musotica.com"
58.93.133.92 - - [09/Sep/2008:05:05:04 -0700] "GET /musotica/images/tell.gif HTTP/1.1" 200 67 "http://musotica.com/bodystockings1.html" "Mozilla/4.0 (compatible; MSIE 7.0; Windows NT 5.1; .NET CLR 1.1.4322)" "site.musotica.com"
58.93.133.92 - - [09/Sep/2008:05:05:05 -0700] "GET /musotica/images/newdot.gif HTTP/1.1" 200 62 "http://musotica.com/bodystockings1.html" "Mozilla/4.0 (compatible; MSIE 7.0; Windows NT 5.1; .NET CLR 1.1.4322)" "site.musotica.com"
58.93.133.92 - - [09/Sep/2008:05:05:05 -0700] "GET /musotica/images/bookmark.gif HTTP/1.1" 200 124 "http://musotica.com/bodystockings1.html" "Mozilla/4.0 (compatible; MSIE 7.0; Windows NT 5.1; .NET CLR 1.1.4322)" "site.musotica.com"
58.93.133.92 - - [09/Sep/2008:05:05:05 -0700] "GET /musotica/images/go.gif HTTP/1.1" 200 731 "http://musotica.com/bodystockings1.html" "Mozilla/4.0 (compatible; MSIE 7.0; Windows NT 5.1; .NET CLR 1.1.4322)" "site.musotica.com"
58.93.133.92 - - [09/Sep/2008:05:05:05 -0700] "GET /musotica/images/shop.gif HTTP/1.1" 200 83 "http://musotica.com/bodystockings1.html" "Mozilla/4.0 (compatible; MSIE 7.0; Windows NT 5.1; .NET CLR 1.1.4322)" "site.musotica.com"
65.54.154.26 - - [09/Sep/2008:05:05:05 -0700] "GET /musotica/style/style.css HTTP/1.0" 304 - "http://musotica.com/govihotshsw.html" "Mozilla/4.0 (compatible; MSIE 7.0; Windows NT 5.1; .NET CLR 1.1.4322)" "site.musotica.com"
58.93.133.92 - - [09/Sep/2008:05:05:05 -0700] "GET /musotica/images/search.gif HTTP/1.1" 200 1538 "http://musotica.com/bodystockings1.html" "Mozilla/4.0 (compatible; MSIE 7.0; Windows NT 5.1; .NET CLR 1.1.4322)" "site.musotica.com"
58.93.133.92 - - [09/Sep/2008:05:05:06 -0700] "GET /musotica/images/arrow.gif HTTP/1.1" 200 61 "http://musotica.com/bodystockings1.html" "Mozilla/4.0 (compatible; MSIE 7.0; Windows NT 5.1; .NET CLR 1.1.4322)" "site.musotica.com"
58.93.133.92 - - [09/Sep/2008:05:05:06 -0700] "GET /musotica/images/midline.gif HTTP/1.1" 200 49 "http://musotica.com/bodystockings1.html" "Mozilla/4.0 (compatible; MSIE 7.0; Windows NT 5.1; .NET CLR 1.1.4322)" "site.musotica.com"
58.93.133.92 - - [09/Sep/2008:05:05:06 -0700] "GET /musotica/images/lingeris.jpg HTTP/1.1" 200 17260 "http://musotica.com/bodystockings1.html" "Mozilla/4.0 (compatible; MSIE 7.0; Windows NT 5.1; .NET CLR 1.1.4322)" "site.musotica.com"
58.93.133.92 - - [09/Sep/2008:05:05:06 -0700] "GET /musotica/images/bannerdot.gif HTTP/1.1" 200 49 "http://musotica.com/bodystockings1.html" "Mozilla/4.0 (compatible; MSIE 7.0; Windows NT 5.1; .NET CLR 1.1.4322)" "site.musotica.com"
