58.93.133.92 - - [09/Sep/2008:05:05:07 -0700] "GET /musotica/images/spacer.gif HTTP/1.1" 404 275 "http://musotica.com/bodystockings1.html" "Mozilla/4.0 (compatible; MSIE 7.0; Windows NT 5.1; .NET CLR 1.1.4322)" "site.musotica.com"
58.93.133.92 - - [09/Sep/2008:05:05:07 -0700] "GET /musotica/images/clubwear.jpg HTTP/1.1" 200 15480 "http://musotica.com/bodystockings1.html" "Mozilla/4.0 (compatible; MSIE 7.0; Windows NT 5.1; .NET CLR 1.1.4322)" "site.musotica.com"
58.93.133.92 - - [09/Sep/2008:05:05:07 -0700] "GET /musotica/images/stockings.jpg HTTP/1.1" 200 15303 "http://musotica.com/bodystockings1.html" "Mozilla/4.0 (compatible; MSIE 7.0; Windows NT 5.1; .NET CLR 1.1.4322)" "site.musotica.com"
58.93.133.92 - - [09/Sep/2008:05:05:08 -0700] "GET /musotica/images/newgreendot.gif HTTP/1.1" 200 49 "http://musotica.com/bodystockings1.html" "Mozilla/4.0 (compatible; MSIE 7.0; Windows NT 5.1; .NET CLR 1.1.4322)" "site.musotica.com"
58.93.133.92 - - [09/Sep/2008:05:05:08 -0700] "GET /musotica/images/shoes.jpg HTTP/1.1" 200 14412 "http://musotica.com/bodystockings1.html" "Mozilla/4.0 (compatible; MSIE 7.0; Windows NT 5.1; .NET CLR 1.1.4322)" "site.musotica.com"
58.93.133.92 - - [09/Sep/2008:05:05:08 -0700] "GET /musotica/images/accessories.jpg HTTP/1.1" 200 17113 "http://musotica.com/bodystockings1.html" "Mozilla/4.0 (compatible; MSIE 7.0; Windows NT 5.1; .NET CLR 1.1.4322)" "site.musotica.com"
58.93.133.92 - - [09/Sep/2008:05:05:09 -0700] "GET /musotica/images/pay.jpg HTTP/1.1" 200 13131 "http://musotica.com/bodystockings1.html" "Mozilla/4.0 (compatible; MSIE 7.0; Windows NT 5.1; .NET CLR 1.1.4322)" "site.musotica.com"
58.93.133.92 - - [09/Sep/2008:05:05:09 -0700] "GET /musotica/images/ss.jpg HTTP/1.1" 200 5500 "http://musotica.com/bodystockings1.html" "Mozilla/4.0 (compatible; MSIE 7.0; Windows NT 5.1; .NET CLR 1.1.4322)" "site.musotica.com"
65.54.154.26 - - [09/Sep/2008:05:05:15 -0700] "GET /style/rolldiv-ie.css HTTP/1.0" 304 - "http://musotica.com/govihotshsw.html" "Mozilla/4.0 (compatible; MSIE 7.0; Windows NT 5.1; .NET CLR 1.1.4322)" "site.musotica.com"
65.54.154.26 - - [09/Sep/2008:05:05:15 -0700] "GET /scripts/rolldiv.js HTTP/1.0" 304 - "http://musotica.com/govihotshsw.html" "Mozilla/4.0 (compatible; MSIE 7.0; Windows NT 5.1; .NET CLR 1.1.4322)" "site.musotica.com"
65.54.154.26 - - [09/Sep/2008:05:05:16 -0700] "GET /scripts/paging-images/images/spacer.gif HTTP/1.0" 404 275 "http://musotica.com/govihotshsw.html" "Mozilla/4.0 (compatible; MSIE 7.0; Windows NT 5.1; .NET CLR 1.1.4322)" "site.musotica.com"
65.54.154.26 - - [09/Sep/2008:05:05:16 -0700] "GET /musotica/images/spacer.gif HTTP/1.0" 404 275 "http://musotica.com/govihotshsw.html" "Mozilla/4.0 (compatible; MSIE 7.0; Windows NT 5.1; .NET CLR 1.1.4322)" "site.musotica.com"
32.160.0.114 - - [09/Sep/2008:05:05:21 -0700] "GET /musotica/images/lingeris.jpg HTTP/1.1" 200 17260 "http://musotica.com/seswpi.html" "Mozilla/5.0 (iPhone; U; CPU iPhone OS 2_0 like Mac OS X; en-us) AppleWebKit/525.18.1 (KHTML, like Gecko) Version/3.1.1 Mobile/5A347 Safari/525.20" "site.musotica.com"
65.54.154.26 - - [09/Sep/2008:05:05:22 -0700] "GET /musotica/style/style.css HTTP/1.0" 304 - "http://musotica.com/memishset.html" "Mozilla/4.0 (compatible; MSIE 7.0; Windows NT 5.1; .NET CLR 1.1.4322)" "site.musotica.com"
65.54.154.26 - - [09/Sep/2008:05:05:23 -0700] "GET /style/rolldiv-ie.css HTTP/1.0" 304 - "http://musotica.com/memishset.html" "Mozilla/4.0 (compatible; MSIE 7.0; Windows NT 5.1; .NET CLR 1.1.4322)" "site.musotica.com"
65.54.154.26 - - [09/Sep/2008:05:05:23 -0700] "GET /scripts/rolldiv.js HTTP/1.0" 304 - "http://musotica.com/memishset.html" "Mozilla/4.0 (compatible; MSIE 7.0; Windows NT 5.1; .NET CLR 1.1.4322)" "site.musotica.com"
65.54.154.26 - - [09/Sep/2008:05:05:23 -0700] "GET /scripts/paging-images/images/spacer.gif HTTP/1.0" 404 275 "http://musotica.com/memishset.html" "Mozilla/4.0 (compatible; MSIE 7.0; Windows NT 5.1; .NET CLR 1.1.4322)" "site.musotica.com"
65.54.154.26 - - [09/Sep/2008:05:05:23 -0700] "GET /musotica/images/spacer.gif HTTP/1.0" 404 275 "http://musotica.com/memishset.html" "Mozilla/4.0 (compatible; MSIE 7.0; Windows NT 5.1; .NET CLR 1.1.4322)" "site.musotica.com"
32.160.0.114 - - [09/Sep/2008:05:05:24 -0700] "GET /musotica/images/stockings.jpg HTTP/1.1" 200 15303 "http://musotica.com/seswpi.html" "Mozilla/5.0 (iPhone; U; CPU iPhone OS 2_0 like Mac OS X; en-us) AppleWebKit/525.18.1 (KHTML, like Gecko) Version/3.1.1 Mobile/5A347 Safari/525.20" "site.musotica.com"
32.160.0.114 - - [09/Sep/2008:05:05:24 -0700] "GET /musotica/images/clubwear.jpg HTTP/1.1" 200 15480 "http://musotica.com/seswpi.html" "Mozilla/5.0 (iPhone; U; CPU iPhone OS 2_0 like Mac OS X; en-us) AppleWebKit/525.18.1 (KHTML, like Gecko) Version/3.1.1 Mobile/5A347 Safari/525.20" "site.musotica.com"
32.160.0.114 - - [09/Sep/2008:05:05:25 -0700] "GET /musotica/images/shoes.jpg HTTP/1.1" 200 14412 "http://musotica.com/seswpi.html" "Mozilla/5.0 (iPhone; U; CPU iPhone OS 2_0 like Mac OS X; en-us) AppleWebKit/525.18.1 (KHTML, like Gecko) Version/3.1.1 Mobile/5A347 Safari/525.20" "site.musotica.com"
32.160.0.114 - - [09/Sep/2008:05:05:36 -0700] "GET /scripts/rolldiv.js HTTP/1.1" 200 623 "http://musotica.com/onepicrwicef.html" "Mozilla/5.0 (iPhone; U; CPU iPhone OS 2_0 like Mac OS X; en-us) AppleWebKit/525.18.1 (KHTML, like Gecko) Version/3.1.1 Mobile/5A347 Safari/525.20" "site.musotica.com"
32.160.0.114 - - [09/Sep/2008:05:05:38 -0700] "GET /scripts/rolldiv.js HTTP/1.1" 200 623 "http://musotica.com/seswpi.html" "Mozilla/5.0 (iPhone; U; CPU iPhone OS 2_0 like Mac OS X; en-us) AppleWebKit/525.18.1 (KHTML, like Gecko) Version/3.1.1 Mobile/5A347 Safari/525.20" "site.musotica.com"
32.160.0.114 - - [09/Sep/2008:05:05:39 -0700] "GET /scripts/cookies.js HTTP/1.1" 200 1429 "http://musotica.com/seswpi.html" "Mozilla/5.0 (iPhone; U; CPU iPhone OS 2_0 like Mac OS X; en-us) AppleWebKit/525.18.1 (KHTML, like Gecko) Version/3.1.1 Mobile/5A347 Safari/525.20" "site.musotica.com"
32.160.0.114 - - [09/Sep/2008:05:05:39 -0700] "GET /scripts/pagging-inner.js HTTP/1.1" 200 24676 "http://musotica.com/seswpi.html" "Mozilla/5.0 (iPhone; U; CPU iPhone OS 2_0 like Mac OS X; en-us) AppleWebKit/525.18.1 (KHTML, like Gecko) Version/3.1.1 Mobile/5A347 Safari/525.20" "site.musotica.com"
32.160.0.114 - - [09/Sep/2008:05:05:39 -0700] "GET /scripts/dpv.js HTTP/1.1" 200 1545 "http://musotica.com/seswpi.html" "Mozilla/5.0 (iPhone; U; CPU iPhone OS 2_0 like Mac OS X; en-us) AppleWebKit/525.18.1 (KHTML, like Gecko) Version/3.1.1 Mobile/5A347 Safari/525.20" "site.musotica.com"
69.123.188.215 - - [09/Sep/2008:05:05:40 -0700] "GET /musotica/style/style.css HTTP/1.1" 200 2675 "http://musotica.com/sexynavygirls.html" "Mozilla/4.0 (compatible; MSIE 7.0; Windows NT 5.1; .NET CLR 1.0.3705; .NET CLR 1.1.4322; Media Center PC 4.0)" "site.musotica.com"
69.123.188.215 - - [09/Sep/2008:05:05:40 -0700] "GET /style/rolldiv-ie.css HTTP/1.1" 200 809 "http://musotica.com/sexynavygirls.html" "Mozilla/4.0 (compatible; MSIE 7.0; Windows NT 5.1; .NET CLR 1.0.3705; .NET CLR 1.1.4322; Media Center PC 4.0)" "site.musotica.com"
69.123.188.215 - - [09/Sep/2008:05:05:40 -0700] "GET /scripts/rolldiv.js HTTP/1.1" 200 623 "http://musotica.com/sexynavygirls.html" "Mozilla/4.0 (compatible; MSIE 7.0; Windows NT 5.1; .NET CLR 1.0.3705; .NET CLR 1.1.4322; Media Center PC 4.0)" "site.musotica.com"
69.123.188.215 - - [09/Sep/2008:05:05:40 -0700] "GET /musotica/images/phone.gif HTTP/1.1" 200 385 "http://musotica.com/sexynavygirls.html" "Mozilla/4.0 (compatible; MSIE 7.0; Windows NT 5.1; .NET CLR 1.0.3705; .NET CLR 1.1.4322; Media Center PC 4.0)" "site.musotica.com"
69.123.188.215 - - [09/Sep/2008:05:05:40 -0700] "GET /musotica/images/logo.gif HTTP/1.1" 200 2006 "http://musotica.com/sexynavygirls.html" "Mozilla/4.0 (compatible; MSIE 7.0; Windows NT 5.1; .NET CLR 1.0.3705; .NET CLR 1.1.4322; Media Center PC 4.0)" "site.musotica.com"
69.123.188.215 - - [09/Sep/2008:05:05:40 -0700] "GET /musotica/images/home.gif HTTP/1.1" 200 70 "http://musotica.com/sexynavygirls.html" "Mozilla/4.0 (compatible; MSIE 7.0; Windows NT 5.1; .NET CLR 1.0.3705; .NET CLR 1.1.4322; Media Center PC 4.0)" "site.musotica.com"
69.123.188.215 - - [09/Sep/2008:05:05:40 -0700] "GET /rolldiv-images/shadow.png HTTP/1.1" 200 175 "-" "Mozilla/4.0 (compatible; MSIE 7.0; Windows NT 5.1; .NET CLR 1.0.3705; .NET CLR 1.1.4322; Media Center PC 4.0)" "site.musotica.com"
69.123.188.215 - - [09/Sep/2008:05:05:40 -0700] "GET /musotica/images/head_strip.gif HTTP/1.1" 200 63 "http://musotica.com/sexynavygirls.html" "Mozilla/4.0 (compatible; MSIE 7.0; Windows NT 5.1; .NET CLR 1.0.3705; .NET CLR 1.1.4322; Media Center PC 4.0)" "site.musotica.com"
69.123.188.215 - - [09/Sep/2008:05:05:40 -0700] "GET /musotica/images/bookmark.gif HTTP/1.1" 200 124 "http://musotica.com/sexynavygirls.html" "Mozilla/4.0 (compatible; MSIE 7.0; Windows NT 5.1; .NET CLR 1.0.3705; .NET CLR 1.1.4322; Media Center PC 4.0)" "site.musotica.com"
69.123.188.215 - - [09/Sep/2008:05:05:40 -0700] "GET /musotica/images/newdot.gif HTTP/1.1" 200 62 "http://musotica.com/sexynavygirls.html" "Mozilla/4.0 (compatible; MSIE 7.0; Windows NT 5.1; .NET CLR 1.0.3705; .NET CLR 1.1.4322; Media Center PC 4.0)" "site.musotica.com"
69.123.188.215 - - [09/Sep/2008:05:05:40 -0700] "GET /musotica/images/go.gif HTTP/1.1" 200 731 "http://musotica.com/sexynavygirls.html" "Mozilla/4.0 (compatible; MSIE 7.0; Windows NT 5.1; .NET CLR 1.0.3705; .NET CLR 1.1.4322; Media Center PC 4.0)" "site.musotica.com"
69.123.188.215 - - [09/Sep/2008:05:05:40 -0700] "GET /musotica/images/shop.gif HTTP/1.1" 200 83 "http://musotica.com/sexynavygirls.html" "Mozilla/4.0 (compatible; MSIE 7.0; Windows NT 5.1; .NET CLR 1.0.3705; .NET CLR 1.1.4322; Media Center PC 4.0)" "site.musotica.com"
69.123.188.215 - - [09/Sep/2008:05:05:40 -0700] "GET /musotica/images/arrow.gif HTTP/1.1" 200 61 "http://musotica.com/sexynavygirls.html" "Mozilla/4.0 (compatible; MSIE 7.0; Windows NT 5.1; .NET CLR 1.0.3705; .NET CLR 1.1.4322; Media Center PC 4.0)" "site.musotica.com"
69.123.188.215 - - [09/Sep/2008:05:05:40 -0700] "GET /musotica/images/search.gif HTTP/1.1" 200 1538 "http://musotica.com/sexynavygirls.html" "Mozilla/4.0 (compatible; MSIE 7.0; Windows NT 5.1; .NET CLR 1.0.3705; .NET CLR 1.1.4322; Media Center PC 4.0)" "site.musotica.com"
69.123.188.215 - - [09/Sep/2008:05:05:40 -0700] "GET /musotica/images/midline.gif HTTP/1.1" 200 49 "http://musotica.com/sexynavygirls.html" "Mozilla/4.0 (compatible; MSIE 7.0; Windows NT 5.1; .NET CLR 1.0.3705; .NET CLR 1.1.4322; Media Center PC 4.0)" "site.musotica.com"
69.123.188.215 - - [09/Sep/2008:05:05:40 -0700] "GET /scripts/cookies.js HTTP/1.1" 200 1429 "http://musotica.com/sexynavygirls.html" "Mozilla/4.0 (compatible; MSIE 7.0; Windows NT 5.1; .NET CLR 1.0.3705; .NET CLR 1.1.4322; Media Center PC 4.0)" "site.musotica.com"
69.123.188.215 - - [09/Sep/2008:05:05:40 -0700] "GET /musotica/images/tell.gif HTTP/1.1" 200 67 "http://musotica.com/sexynavygirls.html" "Mozilla/4.0 (compatible; MSIE 7.0; Windows NT 5.1; .NET CLR 1.0.3705; .NET CLR 1.1.4322; Media Center PC 4.0)" "site.musotica.com"
69.123.188.215 - - [09/Sep/2008:05:05:41 -0700] "GET /scripts/pagging-inner.js HTTP/1.1" 200 24676 "http://musotica.com/sexynavygirls.html" "Mozilla/4.0 (compatible; MSIE 7.0; Windows NT 5.1; .NET CLR 1.0.3705; .NET CLR 1.1.4322; Media Center PC 4.0)" "site.musotica.com"
69.123.188.215 - - [09/Sep/2008:05:05:41 -0700] "GET /scripts/dpv.js HTTP/1.1" 200 1545 "http://musotica.com/sexynavygirls.html" "Mozilla/4.0 (compatible; MSIE 7.0; Windows NT 5.1; .NET CLR 1.0.3705; .NET CLR 1.1.4322; Media Center PC 4.0)" "site.musotica.com"
69.123.188.215 - - [09/Sep/2008:05:05:41 -0700] "GET /musotica/images/lingeris.jpg HTTP/1.1" 200 17260 "http://musotica.com/sexynavygirls.html" "Mozilla/4.0 (compatible; MSIE 7.0; Windows NT 5.1; .NET CLR 1.0.3705; .NET CLR 1.1.4322; Media Center PC 4.0)" "site.musotica.com"
69.123.188.215 - - [09/Sep/2008:05:05:41 -0700] "GET /musotica/images/spacer.gif HTTP/1.1" 404 275 "http://musotica.com/sexynavygirls.html" "Mozilla/4.0 (compatible; MSIE 7.0; Windows NT 5.1; .NET CLR 1.0.3705; .NET CLR 1.1.4322; Media Center PC 4.0)" "site.musotica.com"
69.123.188.215 - - [09/Sep/2008:05:05:41 -0700] "GET /musotica/images/bannerdot.gif HTTP/1.1" 200 49 "http://musotica.com/sexynavygirls.html" "Mozilla/4.0 (compatible; MSIE 7.0; Windows NT 5.1; .NET CLR 1.0.3705; .NET CLR 1.1.4322; Media Center PC 4.0)" "site.musotica.com"
69.123.188.215 - - [09/Sep/2008:05:05:41 -0700] "GET /musotica/images/clubwear.jpg HTTP/1.1" 200 15480 "http://musotica.com/sexynavygirls.html" "Mozilla/4.0 (compatible; MSIE 7.0; Windows NT 5.1; .NET CLR 1.0.3705; .NET CLR 1.1.4322; Media Center PC 4.0)" "site.musotica.com"
69.123.188.215 - - [09/Sep/2008:05:05:41 -0700] "GET /musotica/images/stockings.jpg HTTP/1.1" 200 15303 "http://musotica.com/sexynavygirls.html" "Mozilla/4.0 (compatible; MSIE 7.0; Windows NT 5.1; .NET CLR 1.0.3705; .NET CLR 1.1.4322; Media Center PC 4.0)" "site.musotica.com"
69.123.188.215 - - [09/Sep/2008:05:05:41 -0700] "GET /musotica/images/shoes.jpg HTTP/1.1" 200 14412 "http://musotica.com/sexynavygirls.html" "Mozilla/4.0 (compatible; MSIE 7.0; Windows NT 5.1; .NET CLR 1.0.3705; .NET CLR 1.1.4322; Media Center PC 4.0)" "site.musotica.com"
69.123.188.215 - - [09/Sep/2008:05:05:41 -0700] "GET /musotica/images/newgreendot.gif HTTP/1.1" 200 49 "http://musotica.com/sexynavygirls.html" "Mozilla/4.0 (compatible; MSIE 7.0; Windows NT 5.1; .NET CLR 1.0.3705; .NET CLR 1.1.4322; Media Center PC 4.0)" "site.musotica.com"
69.123.188.215 - - [09/Sep/2008:05:05:41 -0700] "GET /rolldiv-images/header.png HTTP/1.1" 200 730 "-" "Mozilla/4.0 (compatible; MSIE 7.0; Windows NT 5.1; .NET CLR 1.0.3705; .NET CLR 1.1.4322; Media Center PC 4.0)" "site.musotica.com"
69.123.188.215 - - [09/Sep/2008:05:05:41 -0700] "GET /musotica/images/accessories.jpg HTTP/1.1" 200 17113 "http://musotica.com/sexynavygirls.html" "Mozilla/4.0 (compatible; MSIE 7.0; Windows NT 5.1; .NET CLR 1.0.3705; .NET CLR 1.1.4322; Media Center PC 4.0)" "site.musotica.com"
69.123.188.215 - - [09/Sep/2008:05:05:41 -0700] "GET /musotica/images/pay.jpg HTTP/1.1" 200 13131 "http://musotica.com/sexynavygirls.html" "Mozilla/4.0 (compatible; MSIE 7.0; Windows NT 5.1; .NET CLR 1.0.3705; .NET CLR 1.1.4322; Media Center PC 4.0)" "site.musotica.com"
69.123.188.215 - - [09/Sep/2008:05:05:42 -0700] "GET /rolldiv-images/footer.png HTTP/1.1" 200 637 "-" "Mozilla/4.0 (compatible; MSIE 7.0; Windows NT 5.1; .NET CLR 1.0.3705; .NET CLR 1.1.4322; Media Center PC 4.0)" "site.musotica.com"
69.123.188.215 - - [09/Sep/2008:05:05:42 -0700] "GET /musotica/images/ss.jpg HTTP/1.1" 200 5500 "http://musotica.com/sexynavygirls.html" "Mozilla/4.0 (compatible; MSIE 7.0; Windows NT 5.1; .NET CLR 1.0.3705; .NET CLR 1.1.4322; Media Center PC 4.0)" "site.musotica.com"
89.211.3.3 - - [09/Sep/2008:05:05:43 -0700] "GET /musotica/images/spacer.gif HTTP/1.1" 404 275 "http://musotica.com/bodystockings1.html" "Mozilla/4.0 (compatible; MSIE 6.0; Windows NT 5.1; SV1)" "site.musotica.com"
32.160.0.114 - - [09/Sep/2008:05:05:47 -0700] "GET /musotica/images/lingeris.jpg HTTP/1.1" 200 17260 "http://musotica.com/seswpi.html" "Mozilla/5.0 (iPhone; U; CPU iPhone OS 2_0 like Mac OS X; en-us) AppleWebKit/525.18.1 (KHTML, like Gecko) Version/3.1.1 Mobile/5A347 Safari/525.20" "site.musotica.com"
32.160.0.114 - - [09/Sep/2008:05:05:50 -0700] "GET /musotica/images/clubwear.jpg HTTP/1.1" 200 15480 "http://musotica.com/seswpi.html" "Mozilla/5.0 (iPhone; U; CPU iPhone OS 2_0 like Mac OS X; en-us) AppleWebKit/525.18.1 (KHTML, like Gecko) Version/3.1.1 Mobile/5A347 Safari/525.20" "site.musotica.com"
32.160.0.114 - - [09/Sep/2008:05:05:50 -0700] "GET /musotica/images/stockings.jpg HTTP/1.1" 200 15303 "http://musotica.com/seswpi.html" "Mozilla/5.0 (iPhone; U; CPU iPhone OS 2_0 like Mac OS X; en-us) AppleWebKit/525.18.1 (KHTML, like Gecko) Version/3.1.1 Mobile/5A347 Safari/525.20" "site.musotica.com"
89.211.3.3 - - [09/Sep/2008:05:05:50 -0700] "GET /musotica/images/spacer.gif HTTP/1.1" 404 275 "http://musotica.com/bodystockings.html" "Mozilla/4.0 (compatible; MSIE 6.0; Windows NT 5.1; SV1)" "site.musotica.com"
69.123.188.215 - - [09/Sep/2008:05:05:55 -0700] "GET /scripts/paging-images/images/spacer.gif HTTP/1.1" 404 275 "http://musotica.com/sesacosehaco.html" "Mozilla/4.0 (compatible; MSIE 7.0; Windows NT 5.1; .NET CLR 1.0.3705; .NET CLR 1.1.4322; Media Center PC 4.0)" "site.musotica.com"
69.123.188.215 - - [09/Sep/2008:05:05:55 -0700] "GET /musotica/images/spacer.gif HTTP/1.1" 404 275 "http://musotica.com/sesacosehaco.html" "Mozilla/4.0 (compatible; MSIE 7.0; Windows NT 5.1; .NET CLR 1.0.3705; .NET CLR 1.1.4322; Media Center PC 4.0)" "site.musotica.com"
32.160.0.114 - - [09/Sep/2008:05:05:56 -0700] "GET /scripts/pagging-inner.js HTTP/1.1" 200 24676 "http://musotica.com/seswpi.html" "Mozilla/5.0 (iPhone; U; CPU iPhone OS 2_0 like Mac OS X; en-us) AppleWebKit/525.18.1 (KHTML, like Gecko) Version/3.1.1 Mobile/5A347 Safari/525.20" "site.musotica.com"
32.160.0.114 - - [09/Sep/2008:05:05:56 -0700] "GET /musotica/images/clubwear.jpg HTTP/1.1" 200 15480 "http://musotica.com/seswpi.html" "Mozilla/5.0 (iPhone; U; CPU iPhone OS 2_0 like Mac OS X; en-us) AppleWebKit/525.18.1 (KHTML, like Gecko) Version/3.1.1 Mobile/5A347 Safari/525.20" "site.musotica.com"
32.160.0.114 - - [09/Sep/2008:05:05:56 -0700] "GET /scripts/dpv.js HTTP/1.1" 200 1545 "http://musotica.com/seswpi.html" "Mozilla/5.0 (iPhone; U; CPU iPhone OS 2_0 like Mac OS X; en-us) AppleWebKit/525.18.1 (KHTML, like Gecko) Version/3.1.1 Mobile/5A347 Safari/525.20" "site.musotica.com"
32.160.0.114 - - [09/Sep/2008:05:05:56 -0700] "GET /musotica/images/lingeris.jpg HTTP/1.1" 200 17260 "http://musotica.com/seswpi.html" "Mozilla/5.0 (iPhone; U; CPU iPhone OS 2_0 like Mac OS X; en-us) AppleWebKit/525.18.1 (KHTML, like Gecko) Version/3.1.1 Mobile/5A347 Safari/525.20" "site.musotica.com"
74.6.22.190 - - [09/Sep/2008:05:06:00 -0700] "GET /links12.html HTTP/1.0" 200 35695 "-" "Mozilla/5.0 (compatible; Yahoo! Slurp; http://help.yahoo.com/help/us/ysearch/slurp)" "site.musotica.com"
89.211.3.3 - - [09/Sep/2008:05:06:03 -0700] "GET /scripts/paging-images/images/spacer.gif HTTP/1.1" 404 275 "http://musotica.com/serolabowihe.html" "Mozilla/4.0 (compatible; MSIE 6.0; Windows NT 5.1; SV1)" "site.musotica.com"
32.160.0.114 - - [09/Sep/2008:05:06:05 -0700] "GET /musotica/images/stockings.jpg HTTP/1.1" 200 15303 "http://musotica.com/seswpi.html" "Mozilla/5.0 (iPhone; U; CPU iPhone OS 2_0 like Mac OS X; en-us) AppleWebKit/525.18.1 (KHTML, like Gecko) Version/3.1.1 Mobile/5A347 Safari/525.20" "site.musotica.com"
89.211.3.3 - - [09/Sep/2008:05:06:06 -0700] "GET /musotica/images/spacer.gif HTTP/1.1" 404 275 "http://musotica.com/serolabowihe.html" "Mozilla/4.0 (compatible; MSIE 6.0; Windows NT 5.1; SV1)" "site.musotica.com"
32.160.0.114 - - [09/Sep/2008:05:06:06 -0700] "GET /musotica/images/shoes.jpg HTTP/1.1" 200 14412 "http://musotica.com/seswpi.html" "Mozilla/5.0 (iPhone; U; CPU iPhone OS 2_0 like Mac OS X; en-us) AppleWebKit/525.18.1 (KHTML, like Gecko) Version/3.1.1 Mobile/5A347 Safari/525.20" "site.musotica.com"
32.160.0.114 - - [09/Sep/2008:05:06:06 -0700] "GET /musotica/images/accessories.jpg HTTP/1.1" 200 17113 "http://musotica.com/seswpi.html" "Mozilla/5.0 (iPhone; U; CPU iPhone OS 2_0 like Mac OS X; en-us) AppleWebKit/525.18.1 (KHTML, like Gecko) Version/3.1.1 Mobile/5A347 Safari/525.20" "site.musotica.com"
89.211.3.3 - - [09/Sep/2008:05:06:12 -0700] "GET /musotica/images/spacer.gif HTTP/1.1" 404 275 "http://musotica.com/bodystockings.html" "Mozilla/4.0 (compatible; MSIE 6.0; Windows NT 5.1; SV1)" "site.musotica.com"
69.123.188.215 - - [09/Sep/2008:05:06:15 -0700] "GET /musotica/style/style.css HTTP/1.1" 304 - "http://musotica.com/sexynavygirls.html" "Mozilla/4.0 (compatible; MSIE 7.0; Windows NT 5.1; .NET CLR 1.0.3705; .NET CLR 1.1.4322; Media Center PC 4.0)" "site.musotica.com"
69.123.188.215 - - [09/Sep/2008:05:06:16 -0700] "GET /style/rolldiv-ie.css HTTP/1.1" 304 - "http://musotica.com/sexynavygirls.html" "Mozilla/4.0 (compatible; MSIE 7.0; Windows NT 5.1; .NET CLR 1.0.3705; .NET CLR 1.1.4322; Media Center PC 4.0)" "site.musotica.com"
69.123.188.215 - - [09/Sep/2008:05:06:16 -0700] "GET /scripts/rolldiv.js HTTP/1.1" 304 - "http://musotica.com/sexynavygirls.html" "Mozilla/4.0 (compatible; MSIE 7.0; Windows NT 5.1; .NET CLR 1.0.3705; .NET CLR 1.1.4322; Media Center PC 4.0)" "site.musotica.com"
69.123.188.215 - - [09/Sep/2008:05:06:16 -0700] "GET /scripts/cookies.js HTTP/1.1" 304 - "http://musotica.com/sexynavygirls.html" "Mozilla/4.0 (compatible; MSIE 7.0; Windows NT 5.1; .NET CLR 1.0.3705; .NET CLR 1.1.4322; Media Center PC 4.0)" "site.musotica.com"
69.123.188.215 - - [09/Sep/2008:05:06:16 -0700] "GET /scripts/pagging-inner.js HTTP/1.1" 304 - "http://musotica.com/sexynavygirls.html" "Mozilla/4.0 (compatible; MSIE 7.0; Windows NT 5.1; .NET CLR 1.0.3705; .NET CLR 1.1.4322; Media Center PC 4.0)" "site.musotica.com"
69.123.188.215 - - [09/Sep/2008:05:06:16 -0700] "GET /scripts/dpv.js HTTP/1.1" 304 - "http://musotica.com/sexynavygirls.html" "Mozilla/4.0 (compatible; MSIE 7.0; Windows NT 5.1; .NET CLR 1.0.3705; .NET CLR 1.1.4322; Media Center PC 4.0)" "site.musotica.com"
69.123.188.215 - - [09/Sep/2008:05:06:16 -0700] "GET /musotica/images/spacer.gif HTTP/1.1" 404 275 "http://musotica.com/sexynavygirls.html" "Mozilla/4.0 (compatible; MSIE 7.0; Windows NT 5.1; .NET CLR 1.0.3705; .NET CLR 1.1.4322; Media Center PC 4.0)" "site.musotica.com"
89.211.3.3 - - [09/Sep/2008:05:06:18 -0700] "GET /musotica/images/spacer.gif HTTP/1.1" 404 275 "http://musotica.com/bodystockings1.html" "Mozilla/4.0 (compatible; MSIE 6.0; Windows NT 5.1; SV1)" "site.musotica.com"
69.123.188.215 - - [09/Sep/2008:05:06:22 -0700] "GET /scripts/paging-images/images/spacer.gif HTTP/1.1" 404 275 "http://musotica.com/sesacoinviby.html" "Mozilla/4.0 (compatible; MSIE 7.0; Windows NT 5.1; .NET CLR 1.0.3705; .NET CLR 1.1.4322; Media Center PC 4.0)" "site.musotica.com"
69.123.188.215 - - [09/Sep/2008:05:06:22 -0700] "GET /musotica/images/spacer.gif HTTP/1.1" 404 275 "http://musotica.com/sesacoinviby.html" "Mozilla/4.0 (compatible; MSIE 7.0; Windows NT 5.1; .NET CLR 1.0.3705; .NET CLR 1.1.4322; Media Center PC 4.0)" "site.musotica.com"
69.123.188.215 - - [09/Sep/2008:05:06:27 -0700] "GET /musotica/images/spacer.gif HTTP/1.1" 404 275 "http://musotica.com/sexynavygirls.html" "Mozilla/4.0 (compatible; MSIE 7.0; Windows NT 5.1; .NET CLR 1.0.3705; .NET CLR 1.1.4322; Media Center PC 4.0)" "site.musotica.com"
89.211.3.3 - - [09/Sep/2008:05:06:28 -0700] "GET /musotica/images/spacer.gif HTTP/1.1" 404 275 "http://musotica.com/sehost.html" "Mozilla/4.0 (compatible; MSIE 6.0; Windows NT 5.1; SV1)" "site.musotica.com"
89.211.3.3 - - [09/Sep/2008:05:06:29 -0700] "GET /musotica/images/spacer.gif HTTP/1.1" 404 275 "http://musotica.com/bodystockings1.html" "Mozilla/4.0 (compatible; MSIE 6.0; Windows NT 5.1; SV1)" "site.musotica.com"
89.211.3.3 - - [09/Sep/2008:05:06:34 -0700] "GET /musotica/images/spacer.gif HTTP/1.1" 404 275 "http://musotica.com/dancerwear1.html" "Mozilla/4.0 (compatible; MSIE 6.0; Windows NT 5.1; SV1)" "site.musotica.com"
24.236.196.228 - - [09/Sep/2008:05:06:38 -0700] "GET /musotica/style/style.css HTTP/1.1" 200 2675 "http://musotica.com/wood.html" "Mozilla/4.0 (compatible; MSIE 7.0; Windows NT 5.1; .NET CLR 1.1.4322)" "site.musotica.com"
24.236.196.228 - - [09/Sep/2008:05:06:39 -0700] "GET /scripts/rolldiv.js HTTP/1.1" 200 623 "http://musotica.com/wood.html" "Mozilla/4.0 (compatible; MSIE 7.0; Windows NT 5.1; .NET CLR 1.1.4322)" "site.musotica.com"
24.236.196.228 - - [09/Sep/2008:05:06:39 -0700] "GET /style/rolldiv-ie.css HTTP/1.1" 200 809 "http://musotica.com/wood.html" "Mozilla/4.0 (compatible; MSIE 7.0; Windows NT 5.1; .NET CLR 1.1.4322)" "site.musotica.com"
24.236.196.228 - - [09/Sep/2008:05:06:39 -0700] "GET /musotica/images/phone.gif HTTP/1.1" 200 385 "http://musotica.com/wood.html" "Mozilla/4.0 (compatible; MSIE 7.0; Windows NT 5.1; .NET CLR 1.1.4322)" "site.musotica.com"
24.236.196.228 - - [09/Sep/2008:05:06:39 -0700] "GET /musotica/images/logo.gif HTTP/1.1" 200 2006 "http://musotica.com/wood.html" "Mozilla/4.0 (compatible; MSIE 7.0; Windows NT 5.1; .NET CLR 1.1.4322)" "site.musotica.com"
24.236.196.228 - - [09/Sep/2008:05:06:39 -0700] "GET /musotica/images/home.gif HTTP/1.1" 200 70 "http://musotica.com/wood.html" "Mozilla/4.0 (compatible; MSIE 7.0; Windows NT 5.1; .NET CLR 1.1.4322)" "site.musotica.com"
24.236.196.228 - - [09/Sep/2008:05:06:39 -0700] "GET /musotica/images/tell.gif HTTP/1.1" 200 67 "http://musotica.com/wood.html" "Mozilla/4.0 (compatible; MSIE 7.0; Windows NT 5.1; .NET CLR 1.1.4322)" "site.musotica.com"
24.236.196.228 - - [09/Sep/2008:05:06:40 -0700] "GET /musotica/images/bookmark.gif HTTP/1.1" 200 124 "http://musotica.com/wood.html" "Mozilla/4.0 (compatible; MSIE 7.0; Windows NT 5.1; .NET CLR 1.1.4322)" "site.musotica.com"
24.236.196.228 - - [09/Sep/2008:05:06:40 -0700] "GET /musotica/images/go.gif HTTP/1.1" 200 731 "http://musotica.com/wood.html" "Mozilla/4.0 (compatible; MSIE 7.0; Windows NT 5.1; .NET CLR 1.1.4322)" "site.musotica.com"
24.236.196.228 - - [09/Sep/2008:05:06:40 -0700] "GET /musotica/images/shop.gif HTTP/1.1" 200 83 "http://musotica.com/wood.html" "Mozilla/4.0 (compatible; MSIE 7.0; Windows NT 5.1; .NET CLR 1.1.4322)" "site.musotica.com"
24.236.196.228 - - [09/Sep/2008:05:06:40 -0700] "GET /musotica/images/head_strip.gif HTTP/1.1" 200 63 "http://musotica.com/wood.html" "Mozilla/4.0 (compatible; MSIE 7.0; Windows NT 5.1; .NET CLR 1.1.4322)" "site.musotica.com"
24.236.196.228 - - [09/Sep/2008:05:06:40 -0700] "GET /musotica/images/arrow.gif HTTP/1.1" 200 61 "http://musotica.com/wood.html" "Mozilla/4.0 (compatible; MSIE 7.0; Windows NT 5.1; .NET CLR 1.1.4322)" "site.musotica.com"
65.54.154.26 - - [09/Sep/2008:05:06:40 -0700] "GET /musotica/style/style.css HTTP/1.0" 304 - "http://musotica.com/sestshandtop.html" "Mozilla/4.0 (compatible; MSIE 7.0; Windows NT 5.1; .NET CLR 1.1.4322)" "site.musotica.com"
24.236.196.228 - - [09/Sep/2008:05:06:40 -0700] "GET /musotica/images/newdot.gif HTTP/1.1" 200 62 "http://musotica.com/wood.html" "Mozilla/4.0 (compatible; MSIE 7.0; Windows NT 5.1; .NET CLR 1.1.4322)" "site.musotica.com"
24.236.196.228 - - [09/Sep/2008:05:06:40 -0700] "GET /musotica/images/search.gif HTTP/1.1" 200 1538 "http://musotica.com/wood.html" "Mozilla/4.0 (compatible; MSIE 7.0; Windows NT 5.1; .NET CLR 1.1.4322)" "site.musotica.com"
24.236.196.228 - - [09/Sep/2008:05:06:40 -0700] "GET /scripts/cookies.js HTTP/1.1" 200 1429 "http://musotica.com/wood.html" "Mozilla/4.0 (compatible; MSIE 7.0; Windows NT 5.1; .NET CLR 1.1.4322)" "site.musotica.com"
24.236.196.228 - - [09/Sep/2008:05:06:40 -0700] "GET /musotica/images/midline.gif HTTP/1.1" 200 49 "http://musotica.com/wood.html" "Mozilla/4.0 (compatible; MSIE 7.0; Windows NT 5.1; .NET CLR 1.1.4322)" "site.musotica.com"
24.236.196.228 - - [09/Sep/2008:05:06:40 -0700] "GET /rolldiv-images/shadow.png HTTP/1.1" 200 175 "-" "Mozilla/4.0 (compatible; MSIE 7.0; Windows NT 5.1; .NET CLR 1.1.4322)" "site.musotica.com"
24.236.196.228 - - [09/Sep/2008:05:06:41 -0700] "GET /scripts/pagging-inner.js HTTP/1.1" 200 24676 "http://musotica.com/wood.html" "Mozilla/4.0 (compatible; MSIE 7.0; Windows NT 5.1; .NET CLR 1.1.4322)" "site.musotica.com"
24.236.196.228 - - [09/Sep/2008:05:06:41 -0700] "GET /scripts/dpv.js HTTP/1.1" 200 1545 "http://musotica.com/wood.html" "Mozilla/4.0 (compatible; MSIE 7.0; Windows NT 5.1; .NET CLR 1.1.4322)" "site.musotica.com"
65.54.154.26 - - [09/Sep/2008:05:06:41 -0700] "GET /style/rolldiv-ie.css HTTP/1.0" 304 - "http://musotica.com/sestshandtop.html" "Mozilla/4.0 (compatible; MSIE 7.0; Windows NT 5.1; .NET CLR 1.1.4322)" "site.musotica.com"
65.54.154.26 - - [09/Sep/2008:05:06:41 -0700] "GET /scripts/rolldiv.js HTTP/1.0" 304 - "http://musotica.com/sestshandtop.html" "Mozilla/4.0 (compatible; MSIE 7.0; Windows NT 5.1; .NET CLR 1.1.4322)" "site.musotica.com"
65.54.154.26 - - [09/Sep/2008:05:06:42 -0700] "GET /scripts/paging-images/images/spacer.gif HTTP/1.0" 404 275 "http://musotica.com/sestshandtop.html" "Mozilla/4.0 (compatible; MSIE 7.0; Windows NT 5.1; .NET CLR 1.1.4322)" "site.musotica.com"
65.54.154.26 - - [09/Sep/2008:05:06:42 -0700] "GET /musotica/images/spacer.gif HTTP/1.0" 404 275 "http://musotica.com/sestshandtop.html" "Mozilla/4.0 (compatible; MSIE 7.0; Windows NT 5.1; .NET CLR 1.1.4322)" "site.musotica.com"
24.236.196.228 - - [09/Sep/2008:05:06:42 -0700] "GET /musotica/images/lingeris.jpg HTTP/1.1" 200 17260 "http://musotica.com/wood.html" "Mozilla/4.0 (compatible; MSIE 7.0; Windows NT 5.1; .NET CLR 1.1.4322)" "site.musotica.com"
24.236.196.228 - - [09/Sep/2008:05:06:42 -0700] "GET /musotica/images/spacer.gif HTTP/1.1" 404 275 "http://musotica.com/wood.html" "Mozilla/4.0 (compatible; MSIE 7.0; Windows NT 5.1; .NET CLR 1.1.4322)" "site.musotica.com"
24.236.196.228 - - [09/Sep/2008:05:06:42 -0700] "GET /musotica/images/clubwear.jpg HTTP/1.1" 200 15480 "http://musotica.com/wood.html" "Mozilla/4.0 (compatible; MSIE 7.0; Windows NT 5.1; .NET CLR 1.1.4322)" "site.musotica.com"
24.236.196.228 - - [09/Sep/2008:05:06:42 -0700] "GET /musotica/images/stockings.jpg HTTP/1.1" 200 15303 "http://musotica.com/wood.html" "Mozilla/4.0 (compatible; MSIE 7.0; Windows NT 5.1; .NET CLR 1.1.4322)" "site.musotica.com"
24.236.196.228 - - [09/Sep/2008:05:06:43 -0700] "GET /musotica/images/shoes.jpg HTTP/1.1" 200 14412 "http://musotica.com/wood.html" "Mozilla/4.0 (compatible; MSIE 7.0; Windows NT 5.1; .NET CLR 1.1.4322)" "site.musotica.com"
24.236.196.228 - - [09/Sep/2008:05:06:43 -0700] "GET /musotica/images/accessories.jpg HTTP/1.1" 200 17113 "http://musotica.com/wood.html" "Mozilla/4.0 (compatible; MSIE 7.0; Windows NT 5.1; .NET CLR 1.1.4322)" "site.musotica.com"
24.236.196.228 - - [09/Sep/2008:05:06:43 -0700] "GET /musotica/images/pay.jpg HTTP/1.1" 200 13131 "http://musotica.com/wood.html" "Mozilla/4.0 (compatible; MSIE 7.0; Windows NT 5.1; .NET CLR 1.1.4322)" "site.musotica.com"
24.236.196.228 - - [09/Sep/2008:05:06:43 -0700] "GET /musotica/images/ss.jpg HTTP/1.1" 200 5500 "http://musotica.com/wood.html" "Mozilla/4.0 (compatible; MSIE 7.0; Windows NT 5.1; .NET CLR 1.1.4322)" "site.musotica.com"
24.236.196.228 - - [09/Sep/2008:05:06:43 -0700] "GET /musotica/images/bannerdot.gif HTTP/1.1" 200 49 "http://musotica.com/wood.html" "Mozilla/4.0 (compatible; MSIE 7.0; Windows NT 5.1; .NET CLR 1.1.4322)" "site.musotica.com"
24.236.196.228 - - [09/Sep/2008:05:06:43 -0700] "GET /musotica/images/newgreendot.gif HTTP/1.1" 200 49 "http://musotica.com/wood.html" "Mozilla/4.0 (compatible; MSIE 7.0; Windows NT 5.1; .NET CLR 1.1.4322)" "site.musotica.com"
89.211.3.3 - - [09/Sep/2008:05:06:50 -0700] "GET /musotica/images/spacer.gif HTTP/1.1" 404 275 "http://musotica.com/sexyromper.html" "Mozilla/4.0 (compatible; MSIE 6.0; Windows NT 5.1; SV1)" "site.musotica.com"
89.211.3.3 - - [09/Sep/2008:05:06:59 -0700] "GET /musotica/images/spacer.gif HTTP/1.1" 404 275 "http://musotica.com/dancerwear1.html" "Mozilla/4.0 (compatible; MSIE 6.0; Windows NT 5.1; SV1)" "site.musotica.com"
69.123.188.215 - - [09/Sep/2008:05:06:59 -0700] "GET /musotica/images/spacer.gif HTTP/1.1" 404 275 "http://search.store.yahoo.net/cgi-bin/nsearch?catalog=musoticawear&query=sailors&.autodone=http://www.musotica.com/nsearch.html" "Mozilla/4.0 (compatible; MSIE 7.0; Windows NT 5.1; .NET CLR 1.0.3705; .NET CLR 1.1.4322; Media Center PC 4.0)" "site.musotica.com"
65.54.154.26 - - [09/Sep/2008:05:07:03 -0700] "GET /musotica/style/style.css HTTP/1.0" 304 - "http://musotica.com/sememishandt.html" "Mozilla/4.0 (compatible; MSIE 7.0; Windows NT 5.1; .NET CLR 1.1.4322)" "site.musotica.com"
65.54.154.26 - - [09/Sep/2008:05:07:04 -0700] "GET /style/rolldiv-ie.css HTTP/1.0" 304 - "http://musotica.com/sememishandt.html" "Mozilla/4.0 (compatible; MSIE 7.0; Windows NT 5.1; .NET CLR 1.1.4322)" "site.musotica.com"
65.54.154.26 - - [09/Sep/2008:05:07:04 -0700] "GET /scripts/rolldiv.js HTTP/1.0" 304 - "http://musotica.com/sememishandt.html" "Mozilla/4.0 (compatible; MSIE 7.0; Windows NT 5.1; .NET CLR 1.1.4322)" "site.musotica.com"
65.54.154.26 - - [09/Sep/2008:05:07:05 -0700] "GET /scripts/paging-images/images/spacer.gif HTTP/1.0" 404 275 "http://musotica.com/sememishandt.html" "Mozilla/4.0 (compatible; MSIE 7.0; Windows NT 5.1; .NET CLR 1.1.4322)" "site.musotica.com"
65.54.154.26 - - [09/Sep/2008:05:07:05 -0700] "GET /musotica/images/spacer.gif HTTP/1.0" 404 275 "http://musotica.com/sememishandt.html" "Mozilla/4.0 (compatible; MSIE 7.0; Windows NT 5.1; .NET CLR 1.1.4322)" "site.musotica.com"
69.123.188.215 - - [09/Sep/2008:05:07:05 -0700] "GET /musotica/images/spacer.gif HTTP/1.1" 404 275 "http://musotica.com/sexynavygirls.html" "Mozilla/4.0 (compatible; MSIE 7.0; Windows NT 5.1; .NET CLR 1.0.3705; .NET CLR 1.1.4322; Media Center PC 4.0)" "site.musotica.com"
65.54.154.26 - - [09/Sep/2008:05:07:31 -0700] "GET /musotica/style/style.css HTTP/1.0" 304 - "http://musotica.com/semagrshset.html" "Mozilla/4.0 (compatible; MSIE 7.0; Windows NT 5.1; .NET CLR 1.1.4322)" "site.musotica.com"
65.54.154.26 - - [09/Sep/2008:05:07:33 -0700] "GET /style/rolldiv-ie.css HTTP/1.0" 304 - "http://musotica.com/semagrshset.html" "Mozilla/4.0 (compatible; MSIE 7.0; Windows NT 5.1; .NET CLR 1.1.4322)" "site.musotica.com"
65.54.154.26 - - [09/Sep/2008:05:07:33 -0700] "GET /scripts/rolldiv.js HTTP/1.0" 304 - "http://musotica.com/semagrshset.html" "Mozilla/4.0 (compatible; MSIE 7.0; Windows NT 5.1; .NET CLR 1.1.4322)" "site.musotica.com"
65.54.154.26 - - [09/Sep/2008:05:07:33 -0700] "GET /scripts/paging-images/images/spacer.gif HTTP/1.0" 404 275 "http://musotica.com/semagrshset.html" "Mozilla/4.0 (compatible; MSIE 7.0; Windows NT 5.1; .NET CLR 1.1.4322)" "site.musotica.com"
65.54.154.26 - - [09/Sep/2008:05:07:34 -0700] "GET /musotica/images/spacer.gif HTTP/1.0" 404 275 "http://musotica.com/semagrshset.html" "Mozilla/4.0 (compatible; MSIE 7.0; Windows NT 5.1; .NET CLR 1.1.4322)" "site.musotica.com"
65.54.154.26 - - [09/Sep/2008:05:08:22 -0700] "GET /musotica/style/style.css HTTP/1.0" 304 - "http://musotica.com/fitnesstanktop.html" "Mozilla/4.0 (compatible; MSIE 7.0; Windows NT 5.1; .NET CLR 1.1.4322)" "site.musotica.com"
65.54.154.26 - - [09/Sep/2008:05:08:23 -0700] "GET /style/rolldiv-ie.css HTTP/1.0" 304 - "http://musotica.com/fitnesstanktop.html" "Mozilla/4.0 (compatible; MSIE 7.0; Windows NT 5.1; .NET CLR 1.1.4322)" "site.musotica.com"
65.54.154.26 - - [09/Sep/2008:05:08:23 -0700] "GET /scripts/rolldiv.js HTTP/1.0" 304 - "http://musotica.com/fitnesstanktop.html" "Mozilla/4.0 (compatible; MSIE 7.0; Windows NT 5.1; .NET CLR 1.1.4322)" "site.musotica.com"
65.54.154.26 - - [09/Sep/2008:05:08:23 -0700] "GET /scripts/paging-images/images/spacer.gif HTTP/1.0" 404 275 "http://musotica.com/fitnesstanktop.html" "Mozilla/4.0 (compatible; MSIE 7.0; Windows NT 5.1; .NET CLR 1.1.4322)" "site.musotica.com"
65.54.154.26 - - [09/Sep/2008:05:08:23 -0700] "GET /musotica/images/spacer.gif HTTP/1.0" 404 275 "http://musotica.com/fitnesstanktop.html" "Mozilla/4.0 (compatible; MSIE 7.0; Windows NT 5.1; .NET CLR 1.1.4322)" "site.musotica.com"
194.19.238.194 - - [09/Sep/2008:05:08:33 -0700] "GET /musotica/style/style.css HTTP/1.0" 200 2675 "http://musotica.com/" "Mozilla/5.0 (Windows; U; Windows NT 5.1; en-US; rv:1.9.0.1) Gecko/2008070208 Firefox/3.0.1" "site.musotica.com"
194.19.238.194 - - [09/Sep/2008:05:08:34 -0700] "GET /musotica/images/logo.gif HTTP/1.0" 200 2006 "http://musotica.com/" "Mozilla/5.0 (Windows; U; Windows NT 5.1; en-US; rv:1.9.0.1) Gecko/2008070208 Firefox/3.0.1" "site.musotica.com"
194.19.238.194 - - [09/Sep/2008:05:08:34 -0700] "GET /musotica/images/tell.gif HTTP/1.0" 200 67 "http://musotica.com/" "Mozilla/5.0 (Windows; U; Windows NT 5.1; en-US; rv:1.9.0.1) Gecko/2008070208 Firefox/3.0.1" "site.musotica.com"
194.19.238.194 - - [09/Sep/2008:05:08:34 -0700] "GET /musotica/images/shop.gif HTTP/1.0" 200 83 "http://musotica.com/" "Mozilla/5.0 (Windows; U; Windows NT 5.1; en-US; rv:1.9.0.1) Gecko/2008070208 Firefox/3.0.1" "site.musotica.com"
194.19.238.194 - - [09/Sep/2008:05:08:34 -0700] "GET /musotica/images/bookmark.gif HTTP/1.0" 200 124 "http://musotica.com/" "Mozilla/5.0 (Windows; U; Windows NT 5.1; en-US; rv:1.9.0.1) Gecko/2008070208 Firefox/3.0.1" "site.musotica.com"
194.19.238.194 - - [09/Sep/2008:05:08:34 -0700] "GET /musotica/images/phone.gif HTTP/1.0" 200 385 "http://musotica.com/" "Mozilla/5.0 (Windows; U; Windows NT 5.1; en-US; rv:1.9.0.1) Gecko/2008070208 Firefox/3.0.1" "site.musotica.com"
194.19.238.194 - - [09/Sep/2008:05:08:34 -0700] "GET /musotica/images/go.gif HTTP/1.0" 200 731 "http://musotica.com/" "Mozilla/5.0 (Windows; U; Windows NT 5.1; en-US; rv:1.9.0.1) Gecko/2008070208 Firefox/3.0.1" "site.musotica.com"
194.19.238.194 - - [09/Sep/2008:05:08:34 -0700] "GET /musotica/images/home.gif HTTP/1.0" 200 70 "http://musotica.com/" "Mozilla/5.0 (Windows; U; Windows NT 5.1; en-US; rv:1.9.0.1) Gecko/2008070208 Firefox/3.0.1" "site.musotica.com"
194.19.238.194 - - [09/Sep/2008:05:08:34 -0700] "GET /musotica/images/arrow.gif HTTP/1.0" 200 61 "http://musotica.com/" "Mozilla/5.0 (Windows; U; Windows NT 5.1; en-US; rv:1.9.0.1) Gecko/2008070208 Firefox/3.0.1" "site.musotica.com"
194.19.238.194 - - [09/Sep/2008:05:08:34 -0700] "GET /musotica/images/spacer.gif HTTP/1.0" 404 275 "http://musotica.com/" "Mozilla/5.0 (Windows; U; Windows NT 5.1; en-US; rv:1.9.0.1) Gecko/2008070208 Firefox/3.0.1" "site.musotica.com"
194.19.238.194 - - [09/Sep/2008:05:08:34 -0700] "GET /musotica/images/pay.jpg HTTP/1.0" 200 13131 "http://musotica.com/" "Mozilla/5.0 (Windows; U; Windows NT 5.1; en-US; rv:1.9.0.1) Gecko/2008070208 Firefox/3.0.1" "site.musotica.com"
194.19.238.194 - - [09/Sep/2008:05:08:34 -0700] "GET /musotica/images/ss.jpg HTTP/1.0" 200 5500 "http://musotica.com/" "Mozilla/5.0 (Windows; U; Windows NT 5.1; en-US; rv:1.9.0.1) Gecko/2008070208 Firefox/3.0.1" "site.musotica.com"
194.19.238.194 - - [09/Sep/2008:05:08:34 -0700] "GET /musotica/images/go2.gif HTTP/1.0" 200 1322 "http://musotica.com/" "Mozilla/5.0 (Windows; U; Windows NT 5.1; en-US; rv:1.9.0.1) Gecko/2008070208 Firefox/3.0.1" "site.musotica.com"
194.19.238.194 - - [09/Sep/2008:05:08:35 -0700] "GET /musotica/images/arrow2.gif HTTP/1.0" 200 65 "http://musotica.com/" "Mozilla/5.0 (Windows; U; Windows NT 5.1; en-US; rv:1.9.0.1) Gecko/2008070208 Firefox/3.0.1" "site.musotica.com"
194.19.238.194 - - [09/Sep/2008:05:08:35 -0700] "GET /musotica/images/viewtext.gif HTTP/1.0" 200 1092 "http://musotica.com/" "Mozilla/5.0 (Windows; U; Windows NT 5.1; en-US; rv:1.9.0.1) Gecko/2008070208 Firefox/3.0.1" "site.musotica.com"
194.19.238.194 - - [09/Sep/2008:05:08:35 -0700] "GET /musotica/images/bottom-banner.gif HTTP/1.0" 200 10943 "http://musotica.com/" "Mozilla/5.0 (Windows; U; Windows NT 5.1; en-US; rv:1.9.0.1) Gecko/2008070208 Firefox/3.0.1" "site.musotica.com"
194.19.238.194 - - [09/Sep/2008:05:08:35 -0700] "GET /musotica/images/bottom-banner2.gif HTTP/1.0" 200 11310 "http://musotica.com/" "Mozilla/5.0 (Windows; U; Windows NT 5.1; en-US; rv:1.9.0.1) Gecko/2008070208 Firefox/3.0.1" "site.musotica.com"
194.19.238.194 - - [09/Sep/2008:05:08:35 -0700] "GET /musotica/images/bottom-banner3.gif HTTP/1.0" 200 10805 "http://musotica.com/" "Mozilla/5.0 (Windows; U; Windows NT 5.1; en-US; rv:1.9.0.1) Gecko/2008070208 Firefox/3.0.1" "site.musotica.com"
194.19.238.194 - - [09/Sep/2008:05:08:35 -0700] "GET /musotica/images/bottom-banner4.gif HTTP/1.0" 200 11464 "http://musotica.com/" "Mozilla/5.0 (Windows; U; Windows NT 5.1; en-US; rv:1.9.0.1) Gecko/2008070208 Firefox/3.0.1" "site.musotica.com"
194.19.238.194 - - [09/Sep/2008:05:08:35 -0700] "GET /musotica/images/newdot.gif HTTP/1.0" 200 62 "http://site.musotica.com/musotica/style/style.css" "Mozilla/5.0 (Windows; U; Windows NT 5.1; en-US; rv:1.9.0.1) Gecko/2008070208 Firefox/3.0.1" "site.musotica.com"
194.19.238.194 - - [09/Sep/2008:05:08:35 -0700] "GET /musotica/images/head_strip.gif HTTP/1.0" 200 63 "http://site.musotica.com/musotica/style/style.css" "Mozilla/5.0 (Windows; U; Windows NT 5.1; en-US; rv:1.9.0.1) Gecko/2008070208 Firefox/3.0.1" "site.musotica.com"
194.19.238.194 - - [09/Sep/2008:05:08:35 -0700] "GET /musotica/images/search.gif HTTP/1.0" 200 1538 "http://site.musotica.com/musotica/style/style.css" "Mozilla/5.0 (Windows; U; Windows NT 5.1; en-US; rv:1.9.0.1) Gecko/2008070208 Firefox/3.0.1" "site.musotica.com"
194.19.238.194 - - [09/Sep/2008:05:08:35 -0700] "GET /musotica/images/midline.gif HTTP/1.0" 200 49 "http://site.musotica.com/musotica/style/style.css" "Mozilla/5.0 (Windows; U; Windows NT 5.1; en-US; rv:1.9.0.1) Gecko/2008070208 Firefox/3.0.1" "site.musotica.com"
194.19.238.194 - - [09/Sep/2008:05:08:35 -0700] "GET /musotica/images/bannerdot.gif HTTP/1.0" 200 49 "http://site.musotica.com/musotica/style/style.css" "Mozilla/5.0 (Windows; U; Windows NT 5.1; en-US; rv:1.9.0.1) Gecko/2008070208 Firefox/3.0.1" "site.musotica.com"
194.19.238.194 - - [09/Sep/2008:05:08:35 -0700] "GET /musotica/images/newgreendot.gif HTTP/1.0" 200 49 "http://site.musotica.com/musotica/style/style.css" "Mozilla/5.0 (Windows; U; Windows NT 5.1; en-US; rv:1.9.0.1) Gecko/2008070208 Firefox/3.0.1" "site.musotica.com"
65.54.154.26 - - [09/Sep/2008:05:09:01 -0700] "GET /musotica/style/style.css HTTP/1.0" 304 - "http://musotica.com/sebefish.html" "Mozilla/4.0 (compatible; MSIE 7.0; Windows NT 5.1; .NET CLR 1.1.4322)" "site.musotica.com"
65.54.154.26 - - [09/Sep/2008:05:09:02 -0700] "GET /style/rolldiv-ie.css HTTP/1.0" 304 - "http://musotica.com/sebefish.html" "Mozilla/4.0 (compatible; MSIE 7.0; Windows NT 5.1; .NET CLR 1.1.4322)" "site.musotica.com"
65.54.154.26 - - [09/Sep/2008:05:09:02 -0700] "GET /scripts/rolldiv.js HTTP/1.0" 304 - "http://musotica.com/sebefish.html" "Mozilla/4.0 (compatible; MSIE 7.0; Windows NT 5.1; .NET CLR 1.1.4322)" "site.musotica.com"
63.113.199.109 - - [09/Sep/2008:05:09:02 -0700] "GET /musotica/style/style.css HTTP/1.1" 200 2675 "http://musotica.com/segaco.html" "Mozilla/4.0 (compatible; MSIE 6.0; Windows NT 5.1; SV1; .NET CLR 1.1.4322)" "site.musotica.com"
65.54.154.26 - - [09/Sep/2008:05:09:02 -0700] "GET /scripts/paging-images/images/spacer.gif HTTP/1.0" 404 275 "http://musotica.com/sebefish.html" "Mozilla/4.0 (compatible; MSIE 7.0; Windows NT 5.1; .NET CLR 1.1.4322)" "site.musotica.com"
65.54.154.26 - - [09/Sep/2008:05:09:03 -0700] "GET /musotica/images/spacer.gif HTTP/1.0" 404 275 "http://musotica.com/sebefish.html" "Mozilla/4.0 (compatible; MSIE 7.0; Windows NT 5.1; .NET CLR 1.1.4322)" "site.musotica.com"
58.93.133.92 - - [09/Sep/2008:05:09:03 -0700] "GET /scripts/cookies.js HTTP/1.1" 200 1429 "http://musotica.com/seteandro.html" "Mozilla/4.0 (compatible; MSIE 7.0; Windows NT 5.1; .NET CLR 1.1.4322)" "site.musotica.com"
58.93.133.92 - - [09/Sep/2008:05:09:04 -0700] "GET /scripts/pagging-inner.js HTTP/1.1" 200 24676 "http://musotica.com/seteandro.html" "Mozilla/4.0 (compatible; MSIE 7.0; Windows NT 5.1; .NET CLR 1.1.4322)" "site.musotica.com"
58.93.133.92 - - [09/Sep/2008:05:09:05 -0700] "GET /scripts/dpv.js HTTP/1.1" 200 1545 "http://musotica.com/seteandro.html" "Mozilla/4.0 (compatible; MSIE 7.0; Windows NT 5.1; .NET CLR 1.1.4322)" "site.musotica.com"
63.113.199.109 - - [09/Sep/2008:05:09:05 -0700] "GET /scripts/rolldiv.js HTTP/1.1" 200 623 "http://musotica.com/segaco.html" "Mozilla/4.0 (compatible; MSIE 6.0; Windows NT 5.1; SV1; .NET CLR 1.1.4322)" "site.musotica.com"
63.113.199.109 - - [09/Sep/2008:05:09:05 -0700] "GET /style/rolldiv-ie.css HTTP/1.1" 200 809 "http://musotica.com/segaco.html" "Mozilla/4.0 (compatible; MSIE 6.0; Windows NT 5.1; SV1; .NET CLR 1.1.4322)" "site.musotica.com"
63.113.199.109 - - [09/Sep/2008:05:09:05 -0700] "GET /musotica/images/logo.gif HTTP/1.1" 200 2006 "http://musotica.com/segaco.html" "Mozilla/4.0 (compatible; MSIE 6.0; Windows NT 5.1; SV1; .NET CLR 1.1.4322)" "site.musotica.com"
63.113.199.109 - - [09/Sep/2008:05:09:05 -0700] "GET /musotica/images/phone.gif HTTP/1.1" 200 385 "http://musotica.com/segaco.html" "Mozilla/4.0 (compatible; MSIE 6.0; Windows NT 5.1; SV1; .NET CLR 1.1.4322)" "site.musotica.com"
58.93.133.92 - - [09/Sep/2008:05:09:05 -0700] "GET /musotica/images/spacer.gif HTTP/1.1" 404 275 "http://musotica.com/seteandro.html" "Mozilla/4.0 (compatible; MSIE 7.0; Windows NT 5.1; .NET CLR 1.1.4322)" "site.musotica.com"
63.113.199.109 - - [09/Sep/2008:05:09:06 -0700] "GET /rolldiv-images/shadow.png HTTP/1.1" 200 175 "-" "Mozilla/4.0 (compatible; MSIE 6.0; Windows NT 5.1; SV1; .NET CLR 1.1.4322)" "site.musotica.com"
63.113.199.109 - - [09/Sep/2008:05:09:06 -0700] "GET /musotica/images/tell.gif HTTP/1.1" 200 67 "http://musotica.com/segaco.html" "Mozilla/4.0 (compatible; MSIE 6.0; Windows NT 5.1; SV1; .NET CLR 1.1.4322)" "site.musotica.com"
63.113.199.109 - - [09/Sep/2008:05:09:06 -0700] "GET /musotica/images/home.gif HTTP/1.1" 200 70 "http://musotica.com/segaco.html" "Mozilla/4.0 (compatible; MSIE 6.0; Windows NT 5.1; SV1; .NET CLR 1.1.4322)" "site.musotica.com"
63.113.199.109 - - [09/Sep/2008:05:09:06 -0700] "GET /musotica/images/bookmark.gif HTTP/1.1" 200 124 "http://musotica.com/segaco.html" "Mozilla/4.0 (compatible; MSIE 6.0; Windows NT 5.1; SV1; .NET CLR 1.1.4322)" "site.musotica.com"
63.113.199.109 - - [09/Sep/2008:05:09:06 -0700] "GET /musotica/images/go.gif HTTP/1.1" 200 731 "http://musotica.com/segaco.html" "Mozilla/4.0 (compatible; MSIE 6.0; Windows NT 5.1; SV1; .NET CLR 1.1.4322)" "site.musotica.com"
63.113.199.109 - - [09/Sep/2008:05:09:06 -0700] "GET /musotica/images/shop.gif HTTP/1.1" 200 83 "http://musotica.com/segaco.html" "Mozilla/4.0 (compatible; MSIE 6.0; Windows NT 5.1; SV1; .NET CLR 1.1.4322)" "site.musotica.com"
63.113.199.109 - - [09/Sep/2008:05:09:07 -0700] "GET /musotica/images/arrow.gif HTTP/1.1" 200 61 "http://musotica.com/segaco.html" "Mozilla/4.0 (compatible; MSIE 6.0; Windows NT 5.1; SV1; .NET CLR 1.1.4322)" "site.musotica.com"
63.113.199.109 - - [09/Sep/2008:05:09:07 -0700] "GET /musotica/images/head_strip.gif HTTP/1.1" 200 63 "http://musotica.com/segaco.html" "Mozilla/4.0 (compatible; MSIE 6.0; Windows NT 5.1; SV1; .NET CLR 1.1.4322)" "site.musotica.com"
63.113.199.109 - - [09/Sep/2008:05:09:07 -0700] "GET /musotica/images/newdot.gif HTTP/1.1" 200 62 "http://musotica.com/segaco.html" "Mozilla/4.0 (compatible; MSIE 6.0; Windows NT 5.1; SV1; .NET CLR 1.1.4322)" "site.musotica.com"
63.113.199.109 - - [09/Sep/2008:05:09:07 -0700] "GET /musotica/images/search.gif HTTP/1.1" 200 1538 "http://musotica.com/segaco.html" "Mozilla/4.0 (compatible; MSIE 6.0; Windows NT 5.1; SV1; .NET CLR 1.1.4322)" "site.musotica.com"
63.113.199.109 - - [09/Sep/2008:05:09:07 -0700] "GET /musotica/images/midline.gif HTTP/1.1" 200 49 "http://musotica.com/segaco.html" "Mozilla/4.0 (compatible; MSIE 6.0; Windows NT 5.1; SV1; .NET CLR 1.1.4322)" "site.musotica.com"
63.113.199.109 - - [09/Sep/2008:05:09:07 -0700] "GET /scripts/cookies.js HTTP/1.1" 200 1429 "http://musotica.com/segaco.html" "Mozilla/4.0 (compatible; MSIE 6.0; Windows NT 5.1; SV1; .NET CLR 1.1.4322)" "site.musotica.com"
63.113.199.109 - - [09/Sep/2008:05:09:08 -0700] "GET /scripts/pagging-inner.js HTTP/1.1" 200 24676 "http://musotica.com/segaco.html" "Mozilla/4.0 (compatible; MSIE 6.0; Windows NT 5.1; SV1; .NET CLR 1.1.4322)" "site.musotica.com"
63.113.199.109 - - [09/Sep/2008:05:09:09 -0700] "GET /scripts/dpv.js HTTP/1.1" 200 1545 "http://musotica.com/segaco.html" "Mozilla/4.0 (compatible; MSIE 6.0; Windows NT 5.1; SV1; .NET CLR 1.1.4322)" "site.musotica.com"
63.113.199.109 - - [09/Sep/2008:05:09:09 -0700] "GET /musotica/images/lingeris.jpg HTTP/1.1" 200 17260 "http://musotica.com/segaco.html" "Mozilla/4.0 (compatible; MSIE 6.0; Windows NT 5.1; SV1; .NET CLR 1.1.4322)" "site.musotica.com"
63.113.199.109 - - [09/Sep/2008:05:09:09 -0700] "GET /musotica/images/spacer.gif HTTP/1.1" 404 275 "http://musotica.com/segaco.html" "Mozilla/4.0 (compatible; MSIE 6.0; Windows NT 5.1; SV1; .NET CLR 1.1.4322)" "site.musotica.com"
63.113.199.109 - - [09/Sep/2008:05:09:10 -0700] "GET /musotica/images/clubwear.jpg HTTP/1.1" 200 15480 "http://musotica.com/segaco.html" "Mozilla/4.0 (compatible; MSIE 6.0; Windows NT 5.1; SV1; .NET CLR 1.1.4322)" "site.musotica.com"
63.113.199.109 - - [09/Sep/2008:05:09:10 -0700] "GET /musotica/images/stockings.jpg HTTP/1.1" 200 15303 "http://musotica.com/segaco.html" "Mozilla/4.0 (compatible; MSIE 6.0; Windows NT 5.1; SV1; .NET CLR 1.1.4322)" "site.musotica.com"
63.113.199.109 - - [09/Sep/2008:05:09:11 -0700] "GET /rolldiv-images/header.png HTTP/1.1" 200 730 "-" "Mozilla/4.0 (compatible; MSIE 6.0; Windows NT 5.1; SV1; .NET CLR 1.1.4322)" "site.musotica.com"
63.113.199.109 - - [09/Sep/2008:05:09:11 -0700] "GET /musotica/images/shoes.jpg HTTP/1.1" 200 14412 "http://musotica.com/segaco.html" "Mozilla/4.0 (compatible; MSIE 6.0; Windows NT 5.1; SV1; .NET CLR 1.1.4322)" "site.musotica.com"
63.113.199.109 - - [09/Sep/2008:05:09:11 -0700] "GET /rolldiv-images/footer.png HTTP/1.1" 200 637 "-" "Mozilla/4.0 (compatible; MSIE 6.0; Windows NT 5.1; SV1; .NET CLR 1.1.4322)" "site.musotica.com"
63.113.199.109 - - [09/Sep/2008:05:09:12 -0700] "GET /musotica/images/accessories.jpg HTTP/1.1" 200 17113 "http://musotica.com/segaco.html" "Mozilla/4.0 (compatible; MSIE 6.0; Windows NT 5.1; SV1; .NET CLR 1.1.4322)" "site.musotica.com"
63.113.199.109 - - [09/Sep/2008:05:09:12 -0700] "GET /musotica/images/pay.jpg HTTP/1.1" 200 13131 "http://musotica.com/segaco.html" "Mozilla/4.0 (compatible; MSIE 6.0; Windows NT 5.1; SV1; .NET CLR 1.1.4322)" "site.musotica.com"
63.113.199.109 - - [09/Sep/2008:05:09:13 -0700] "GET /musotica/images/ss.jpg HTTP/1.1" 200 5500 "http://musotica.com/segaco.html" "Mozilla/4.0 (compatible; MSIE 6.0; Windows NT 5.1; SV1; .NET CLR 1.1.4322)" "site.musotica.com"
