24.56.204.79 - - [09/Sep/2008:05:27:47 -0700] "GET /musotica/images/spacer.gif HTTP/1.1" 404 275 "http://musotica.com/li.html" "Mozilla/5.0 (Windows; U; Windows NT 5.1; en-US; rv:1.9.0.1) Gecko/2008070208 Firefox/3.0.1" "site.musotica.com"
205.188.117.206 - - [09/Sep/2008:05:27:57 -0700] "GET /musotica/images/spacer.gif HTTP/1.1" 404 275 "http://musotica.com/menshalloween.html" "Mozilla/4.0 (compatible; MSIE 7.0; AOL 9.0; Windows NT 5.1; YPC 3.0.1; .NET CLR 1.1.4322)" "site.musotica.com"
205.188.117.69 - - [09/Sep/2008:05:27:57 -0700] "GET /musotica/images/pay.jpg HTTP/1.1" 200 13131 "http://musotica.com/menshalloween.html" "Mozilla/4.0 (compatible; MSIE 7.0; AOL 9.0; Windows NT 5.1; YPC 3.0.1; .NET CLR 1.1.4322)" "site.musotica.com"
24.56.204.79 - - [09/Sep/2008:05:28:01 -0700] "GET /musotica/images/spacer.gif HTTP/1.1" 404 275 "http://musotica.com/celebritywear.html" "Mozilla/5.0 (Windows; U; Windows NT 5.1; en-US; rv:1.9.0.1) Gecko/2008070208 Firefox/3.0.1" "site.musotica.com"
65.54.154.26 - - [09/Sep/2008:05:28:22 -0700] "GET /musotica/style/style.css HTTP/1.0" 304 - "http://musotica.com/seshlisetwir.html" "Mozilla/4.0 (compatible; MSIE 7.0; Windows NT 5.1; .NET CLR 1.1.4322)" "site.musotica.com"
65.54.154.26 - - [09/Sep/2008:05:28:23 -0700] "GET /style/rolldiv-ie.css HTTP/1.0" 304 - "http://musotica.com/seshlisetwir.html" "Mozilla/4.0 (compatible; MSIE 7.0; Windows NT 5.1; .NET CLR 1.1.4322)" "site.musotica.com"
65.54.154.26 - - [09/Sep/2008:05:28:23 -0700] "GET /scripts/rolldiv.js HTTP/1.0" 304 - "http://musotica.com/seshlisetwir.html" "Mozilla/4.0 (compatible; MSIE 7.0; Windows NT 5.1; .NET CLR 1.1.4322)" "site.musotica.com"
65.54.154.26 - - [09/Sep/2008:05:28:53 -0700] "GET /musotica/style/style.css HTTP/1.0" 304 - "http://musotica.com/setucaset.html" "Mozilla/4.0 (compatible; MSIE 7.0; Windows NT 5.1; .NET CLR 1.1.4322)" "site.musotica.com"
65.54.154.26 - - [09/Sep/2008:05:28:54 -0700] "GET /style/rolldiv-ie.css HTTP/1.0" 304 - "http://musotica.com/setucaset.html" "Mozilla/4.0 (compatible; MSIE 7.0; Windows NT 5.1; .NET CLR 1.1.4322)" "site.musotica.com"
65.54.154.26 - - [09/Sep/2008:05:28:54 -0700] "GET /scripts/rolldiv.js HTTP/1.0" 304 - "http://musotica.com/setucaset.html" "Mozilla/4.0 (compatible; MSIE 7.0; Windows NT 5.1; .NET CLR 1.1.4322)" "site.musotica.com"
65.54.154.26 - - [09/Sep/2008:05:28:54 -0700] "GET /scripts/paging-images/images/spacer.gif HTTP/1.0" 404 275 "http://musotica.com/setucaset.html" "Mozilla/4.0 (compatible; MSIE 7.0; Windows NT 5.1; .NET CLR 1.1.4322)" "site.musotica.com"
65.54.154.26 - - [09/Sep/2008:05:28:54 -0700] "GET /musotica/images/spacer.gif HTTP/1.0" 404 275 "http://musotica.com/setucaset.html" "Mozilla/4.0 (compatible; MSIE 7.0; Windows NT 5.1; .NET CLR 1.1.4322)" "site.musotica.com"
24.56.204.79 - - [09/Sep/2008:05:29:00 -0700] "GET /musotica/images/spacer.gif HTTP/1.1" 404 275 "http://musotica.com/li.html" "Mozilla/5.0 (Windows; U; Windows NT 5.1; en-US; rv:1.9.0.1) Gecko/2008070208 Firefox/3.0.1" "site.musotica.com"
24.56.204.79 - - [09/Sep/2008:05:29:01 -0700] "GET /musotica/images/spacer.gif HTTP/1.1" 404 275 "http://musotica.com/plussize1.html" "Mozilla/5.0 (Windows; U; Windows NT 5.1; en-US; rv:1.9.0.1) Gecko/2008070208 Firefox/3.0.1" "site.musotica.com"
24.56.204.79 - - [09/Sep/2008:05:29:03 -0700] "GET /musotica/images/spacer.gif HTTP/1.1" 404 275 "http://musotica.com/secrli.html" "Mozilla/5.0 (Windows; U; Windows NT 5.1; en-US; rv:1.9.0.1) Gecko/2008070208 Firefox/3.0.1" "site.musotica.com"
65.54.154.26 - - [09/Sep/2008:05:29:29 -0700] "GET /musotica/style/style.css HTTP/1.0" 304 - "http://musotica.com/sexy31.html" "Mozilla/4.0 (compatible; MSIE 7.0; Windows NT 5.1; .NET CLR 1.1.4322)" "site.musotica.com"
65.54.154.26 - - [09/Sep/2008:05:29:30 -0700] "GET /style/rolldiv-ie.css HTTP/1.0" 304 - "http://musotica.com/sexy31.html" "Mozilla/4.0 (compatible; MSIE 7.0; Windows NT 5.1; .NET CLR 1.1.4322)" "site.musotica.com"
65.54.154.26 - - [09/Sep/2008:05:29:30 -0700] "GET /scripts/rolldiv.js HTTP/1.0" 304 - "http://musotica.com/sexy31.html" "Mozilla/4.0 (compatible; MSIE 7.0; Windows NT 5.1; .NET CLR 1.1.4322)" "site.musotica.com"
65.54.154.26 - - [09/Sep/2008:05:29:30 -0700] "GET /scripts/paging-images/images/spacer.gif HTTP/1.0" 404 275 "http://musotica.com/sexy31.html" "Mozilla/4.0 (compatible; MSIE 7.0; Windows NT 5.1; .NET CLR 1.1.4322)" "site.musotica.com"
65.54.154.26 - - [09/Sep/2008:05:29:30 -0700] "GET /musotica/images/spacer.gif HTTP/1.0" 404 275 "http://musotica.com/sexy31.html" "Mozilla/4.0 (compatible; MSIE 7.0; Windows NT 5.1; .NET CLR 1.1.4322)" "site.musotica.com"
122.107.213.250 - - [09/Sep/2008:05:29:35 -0700] "GET /musotica/style/style.css HTTP/1.1" 200 2675 "http://musotica.com/secrbi.html" "Mozilla/4.0 (compatible; MSIE 7.0; Windows NT 5.1; .NET CLR 2.0.50727; InfoPath.1; .NET CLR 3.0.04506.30; .NET CLR 3.0.04506.648)" "site.musotica.com"
122.107.213.250 - - [09/Sep/2008:05:29:37 -0700] "GET /scripts/rolldiv.js HTTP/1.1" 200 623 "http://musotica.com/secrbi.html" "Mozilla/4.0 (compatible; MSIE 7.0; Windows NT 5.1; .NET CLR 2.0.50727; InfoPath.1; .NET CLR 3.0.04506.30; .NET CLR 3.0.04506.648)" "site.musotica.com"
122.107.213.250 - - [09/Sep/2008:05:29:37 -0700] "GET /style/rolldiv-ie.css HTTP/1.1" 200 809 "http://musotica.com/secrbi.html" "Mozilla/4.0 (compatible; MSIE 7.0; Windows NT 5.1; .NET CLR 2.0.50727; InfoPath.1; .NET CLR 3.0.04506.30; .NET CLR 3.0.04506.648)" "site.musotica.com"
122.107.213.250 - - [09/Sep/2008:05:29:37 -0700] "GET /musotica/images/logo.gif HTTP/1.1" 200 2006 "http://musotica.com/secrbi.html" "Mozilla/4.0 (compatible; MSIE 7.0; Windows NT 5.1; .NET CLR 2.0.50727; InfoPath.1; .NET CLR 3.0.04506.30; .NET CLR 3.0.04506.648)" "site.musotica.com"
122.107.213.250 - - [09/Sep/2008:05:29:37 -0700] "GET /musotica/images/phone.gif HTTP/1.1" 200 385 "http://musotica.com/secrbi.html" "Mozilla/4.0 (compatible; MSIE 7.0; Windows NT 5.1; .NET CLR 2.0.50727; InfoPath.1; .NET CLR 3.0.04506.30; .NET CLR 3.0.04506.648)" "site.musotica.com"
122.107.213.250 - - [09/Sep/2008:05:29:38 -0700] "GET /rolldiv-images/shadow.png HTTP/1.1" 200 175 "-" "Mozilla/4.0 (compatible; MSIE 7.0; Windows NT 5.1; .NET CLR 2.0.50727; InfoPath.1; .NET CLR 3.0.04506.30; .NET CLR 3.0.04506.648)" "site.musotica.com"
122.107.213.250 - - [09/Sep/2008:05:29:38 -0700] "GET /musotica/images/home.gif HTTP/1.1" 200 70 "http://musotica.com/secrbi.html" "Mozilla/4.0 (compatible; MSIE 7.0; Windows NT 5.1; .NET CLR 2.0.50727; InfoPath.1; .NET CLR 3.0.04506.30; .NET CLR 3.0.04506.648)" "site.musotica.com"
122.107.213.250 - - [09/Sep/2008:05:29:38 -0700] "GET /musotica/images/tell.gif HTTP/1.1" 200 67 "http://musotica.com/secrbi.html" "Mozilla/4.0 (compatible; MSIE 7.0; Windows NT 5.1; .NET CLR 2.0.50727; InfoPath.1; .NET CLR 3.0.04506.30; .NET CLR 3.0.04506.648)" "site.musotica.com"
122.107.213.250 - - [09/Sep/2008:05:29:38 -0700] "GET /musotica/images/bookmark.gif HTTP/1.1" 200 124 "http://musotica.com/secrbi.html" "Mozilla/4.0 (compatible; MSIE 7.0; Windows NT 5.1; .NET CLR 2.0.50727; InfoPath.1; .NET CLR 3.0.04506.30; .NET CLR 3.0.04506.648)" "site.musotica.com"
122.107.213.250 - - [09/Sep/2008:05:29:39 -0700] "GET /musotica/images/go.gif HTTP/1.1" 200 731 "http://musotica.com/secrbi.html" "Mozilla/4.0 (compatible; MSIE 7.0; Windows NT 5.1; .NET CLR 2.0.50727; InfoPath.1; .NET CLR 3.0.04506.30; .NET CLR 3.0.04506.648)" "site.musotica.com"
122.107.213.250 - - [09/Sep/2008:05:29:39 -0700] "GET /musotica/images/shop.gif HTTP/1.1" 200 83 "http://musotica.com/secrbi.html" "Mozilla/4.0 (compatible; MSIE 7.0; Windows NT 5.1; .NET CLR 2.0.50727; InfoPath.1; .NET CLR 3.0.04506.30; .NET CLR 3.0.04506.648)" "site.musotica.com"
122.107.213.250 - - [09/Sep/2008:05:29:39 -0700] "GET /musotica/images/arrow.gif HTTP/1.1" 200 61 "http://musotica.com/secrbi.html" "Mozilla/4.0 (compatible; MSIE 7.0; Windows NT 5.1; .NET CLR 2.0.50727; InfoPath.1; .NET CLR 3.0.04506.30; .NET CLR 3.0.04506.648)" "site.musotica.com"
122.107.213.250 - - [09/Sep/2008:05:29:40 -0700] "GET /musotica/images/head_strip.gif HTTP/1.1" 200 63 "http://musotica.com/secrbi.html" "Mozilla/4.0 (compatible; MSIE 7.0; Windows NT 5.1; .NET CLR 2.0.50727; InfoPath.1; .NET CLR 3.0.04506.30; .NET CLR 3.0.04506.648)" "site.musotica.com"
122.107.213.250 - - [09/Sep/2008:05:29:40 -0700] "GET /musotica/images/newdot.gif HTTP/1.1" 200 62 "http://musotica.com/secrbi.html" "Mozilla/4.0 (compatible; MSIE 7.0; Windows NT 5.1; .NET CLR 2.0.50727; InfoPath.1; .NET CLR 3.0.04506.30; .NET CLR 3.0.04506.648)" "site.musotica.com"
122.107.213.250 - - [09/Sep/2008:05:29:40 -0700] "GET /musotica/images/search.gif HTTP/1.1" 200 1538 "http://musotica.com/secrbi.html" "Mozilla/4.0 (compatible; MSIE 7.0; Windows NT 5.1; .NET CLR 2.0.50727; InfoPath.1; .NET CLR 3.0.04506.30; .NET CLR 3.0.04506.648)" "site.musotica.com"
122.107.213.250 - - [09/Sep/2008:05:29:41 -0700] "GET /musotica/images/midline.gif HTTP/1.1" 200 49 "http://musotica.com/secrbi.html" "Mozilla/4.0 (compatible; MSIE 7.0; Windows NT 5.1; .NET CLR 2.0.50727; InfoPath.1; .NET CLR 3.0.04506.30; .NET CLR 3.0.04506.648)" "site.musotica.com"
122.107.213.250 - - [09/Sep/2008:05:29:41 -0700] "GET /scripts/cookies.js HTTP/1.1" 200 1429 "http://musotica.com/secrbi.html" "Mozilla/4.0 (compatible; MSIE 7.0; Windows NT 5.1; .NET CLR 2.0.50727; InfoPath.1; .NET CLR 3.0.04506.30; .NET CLR 3.0.04506.648)" "site.musotica.com"
122.107.213.250 - - [09/Sep/2008:05:29:41 -0700] "GET /scripts/pagging-inner.js HTTP/1.1" 200 24676 "http://musotica.com/secrbi.html" "Mozilla/4.0 (compatible; MSIE 7.0; Windows NT 5.1; .NET CLR 2.0.50727; InfoPath.1; .NET CLR 3.0.04506.30; .NET CLR 3.0.04506.648)" "site.musotica.com"
208.115.16.202 - - [09/Sep/2008:05:29:41 -0700] "GET /musotica/style/style.css HTTP/1.1" 200 2675 "http://musotica.com/trendylingerie.html" "Mozilla/4.0 (compatible; MSIE 7.0; Windows NT 6.0; SLCC1; .NET CLR 2.0.50727; Media Center PC 5.0; .NET CLR 3.0.04506)" "site.musotica.com"
208.115.16.202 - - [09/Sep/2008:05:29:42 -0700] "GET /style/rolldiv-ie.css HTTP/1.1" 200 809 "http://musotica.com/trendylingerie.html" "Mozilla/4.0 (compatible; MSIE 7.0; Windows NT 6.0; SLCC1; .NET CLR 2.0.50727; Media Center PC 5.0; .NET CLR 3.0.04506)" "site.musotica.com"
208.115.16.202 - - [09/Sep/2008:05:29:42 -0700] "GET /scripts/rolldiv.js HTTP/1.1" 200 623 "http://musotica.com/trendylingerie.html" "Mozilla/4.0 (compatible; MSIE 7.0; Windows NT 6.0; SLCC1; .NET CLR 2.0.50727; Media Center PC 5.0; .NET CLR 3.0.04506)" "site.musotica.com"
208.115.16.202 - - [09/Sep/2008:05:29:42 -0700] "GET /musotica/images/phone.gif HTTP/1.1" 200 385 "http://musotica.com/trendylingerie.html" "Mozilla/4.0 (compatible; MSIE 7.0; Windows NT 6.0; SLCC1; .NET CLR 2.0.50727; Media Center PC 5.0; .NET CLR 3.0.04506)" "site.musotica.com"
208.115.16.202 - - [09/Sep/2008:05:29:42 -0700] "GET /musotica/images/logo.gif HTTP/1.1" 200 2006 "http://musotica.com/trendylingerie.html" "Mozilla/4.0 (compatible; MSIE 7.0; Windows NT 6.0; SLCC1; .NET CLR 2.0.50727; Media Center PC 5.0; .NET CLR 3.0.04506)" "site.musotica.com"
122.107.213.250 - - [09/Sep/2008:05:29:43 -0700] "GET /scripts/dpv.js HTTP/1.1" 200 1545 "http://musotica.com/secrbi.html" "Mozilla/4.0 (compatible; MSIE 7.0; Windows NT 5.1; .NET CLR 2.0.50727; InfoPath.1; .NET CLR 3.0.04506.30; .NET CLR 3.0.04506.648)" "site.musotica.com"
208.115.16.202 - - [09/Sep/2008:05:29:43 -0700] "GET /musotica/images/home.gif HTTP/1.1" 200 70 "http://musotica.com/trendylingerie.html" "Mozilla/4.0 (compatible; MSIE 7.0; Windows NT 6.0; SLCC1; .NET CLR 2.0.50727; Media Center PC 5.0; .NET CLR 3.0.04506)" "site.musotica.com"
208.115.16.202 - - [09/Sep/2008:05:29:43 -0700] "GET /musotica/images/tell.gif HTTP/1.1" 200 67 "http://musotica.com/trendylingerie.html" "Mozilla/4.0 (compatible; MSIE 7.0; Windows NT 6.0; SLCC1; .NET CLR 2.0.50727; Media Center PC 5.0; .NET CLR 3.0.04506)" "site.musotica.com"
208.115.16.202 - - [09/Sep/2008:05:29:43 -0700] "GET /rolldiv-images/shadow.png HTTP/1.1" 200 175 "-" "Mozilla/4.0 (compatible; MSIE 7.0; Windows NT 6.0; SLCC1; .NET CLR 2.0.50727; Media Center PC 5.0; .NET CLR 3.0.04506)" "site.musotica.com"
208.115.16.202 - - [09/Sep/2008:05:29:43 -0700] "GET /musotica/images/bookmark.gif HTTP/1.1" 200 124 "http://musotica.com/trendylingerie.html" "Mozilla/4.0 (compatible; MSIE 7.0; Windows NT 6.0; SLCC1; .NET CLR 2.0.50727; Media Center PC 5.0; .NET CLR 3.0.04506)" "site.musotica.com"
122.107.213.250 - - [09/Sep/2008:05:29:43 -0700] "GET /musotica/images/spacer.gif HTTP/1.1" 404 275 "http://musotica.com/secrbi.html" "Mozilla/4.0 (compatible; MSIE 7.0; Windows NT 5.1; .NET CLR 2.0.50727; InfoPath.1; .NET CLR 3.0.04506.30; .NET CLR 3.0.04506.648)" "site.musotica.com"
122.107.213.250 - - [09/Sep/2008:05:29:43 -0700] "GET /musotica/images/lingeris.jpg HTTP/1.1" 200 17260 "http://musotica.com/secrbi.html" "Mozilla/4.0 (compatible; MSIE 7.0; Windows NT 5.1; .NET CLR 2.0.50727; InfoPath.1; .NET CLR 3.0.04506.30; .NET CLR 3.0.04506.648)" "site.musotica.com"
208.115.16.202 - - [09/Sep/2008:05:29:43 -0700] "GET /musotica/images/go.gif HTTP/1.1" 200 731 "http://musotica.com/trendylingerie.html" "Mozilla/4.0 (compatible; MSIE 7.0; Windows NT 6.0; SLCC1; .NET CLR 2.0.50727; Media Center PC 5.0; .NET CLR 3.0.04506)" "site.musotica.com"
208.115.16.202 - - [09/Sep/2008:05:29:43 -0700] "GET /musotica/images/shop.gif HTTP/1.1" 200 83 "http://musotica.com/trendylingerie.html" "Mozilla/4.0 (compatible; MSIE 7.0; Windows NT 6.0; SLCC1; .NET CLR 2.0.50727; Media Center PC 5.0; .NET CLR 3.0.04506)" "site.musotica.com"
208.115.16.202 - - [09/Sep/2008:05:29:44 -0700] "GET /musotica/images/arrow.gif HTTP/1.1" 200 61 "http://musotica.com/trendylingerie.html" "Mozilla/4.0 (compatible; MSIE 7.0; Windows NT 6.0; SLCC1; .NET CLR 2.0.50727; Media Center PC 5.0; .NET CLR 3.0.04506)" "site.musotica.com"
208.115.16.202 - - [09/Sep/2008:05:29:44 -0700] "GET /musotica/images/head_strip.gif HTTP/1.1" 200 63 "http://musotica.com/trendylingerie.html" "Mozilla/4.0 (compatible; MSIE 7.0; Windows NT 6.0; SLCC1; .NET CLR 2.0.50727; Media Center PC 5.0; .NET CLR 3.0.04506)" "site.musotica.com"
122.107.213.250 - - [09/Sep/2008:05:29:44 -0700] "GET /musotica/images/clubwear.jpg HTTP/1.1" 200 15480 "http://musotica.com/secrbi.html" "Mozilla/4.0 (compatible; MSIE 7.0; Windows NT 5.1; .NET CLR 2.0.50727; InfoPath.1; .NET CLR 3.0.04506.30; .NET CLR 3.0.04506.648)" "site.musotica.com"
208.115.16.202 - - [09/Sep/2008:05:29:44 -0700] "GET /musotica/images/newdot.gif HTTP/1.1" 200 62 "http://musotica.com/trendylingerie.html" "Mozilla/4.0 (compatible; MSIE 7.0; Windows NT 6.0; SLCC1; .NET CLR 2.0.50727; Media Center PC 5.0; .NET CLR 3.0.04506)" "site.musotica.com"
208.115.16.202 - - [09/Sep/2008:05:29:44 -0700] "GET /musotica/images/search.gif HTTP/1.1" 200 1538 "http://musotica.com/trendylingerie.html" "Mozilla/4.0 (compatible; MSIE 7.0; Windows NT 6.0; SLCC1; .NET CLR 2.0.50727; Media Center PC 5.0; .NET CLR 3.0.04506)" "site.musotica.com"
208.115.16.202 - - [09/Sep/2008:05:29:44 -0700] "GET /musotica/images/midline.gif HTTP/1.1" 200 49 "http://musotica.com/trendylingerie.html" "Mozilla/4.0 (compatible; MSIE 7.0; Windows NT 6.0; SLCC1; .NET CLR 2.0.50727; Media Center PC 5.0; .NET CLR 3.0.04506)" "site.musotica.com"
208.115.16.202 - - [09/Sep/2008:05:29:44 -0700] "GET /musotica/images/lingeris.jpg HTTP/1.1" 200 17260 "http://musotica.com/trendylingerie.html" "Mozilla/4.0 (compatible; MSIE 7.0; Windows NT 6.0; SLCC1; .NET CLR 2.0.50727; Media Center PC 5.0; .NET CLR 3.0.04506)" "site.musotica.com"
208.115.16.202 - - [09/Sep/2008:05:29:44 -0700] "GET /musotica/images/spacer.gif HTTP/1.1" 404 275 "http://musotica.com/trendylingerie.html" "Mozilla/4.0 (compatible; MSIE 7.0; Windows NT 6.0; SLCC1; .NET CLR 2.0.50727; Media Center PC 5.0; .NET CLR 3.0.04506)" "site.musotica.com"
122.107.213.250 - - [09/Sep/2008:05:29:44 -0700] "GET /musotica/images/stockings.jpg HTTP/1.1" 200 15303 "http://musotica.com/secrbi.html" "Mozilla/4.0 (compatible; MSIE 7.0; Windows NT 5.1; .NET CLR 2.0.50727; InfoPath.1; .NET CLR 3.0.04506.30; .NET CLR 3.0.04506.648)" "site.musotica.com"
208.115.16.202 - - [09/Sep/2008:05:29:45 -0700] "GET /musotica/images/clubwear.jpg HTTP/1.1" 200 15480 "http://musotica.com/trendylingerie.html" "Mozilla/4.0 (compatible; MSIE 7.0; Windows NT 6.0; SLCC1; .NET CLR 2.0.50727; Media Center PC 5.0; .NET CLR 3.0.04506)" "site.musotica.com"
122.107.213.250 - - [09/Sep/2008:05:29:45 -0700] "GET /musotica/images/shoes.jpg HTTP/1.1" 200 14412 "http://musotica.com/secrbi.html" "Mozilla/4.0 (compatible; MSIE 7.0; Windows NT 5.1; .NET CLR 2.0.50727; InfoPath.1; .NET CLR 3.0.04506.30; .NET CLR 3.0.04506.648)" "site.musotica.com"
122.107.213.250 - - [09/Sep/2008:05:29:45 -0700] "GET /musotica/images/accessories.jpg HTTP/1.1" 200 17113 "http://musotica.com/secrbi.html" "Mozilla/4.0 (compatible; MSIE 7.0; Windows NT 5.1; .NET CLR 2.0.50727; InfoPath.1; .NET CLR 3.0.04506.30; .NET CLR 3.0.04506.648)" "site.musotica.com"
122.107.213.250 - - [09/Sep/2008:05:29:46 -0700] "GET /musotica/images/pay.jpg HTTP/1.1" 200 13131 "http://musotica.com/secrbi.html" "Mozilla/4.0 (compatible; MSIE 7.0; Windows NT 5.1; .NET CLR 2.0.50727; InfoPath.1; .NET CLR 3.0.04506.30; .NET CLR 3.0.04506.648)" "site.musotica.com"
208.115.16.202 - - [09/Sep/2008:05:29:46 -0700] "GET /rolldiv-images/header.png HTTP/1.1" 200 730 "-" "Mozilla/4.0 (compatible; MSIE 7.0; Windows NT 6.0; SLCC1; .NET CLR 2.0.50727; Media Center PC 5.0; .NET CLR 3.0.04506)" "site.musotica.com"
208.115.16.202 - - [09/Sep/2008:05:29:46 -0700] "GET /musotica/images/stockings.jpg HTTP/1.1" 200 15303 "http://musotica.com/trendylingerie.html" "Mozilla/4.0 (compatible; MSIE 7.0; Windows NT 6.0; SLCC1; .NET CLR 2.0.50727; Media Center PC 5.0; .NET CLR 3.0.04506)" "site.musotica.com"
122.107.213.250 - - [09/Sep/2008:05:29:47 -0700] "GET /rolldiv-images/header.png HTTP/1.1" 200 730 "-" "Mozilla/4.0 (compatible; MSIE 7.0; Windows NT 5.1; .NET CLR 2.0.50727; InfoPath.1; .NET CLR 3.0.04506.30; .NET CLR 3.0.04506.648)" "site.musotica.com"
122.107.213.250 - - [09/Sep/2008:05:29:47 -0700] "GET /musotica/images/ss.jpg HTTP/1.1" 200 5500 "http://musotica.com/secrbi.html" "Mozilla/4.0 (compatible; MSIE 7.0; Windows NT 5.1; .NET CLR 2.0.50727; InfoPath.1; .NET CLR 3.0.04506.30; .NET CLR 3.0.04506.648)" "site.musotica.com"
208.115.16.202 - - [09/Sep/2008:05:29:47 -0700] "GET /rolldiv-images/footer.png HTTP/1.1" 200 637 "-" "Mozilla/4.0 (compatible; MSIE 7.0; Windows NT 6.0; SLCC1; .NET CLR 2.0.50727; Media Center PC 5.0; .NET CLR 3.0.04506)" "site.musotica.com"
122.107.213.250 - - [09/Sep/2008:05:29:47 -0700] "GET /musotica/images/bannerdot.gif HTTP/1.1" 200 49 "http://musotica.com/secrbi.html" "Mozilla/4.0 (compatible; MSIE 7.0; Windows NT 5.1; .NET CLR 2.0.50727; InfoPath.1; .NET CLR 3.0.04506.30; .NET CLR 3.0.04506.648)" "site.musotica.com"
208.115.16.202 - - [09/Sep/2008:05:29:47 -0700] "GET /musotica/images/shoes.jpg HTTP/1.1" 200 14412 "http://musotica.com/trendylingerie.html" "Mozilla/4.0 (compatible; MSIE 7.0; Windows NT 6.0; SLCC1; .NET CLR 2.0.50727; Media Center PC 5.0; .NET CLR 3.0.04506)" "site.musotica.com"
122.107.213.250 - - [09/Sep/2008:05:29:48 -0700] "GET /rolldiv-images/footer.png HTTP/1.1" 200 637 "-" "Mozilla/4.0 (compatible; MSIE 7.0; Windows NT 5.1; .NET CLR 2.0.50727; InfoPath.1; .NET CLR 3.0.04506.30; .NET CLR 3.0.04506.648)" "site.musotica.com"
122.107.213.250 - - [09/Sep/2008:05:29:48 -0700] "GET /musotica/images/newgreendot.gif HTTP/1.1" 200 49 "http://musotica.com/secrbi.html" "Mozilla/4.0 (compatible; MSIE 7.0; Windows NT 5.1; .NET CLR 2.0.50727; InfoPath.1; .NET CLR 3.0.04506.30; .NET CLR 3.0.04506.648)" "site.musotica.com"
208.115.16.202 - - [09/Sep/2008:05:29:48 -0700] "GET /musotica/images/accessories.jpg HTTP/1.1" 200 17113 "http://musotica.com/trendylingerie.html" "Mozilla/4.0 (compatible; MSIE 7.0; Windows NT 6.0; SLCC1; .NET CLR 2.0.50727; Media Center PC 5.0; .NET CLR 3.0.04506)" "site.musotica.com"
208.115.16.202 - - [09/Sep/2008:05:29:49 -0700] "GET /musotica/images/pay.jpg HTTP/1.1" 200 13131 "http://musotica.com/trendylingerie.html" "Mozilla/4.0 (compatible; MSIE 7.0; Windows NT 6.0; SLCC1; .NET CLR 2.0.50727; Media Center PC 5.0; .NET CLR 3.0.04506)" "site.musotica.com"
208.115.16.202 - - [09/Sep/2008:05:29:49 -0700] "GET /musotica/images/ss.jpg HTTP/1.1" 200 5500 "http://musotica.com/trendylingerie.html" "Mozilla/4.0 (compatible; MSIE 7.0; Windows NT 6.0; SLCC1; .NET CLR 2.0.50727; Media Center PC 5.0; .NET CLR 3.0.04506)" "site.musotica.com"
208.115.16.202 - - [09/Sep/2008:05:29:50 -0700] "GET /musotica/images/bannerdot.gif HTTP/1.1" 200 49 "http://musotica.com/trendylingerie.html" "Mozilla/4.0 (compatible; MSIE 7.0; Windows NT 6.0; SLCC1; .NET CLR 2.0.50727; Media Center PC 5.0; .NET CLR 3.0.04506)" "site.musotica.com"
208.115.16.202 - - [09/Sep/2008:05:29:50 -0700] "GET /musotica/images/newgreendot.gif HTTP/1.1" 200 49 "http://musotica.com/trendylingerie.html" "Mozilla/4.0 (compatible; MSIE 7.0; Windows NT 6.0; SLCC1; .NET CLR 2.0.50727; Media Center PC 5.0; .NET CLR 3.0.04506)" "site.musotica.com"
208.115.16.202 - - [09/Sep/2008:05:30:02 -0700] "GET /musotica/images/spacer.gif HTTP/1.1" 404 275 "http://musotica.com/shoes.html" "Mozilla/4.0 (compatible; MSIE 7.0; Windows NT 6.0; SLCC1; .NET CLR 2.0.50727; Media Center PC 5.0; .NET CLR 3.0.04506)" "site.musotica.com"
208.115.16.202 - - [09/Sep/2008:05:30:09 -0700] "GET /scripts/cookies.js HTTP/1.1" 200 1429 "http://musotica.com/boots1.html" "Mozilla/4.0 (compatible; MSIE 7.0; Windows NT 6.0; SLCC1; .NET CLR 2.0.50727; Media Center PC 5.0; .NET CLR 3.0.04506)" "site.musotica.com"
208.115.16.202 - - [09/Sep/2008:05:30:09 -0700] "GET /scripts/pagging-inner.js HTTP/1.1" 200 24676 "http://musotica.com/boots1.html" "Mozilla/4.0 (compatible; MSIE 7.0; Windows NT 6.0; SLCC1; .NET CLR 2.0.50727; Media Center PC 5.0; .NET CLR 3.0.04506)" "site.musotica.com"
208.115.16.202 - - [09/Sep/2008:05:30:10 -0700] "GET /scripts/dpv.js HTTP/1.1" 200 1545 "http://musotica.com/boots1.html" "Mozilla/4.0 (compatible; MSIE 7.0; Windows NT 6.0; SLCC1; .NET CLR 2.0.50727; Media Center PC 5.0; .NET CLR 3.0.04506)" "site.musotica.com"
208.115.16.202 - - [09/Sep/2008:05:30:11 -0700] "GET /musotica/images/spacer.gif HTTP/1.1" 404 275 "http://musotica.com/boots1.html" "Mozilla/4.0 (compatible; MSIE 7.0; Windows NT 6.0; SLCC1; .NET CLR 2.0.50727; Media Center PC 5.0; .NET CLR 3.0.04506)" "site.musotica.com"
212.134.155.211 - - [09/Sep/2008:05:31:04 -0700] "GET /musotica/style/style.css HTTP/1.0" 200 2675 "http://musotica.com/seswpi.html?gclid=CKOIhazbzpUCFQ5NQwodHC6-iw" "Mozilla/4.0 (compatible; MSIE 6.0; Windows NT 5.1; SV1; Sky Broadband; .NET CLR 1.1.4322)" "site.musotica.com"
208.115.16.202 - - [09/Sep/2008:05:31:04 -0700] "GET /musotica/images/spacer.gif HTTP/1.1" 404 275 "http://musotica.com/haco.html" "Mozilla/4.0 (compatible; MSIE 7.0; Windows NT 6.0; SLCC1; .NET CLR 2.0.50727; Media Center PC 5.0; .NET CLR 3.0.04506)" "site.musotica.com"
212.134.155.211 - - [09/Sep/2008:05:31:05 -0700] "GET /style/rolldiv-ie.css HTTP/1.0" 200 809 "http://musotica.com/seswpi.html?gclid=CKOIhazbzpUCFQ5NQwodHC6-iw" "Mozilla/4.0 (compatible; MSIE 6.0; Windows NT 5.1; SV1; Sky Broadband; .NET CLR 1.1.4322)" "site.musotica.com"
212.134.155.211 - - [09/Sep/2008:05:31:05 -0700] "GET /scripts/rolldiv.js HTTP/1.0" 200 623 "http://musotica.com/seswpi.html?gclid=CKOIhazbzpUCFQ5NQwodHC6-iw" "Mozilla/4.0 (compatible; MSIE 6.0; Windows NT 5.1; SV1; Sky Broadband; .NET CLR 1.1.4322)" "site.musotica.com"
212.134.155.211 - - [09/Sep/2008:05:31:05 -0700] "GET /musotica/images/logo.gif HTTP/1.0" 200 2006 "http://musotica.com/seswpi.html?gclid=CKOIhazbzpUCFQ5NQwodHC6-iw" "Mozilla/4.0 (compatible; MSIE 6.0; Windows NT 5.1; SV1; Sky Broadband; .NET CLR 1.1.4322)" "site.musotica.com"
212.134.155.211 - - [09/Sep/2008:05:31:05 -0700] "GET /musotica/images/phone.gif HTTP/1.0" 200 385 "http://musotica.com/seswpi.html?gclid=CKOIhazbzpUCFQ5NQwodHC6-iw" "Mozilla/4.0 (compatible; MSIE 6.0; Windows NT 5.1; SV1; Sky Broadband; .NET CLR 1.1.4322)" "site.musotica.com"
212.134.155.211 - - [09/Sep/2008:05:31:05 -0700] "GET /musotica/images/tell.gif HTTP/1.0" 200 67 "http://musotica.com/seswpi.html?gclid=CKOIhazbzpUCFQ5NQwodHC6-iw" "Mozilla/4.0 (compatible; MSIE 6.0; Windows NT 5.1; SV1; Sky Broadband; .NET CLR 1.1.4322)" "site.musotica.com"
212.134.155.211 - - [09/Sep/2008:05:31:05 -0700] "GET /musotica/images/home.gif HTTP/1.0" 200 70 "http://musotica.com/seswpi.html?gclid=CKOIhazbzpUCFQ5NQwodHC6-iw" "Mozilla/4.0 (compatible; MSIE 6.0; Windows NT 5.1; SV1; Sky Broadband; .NET CLR 1.1.4322)" "site.musotica.com"
212.134.155.211 - - [09/Sep/2008:05:31:05 -0700] "GET /rolldiv-images/shadow.png HTTP/1.0" 200 175 "-" "Mozilla/4.0 (compatible; MSIE 6.0; Windows NT 5.1; SV1; Sky Broadband; .NET CLR 1.1.4322)" "site.musotica.com"
212.134.155.211 - - [09/Sep/2008:05:31:05 -0700] "GET /musotica/images/bookmark.gif HTTP/1.0" 200 124 "http://musotica.com/seswpi.html?gclid=CKOIhazbzpUCFQ5NQwodHC6-iw" "Mozilla/4.0 (compatible; MSIE 6.0; Windows NT 5.1; SV1; Sky Broadband; .NET CLR 1.1.4322)" "site.musotica.com"
212.134.155.211 - - [09/Sep/2008:05:31:05 -0700] "GET /musotica/images/go.gif HTTP/1.0" 200 731 "http://musotica.com/seswpi.html?gclid=CKOIhazbzpUCFQ5NQwodHC6-iw" "Mozilla/4.0 (compatible; MSIE 6.0; Windows NT 5.1; SV1; Sky Broadband; .NET CLR 1.1.4322)" "site.musotica.com"
212.134.155.211 - - [09/Sep/2008:05:31:05 -0700] "GET /musotica/images/shop.gif HTTP/1.0" 200 83 "http://musotica.com/seswpi.html?gclid=CKOIhazbzpUCFQ5NQwodHC6-iw" "Mozilla/4.0 (compatible; MSIE 6.0; Windows NT 5.1; SV1; Sky Broadband; .NET CLR 1.1.4322)" "site.musotica.com"
212.134.155.211 - - [09/Sep/2008:05:31:06 -0700] "GET /musotica/images/arrow.gif HTTP/1.0" 200 61 "http://musotica.com/seswpi.html?gclid=CKOIhazbzpUCFQ5NQwodHC6-iw" "Mozilla/4.0 (compatible; MSIE 6.0; Windows NT 5.1; SV1; Sky Broadband; .NET CLR 1.1.4322)" "site.musotica.com"
212.134.155.211 - - [09/Sep/2008:05:31:06 -0700] "GET /musotica/images/head_strip.gif HTTP/1.0" 200 63 "http://musotica.com/seswpi.html?gclid=CKOIhazbzpUCFQ5NQwodHC6-iw" "Mozilla/4.0 (compatible; MSIE 6.0; Windows NT 5.1; SV1; Sky Broadband; .NET CLR 1.1.4322)" "site.musotica.com"
212.134.155.211 - - [09/Sep/2008:05:31:06 -0700] "GET /musotica/images/newdot.gif HTTP/1.0" 200 62 "http://musotica.com/seswpi.html?gclid=CKOIhazbzpUCFQ5NQwodHC6-iw" "Mozilla/4.0 (compatible; MSIE 6.0; Windows NT 5.1; SV1; Sky Broadband; .NET CLR 1.1.4322)" "site.musotica.com"
212.134.155.211 - - [09/Sep/2008:05:31:06 -0700] "GET /musotica/images/midline.gif HTTP/1.0" 200 49 "http://musotica.com/seswpi.html?gclid=CKOIhazbzpUCFQ5NQwodHC6-iw" "Mozilla/4.0 (compatible; MSIE 6.0; Windows NT 5.1; SV1; Sky Broadband; .NET CLR 1.1.4322)" "site.musotica.com"
212.134.155.211 - - [09/Sep/2008:05:31:06 -0700] "GET /scripts/cookies.js HTTP/1.0" 200 1429 "http://musotica.com/seswpi.html?gclid=CKOIhazbzpUCFQ5NQwodHC6-iw" "Mozilla/4.0 (compatible; MSIE 6.0; Windows NT 5.1; SV1; Sky Broadband; .NET CLR 1.1.4322)" "site.musotica.com"
212.134.155.211 - - [09/Sep/2008:05:31:06 -0700] "GET /musotica/images/search.gif HTTP/1.0" 200 1538 "http://musotica.com/seswpi.html?gclid=CKOIhazbzpUCFQ5NQwodHC6-iw" "Mozilla/4.0 (compatible; MSIE 6.0; Windows NT 5.1; SV1; Sky Broadband; .NET CLR 1.1.4322)" "site.musotica.com"
208.115.16.202 - - [09/Sep/2008:05:31:17 -0700] "GET /musotica/images/spacer.gif HTTP/1.1" 404 275 "http://musotica.com/secoandpoco.html" "Mozilla/4.0 (compatible; MSIE 7.0; Windows NT 6.0; SLCC1; .NET CLR 2.0.50727; Media Center PC 5.0; .NET CLR 3.0.04506)" "site.musotica.com"
208.115.16.202 - - [09/Sep/2008:05:31:34 -0700] "GET /musotica/images/spacer.gif HTTP/1.1" 404 275 "http://musotica.com/haco.html" "Mozilla/4.0 (compatible; MSIE 7.0; Windows NT 6.0; SLCC1; .NET CLR 2.0.50727; Media Center PC 5.0; .NET CLR 3.0.04506)" "site.musotica.com"
71.127.228.57 - - [09/Sep/2008:05:31:53 -0700] "GET /musotica/style/style.css HTTP/1.1" 200 2675 "http://musotica.com/adultlacylegs.html" "Mozilla/5.0 (Macintosh; U; Intel Mac OS X 10_5_4; en-us) AppleWebKit/525.18 (KHTML, like Gecko) Version/3.1.2 Safari/525.20.1" "site.musotica.com"
71.127.228.57 - - [09/Sep/2008:05:31:53 -0700] "GET /scripts/rolldiv.js HTTP/1.1" 200 623 "http://musotica.com/adultlacylegs.html" "Mozilla/5.0 (Macintosh; U; Intel Mac OS X 10_5_4; en-us) AppleWebKit/525.18 (KHTML, like Gecko) Version/3.1.2 Safari/525.20.1" "site.musotica.com"
71.127.228.57 - - [09/Sep/2008:05:31:53 -0700] "GET /style/rolldiv-mozilla.css HTTP/1.1" 200 711 "http://musotica.com/adultlacylegs.html" "Mozilla/5.0 (Macintosh; U; Intel Mac OS X 10_5_4; en-us) AppleWebKit/525.18 (KHTML, like Gecko) Version/3.1.2 Safari/525.20.1" "site.musotica.com"
71.127.228.57 - - [09/Sep/2008:05:31:53 -0700] "GET /musotica/images/logo.gif HTTP/1.1" 200 2006 "http://musotica.com/adultlacylegs.html" "Mozilla/5.0 (Macintosh; U; Intel Mac OS X 10_5_4; en-us) AppleWebKit/525.18 (KHTML, like Gecko) Version/3.1.2 Safari/525.20.1" "site.musotica.com"
71.127.228.57 - - [09/Sep/2008:05:31:53 -0700] "GET /musotica/images/home.gif HTTP/1.1" 200 70 "http://musotica.com/adultlacylegs.html" "Mozilla/5.0 (Macintosh; U; Intel Mac OS X 10_5_4; en-us) AppleWebKit/525.18 (KHTML, like Gecko) Version/3.1.2 Safari/525.20.1" "site.musotica.com"
71.127.228.57 - - [09/Sep/2008:05:31:53 -0700] "GET /musotica/images/shop.gif HTTP/1.1" 200 83 "http://musotica.com/adultlacylegs.html" "Mozilla/5.0 (Macintosh; U; Intel Mac OS X 10_5_4; en-us) AppleWebKit/525.18 (KHTML, like Gecko) Version/3.1.2 Safari/525.20.1" "site.musotica.com"
71.127.228.57 - - [09/Sep/2008:05:31:53 -0700] "GET /scripts/paging-images/images/spacer.gif HTTP/1.1" 404 275 "http://musotica.com/adultlacylegs.html" "Mozilla/5.0 (Macintosh; U; Intel Mac OS X 10_5_4; en-us) AppleWebKit/525.18 (KHTML, like Gecko) Version/3.1.2 Safari/525.20.1" "site.musotica.com"
71.127.228.57 - - [09/Sep/2008:05:31:53 -0700] "GET /musotica/images/arrow.gif HTTP/1.1" 200 61 "http://musotica.com/adultlacylegs.html" "Mozilla/5.0 (Macintosh; U; Intel Mac OS X 10_5_4; en-us) AppleWebKit/525.18 (KHTML, like Gecko) Version/3.1.2 Safari/525.20.1" "site.musotica.com"
71.127.228.57 - - [09/Sep/2008:05:31:53 -0700] "GET /musotica/images/bookmark.gif HTTP/1.1" 200 124 "http://musotica.com/adultlacylegs.html" "Mozilla/5.0 (Macintosh; U; Intel Mac OS X 10_5_4; en-us) AppleWebKit/525.18 (KHTML, like Gecko) Version/3.1.2 Safari/525.20.1" "site.musotica.com"
71.127.228.57 - - [09/Sep/2008:05:31:53 -0700] "GET /musotica/images/phone.gif HTTP/1.1" 200 385 "http://musotica.com/adultlacylegs.html" "Mozilla/5.0 (Macintosh; U; Intel Mac OS X 10_5_4; en-us) AppleWebKit/525.18 (KHTML, like Gecko) Version/3.1.2 Safari/525.20.1" "site.musotica.com"
71.127.228.57 - - [09/Sep/2008:05:31:53 -0700] "GET /musotica/images/go.gif HTTP/1.1" 200 731 "http://musotica.com/adultlacylegs.html" "Mozilla/5.0 (Macintosh; U; Intel Mac OS X 10_5_4; en-us) AppleWebKit/525.18 (KHTML, like Gecko) Version/3.1.2 Safari/525.20.1" "site.musotica.com"
71.127.228.57 - - [09/Sep/2008:05:31:54 -0700] "GET /musotica/images/newdot.gif HTTP/1.1" 200 62 "http://musotica.com/adultlacylegs.html" "Mozilla/5.0 (Macintosh; U; Intel Mac OS X 10_5_4; en-us) AppleWebKit/525.18 (KHTML, like Gecko) Version/3.1.2 Safari/525.20.1" "site.musotica.com"
71.127.228.57 - - [09/Sep/2008:05:31:54 -0700] "GET /musotica/images/tell.gif HTTP/1.1" 200 67 "http://musotica.com/adultlacylegs.html" "Mozilla/5.0 (Macintosh; U; Intel Mac OS X 10_5_4; en-us) AppleWebKit/525.18 (KHTML, like Gecko) Version/3.1.2 Safari/525.20.1" "site.musotica.com"
71.127.228.57 - - [09/Sep/2008:05:31:54 -0700] "GET /musotica/images/midline.gif HTTP/1.1" 200 49 "http://musotica.com/adultlacylegs.html" "Mozilla/5.0 (Macintosh; U; Intel Mac OS X 10_5_4; en-us) AppleWebKit/525.18 (KHTML, like Gecko) Version/3.1.2 Safari/525.20.1" "site.musotica.com"
71.127.228.57 - - [09/Sep/2008:05:31:54 -0700] "GET /musotica/images/search.gif HTTP/1.1" 200 1538 "http://musotica.com/adultlacylegs.html" "Mozilla/5.0 (Macintosh; U; Intel Mac OS X 10_5_4; en-us) AppleWebKit/525.18 (KHTML, like Gecko) Version/3.1.2 Safari/525.20.1" "site.musotica.com"
71.127.228.57 - - [09/Sep/2008:05:31:54 -0700] "GET /musotica/images/head_strip.gif HTTP/1.1" 200 63 "http://musotica.com/adultlacylegs.html" "Mozilla/5.0 (Macintosh; U; Intel Mac OS X 10_5_4; en-us) AppleWebKit/525.18 (KHTML, like Gecko) Version/3.1.2 Safari/525.20.1" "site.musotica.com"
71.127.228.57 - - [09/Sep/2008:05:31:54 -0700] "GET /musotica/images/clubwear.jpg HTTP/1.1" 200 15480 "http://musotica.com/adultlacylegs.html" "Mozilla/5.0 (Macintosh; U; Intel Mac OS X 10_5_4; en-us) AppleWebKit/525.18 (KHTML, like Gecko) Version/3.1.2 Safari/525.20.1" "site.musotica.com"
71.127.228.57 - - [09/Sep/2008:05:31:54 -0700] "GET /musotica/images/bannerdot.gif HTTP/1.1" 200 49 "http://musotica.com/adultlacylegs.html" "Mozilla/5.0 (Macintosh; U; Intel Mac OS X 10_5_4; en-us) AppleWebKit/525.18 (KHTML, like Gecko) Version/3.1.2 Safari/525.20.1" "site.musotica.com"
71.127.228.57 - - [09/Sep/2008:05:31:54 -0700] "GET /musotica/images/spacer.gif HTTP/1.1" 404 275 "http://musotica.com/adultlacylegs.html" "Mozilla/5.0 (Macintosh; U; Intel Mac OS X 10_5_4; en-us) AppleWebKit/525.18 (KHTML, like Gecko) Version/3.1.2 Safari/525.20.1" "site.musotica.com"
71.127.228.57 - - [09/Sep/2008:05:31:54 -0700] "GET /musotica/images/ss.jpg HTTP/1.1" 200 5500 "http://musotica.com/adultlacylegs.html" "Mozilla/5.0 (Macintosh; U; Intel Mac OS X 10_5_4; en-us) AppleWebKit/525.18 (KHTML, like Gecko) Version/3.1.2 Safari/525.20.1" "site.musotica.com"
71.127.228.57 - - [09/Sep/2008:05:31:54 -0700] "GET /musotica/images/lingeris.jpg HTTP/1.1" 200 17260 "http://musotica.com/adultlacylegs.html" "Mozilla/5.0 (Macintosh; U; Intel Mac OS X 10_5_4; en-us) AppleWebKit/525.18 (KHTML, like Gecko) Version/3.1.2 Safari/525.20.1" "site.musotica.com"
71.127.228.57 - - [09/Sep/2008:05:31:54 -0700] "GET /musotica/images/shoes.jpg HTTP/1.1" 200 14412 "http://musotica.com/adultlacylegs.html" "Mozilla/5.0 (Macintosh; U; Intel Mac OS X 10_5_4; en-us) AppleWebKit/525.18 (KHTML, like Gecko) Version/3.1.2 Safari/525.20.1" "site.musotica.com"
71.127.228.57 - - [09/Sep/2008:05:31:54 -0700] "GET /musotica/images/stockings.jpg HTTP/1.1" 200 15303 "http://musotica.com/adultlacylegs.html" "Mozilla/5.0 (Macintosh; U; Intel Mac OS X 10_5_4; en-us) AppleWebKit/525.18 (KHTML, like Gecko) Version/3.1.2 Safari/525.20.1" "site.musotica.com"
71.127.228.57 - - [09/Sep/2008:05:31:54 -0700] "GET /musotica/images/newgreendot.gif HTTP/1.1" 200 49 "http://musotica.com/adultlacylegs.html" "Mozilla/5.0 (Macintosh; U; Intel Mac OS X 10_5_4; en-us) AppleWebKit/525.18 (KHTML, like Gecko) Version/3.1.2 Safari/525.20.1" "site.musotica.com"
71.127.228.57 - - [09/Sep/2008:05:31:54 -0700] "GET /musotica/images/accessories.jpg HTTP/1.1" 200 17113 "http://musotica.com/adultlacylegs.html" "Mozilla/5.0 (Macintosh; U; Intel Mac OS X 10_5_4; en-us) AppleWebKit/525.18 (KHTML, like Gecko) Version/3.1.2 Safari/525.20.1" "site.musotica.com"
71.127.228.57 - - [09/Sep/2008:05:31:54 -0700] "GET /musotica/images/pay.jpg HTTP/1.1" 200 13131 "http://musotica.com/adultlacylegs.html" "Mozilla/5.0 (Macintosh; U; Intel Mac OS X 10_5_4; en-us) AppleWebKit/525.18 (KHTML, like Gecko) Version/3.1.2 Safari/525.20.1" "site.musotica.com"
212.134.155.211 - - [09/Sep/2008:05:32:05 -0700] "GET /scripts/pagging-inner.js HTTP/1.0" 200 24676 "http://musotica.com/seswpi.html?gclid=CKOIhazbzpUCFQ5NQwodHC6-iw" "Mozilla/4.0 (compatible; MSIE 6.0; Windows NT 5.1; SV1; Sky Broadband; .NET CLR 1.1.4322)" "site.musotica.com"
212.134.155.211 - - [09/Sep/2008:05:32:06 -0700] "GET /scripts/dpv.js HTTP/1.0" 200 1545 "http://musotica.com/seswpi.html?gclid=CKOIhazbzpUCFQ5NQwodHC6-iw" "Mozilla/4.0 (compatible; MSIE 6.0; Windows NT 5.1; SV1; Sky Broadband; .NET CLR 1.1.4322)" "site.musotica.com"
212.134.155.211 - - [09/Sep/2008:05:32:06 -0700] "GET /musotica/images/lingeris.jpg HTTP/1.0" 200 17260 "http://musotica.com/seswpi.html?gclid=CKOIhazbzpUCFQ5NQwodHC6-iw" "Mozilla/4.0 (compatible; MSIE 6.0; Windows NT 5.1; SV1; Sky Broadband; .NET CLR 1.1.4322)" "site.musotica.com"
212.134.155.211 - - [09/Sep/2008:05:32:07 -0700] "GET /musotica/images/accessories.jpg HTTP/1.0" 200 17113 "http://musotica.com/seswpi.html?gclid=CKOIhazbzpUCFQ5NQwodHC6-iw" "Mozilla/4.0 (compatible; MSIE 6.0; Windows NT 5.1; SV1; Sky Broadband; .NET CLR 1.1.4322)" "site.musotica.com"
212.134.155.211 - - [09/Sep/2008:05:32:08 -0700] "GET /musotica/images/ss.jpg HTTP/1.0" 200 5500 "http://musotica.com/seswpi.html?gclid=CKOIhazbzpUCFQ5NQwodHC6-iw" "Mozilla/4.0 (compatible; MSIE 6.0; Windows NT 5.1; SV1; Sky Broadband; .NET CLR 1.1.4322)" "site.musotica.com"
212.134.155.211 - - [09/Sep/2008:05:32:08 -0700] "GET /musotica/images/pay.jpg HTTP/1.0" 200 13131 "http://musotica.com/seswpi.html?gclid=CKOIhazbzpUCFQ5NQwodHC6-iw" "Mozilla/4.0 (compatible; MSIE 6.0; Windows NT 5.1; SV1; Sky Broadband; .NET CLR 1.1.4322)" "site.musotica.com"
212.134.155.211 - - [09/Sep/2008:05:32:11 -0700] "GET /rolldiv-images/header.png HTTP/1.0" 200 730 "-" "Mozilla/4.0 (compatible; MSIE 6.0; Windows NT 5.1; SV1; Sky Broadband; .NET CLR 1.1.4322)" "site.musotica.com"
71.204.16.74 - - [09/Sep/2008:05:32:16 -0700] "GET /musotica/images/phone.gif HTTP/1.1" 200 385 "http://musotica.com/" "Mozilla/4.0 (compatible; MSIE 7.0; Windows NT 6.0; Mozilla/4.0 (compatible; MSIE 6.0; Windows NT 5.1; SV1) ; SLCC1; .NET CLR 2.0.50727; Media Center PC 5.0; .NET CLR 3.0.04506)" "site.musotica.com"
71.204.16.74 - - [09/Sep/2008:05:32:16 -0700] "GET /musotica/images/logo.gif HTTP/1.1" 200 2006 "http://musotica.com/" "Mozilla/4.0 (compatible; MSIE 7.0; Windows NT 6.0; Mozilla/4.0 (compatible; MSIE 6.0; Windows NT 5.1; SV1) ; SLCC1; .NET CLR 2.0.50727; Media Center PC 5.0; .NET CLR 3.0.04506)" "site.musotica.com"
71.204.16.74 - - [09/Sep/2008:05:32:16 -0700] "GET /musotica/images/home.gif HTTP/1.1" 200 70 "http://musotica.com/" "Mozilla/4.0 (compatible; MSIE 7.0; Windows NT 6.0; Mozilla/4.0 (compatible; MSIE 6.0; Windows NT 5.1; SV1) ; SLCC1; .NET CLR 2.0.50727; Media Center PC 5.0; .NET CLR 3.0.04506)" "site.musotica.com"
71.204.16.74 - - [09/Sep/2008:05:32:16 -0700] "GET /musotica/images/tell.gif HTTP/1.1" 200 67 "http://musotica.com/" "Mozilla/4.0 (compatible; MSIE 7.0; Windows NT 6.0; Mozilla/4.0 (compatible; MSIE 6.0; Windows NT 5.1; SV1) ; SLCC1; .NET CLR 2.0.50727; Media Center PC 5.0; .NET CLR 3.0.04506)" "site.musotica.com"
71.204.16.74 - - [09/Sep/2008:05:32:16 -0700] "GET /musotica/images/bookmark.gif HTTP/1.1" 200 124 "http://musotica.com/" "Mozilla/4.0 (compatible; MSIE 7.0; Windows NT 6.0; Mozilla/4.0 (compatible; MSIE 6.0; Windows NT 5.1; SV1) ; SLCC1; .NET CLR 2.0.50727; Media Center PC 5.0; .NET CLR 3.0.04506)" "site.musotica.com"
71.204.16.74 - - [09/Sep/2008:05:32:16 -0700] "GET /musotica/images/go.gif HTTP/1.1" 200 731 "http://musotica.com/" "Mozilla/4.0 (compatible; MSIE 7.0; Windows NT 6.0; Mozilla/4.0 (compatible; MSIE 6.0; Windows NT 5.1; SV1) ; SLCC1; .NET CLR 2.0.50727; Media Center PC 5.0; .NET CLR 3.0.04506)" "site.musotica.com"
71.204.16.74 - - [09/Sep/2008:05:32:16 -0700] "GET /musotica/images/shop.gif HTTP/1.1" 200 83 "http://musotica.com/" "Mozilla/4.0 (compatible; MSIE 7.0; Windows NT 6.0; Mozilla/4.0 (compatible; MSIE 6.0; Windows NT 5.1; SV1) ; SLCC1; .NET CLR 2.0.50727; Media Center PC 5.0; .NET CLR 3.0.04506)" "site.musotica.com"
71.204.16.74 - - [09/Sep/2008:05:32:16 -0700] "GET /musotica/images/arrow.gif HTTP/1.1" 200 61 "http://musotica.com/" "Mozilla/4.0 (compatible; MSIE 7.0; Windows NT 6.0; Mozilla/4.0 (compatible; MSIE 6.0; Windows NT 5.1; SV1) ; SLCC1; .NET CLR 2.0.50727; Media Center PC 5.0; .NET CLR 3.0.04506)" "site.musotica.com"
71.204.16.74 - - [09/Sep/2008:05:32:16 -0700] "GET /musotica/images/go2.gif HTTP/1.1" 200 1322 "http://musotica.com/" "Mozilla/4.0 (compatible; MSIE 7.0; Windows NT 6.0; Mozilla/4.0 (compatible; MSIE 6.0; Windows NT 5.1; SV1) ; SLCC1; .NET CLR 2.0.50727; Media Center PC 5.0; .NET CLR 3.0.04506)" "site.musotica.com"
71.204.16.74 - - [09/Sep/2008:05:32:16 -0700] "GET /musotica/images/arrow2.gif HTTP/1.1" 200 65 "http://musotica.com/" "Mozilla/4.0 (compatible; MSIE 7.0; Windows NT 6.0; Mozilla/4.0 (compatible; MSIE 6.0; Windows NT 5.1; SV1) ; SLCC1; .NET CLR 2.0.50727; Media Center PC 5.0; .NET CLR 3.0.04506)" "site.musotica.com"
116.71.172.224 - - [09/Sep/2008:05:32:16 -0700] "GET /musotica/style/style.css HTTP/1.1" 200 2675 "http://musotica.com/" "Mozilla/4.0 (compatible; MSIE 6.0; Windows NT 5.1; SV1)" "site.musotica.com"
71.204.16.74 - - [09/Sep/2008:05:32:16 -0700] "GET /musotica/images/viewtext.gif HTTP/1.1" 200 1092 "http://musotica.com/" "Mozilla/4.0 (compatible; MSIE 7.0; Windows NT 6.0; Mozilla/4.0 (compatible; MSIE 6.0; Windows NT 5.1; SV1) ; SLCC1; .NET CLR 2.0.50727; Media Center PC 5.0; .NET CLR 3.0.04506)" "site.musotica.com"
71.204.16.74 - - [09/Sep/2008:05:32:16 -0700] "GET /musotica/images/bottom-banner.gif HTTP/1.1" 200 10943 "http://musotica.com/" "Mozilla/4.0 (compatible; MSIE 7.0; Windows NT 6.0; Mozilla/4.0 (compatible; MSIE 6.0; Windows NT 5.1; SV1) ; SLCC1; .NET CLR 2.0.50727; Media Center PC 5.0; .NET CLR 3.0.04506)" "site.musotica.com"
71.204.16.74 - - [09/Sep/2008:05:32:17 -0700] "GET /musotica/images/bottom-banner2.gif HTTP/1.1" 200 11310 "http://musotica.com/" "Mozilla/4.0 (compatible; MSIE 7.0; Windows NT 6.0; Mozilla/4.0 (compatible; MSIE 6.0; Windows NT 5.1; SV1) ; SLCC1; .NET CLR 2.0.50727; Media Center PC 5.0; .NET CLR 3.0.04506)" "site.musotica.com"
71.204.16.74 - - [09/Sep/2008:05:32:17 -0700] "GET /musotica/images/pay.jpg HTTP/1.1" 200 13131 "http://musotica.com/" "Mozilla/4.0 (compatible; MSIE 7.0; Windows NT 6.0; Mozilla/4.0 (compatible; MSIE 6.0; Windows NT 5.1; SV1) ; SLCC1; .NET CLR 2.0.50727; Media Center PC 5.0; .NET CLR 3.0.04506)" "site.musotica.com"
71.204.16.74 - - [09/Sep/2008:05:32:17 -0700] "GET /musotica/images/ss.jpg HTTP/1.1" 200 5500 "http://musotica.com/" "Mozilla/4.0 (compatible; MSIE 7.0; Windows NT 6.0; Mozilla/4.0 (compatible; MSIE 6.0; Windows NT 5.1; SV1) ; SLCC1; .NET CLR 2.0.50727; Media Center PC 5.0; .NET CLR 3.0.04506)" "site.musotica.com"
71.204.16.74 - - [09/Sep/2008:05:32:17 -0700] "GET /musotica/images/head_strip.gif HTTP/1.1" 200 63 "http://musotica.com/" "Mozilla/4.0 (compatible; MSIE 7.0; Windows NT 6.0; Mozilla/4.0 (compatible; MSIE 6.0; Windows NT 5.1; SV1) ; SLCC1; .NET CLR 2.0.50727; Media Center PC 5.0; .NET CLR 3.0.04506)" "site.musotica.com"
71.204.16.74 - - [09/Sep/2008:05:32:17 -0700] "GET /musotica/images/newdot.gif HTTP/1.1" 200 62 "http://musotica.com/" "Mozilla/4.0 (compatible; MSIE 7.0; Windows NT 6.0; Mozilla/4.0 (compatible; MSIE 6.0; Windows NT 5.1; SV1) ; SLCC1; .NET CLR 2.0.50727; Media Center PC 5.0; .NET CLR 3.0.04506)" "site.musotica.com"
71.204.16.74 - - [09/Sep/2008:05:32:18 -0700] "GET /musotica/images/bannerdot.gif HTTP/1.1" 200 49 "http://musotica.com/" "Mozilla/4.0 (compatible; MSIE 7.0; Windows NT 6.0; Mozilla/4.0 (compatible; MSIE 6.0; Windows NT 5.1; SV1) ; SLCC1; .NET CLR 2.0.50727; Media Center PC 5.0; .NET CLR 3.0.04506)" "site.musotica.com"
116.71.172.224 - - [09/Sep/2008:05:32:21 -0700] "GET /musotica/images/logo.gif HTTP/1.1" 200 2006 "http://musotica.com/" "Mozilla/4.0 (compatible; MSIE 6.0; Windows NT 5.1; SV1)" "site.musotica.com"
116.71.172.224 - - [09/Sep/2008:05:32:22 -0700] "GET /musotica/images/newdot.gif HTTP/1.1" 200 62 "http://musotica.com/" "Mozilla/4.0 (compatible; MSIE 6.0; Windows NT 5.1; SV1)" "site.musotica.com"
116.71.172.224 - - [09/Sep/2008:05:32:22 -0700] "GET /musotica/images/home.gif HTTP/1.1" 200 70 "http://musotica.com/" "Mozilla/4.0 (compatible; MSIE 6.0; Windows NT 5.1; SV1)" "site.musotica.com"
116.71.172.224 - - [09/Sep/2008:05:32:22 -0700] "GET /musotica/images/tell.gif HTTP/1.1" 200 67 "http://musotica.com/" "Mozilla/4.0 (compatible; MSIE 6.0; Windows NT 5.1; SV1)" "site.musotica.com"
116.71.172.224 - - [09/Sep/2008:05:32:23 -0700] "GET /musotica/images/bookmark.gif HTTP/1.1" 200 124 "http://musotica.com/" "Mozilla/4.0 (compatible; MSIE 6.0; Windows NT 5.1; SV1)" "site.musotica.com"
116.71.172.224 - - [09/Sep/2008:05:32:23 -0700] "GET /musotica/images/shop.gif HTTP/1.1" 200 83 "http://musotica.com/" "Mozilla/4.0 (compatible; MSIE 6.0; Windows NT 5.1; SV1)" "site.musotica.com"
116.71.172.224 - - [09/Sep/2008:05:32:24 -0700] "GET /musotica/images/go.gif HTTP/1.1" 200 731 "http://musotica.com/" "Mozilla/4.0 (compatible; MSIE 6.0; Windows NT 5.1; SV1)" "site.musotica.com"
208.115.16.202 - - [09/Sep/2008:05:32:24 -0700] "GET /musotica/images/spacer.gif HTTP/1.1" 404 275 "http://musotica.com/devil.html" "Mozilla/4.0 (compatible; MSIE 7.0; Windows NT 6.0; SLCC1; .NET CLR 2.0.50727; Media Center PC 5.0; .NET CLR 3.0.04506)" "site.musotica.com"
116.71.172.224 - - [09/Sep/2008:05:32:24 -0700] "GET /musotica/images/arrow.gif HTTP/1.1" 200 61 "http://musotica.com/" "Mozilla/4.0 (compatible; MSIE 6.0; Windows NT 5.1; SV1)" "site.musotica.com"
116.71.172.224 - - [09/Sep/2008:05:32:25 -0700] "GET /musotica/images/go2.gif HTTP/1.1" 200 1322 "http://musotica.com/" "Mozilla/4.0 (compatible; MSIE 6.0; Windows NT 5.1; SV1)" "site.musotica.com"
116.71.172.224 - - [09/Sep/2008:05:32:25 -0700] "GET /musotica/images/arrow2.gif HTTP/1.1" 200 65 "http://musotica.com/" "Mozilla/4.0 (compatible; MSIE 6.0; Windows NT 5.1; SV1)" "site.musotica.com"
116.71.172.224 - - [09/Sep/2008:05:32:25 -0700] "GET /musotica/images/midline.gif HTTP/1.1" 200 49 "http://musotica.com/" "Mozilla/4.0 (compatible; MSIE 6.0; Windows NT 5.1; SV1)" "site.musotica.com"
116.71.172.224 - - [09/Sep/2008:05:32:26 -0700] "GET /musotica/images/viewtext.gif HTTP/1.1" 200 1092 "http://musotica.com/" "Mozilla/4.0 (compatible; MSIE 6.0; Windows NT 5.1; SV1)" "site.musotica.com"
116.71.172.224 - - [09/Sep/2008:05:32:26 -0700] "GET /musotica/images/bottom-banner.gif HTTP/1.1" 200 10943 "http://musotica.com/" "Mozilla/4.0 (compatible; MSIE 6.0; Windows NT 5.1; SV1)" "site.musotica.com"
116.71.172.224 - - [09/Sep/2008:05:32:26 -0700] "GET /musotica/images/spacer.gif HTTP/1.1" 404 275 "http://musotica.com/" "Mozilla/4.0 (compatible; MSIE 6.0; Windows NT 5.1; SV1)" "site.musotica.com"
116.71.172.224 - - [09/Sep/2008:05:32:27 -0700] "GET /musotica/images/bannerdot.gif HTTP/1.1" 200 49 "http://musotica.com/" "Mozilla/4.0 (compatible; MSIE 6.0; Windows NT 5.1; SV1)" "site.musotica.com"
116.71.172.224 - - [09/Sep/2008:05:32:27 -0700] "GET /musotica/images/newgreendot.gif HTTP/1.1" 200 49 "http://musotica.com/" "Mozilla/4.0 (compatible; MSIE 6.0; Windows NT 5.1; SV1)" "site.musotica.com"
116.71.172.224 - - [09/Sep/2008:05:32:28 -0700] "GET /musotica/images/bottom-banner2.gif HTTP/1.1" 200 11310 "http://musotica.com/" "Mozilla/4.0 (compatible; MSIE 6.0; Windows NT 5.1; SV1)" "site.musotica.com"
116.71.172.224 - - [09/Sep/2008:05:32:28 -0700] "GET /musotica/images/bottom-banner3.gif HTTP/1.1" 200 10805 "http://musotica.com/" "Mozilla/4.0 (compatible; MSIE 6.0; Windows NT 5.1; SV1)" "site.musotica.com"
116.71.172.224 - - [09/Sep/2008:05:32:29 -0700] "GET /musotica/images/bottom-banner4.gif HTTP/1.1" 200 11464 "http://musotica.com/" "Mozilla/4.0 (compatible; MSIE 6.0; Windows NT 5.1; SV1)" "site.musotica.com"
116.71.172.224 - - [09/Sep/2008:05:32:29 -0700] "GET /musotica/images/pay.jpg HTTP/1.1" 200 13131 "http://musotica.com/" "Mozilla/4.0 (compatible; MSIE 6.0; Windows NT 5.1; SV1)" "site.musotica.com"
116.71.172.224 - - [09/Sep/2008:05:32:30 -0700] "GET /musotica/images/ss.jpg HTTP/1.1" 200 5500 "http://musotica.com/" "Mozilla/4.0 (compatible; MSIE 6.0; Windows NT 5.1; SV1)" "site.musotica.com"
208.115.16.202 - - [09/Sep/2008:05:32:33 -0700] "GET /musotica/images/spacer.gif HTTP/1.1" 404 275 "http://musotica.com/haco.html" "Mozilla/4.0 (compatible; MSIE 7.0; Windows NT 6.0; SLCC1; .NET CLR 2.0.50727; Media Center PC 5.0; .NET CLR 3.0.04506)" "site.musotica.com"
71.204.16.74 - - [09/Sep/2008:05:32:34 -0700] "GET /style/rolldiv-ie.css HTTP/1.1" 200 809 "http://musotica.com/plussize1.html" "Mozilla/4.0 (compatible; MSIE 7.0; Windows NT 6.0; Mozilla/4.0 (compatible; MSIE 6.0; Windows NT 5.1; SV1) ; SLCC1; .NET CLR 2.0.50727; Media Center PC 5.0; .NET CLR 3.0.04506)" "site.musotica.com"
71.204.16.74 - - [09/Sep/2008:05:32:34 -0700] "GET /scripts/rolldiv.js HTTP/1.1" 200 623 "http://musotica.com/plussize1.html" "Mozilla/4.0 (compatible; MSIE 7.0; Windows NT 6.0; Mozilla/4.0 (compatible; MSIE 6.0; Windows NT 5.1; SV1) ; SLCC1; .NET CLR 2.0.50727; Media Center PC 5.0; .NET CLR 3.0.04506)" "site.musotica.com"
71.204.16.74 - - [09/Sep/2008:05:32:34 -0700] "GET /scripts/cookies.js HTTP/1.1" 200 1429 "http://musotica.com/plussize1.html" "Mozilla/4.0 (compatible; MSIE 7.0; Windows NT 6.0; Mozilla/4.0 (compatible; MSIE 6.0; Windows NT 5.1; SV1) ; SLCC1; .NET CLR 2.0.50727; Media Center PC 5.0; .NET CLR 3.0.04506)" "site.musotica.com"
71.204.16.74 - - [09/Sep/2008:05:32:34 -0700] "GET /rolldiv-images/shadow.png HTTP/1.1" 200 175 "-" "Mozilla/4.0 (compatible; MSIE 7.0; Windows NT 6.0; Mozilla/4.0 (compatible; MSIE 6.0; Windows NT 5.1; SV1) ; SLCC1; .NET CLR 2.0.50727; Media Center PC 5.0; .NET CLR 3.0.04506)" "site.musotica.com"
71.204.16.74 - - [09/Sep/2008:05:32:34 -0700] "GET /scripts/pagging-inner.js HTTP/1.1" 200 24676 "http://musotica.com/plussize1.html" "Mozilla/4.0 (compatible; MSIE 7.0; Windows NT 6.0; Mozilla/4.0 (compatible; MSIE 6.0; Windows NT 5.1; SV1) ; SLCC1; .NET CLR 2.0.50727; Media Center PC 5.0; .NET CLR 3.0.04506)" "site.musotica.com"
71.204.16.74 - - [09/Sep/2008:05:32:35 -0700] "GET /scripts/dpv.js HTTP/1.1" 200 1545 "http://musotica.com/plussize1.html" "Mozilla/4.0 (compatible; MSIE 7.0; Windows NT 6.0; Mozilla/4.0 (compatible; MSIE 6.0; Windows NT 5.1; SV1) ; SLCC1; .NET CLR 2.0.50727; Media Center PC 5.0; .NET CLR 3.0.04506)" "site.musotica.com"
