79.130.223.166 - - [09/Sep/2008:05:11:23 -0700] "GET /musotica/images/spacer.gif HTTP/1.1" 404 275 "http://musotica.com/selegavsw.html" "Mozilla/5.0 (Windows; U; Windows NT 5.1; el; rv:1.8.1.16) Gecko/20080702 Firefox/2.0.0.16" "site.musotica.com"
79.130.223.166 - - [09/Sep/2008:05:11:24 -0700] "GET /musotica/images/clubwear.jpg HTTP/1.1" 200 15480 "http://musotica.com/selegavsw.html" "Mozilla/5.0 (Windows; U; Windows NT 5.1; el; rv:1.8.1.16) Gecko/20080702 Firefox/2.0.0.16" "site.musotica.com"
79.130.223.166 - - [09/Sep/2008:05:11:24 -0700] "GET /musotica/images/stockings.jpg HTTP/1.1" 200 15303 "http://musotica.com/selegavsw.html" "Mozilla/5.0 (Windows; U; Windows NT 5.1; el; rv:1.8.1.16) Gecko/20080702 Firefox/2.0.0.16" "site.musotica.com"
213.165.162.11 - - [09/Sep/2008:05:11:38 -0700] "GET /musotica/images/spacer.gif HTTP/1.1" 404 275 "http://musotica.com/shoes.html" "Mozilla/4.0 (compatible; MSIE 7.0; Windows NT 6.0; SLCC1; .NET CLR 2.0.50727; .NET CLR 3.0.04506)" "site.musotica.com"
83.205.80.122 - - [09/Sep/2008:05:11:45 -0700] "GET /musotica/style/style.css HTTP/1.1" 200 2675 "http://musotica.com/seligilo.html" "Mozilla/4.0 (compatible; MSIE 7.0; Windows NT 6.0; NaviWoo2.0; SLCC1; .NET CLR 2.0.50727; Media Center PC 5.0; .NET CLR 3.0.04506; Orange 8.0)" "site.musotica.com"
83.205.80.122 - - [09/Sep/2008:05:11:47 -0700] "GET /style/rolldiv-ie.css HTTP/1.1" 200 809 "http://musotica.com/seligilo.html" "Mozilla/4.0 (compatible; MSIE 7.0; Windows NT 6.0; NaviWoo2.0; SLCC1; .NET CLR 2.0.50727; Media Center PC 5.0; .NET CLR 3.0.04506; Orange 8.0)" "site.musotica.com"
83.205.80.122 - - [09/Sep/2008:05:11:47 -0700] "GET /scripts/rolldiv.js HTTP/1.1" 200 623 "http://musotica.com/seligilo.html" "Mozilla/4.0 (compatible; MSIE 7.0; Windows NT 6.0; NaviWoo2.0; SLCC1; .NET CLR 2.0.50727; Media Center PC 5.0; .NET CLR 3.0.04506; Orange 8.0)" "site.musotica.com"
83.205.80.122 - - [09/Sep/2008:05:11:47 -0700] "GET /musotica/images/phone.gif HTTP/1.1" 200 385 "http://musotica.com/seligilo.html" "Mozilla/4.0 (compatible; MSIE 7.0; Windows NT 6.0; NaviWoo2.0; SLCC1; .NET CLR 2.0.50727; Media Center PC 5.0; .NET CLR 3.0.04506; Orange 8.0)" "site.musotica.com"
83.205.80.122 - - [09/Sep/2008:05:11:47 -0700] "GET /musotica/images/logo.gif HTTP/1.1" 200 2006 "http://musotica.com/seligilo.html" "Mozilla/4.0 (compatible; MSIE 7.0; Windows NT 6.0; NaviWoo2.0; SLCC1; .NET CLR 2.0.50727; Media Center PC 5.0; .NET CLR 3.0.04506; Orange 8.0)" "site.musotica.com"
65.54.154.26 - - [09/Sep/2008:05:11:48 -0700] "GET /musotica/style/style.css HTTP/1.0" 304 - "http://musotica.com/sehugwiemlo.html" "Mozilla/4.0 (compatible; MSIE 7.0; Windows NT 5.1; .NET CLR 1.1.4322)" "site.musotica.com"
83.205.80.122 - - [09/Sep/2008:05:11:48 -0700] "GET /rolldiv-images/shadow.png HTTP/1.1" 200 175 "-" "Mozilla/4.0 (compatible; MSIE 7.0; Windows NT 6.0; NaviWoo2.0; SLCC1; .NET CLR 2.0.50727; Media Center PC 5.0; .NET CLR 3.0.04506; Orange 8.0)" "site.musotica.com"
83.205.80.122 - - [09/Sep/2008:05:11:48 -0700] "GET /musotica/images/home.gif HTTP/1.1" 200 70 "http://musotica.com/seligilo.html" "Mozilla/4.0 (compatible; MSIE 7.0; Windows NT 6.0; NaviWoo2.0; SLCC1; .NET CLR 2.0.50727; Media Center PC 5.0; .NET CLR 3.0.04506; Orange 8.0)" "site.musotica.com"
213.165.162.11 - - [09/Sep/2008:05:11:48 -0700] "GET /scripts/cookies.js HTTP/1.1" 200 1429 "http://musotica.com/boots1.html" "Mozilla/4.0 (compatible; MSIE 7.0; Windows NT 6.0; SLCC1; .NET CLR 2.0.50727; .NET CLR 3.0.04506)" "site.musotica.com"
65.54.154.26 - - [09/Sep/2008:05:11:48 -0700] "GET /style/rolldiv-ie.css HTTP/1.0" 304 - "http://musotica.com/sehugwiemlo.html" "Mozilla/4.0 (compatible; MSIE 7.0; Windows NT 5.1; .NET CLR 1.1.4322)" "site.musotica.com"
65.54.154.26 - - [09/Sep/2008:05:11:48 -0700] "GET /scripts/rolldiv.js HTTP/1.0" 304 - "http://musotica.com/sehugwiemlo.html" "Mozilla/4.0 (compatible; MSIE 7.0; Windows NT 5.1; .NET CLR 1.1.4322)" "site.musotica.com"
213.165.162.11 - - [09/Sep/2008:05:11:48 -0700] "GET /scripts/pagging-inner.js HTTP/1.1" 200 24676 "http://musotica.com/boots1.html" "Mozilla/4.0 (compatible; MSIE 7.0; Windows NT 6.0; SLCC1; .NET CLR 2.0.50727; .NET CLR 3.0.04506)" "site.musotica.com"
83.205.80.122 - - [09/Sep/2008:05:11:49 -0700] "GET /musotica/images/tell.gif HTTP/1.1" 200 67 "http://musotica.com/seligilo.html" "Mozilla/4.0 (compatible; MSIE 7.0; Windows NT 6.0; NaviWoo2.0; SLCC1; .NET CLR 2.0.50727; Media Center PC 5.0; .NET CLR 3.0.04506; Orange 8.0)" "site.musotica.com"
83.205.80.122 - - [09/Sep/2008:05:11:49 -0700] "GET /musotica/images/bookmark.gif HTTP/1.1" 200 124 "http://musotica.com/seligilo.html" "Mozilla/4.0 (compatible; MSIE 7.0; Windows NT 6.0; NaviWoo2.0; SLCC1; .NET CLR 2.0.50727; Media Center PC 5.0; .NET CLR 3.0.04506; Orange 8.0)" "site.musotica.com"
83.205.80.122 - - [09/Sep/2008:05:11:49 -0700] "GET /musotica/images/go.gif HTTP/1.1" 200 731 "http://musotica.com/seligilo.html" "Mozilla/4.0 (compatible; MSIE 7.0; Windows NT 6.0; NaviWoo2.0; SLCC1; .NET CLR 2.0.50727; Media Center PC 5.0; .NET CLR 3.0.04506; Orange 8.0)" "site.musotica.com"
83.205.80.122 - - [09/Sep/2008:05:11:49 -0700] "GET /musotica/images/shop.gif HTTP/1.1" 200 83 "http://musotica.com/seligilo.html" "Mozilla/4.0 (compatible; MSIE 7.0; Windows NT 6.0; NaviWoo2.0; SLCC1; .NET CLR 2.0.50727; Media Center PC 5.0; .NET CLR 3.0.04506; Orange 8.0)" "site.musotica.com"
213.165.162.11 - - [09/Sep/2008:05:11:49 -0700] "GET /scripts/dpv.js HTTP/1.1" 200 1545 "http://musotica.com/boots1.html" "Mozilla/4.0 (compatible; MSIE 7.0; Windows NT 6.0; SLCC1; .NET CLR 2.0.50727; .NET CLR 3.0.04506)" "site.musotica.com"
65.54.154.26 - - [09/Sep/2008:05:11:50 -0700] "GET /scripts/paging-images/images/spacer.gif HTTP/1.0" 404 275 "http://musotica.com/sehugwiemlo.html" "Mozilla/4.0 (compatible; MSIE 7.0; Windows NT 5.1; .NET CLR 1.1.4322)" "site.musotica.com"
83.205.80.122 - - [09/Sep/2008:05:11:50 -0700] "GET /musotica/images/arrow.gif HTTP/1.1" 200 61 "http://musotica.com/seligilo.html" "Mozilla/4.0 (compatible; MSIE 7.0; Windows NT 6.0; NaviWoo2.0; SLCC1; .NET CLR 2.0.50727; Media Center PC 5.0; .NET CLR 3.0.04506; Orange 8.0)" "site.musotica.com"
65.54.154.26 - - [09/Sep/2008:05:11:50 -0700] "GET /musotica/images/spacer.gif HTTP/1.0" 404 275 "http://musotica.com/sehugwiemlo.html" "Mozilla/4.0 (compatible; MSIE 7.0; Windows NT 5.1; .NET CLR 1.1.4322)" "site.musotica.com"
83.205.80.122 - - [09/Sep/2008:05:11:50 -0700] "GET /musotica/images/head_strip.gif HTTP/1.1" 200 63 "http://musotica.com/seligilo.html" "Mozilla/4.0 (compatible; MSIE 7.0; Windows NT 6.0; NaviWoo2.0; SLCC1; .NET CLR 2.0.50727; Media Center PC 5.0; .NET CLR 3.0.04506; Orange 8.0)" "site.musotica.com"
83.205.80.122 - - [09/Sep/2008:05:11:50 -0700] "GET /musotica/images/newdot.gif HTTP/1.1" 200 62 "http://musotica.com/seligilo.html" "Mozilla/4.0 (compatible; MSIE 7.0; Windows NT 6.0; NaviWoo2.0; SLCC1; .NET CLR 2.0.50727; Media Center PC 5.0; .NET CLR 3.0.04506; Orange 8.0)" "site.musotica.com"
83.205.80.122 - - [09/Sep/2008:05:11:50 -0700] "GET /musotica/images/search.gif HTTP/1.1" 200 1538 "http://musotica.com/seligilo.html" "Mozilla/4.0 (compatible; MSIE 7.0; Windows NT 6.0; NaviWoo2.0; SLCC1; .NET CLR 2.0.50727; Media Center PC 5.0; .NET CLR 3.0.04506; Orange 8.0)" "site.musotica.com"
83.205.80.122 - - [09/Sep/2008:05:11:51 -0700] "GET /musotica/images/midline.gif HTTP/1.1" 200 49 "http://musotica.com/seligilo.html" "Mozilla/4.0 (compatible; MSIE 7.0; Windows NT 6.0; NaviWoo2.0; SLCC1; .NET CLR 2.0.50727; Media Center PC 5.0; .NET CLR 3.0.04506; Orange 8.0)" "site.musotica.com"
83.205.80.122 - - [09/Sep/2008:05:11:51 -0700] "GET /scripts/cookies.js HTTP/1.1" 200 1429 "http://musotica.com/seligilo.html" "Mozilla/4.0 (compatible; MSIE 7.0; Windows NT 6.0; NaviWoo2.0; SLCC1; .NET CLR 2.0.50727; Media Center PC 5.0; .NET CLR 3.0.04506; Orange 8.0)" "site.musotica.com"
83.205.80.122 - - [09/Sep/2008:05:11:51 -0700] "GET /scripts/pagging-inner.js HTTP/1.1" 200 24676 "http://musotica.com/seligilo.html" "Mozilla/4.0 (compatible; MSIE 7.0; Windows NT 6.0; NaviWoo2.0; SLCC1; .NET CLR 2.0.50727; Media Center PC 5.0; .NET CLR 3.0.04506; Orange 8.0)" "site.musotica.com"
83.205.80.122 - - [09/Sep/2008:05:11:53 -0700] "GET /scripts/dpv.js HTTP/1.1" 200 1545 "http://musotica.com/seligilo.html" "Mozilla/4.0 (compatible; MSIE 7.0; Windows NT 6.0; NaviWoo2.0; SLCC1; .NET CLR 2.0.50727; Media Center PC 5.0; .NET CLR 3.0.04506; Orange 8.0)" "site.musotica.com"
213.165.162.11 - - [09/Sep/2008:05:11:53 -0700] "GET /musotica/images/spacer.gif HTTP/1.1" 404 275 "http://musotica.com/boots1.html" "Mozilla/4.0 (compatible; MSIE 7.0; Windows NT 6.0; SLCC1; .NET CLR 2.0.50727; .NET CLR 3.0.04506)" "site.musotica.com"
83.205.80.122 - - [09/Sep/2008:05:11:54 -0700] "GET /musotica/images/spacer.gif HTTP/1.1" 404 275 "http://musotica.com/seligilo.html" "Mozilla/4.0 (compatible; MSIE 7.0; Windows NT 6.0; NaviWoo2.0; SLCC1; .NET CLR 2.0.50727; Media Center PC 5.0; .NET CLR 3.0.04506; Orange 8.0)" "site.musotica.com"
83.205.80.122 - - [09/Sep/2008:05:11:54 -0700] "GET /musotica/images/lingeris.jpg HTTP/1.1" 200 17260 "http://musotica.com/seligilo.html" "Mozilla/4.0 (compatible; MSIE 7.0; Windows NT 6.0; NaviWoo2.0; SLCC1; .NET CLR 2.0.50727; Media Center PC 5.0; .NET CLR 3.0.04506; Orange 8.0)" "site.musotica.com"
83.205.80.122 - - [09/Sep/2008:05:11:54 -0700] "GET /musotica/images/shoes.jpg HTTP/1.1" 200 14412 "http://musotica.com/seligilo.html" "Mozilla/4.0 (compatible; MSIE 7.0; Windows NT 6.0; NaviWoo2.0; SLCC1; .NET CLR 2.0.50727; Media Center PC 5.0; .NET CLR 3.0.04506; Orange 8.0)" "site.musotica.com"
83.205.80.122 - - [09/Sep/2008:05:11:55 -0700] "GET /musotica/images/accessories.jpg HTTP/1.1" 200 17113 "http://musotica.com/seligilo.html" "Mozilla/4.0 (compatible; MSIE 7.0; Windows NT 6.0; NaviWoo2.0; SLCC1; .NET CLR 2.0.50727; Media Center PC 5.0; .NET CLR 3.0.04506; Orange 8.0)" "site.musotica.com"
83.205.80.122 - - [09/Sep/2008:05:11:55 -0700] "GET /musotica/images/pay.jpg HTTP/1.1" 200 13131 "http://musotica.com/seligilo.html" "Mozilla/4.0 (compatible; MSIE 7.0; Windows NT 6.0; NaviWoo2.0; SLCC1; .NET CLR 2.0.50727; Media Center PC 5.0; .NET CLR 3.0.04506; Orange 8.0)" "site.musotica.com"
65.54.154.26 - - [09/Sep/2008:05:11:56 -0700] "GET /scripts/paging-images/images/spacer.gif HTTP/1.0" 404 275 "http://musotica.com/sehushbi.html" "Mozilla/4.0 (compatible; MSIE 7.0; Windows NT 5.1; .NET CLR 1.1.4322)" "site.musotica.com"
65.54.154.26 - - [09/Sep/2008:05:12:01 -0700] "GET /musotica/images/spacer.gif HTTP/1.0" 404 275 "http://musotica.com/sehushbi.html" "Mozilla/4.0 (compatible; MSIE 7.0; Windows NT 5.1; .NET CLR 1.1.4322)" "site.musotica.com"
65.54.154.26 - - [09/Sep/2008:05:13:03 -0700] "GET /musotica/style/style.css HTTP/1.0" 304 - "http://musotica.com/lacythingies.html" "Mozilla/4.0 (compatible; MSIE 7.0; Windows NT 5.1; .NET CLR 1.1.4322)" "site.musotica.com"
65.54.154.26 - - [09/Sep/2008:05:13:05 -0700] "GET /style/rolldiv-ie.css HTTP/1.0" 304 - "http://musotica.com/lacythingies.html" "Mozilla/4.0 (compatible; MSIE 7.0; Windows NT 5.1; .NET CLR 1.1.4322)" "site.musotica.com"
65.54.154.26 - - [09/Sep/2008:05:13:05 -0700] "GET /scripts/rolldiv.js HTTP/1.0" 304 - "http://musotica.com/lacythingies.html" "Mozilla/4.0 (compatible; MSIE 7.0; Windows NT 5.1; .NET CLR 1.1.4322)" "site.musotica.com"
65.54.154.26 - - [09/Sep/2008:05:13:05 -0700] "GET /scripts/cookies.js HTTP/1.0" 304 - "http://musotica.com/lacythingies.html" "Mozilla/4.0 (compatible; MSIE 7.0; Windows NT 5.1; .NET CLR 1.1.4322)" "site.musotica.com"
65.54.154.26 - - [09/Sep/2008:05:13:06 -0700] "GET /scripts/pagging-inner.js HTTP/1.0" 304 - "http://musotica.com/lacythingies.html" "Mozilla/4.0 (compatible; MSIE 7.0; Windows NT 5.1; .NET CLR 1.1.4322)" "site.musotica.com"
65.54.154.26 - - [09/Sep/2008:05:13:07 -0700] "GET /scripts/dpv.js HTTP/1.0" 304 - "http://musotica.com/lacythingies.html" "Mozilla/4.0 (compatible; MSIE 7.0; Windows NT 5.1; .NET CLR 1.1.4322)" "site.musotica.com"
209.80.253.1 - - [09/Sep/2008:05:13:32 -0700] "GET /musotica/style/style.css HTTP/1.0" 200 2675 "http://musotica.com/sexynavygirls.html" "Mozilla/4.0 (compatible; MSIE 7.0; Windows NT 5.1; .NET CLR 1.1.4322)" "site.musotica.com"
209.80.253.1 - - [09/Sep/2008:05:13:33 -0700] "GET /style/rolldiv-ie.css HTTP/1.0" 200 809 "http://musotica.com/sexynavygirls.html" "Mozilla/4.0 (compatible; MSIE 7.0; Windows NT 5.1; .NET CLR 1.1.4322)" "site.musotica.com"
209.80.253.1 - - [09/Sep/2008:05:13:33 -0700] "GET /scripts/rolldiv.js HTTP/1.0" 200 623 "http://musotica.com/sexynavygirls.html" "Mozilla/4.0 (compatible; MSIE 7.0; Windows NT 5.1; .NET CLR 1.1.4322)" "site.musotica.com"
209.80.253.1 - - [09/Sep/2008:05:13:33 -0700] "GET /musotica/images/phone.gif HTTP/1.0" 200 385 "http://musotica.com/sexynavygirls.html" "Mozilla/4.0 (compatible; MSIE 7.0; Windows NT 5.1; .NET CLR 1.1.4322)" "site.musotica.com"
209.80.253.1 - - [09/Sep/2008:05:13:33 -0700] "GET /musotica/images/logo.gif HTTP/1.0" 200 2006 "http://musotica.com/sexynavygirls.html" "Mozilla/4.0 (compatible; MSIE 7.0; Windows NT 5.1; .NET CLR 1.1.4322)" "site.musotica.com"
209.80.253.1 - - [09/Sep/2008:05:13:33 -0700] "GET /rolldiv-images/shadow.png HTTP/1.0" 200 175 "-" "Mozilla/4.0 (compatible; MSIE 7.0; Windows NT 5.1; .NET CLR 1.1.4322)" "site.musotica.com"
209.80.253.1 - - [09/Sep/2008:05:13:33 -0700] "GET /musotica/images/home.gif HTTP/1.0" 200 70 "http://musotica.com/sexynavygirls.html" "Mozilla/4.0 (compatible; MSIE 7.0; Windows NT 5.1; .NET CLR 1.1.4322)" "site.musotica.com"
209.80.253.1 - - [09/Sep/2008:05:13:33 -0700] "GET /musotica/images/bookmark.gif HTTP/1.0" 200 124 "http://musotica.com/sexynavygirls.html" "Mozilla/4.0 (compatible; MSIE 7.0; Windows NT 5.1; .NET CLR 1.1.4322)" "site.musotica.com"
209.80.253.1 - - [09/Sep/2008:05:13:33 -0700] "GET /musotica/images/tell.gif HTTP/1.0" 200 67 "http://musotica.com/sexynavygirls.html" "Mozilla/4.0 (compatible; MSIE 7.0; Windows NT 5.1; .NET CLR 1.1.4322)" "site.musotica.com"
209.80.253.1 - - [09/Sep/2008:05:13:34 -0700] "GET /musotica/images/go.gif HTTP/1.0" 200 731 "http://musotica.com/sexynavygirls.html" "Mozilla/4.0 (compatible; MSIE 7.0; Windows NT 5.1; .NET CLR 1.1.4322)" "site.musotica.com"
209.80.253.1 - - [09/Sep/2008:05:13:34 -0700] "GET /musotica/images/shop.gif HTTP/1.0" 200 83 "http://musotica.com/sexynavygirls.html" "Mozilla/4.0 (compatible; MSIE 7.0; Windows NT 5.1; .NET CLR 1.1.4322)" "site.musotica.com"
209.80.253.1 - - [09/Sep/2008:05:13:34 -0700] "GET /musotica/images/arrow.gif HTTP/1.0" 200 61 "http://musotica.com/sexynavygirls.html" "Mozilla/4.0 (compatible; MSIE 7.0; Windows NT 5.1; .NET CLR 1.1.4322)" "site.musotica.com"
209.80.253.1 - - [09/Sep/2008:05:13:35 -0700] "GET /musotica/images/head_strip.gif HTTP/1.0" 200 63 "http://musotica.com/sexynavygirls.html" "Mozilla/4.0 (compatible; MSIE 7.0; Windows NT 5.1; .NET CLR 1.1.4322)" "site.musotica.com"
209.80.253.1 - - [09/Sep/2008:05:13:35 -0700] "GET /musotica/images/newdot.gif HTTP/1.0" 200 62 "http://musotica.com/sexynavygirls.html" "Mozilla/4.0 (compatible; MSIE 7.0; Windows NT 5.1; .NET CLR 1.1.4322)" "site.musotica.com"
209.80.253.1 - - [09/Sep/2008:05:13:35 -0700] "GET /musotica/images/search.gif HTTP/1.0" 200 1538 "http://musotica.com/sexynavygirls.html" "Mozilla/4.0 (compatible; MSIE 7.0; Windows NT 5.1; .NET CLR 1.1.4322)" "site.musotica.com"
209.80.253.1 - - [09/Sep/2008:05:13:35 -0700] "GET /musotica/images/midline.gif HTTP/1.0" 200 49 "http://musotica.com/sexynavygirls.html" "Mozilla/4.0 (compatible; MSIE 7.0; Windows NT 5.1; .NET CLR 1.1.4322)" "site.musotica.com"
209.80.253.1 - - [09/Sep/2008:05:13:36 -0700] "GET /scripts/cookies.js HTTP/1.0" 200 1429 "http://musotica.com/sexynavygirls.html" "Mozilla/4.0 (compatible; MSIE 7.0; Windows NT 5.1; .NET CLR 1.1.4322)" "site.musotica.com"
209.80.253.1 - - [09/Sep/2008:05:13:36 -0700] "GET /scripts/pagging-inner.js HTTP/1.0" 200 24676 "http://musotica.com/sexynavygirls.html" "Mozilla/4.0 (compatible; MSIE 7.0; Windows NT 5.1; .NET CLR 1.1.4322)" "site.musotica.com"
209.80.253.1 - - [09/Sep/2008:05:13:37 -0700] "GET /scripts/dpv.js HTTP/1.0" 200 1545 "http://musotica.com/sexynavygirls.html" "Mozilla/4.0 (compatible; MSIE 7.0; Windows NT 5.1; .NET CLR 1.1.4322)" "site.musotica.com"
209.80.253.1 - - [09/Sep/2008:05:13:39 -0700] "GET /musotica/images/lingeris.jpg HTTP/1.0" 200 17260 "http://musotica.com/sexynavygirls.html" "Mozilla/4.0 (compatible; MSIE 7.0; Windows NT 5.1; .NET CLR 1.1.4322)" "site.musotica.com"
209.80.253.1 - - [09/Sep/2008:05:13:40 -0700] "GET /musotica/images/spacer.gif HTTP/1.0" 404 275 "http://musotica.com/sexynavygirls.html" "Mozilla/4.0 (compatible; MSIE 7.0; Windows NT 5.1; .NET CLR 1.1.4322)" "site.musotica.com"
209.80.253.1 - - [09/Sep/2008:05:13:40 -0700] "GET /musotica/images/clubwear.jpg HTTP/1.0" 200 15480 "http://musotica.com/sexynavygirls.html" "Mozilla/4.0 (compatible; MSIE 7.0; Windows NT 5.1; .NET CLR 1.1.4322)" "site.musotica.com"
209.80.253.1 - - [09/Sep/2008:05:13:40 -0700] "GET /musotica/images/stockings.jpg HTTP/1.0" 200 15303 "http://musotica.com/sexynavygirls.html" "Mozilla/4.0 (compatible; MSIE 7.0; Windows NT 5.1; .NET CLR 1.1.4322)" "site.musotica.com"
209.80.253.1 - - [09/Sep/2008:05:13:40 -0700] "GET /musotica/images/shoes.jpg HTTP/1.0" 200 14412 "http://musotica.com/sexynavygirls.html" "Mozilla/4.0 (compatible; MSIE 7.0; Windows NT 5.1; .NET CLR 1.1.4322)" "site.musotica.com"
209.80.253.1 - - [09/Sep/2008:05:13:40 -0700] "GET /musotica/images/accessories.jpg HTTP/1.0" 200 17113 "http://musotica.com/sexynavygirls.html" "Mozilla/4.0 (compatible; MSIE 7.0; Windows NT 5.1; .NET CLR 1.1.4322)" "site.musotica.com"
209.80.253.1 - - [09/Sep/2008:05:13:40 -0700] "GET /musotica/images/pay.jpg HTTP/1.0" 200 13131 "http://musotica.com/sexynavygirls.html" "Mozilla/4.0 (compatible; MSIE 7.0; Windows NT 5.1; .NET CLR 1.1.4322)" "site.musotica.com"
209.80.253.1 - - [09/Sep/2008:05:13:40 -0700] "GET /musotica/images/ss.jpg HTTP/1.0" 200 5500 "http://musotica.com/sexynavygirls.html" "Mozilla/4.0 (compatible; MSIE 7.0; Windows NT 5.1; .NET CLR 1.1.4322)" "site.musotica.com"
209.80.253.1 - - [09/Sep/2008:05:13:41 -0700] "GET /musotica/images/bannerdot.gif HTTP/1.0" 200 49 "http://musotica.com/sexynavygirls.html" "Mozilla/4.0 (compatible; MSIE 7.0; Windows NT 5.1; .NET CLR 1.1.4322)" "site.musotica.com"
209.80.253.1 - - [09/Sep/2008:05:13:41 -0700] "GET /musotica/images/newgreendot.gif HTTP/1.0" 200 49 "http://musotica.com/sexynavygirls.html" "Mozilla/4.0 (compatible; MSIE 7.0; Windows NT 5.1; .NET CLR 1.1.4322)" "site.musotica.com"
65.54.154.26 - - [09/Sep/2008:05:13:41 -0700] "GET /musotica/images/spacer.gif HTTP/1.0" 404 275 "http://musotica.com/lacythingies.html" "Mozilla/4.0 (compatible; MSIE 7.0; Windows NT 5.1; .NET CLR 1.1.4322)" "site.musotica.com"
209.80.253.1 - - [09/Sep/2008:05:13:43 -0700] "GET /rolldiv-images/footer.png HTTP/1.0" 200 637 "-" "Mozilla/4.0 (compatible; MSIE 7.0; Windows NT 5.1; .NET CLR 1.1.4322)" "site.musotica.com"
209.80.253.1 - - [09/Sep/2008:05:13:44 -0700] "GET /rolldiv-images/header.png HTTP/1.0" 200 730 "-" "Mozilla/4.0 (compatible; MSIE 7.0; Windows NT 5.1; .NET CLR 1.1.4322)" "site.musotica.com"
76.102.103.130 - - [09/Sep/2008:05:13:50 -0700] "GET /musotica/style/style.css HTTP/1.1" 200 2675 "http://musotica.com/" "Mozilla/4.0 (compatible; MSIE 7.0; Windows NT 6.0; SLCC1; .NET CLR 2.0.50727; Media Center PC 5.0; .NET CLR 3.0.04506)" "site.musotica.com"
76.102.103.130 - - [09/Sep/2008:05:13:51 -0700] "GET /musotica/images/head_strip.gif HTTP/1.1" 200 63 "http://musotica.com/" "Mozilla/4.0 (compatible; MSIE 7.0; Windows NT 6.0; SLCC1; .NET CLR 2.0.50727; Media Center PC 5.0; .NET CLR 3.0.04506)" "site.musotica.com"
76.102.103.130 - - [09/Sep/2008:05:13:51 -0700] "GET /musotica/images/logo.gif HTTP/1.1" 200 2006 "http://musotica.com/" "Mozilla/4.0 (compatible; MSIE 7.0; Windows NT 6.0; SLCC1; .NET CLR 2.0.50727; Media Center PC 5.0; .NET CLR 3.0.04506)" "site.musotica.com"
76.102.103.130 - - [09/Sep/2008:05:13:51 -0700] "GET /musotica/images/newdot.gif HTTP/1.1" 200 62 "http://musotica.com/" "Mozilla/4.0 (compatible; MSIE 7.0; Windows NT 6.0; SLCC1; .NET CLR 2.0.50727; Media Center PC 5.0; .NET CLR 3.0.04506)" "site.musotica.com"
76.102.103.130 - - [09/Sep/2008:05:13:51 -0700] "GET /musotica/images/phone.gif HTTP/1.1" 200 385 "http://musotica.com/" "Mozilla/4.0 (compatible; MSIE 7.0; Windows NT 6.0; SLCC1; .NET CLR 2.0.50727; Media Center PC 5.0; .NET CLR 3.0.04506)" "site.musotica.com"
76.102.103.130 - - [09/Sep/2008:05:13:52 -0700] "GET /musotica/images/home.gif HTTP/1.1" 200 70 "http://musotica.com/" "Mozilla/4.0 (compatible; MSIE 7.0; Windows NT 6.0; SLCC1; .NET CLR 2.0.50727; Media Center PC 5.0; .NET CLR 3.0.04506)" "site.musotica.com"
76.102.103.130 - - [09/Sep/2008:05:13:52 -0700] "GET /musotica/images/tell.gif HTTP/1.1" 200 67 "http://musotica.com/" "Mozilla/4.0 (compatible; MSIE 7.0; Windows NT 6.0; SLCC1; .NET CLR 2.0.50727; Media Center PC 5.0; .NET CLR 3.0.04506)" "site.musotica.com"
76.102.103.130 - - [09/Sep/2008:05:13:52 -0700] "GET /musotica/images/bookmark.gif HTTP/1.1" 200 124 "http://musotica.com/" "Mozilla/4.0 (compatible; MSIE 7.0; Windows NT 6.0; SLCC1; .NET CLR 2.0.50727; Media Center PC 5.0; .NET CLR 3.0.04506)" "site.musotica.com"
76.102.103.130 - - [09/Sep/2008:05:13:52 -0700] "GET /musotica/images/search.gif HTTP/1.1" 200 1538 "http://musotica.com/" "Mozilla/4.0 (compatible; MSIE 7.0; Windows NT 6.0; SLCC1; .NET CLR 2.0.50727; Media Center PC 5.0; .NET CLR 3.0.04506)" "site.musotica.com"
76.102.103.130 - - [09/Sep/2008:05:13:52 -0700] "GET /musotica/images/go.gif HTTP/1.1" 200 731 "http://musotica.com/" "Mozilla/4.0 (compatible; MSIE 7.0; Windows NT 6.0; SLCC1; .NET CLR 2.0.50727; Media Center PC 5.0; .NET CLR 3.0.04506)" "site.musotica.com"
76.102.103.130 - - [09/Sep/2008:05:13:52 -0700] "GET /musotica/images/shop.gif HTTP/1.1" 200 83 "http://musotica.com/" "Mozilla/4.0 (compatible; MSIE 7.0; Windows NT 6.0; SLCC1; .NET CLR 2.0.50727; Media Center PC 5.0; .NET CLR 3.0.04506)" "site.musotica.com"
76.102.103.130 - - [09/Sep/2008:05:13:52 -0700] "GET /musotica/images/arrow.gif HTTP/1.1" 200 61 "http://musotica.com/" "Mozilla/4.0 (compatible; MSIE 7.0; Windows NT 6.0; SLCC1; .NET CLR 2.0.50727; Media Center PC 5.0; .NET CLR 3.0.04506)" "site.musotica.com"
76.102.103.130 - - [09/Sep/2008:05:13:52 -0700] "GET /musotica/images/midline.gif HTTP/1.1" 200 49 "http://musotica.com/" "Mozilla/4.0 (compatible; MSIE 7.0; Windows NT 6.0; SLCC1; .NET CLR 2.0.50727; Media Center PC 5.0; .NET CLR 3.0.04506)" "site.musotica.com"
76.102.103.130 - - [09/Sep/2008:05:13:52 -0700] "GET /musotica/images/go2.gif HTTP/1.1" 200 1322 "http://musotica.com/" "Mozilla/4.0 (compatible; MSIE 7.0; Windows NT 6.0; SLCC1; .NET CLR 2.0.50727; Media Center PC 5.0; .NET CLR 3.0.04506)" "site.musotica.com"
76.102.103.130 - - [09/Sep/2008:05:13:53 -0700] "GET /musotica/images/arrow2.gif HTTP/1.1" 200 65 "http://musotica.com/" "Mozilla/4.0 (compatible; MSIE 7.0; Windows NT 6.0; SLCC1; .NET CLR 2.0.50727; Media Center PC 5.0; .NET CLR 3.0.04506)" "site.musotica.com"
76.102.103.130 - - [09/Sep/2008:05:13:53 -0700] "GET /musotica/images/viewtext.gif HTTP/1.1" 200 1092 "http://musotica.com/" "Mozilla/4.0 (compatible; MSIE 7.0; Windows NT 6.0; SLCC1; .NET CLR 2.0.50727; Media Center PC 5.0; .NET CLR 3.0.04506)" "site.musotica.com"
76.102.103.130 - - [09/Sep/2008:05:13:53 -0700] "GET /musotica/images/newgreendot.gif HTTP/1.1" 200 49 "http://musotica.com/" "Mozilla/4.0 (compatible; MSIE 7.0; Windows NT 6.0; SLCC1; .NET CLR 2.0.50727; Media Center PC 5.0; .NET CLR 3.0.04506)" "site.musotica.com"
76.102.103.130 - - [09/Sep/2008:05:13:53 -0700] "GET /musotica/images/bottom-banner.gif HTTP/1.1" 200 10943 "http://musotica.com/" "Mozilla/4.0 (compatible; MSIE 7.0; Windows NT 6.0; SLCC1; .NET CLR 2.0.50727; Media Center PC 5.0; .NET CLR 3.0.04506)" "site.musotica.com"
76.102.103.130 - - [09/Sep/2008:05:13:53 -0700] "GET /musotica/images/spacer.gif HTTP/1.1" 404 275 "http://musotica.com/" "Mozilla/4.0 (compatible; MSIE 7.0; Windows NT 6.0; SLCC1; .NET CLR 2.0.50727; Media Center PC 5.0; .NET CLR 3.0.04506)" "site.musotica.com"
76.102.103.130 - - [09/Sep/2008:05:13:53 -0700] "GET /musotica/images/bottom-banner2.gif HTTP/1.1" 200 11310 "http://musotica.com/" "Mozilla/4.0 (compatible; MSIE 7.0; Windows NT 6.0; SLCC1; .NET CLR 2.0.50727; Media Center PC 5.0; .NET CLR 3.0.04506)" "site.musotica.com"
81.90.22.234 - - [09/Sep/2008:05:13:59 -0700] "GET /musotica/style/style.css HTTP/1.0" 200 2675 "http://musotica.com/caadt.html" "Mozilla/4.0 (compatible; MSIE 7.0; Windows NT 5.1; .NET CLR 1.1.4322)" "site.musotica.com"
81.90.22.234 - - [09/Sep/2008:05:14:13 -0700] "GET /style/rolldiv-ie.css HTTP/1.0" 200 809 "http://musotica.com/caadt.html" "Mozilla/4.0 (compatible; MSIE 7.0; Windows NT 5.1; .NET CLR 1.1.4322)" "site.musotica.com"
81.90.22.234 - - [09/Sep/2008:05:14:15 -0700] "GET /scripts/rolldiv.js HTTP/1.0" 200 623 "http://musotica.com/caadt.html" "Mozilla/4.0 (compatible; MSIE 7.0; Windows NT 5.1; .NET CLR 1.1.4322)" "site.musotica.com"
81.90.22.234 - - [09/Sep/2008:05:14:17 -0700] "GET /musotica/images/head_strip.gif HTTP/1.0" 200 63 "http://musotica.com/caadt.html" "Mozilla/4.0 (compatible; MSIE 7.0; Windows NT 5.1; .NET CLR 1.1.4322)" "site.musotica.com"
81.90.22.236 - - [09/Sep/2008:05:14:18 -0700] "GET /musotica/images/logo.gif HTTP/1.0" 200 2006 "http://musotica.com/caadt.html" "Mozilla/4.0 (compatible; MSIE 7.0; Windows NT 5.1; .NET CLR 1.1.4322)" "site.musotica.com"
81.90.22.236 - - [09/Sep/2008:05:14:18 -0700] "GET /musotica/images/phone.gif HTTP/1.0" 200 385 "http://musotica.com/caadt.html" "Mozilla/4.0 (compatible; MSIE 7.0; Windows NT 5.1; .NET CLR 1.1.4322)" "site.musotica.com"
81.90.22.236 - - [09/Sep/2008:05:14:18 -0700] "GET /musotica/images/newdot.gif HTTP/1.0" 200 62 "http://musotica.com/caadt.html" "Mozilla/4.0 (compatible; MSIE 7.0; Windows NT 5.1; .NET CLR 1.1.4322)" "site.musotica.com"
81.90.22.234 - - [09/Sep/2008:05:14:19 -0700] "GET /rolldiv-images/shadow.png HTTP/1.0" 200 175 "-" "Mozilla/4.0 (compatible; MSIE 7.0; Windows NT 5.1; .NET CLR 1.1.4322)" "site.musotica.com"
81.90.22.236 - - [09/Sep/2008:05:14:20 -0700] "GET /musotica/images/home.gif HTTP/1.0" 200 70 "http://musotica.com/caadt.html" "Mozilla/4.0 (compatible; MSIE 7.0; Windows NT 5.1; .NET CLR 1.1.4322)" "site.musotica.com"
81.90.22.236 - - [09/Sep/2008:05:14:20 -0700] "GET /musotica/images/tell.gif HTTP/1.0" 200 67 "http://musotica.com/caadt.html" "Mozilla/4.0 (compatible; MSIE 7.0; Windows NT 5.1; .NET CLR 1.1.4322)" "site.musotica.com"
81.90.22.236 - - [09/Sep/2008:05:14:20 -0700] "GET /musotica/images/bookmark.gif HTTP/1.0" 200 124 "http://musotica.com/caadt.html" "Mozilla/4.0 (compatible; MSIE 7.0; Windows NT 5.1; .NET CLR 1.1.4322)" "site.musotica.com"
81.90.22.234 - - [09/Sep/2008:05:14:21 -0700] "GET /musotica/images/search.gif HTTP/1.0" 200 1538 "http://musotica.com/caadt.html" "Mozilla/4.0 (compatible; MSIE 7.0; Windows NT 5.1; .NET CLR 1.1.4322)" "site.musotica.com"
81.90.22.236 - - [09/Sep/2008:05:14:22 -0700] "GET /musotica/images/go.gif HTTP/1.0" 200 731 "http://musotica.com/caadt.html" "Mozilla/4.0 (compatible; MSIE 7.0; Windows NT 5.1; .NET CLR 1.1.4322)" "site.musotica.com"
81.90.22.236 - - [09/Sep/2008:05:14:22 -0700] "GET /musotica/images/arrow.gif HTTP/1.0" 200 61 "http://musotica.com/caadt.html" "Mozilla/4.0 (compatible; MSIE 7.0; Windows NT 5.1; .NET CLR 1.1.4322)" "site.musotica.com"
81.90.22.236 - - [09/Sep/2008:05:14:22 -0700] "GET /musotica/images/shop.gif HTTP/1.0" 200 83 "http://musotica.com/caadt.html" "Mozilla/4.0 (compatible; MSIE 7.0; Windows NT 5.1; .NET CLR 1.1.4322)" "site.musotica.com"
81.90.22.234 - - [09/Sep/2008:05:14:23 -0700] "GET /musotica/images/midline.gif HTTP/1.0" 200 49 "http://musotica.com/caadt.html" "Mozilla/4.0 (compatible; MSIE 7.0; Windows NT 5.1; .NET CLR 1.1.4322)" "site.musotica.com"
81.90.22.236 - - [09/Sep/2008:05:14:25 -0700] "GET /scripts/cookies.js HTTP/1.0" 304 - "http://musotica.com/caadt.html" "Mozilla/4.0 (compatible; MSIE 7.0; Windows NT 5.1; .NET CLR 1.1.4322)" "site.musotica.com"
81.90.22.236 - - [09/Sep/2008:05:14:26 -0700] "GET /scripts/pagging-inner.js HTTP/1.0" 304 - "http://musotica.com/caadt.html" "Mozilla/4.0 (compatible; MSIE 7.0; Windows NT 5.1; .NET CLR 1.1.4322)" "site.musotica.com"
81.90.22.234 - - [09/Sep/2008:05:14:28 -0700] "GET /scripts/dpv.js HTTP/1.0" 200 1545 "http://musotica.com/caadt.html" "Mozilla/4.0 (compatible; MSIE 7.0; Windows NT 5.1; .NET CLR 1.1.4322)" "site.musotica.com"
81.90.22.234 - - [09/Sep/2008:05:14:31 -0700] "GET /musotica/images/newgreendot.gif HTTP/1.0" 200 49 "http://musotica.com/caadt.html" "Mozilla/4.0 (compatible; MSIE 7.0; Windows NT 5.1; .NET CLR 1.1.4322)" "site.musotica.com"
81.90.22.236 - - [09/Sep/2008:05:14:31 -0700] "GET /musotica/images/lingeris.jpg HTTP/1.0" 200 17260 "http://musotica.com/caadt.html" "Mozilla/4.0 (compatible; MSIE 7.0; Windows NT 5.1; .NET CLR 1.1.4322)" "site.musotica.com"
81.90.22.236 - - [09/Sep/2008:05:14:31 -0700] "GET /musotica/images/bannerdot.gif HTTP/1.0" 200 49 "http://musotica.com/caadt.html" "Mozilla/4.0 (compatible; MSIE 7.0; Windows NT 5.1; .NET CLR 1.1.4322)" "site.musotica.com"
81.90.22.236 - - [09/Sep/2008:05:14:31 -0700] "GET /musotica/images/spacer.gif HTTP/1.0" 404 275 "http://musotica.com/caadt.html" "Mozilla/4.0 (compatible; MSIE 7.0; Windows NT 5.1; .NET CLR 1.1.4322)" "site.musotica.com"
81.90.22.236 - - [09/Sep/2008:05:14:32 -0700] "GET /musotica/images/clubwear.jpg HTTP/1.0" 200 15480 "http://musotica.com/caadt.html" "Mozilla/4.0 (compatible; MSIE 7.0; Windows NT 5.1; .NET CLR 1.1.4322)" "site.musotica.com"
81.90.22.234 - - [09/Sep/2008:05:14:33 -0700] "GET /musotica/images/stockings.jpg HTTP/1.0" 200 15303 "http://musotica.com/caadt.html" "Mozilla/4.0 (compatible; MSIE 7.0; Windows NT 5.1; .NET CLR 1.1.4322)" "site.musotica.com"
81.90.22.234 - - [09/Sep/2008:05:14:35 -0700] "GET /musotica/images/shoes.jpg HTTP/1.0" 200 14412 "http://musotica.com/caadt.html" "Mozilla/4.0 (compatible; MSIE 7.0; Windows NT 5.1; .NET CLR 1.1.4322)" "site.musotica.com"
81.90.22.234 - - [09/Sep/2008:05:14:38 -0700] "GET /musotica/images/accessories.jpg HTTP/1.0" 200 17113 "http://musotica.com/caadt.html" "Mozilla/4.0 (compatible; MSIE 7.0; Windows NT 5.1; .NET CLR 1.1.4322)" "site.musotica.com"
81.90.22.236 - - [09/Sep/2008:05:14:47 -0700] "GET /musotica/images/ss.jpg HTTP/1.0" 200 5500 "http://musotica.com/caadt.html" "Mozilla/4.0 (compatible; MSIE 7.0; Windows NT 5.1; .NET CLR 1.1.4322)" "site.musotica.com"
81.90.22.234 - - [09/Sep/2008:05:14:50 -0700] "GET /musotica/images/pay.jpg HTTP/1.0" 200 13131 "http://musotica.com/caadt.html" "Mozilla/4.0 (compatible; MSIE 7.0; Windows NT 5.1; .NET CLR 1.1.4322)" "site.musotica.com"
76.116.89.96 - - [09/Sep/2008:05:15:01 -0700] "GET /musotica/style/style.css HTTP/1.1" 200 2675 "http://musotica.com/seitbibi.html?gclid=CJP6pOHXzpUCFR4YFQod0jvcig" "Mozilla/4.0 (compatible; MSIE 7.0; Windows NT 6.0; SV1; FunWebProducts; SLCC1; .NET CLR 2.0.50727; Media Center PC 5.0; .NET CLR 3.0.04506)" "site.musotica.com"
76.116.89.96 - - [09/Sep/2008:05:15:02 -0700] "GET /style/rolldiv-ie.css HTTP/1.1" 200 809 "http://musotica.com/seitbibi.html?gclid=CJP6pOHXzpUCFR4YFQod0jvcig" "Mozilla/4.0 (compatible; MSIE 7.0; Windows NT 6.0; SV1; FunWebProducts; SLCC1; .NET CLR 2.0.50727; Media Center PC 5.0; .NET CLR 3.0.04506)" "site.musotica.com"
76.116.89.96 - - [09/Sep/2008:05:15:02 -0700] "GET /scripts/rolldiv.js HTTP/1.1" 200 623 "http://musotica.com/seitbibi.html?gclid=CJP6pOHXzpUCFR4YFQod0jvcig" "Mozilla/4.0 (compatible; MSIE 7.0; Windows NT 6.0; SV1; FunWebProducts; SLCC1; .NET CLR 2.0.50727; Media Center PC 5.0; .NET CLR 3.0.04506)" "site.musotica.com"
76.116.89.96 - - [09/Sep/2008:05:15:02 -0700] "GET /musotica/images/logo.gif HTTP/1.1" 200 2006 "http://musotica.com/seitbibi.html?gclid=CJP6pOHXzpUCFR4YFQod0jvcig" "Mozilla/4.0 (compatible; MSIE 7.0; Windows NT 6.0; SV1; FunWebProducts; SLCC1; .NET CLR 2.0.50727; Media Center PC 5.0; .NET CLR 3.0.04506)" "site.musotica.com"
76.116.89.96 - - [09/Sep/2008:05:15:02 -0700] "GET /musotica/images/phone.gif HTTP/1.1" 200 385 "http://musotica.com/seitbibi.html?gclid=CJP6pOHXzpUCFR4YFQod0jvcig" "Mozilla/4.0 (compatible; MSIE 7.0; Windows NT 6.0; SV1; FunWebProducts; SLCC1; .NET CLR 2.0.50727; Media Center PC 5.0; .NET CLR 3.0.04506)" "site.musotica.com"
76.116.89.96 - - [09/Sep/2008:05:15:02 -0700] "GET /rolldiv-images/shadow.png HTTP/1.1" 200 175 "-" "Mozilla/4.0 (compatible; MSIE 7.0; Windows NT 6.0; SV1; FunWebProducts; SLCC1; .NET CLR 2.0.50727; Media Center PC 5.0; .NET CLR 3.0.04506)" "site.musotica.com"
76.116.89.96 - - [09/Sep/2008:05:15:02 -0700] "GET /musotica/images/home.gif HTTP/1.1" 200 70 "http://musotica.com/seitbibi.html?gclid=CJP6pOHXzpUCFR4YFQod0jvcig" "Mozilla/4.0 (compatible; MSIE 7.0; Windows NT 6.0; SV1; FunWebProducts; SLCC1; .NET CLR 2.0.50727; Media Center PC 5.0; .NET CLR 3.0.04506)" "site.musotica.com"
76.116.89.96 - - [09/Sep/2008:05:15:02 -0700] "GET /musotica/images/tell.gif HTTP/1.1" 200 67 "http://musotica.com/seitbibi.html?gclid=CJP6pOHXzpUCFR4YFQod0jvcig" "Mozilla/4.0 (compatible; MSIE 7.0; Windows NT 6.0; SV1; FunWebProducts; SLCC1; .NET CLR 2.0.50727; Media Center PC 5.0; .NET CLR 3.0.04506)" "site.musotica.com"
76.116.89.96 - - [09/Sep/2008:05:15:02 -0700] "GET /musotica/images/bookmark.gif HTTP/1.1" 200 124 "http://musotica.com/seitbibi.html?gclid=CJP6pOHXzpUCFR4YFQod0jvcig" "Mozilla/4.0 (compatible; MSIE 7.0; Windows NT 6.0; SV1; FunWebProducts; SLCC1; .NET CLR 2.0.50727; Media Center PC 5.0; .NET CLR 3.0.04506)" "site.musotica.com"
76.116.89.96 - - [09/Sep/2008:05:15:02 -0700] "GET /musotica/images/go.gif HTTP/1.1" 200 731 "http://musotica.com/seitbibi.html?gclid=CJP6pOHXzpUCFR4YFQod0jvcig" "Mozilla/4.0 (compatible; MSIE 7.0; Windows NT 6.0; SV1; FunWebProducts; SLCC1; .NET CLR 2.0.50727; Media Center PC 5.0; .NET CLR 3.0.04506)" "site.musotica.com"
76.116.89.96 - - [09/Sep/2008:05:15:02 -0700] "GET /musotica/images/shop.gif HTTP/1.1" 200 83 "http://musotica.com/seitbibi.html?gclid=CJP6pOHXzpUCFR4YFQod0jvcig" "Mozilla/4.0 (compatible; MSIE 7.0; Windows NT 6.0; SV1; FunWebProducts; SLCC1; .NET CLR 2.0.50727; Media Center PC 5.0; .NET CLR 3.0.04506)" "site.musotica.com"
76.116.89.96 - - [09/Sep/2008:05:15:02 -0700] "GET /musotica/images/arrow.gif HTTP/1.1" 200 61 "http://musotica.com/seitbibi.html?gclid=CJP6pOHXzpUCFR4YFQod0jvcig" "Mozilla/4.0 (compatible; MSIE 7.0; Windows NT 6.0; SV1; FunWebProducts; SLCC1; .NET CLR 2.0.50727; Media Center PC 5.0; .NET CLR 3.0.04506)" "site.musotica.com"
76.116.89.96 - - [09/Sep/2008:05:15:02 -0700] "GET /musotica/images/head_strip.gif HTTP/1.1" 200 63 "http://musotica.com/seitbibi.html?gclid=CJP6pOHXzpUCFR4YFQod0jvcig" "Mozilla/4.0 (compatible; MSIE 7.0; Windows NT 6.0; SV1; FunWebProducts; SLCC1; .NET CLR 2.0.50727; Media Center PC 5.0; .NET CLR 3.0.04506)" "site.musotica.com"
76.116.89.96 - - [09/Sep/2008:05:15:02 -0700] "GET /musotica/images/newdot.gif HTTP/1.1" 200 62 "http://musotica.com/seitbibi.html?gclid=CJP6pOHXzpUCFR4YFQod0jvcig" "Mozilla/4.0 (compatible; MSIE 7.0; Windows NT 6.0; SV1; FunWebProducts; SLCC1; .NET CLR 2.0.50727; Media Center PC 5.0; .NET CLR 3.0.04506)" "site.musotica.com"
76.116.89.96 - - [09/Sep/2008:05:15:02 -0700] "GET /musotica/images/search.gif HTTP/1.1" 200 1538 "http://musotica.com/seitbibi.html?gclid=CJP6pOHXzpUCFR4YFQod0jvcig" "Mozilla/4.0 (compatible; MSIE 7.0; Windows NT 6.0; SV1; FunWebProducts; SLCC1; .NET CLR 2.0.50727; Media Center PC 5.0; .NET CLR 3.0.04506)" "site.musotica.com"
76.116.89.96 - - [09/Sep/2008:05:15:02 -0700] "GET /scripts/cookies.js HTTP/1.1" 200 1429 "http://musotica.com/seitbibi.html?gclid=CJP6pOHXzpUCFR4YFQod0jvcig" "Mozilla/4.0 (compatible; MSIE 7.0; Windows NT 6.0; SV1; FunWebProducts; SLCC1; .NET CLR 2.0.50727; Media Center PC 5.0; .NET CLR 3.0.04506)" "site.musotica.com"
76.116.89.96 - - [09/Sep/2008:05:15:02 -0700] "GET /musotica/images/midline.gif HTTP/1.1" 200 49 "http://musotica.com/seitbibi.html?gclid=CJP6pOHXzpUCFR4YFQod0jvcig" "Mozilla/4.0 (compatible; MSIE 7.0; Windows NT 6.0; SV1; FunWebProducts; SLCC1; .NET CLR 2.0.50727; Media Center PC 5.0; .NET CLR 3.0.04506)" "site.musotica.com"
76.116.89.96 - - [09/Sep/2008:05:15:02 -0700] "GET /scripts/pagging-inner.js HTTP/1.1" 200 24676 "http://musotica.com/seitbibi.html?gclid=CJP6pOHXzpUCFR4YFQod0jvcig" "Mozilla/4.0 (compatible; MSIE 7.0; Windows NT 6.0; SV1; FunWebProducts; SLCC1; .NET CLR 2.0.50727; Media Center PC 5.0; .NET CLR 3.0.04506)" "site.musotica.com"
76.116.89.96 - - [09/Sep/2008:05:15:02 -0700] "GET /scripts/dpv.js HTTP/1.1" 200 1545 "http://musotica.com/seitbibi.html?gclid=CJP6pOHXzpUCFR4YFQod0jvcig" "Mozilla/4.0 (compatible; MSIE 7.0; Windows NT 6.0; SV1; FunWebProducts; SLCC1; .NET CLR 2.0.50727; Media Center PC 5.0; .NET CLR 3.0.04506)" "site.musotica.com"
76.116.89.96 - - [09/Sep/2008:05:15:02 -0700] "GET /musotica/images/lingeris.jpg HTTP/1.1" 200 17260 "http://musotica.com/seitbibi.html?gclid=CJP6pOHXzpUCFR4YFQod0jvcig" "Mozilla/4.0 (compatible; MSIE 7.0; Windows NT 6.0; SV1; FunWebProducts; SLCC1; .NET CLR 2.0.50727; Media Center PC 5.0; .NET CLR 3.0.04506)" "site.musotica.com"
76.116.89.96 - - [09/Sep/2008:05:15:02 -0700] "GET /musotica/images/spacer.gif HTTP/1.1" 404 275 "http://musotica.com/seitbibi.html?gclid=CJP6pOHXzpUCFR4YFQod0jvcig" "Mozilla/4.0 (compatible; MSIE 7.0; Windows NT 6.0; SV1; FunWebProducts; SLCC1; .NET CLR 2.0.50727; Media Center PC 5.0; .NET CLR 3.0.04506)" "site.musotica.com"
76.116.89.96 - - [09/Sep/2008:05:15:03 -0700] "GET /musotica/images/clubwear.jpg HTTP/1.1" 200 15480 "http://musotica.com/seitbibi.html?gclid=CJP6pOHXzpUCFR4YFQod0jvcig" "Mozilla/4.0 (compatible; MSIE 7.0; Windows NT 6.0; SV1; FunWebProducts; SLCC1; .NET CLR 2.0.50727; Media Center PC 5.0; .NET CLR 3.0.04506)" "site.musotica.com"
76.116.89.96 - - [09/Sep/2008:05:15:03 -0700] "GET /musotica/images/stockings.jpg HTTP/1.1" 200 15303 "http://musotica.com/seitbibi.html?gclid=CJP6pOHXzpUCFR4YFQod0jvcig" "Mozilla/4.0 (compatible; MSIE 7.0; Windows NT 6.0; SV1; FunWebProducts; SLCC1; .NET CLR 2.0.50727; Media Center PC 5.0; .NET CLR 3.0.04506)" "site.musotica.com"
76.116.89.96 - - [09/Sep/2008:05:15:03 -0700] "GET /rolldiv-images/footer.png HTTP/1.1" 200 637 "-" "Mozilla/4.0 (compatible; MSIE 7.0; Windows NT 6.0; SV1; FunWebProducts; SLCC1; .NET CLR 2.0.50727; Media Center PC 5.0; .NET CLR 3.0.04506)" "site.musotica.com"
76.116.89.96 - - [09/Sep/2008:05:15:03 -0700] "GET /musotica/images/shoes.jpg HTTP/1.1" 200 14412 "http://musotica.com/seitbibi.html?gclid=CJP6pOHXzpUCFR4YFQod0jvcig" "Mozilla/4.0 (compatible; MSIE 7.0; Windows NT 6.0; SV1; FunWebProducts; SLCC1; .NET CLR 2.0.50727; Media Center PC 5.0; .NET CLR 3.0.04506)" "site.musotica.com"
76.116.89.96 - - [09/Sep/2008:05:15:03 -0700] "GET /musotica/images/accessories.jpg HTTP/1.1" 200 17113 "http://musotica.com/seitbibi.html?gclid=CJP6pOHXzpUCFR4YFQod0jvcig" "Mozilla/4.0 (compatible; MSIE 7.0; Windows NT 6.0; SV1; FunWebProducts; SLCC1; .NET CLR 2.0.50727; Media Center PC 5.0; .NET CLR 3.0.04506)" "site.musotica.com"
76.116.89.96 - - [09/Sep/2008:05:15:03 -0700] "GET /rolldiv-images/header.png HTTP/1.1" 200 730 "-" "Mozilla/4.0 (compatible; MSIE 7.0; Windows NT 6.0; SV1; FunWebProducts; SLCC1; .NET CLR 2.0.50727; Media Center PC 5.0; .NET CLR 3.0.04506)" "site.musotica.com"
76.116.89.96 - - [09/Sep/2008:05:15:03 -0700] "GET /musotica/images/pay.jpg HTTP/1.1" 200 13131 "http://musotica.com/seitbibi.html?gclid=CJP6pOHXzpUCFR4YFQod0jvcig" "Mozilla/4.0 (compatible; MSIE 7.0; Windows NT 6.0; SV1; FunWebProducts; SLCC1; .NET CLR 2.0.50727; Media Center PC 5.0; .NET CLR 3.0.04506)" "site.musotica.com"
76.116.89.96 - - [09/Sep/2008:05:15:03 -0700] "GET /musotica/images/ss.jpg HTTP/1.1" 200 5500 "http://musotica.com/seitbibi.html?gclid=CJP6pOHXzpUCFR4YFQod0jvcig" "Mozilla/4.0 (compatible; MSIE 7.0; Windows NT 6.0; SV1; FunWebProducts; SLCC1; .NET CLR 2.0.50727; Media Center PC 5.0; .NET CLR 3.0.04506)" "site.musotica.com"
76.116.89.96 - - [09/Sep/2008:05:15:03 -0700] "GET /musotica/images/bannerdot.gif HTTP/1.1" 200 49 "http://musotica.com/seitbibi.html?gclid=CJP6pOHXzpUCFR4YFQod0jvcig" "Mozilla/4.0 (compatible; MSIE 7.0; Windows NT 6.0; SV1; FunWebProducts; SLCC1; .NET CLR 2.0.50727; Media Center PC 5.0; .NET CLR 3.0.04506)" "site.musotica.com"
76.116.89.96 - - [09/Sep/2008:05:15:03 -0700] "GET /musotica/images/newgreendot.gif HTTP/1.1" 200 49 "http://musotica.com/seitbibi.html?gclid=CJP6pOHXzpUCFR4YFQod0jvcig" "Mozilla/4.0 (compatible; MSIE 7.0; Windows NT 6.0; SV1; FunWebProducts; SLCC1; .NET CLR 2.0.50727; Media Center PC 5.0; .NET CLR 3.0.04506)" "site.musotica.com"
65.54.154.26 - - [09/Sep/2008:05:15:11 -0700] "GET /musotica/style/style.css HTTP/1.0" 304 - "http://musotica.com/babaskset.html" "Mozilla/4.0 (compatible; MSIE 7.0; Windows NT 5.1; .NET CLR 1.1.4322)" "site.musotica.com"
65.54.154.26 - - [09/Sep/2008:05:15:12 -0700] "GET /style/rolldiv-ie.css HTTP/1.0" 304 - "http://musotica.com/babaskset.html" "Mozilla/4.0 (compatible; MSIE 7.0; Windows NT 5.1; .NET CLR 1.1.4322)" "site.musotica.com"
65.54.154.26 - - [09/Sep/2008:05:15:12 -0700] "GET /scripts/rolldiv.js HTTP/1.0" 304 - "http://musotica.com/babaskset.html" "Mozilla/4.0 (compatible; MSIE 7.0; Windows NT 5.1; .NET CLR 1.1.4322)" "site.musotica.com"
65.54.154.26 - - [09/Sep/2008:05:15:12 -0700] "GET /scripts/paging-images/images/spacer.gif HTTP/1.0" 404 275 "http://musotica.com/babaskset.html" "Mozilla/4.0 (compatible; MSIE 7.0; Windows NT 5.1; .NET CLR 1.1.4322)" "site.musotica.com"
65.54.154.26 - - [09/Sep/2008:05:15:12 -0700] "GET /musotica/images/spacer.gif HTTP/1.0" 404 275 "http://musotica.com/babaskset.html" "Mozilla/4.0 (compatible; MSIE 7.0; Windows NT 5.1; .NET CLR 1.1.4322)" "site.musotica.com"
63.113.199.109 - - [09/Sep/2008:05:15:19 -0700] "GET /musotica/style/style.css HTTP/1.1" 304 - "http://musotica.com/segaco.html" "Mozilla/4.0 (compatible; MSIE 6.0; Windows NT 5.1; SV1; .NET CLR 1.1.4322)" "site.musotica.com"
63.113.199.109 - - [09/Sep/2008:05:15:20 -0700] "GET /scripts/rolldiv.js HTTP/1.1" 304 - "http://musotica.com/segaco.html" "Mozilla/4.0 (compatible; MSIE 6.0; Windows NT 5.1; SV1; .NET CLR 1.1.4322)" "site.musotica.com"
63.113.199.109 - - [09/Sep/2008:05:15:20 -0700] "GET /style/rolldiv-ie.css HTTP/1.1" 304 - "http://musotica.com/segaco.html" "Mozilla/4.0 (compatible; MSIE 6.0; Windows NT 5.1; SV1; .NET CLR 1.1.4322)" "site.musotica.com"
63.113.199.109 - - [09/Sep/2008:05:15:21 -0700] "GET /scripts/cookies.js HTTP/1.1" 304 - "http://musotica.com/segaco.html" "Mozilla/4.0 (compatible; MSIE 6.0; Windows NT 5.1; SV1; .NET CLR 1.1.4322)" "site.musotica.com"
63.113.199.109 - - [09/Sep/2008:05:15:21 -0700] "GET /scripts/pagging-inner.js HTTP/1.1" 304 - "http://musotica.com/segaco.html" "Mozilla/4.0 (compatible; MSIE 6.0; Windows NT 5.1; SV1; .NET CLR 1.1.4322)" "site.musotica.com"
63.113.199.109 - - [09/Sep/2008:05:15:21 -0700] "GET /scripts/dpv.js HTTP/1.1" 304 - "http://musotica.com/segaco.html" "Mozilla/4.0 (compatible; MSIE 6.0; Windows NT 5.1; SV1; .NET CLR 1.1.4322)" "site.musotica.com"
63.113.199.109 - - [09/Sep/2008:05:15:22 -0700] "GET /musotica/images/spacer.gif HTTP/1.1" 404 275 "http://musotica.com/segaco.html" "Mozilla/4.0 (compatible; MSIE 6.0; Windows NT 5.1; SV1; .NET CLR 1.1.4322)" "site.musotica.com"
63.113.199.109 - - [09/Sep/2008:05:15:33 -0700] "GET /scripts/paging-images/images/spacer.gif HTTP/1.1" 404 275 "http://musotica.com/semabocoseha.html" "Mozilla/4.0 (compatible; MSIE 6.0; Windows NT 5.1; SV1; .NET CLR 1.1.4322)" "site.musotica.com"
63.113.199.109 - - [09/Sep/2008:05:15:33 -0700] "GET /musotica/images/spacer.gif HTTP/1.1" 404 275 "http://musotica.com/semabocoseha.html" "Mozilla/4.0 (compatible; MSIE 6.0; Windows NT 5.1; SV1; .NET CLR 1.1.4322)" "site.musotica.com"
65.54.154.26 - - [09/Sep/2008:05:15:36 -0700] "GET /musotica/style/style.css HTTP/1.0" 304 - "http://musotica.com/babaskset1.html" "Mozilla/4.0 (compatible; MSIE 7.0; Windows NT 5.1; .NET CLR 1.1.4322)" "site.musotica.com"
63.113.199.109 - - [09/Sep/2008:05:15:50 -0700] "GET /musotica/images/spacer.gif HTTP/1.1" 404 275 "http://musotica.com/segaco.html" "Mozilla/4.0 (compatible; MSIE 6.0; Windows NT 5.1; SV1; .NET CLR 1.1.4322)" "site.musotica.com"
81.90.22.234 - - [09/Sep/2008:05:15:50 -0700] "GET /rolldiv-images/footer.png HTTP/1.0" 200 637 "-" "Mozilla/4.0 (compatible; MSIE 7.0; Windows NT 5.1; .NET CLR 1.1.4322)" "site.musotica.com"
81.90.22.234 - - [09/Sep/2008:05:15:51 -0700] "GET /rolldiv-images/header.png HTTP/1.0" 200 730 "-" "Mozilla/4.0 (compatible; MSIE 7.0; Windows NT 5.1; .NET CLR 1.1.4322)" "site.musotica.com"
63.113.199.109 - - [09/Sep/2008:05:15:54 -0700] "GET /scripts/paging-images/images/spacer.gif HTTP/1.1" 404 275 "http://musotica.com/seadmagicose.html" "Mozilla/4.0 (compatible; MSIE 6.0; Windows NT 5.1; SV1; .NET CLR 1.1.4322)" "site.musotica.com"
63.113.199.109 - - [09/Sep/2008:05:15:54 -0700] "GET /musotica/images/spacer.gif HTTP/1.1" 404 275 "http://musotica.com/seadmagicose.html" "Mozilla/4.0 (compatible; MSIE 6.0; Windows NT 5.1; SV1; .NET CLR 1.1.4322)" "site.musotica.com"
65.54.154.26 - - [09/Sep/2008:05:15:55 -0700] "GET /style/rolldiv-ie.css HTTP/1.0" 304 - "http://musotica.com/babaskset1.html" "Mozilla/4.0 (compatible; MSIE 7.0; Windows NT 5.1; .NET CLR 1.1.4322)" "site.musotica.com"
65.54.154.26 - - [09/Sep/2008:05:15:55 -0700] "GET /scripts/rolldiv.js HTTP/1.0" 304 - "http://musotica.com/babaskset1.html" "Mozilla/4.0 (compatible; MSIE 7.0; Windows NT 5.1; .NET CLR 1.1.4322)" "site.musotica.com"
65.54.154.26 - - [09/Sep/2008:05:15:56 -0700] "GET /scripts/paging-images/images/spacer.gif HTTP/1.0" 404 275 "http://musotica.com/babaskset1.html" "Mozilla/4.0 (compatible; MSIE 7.0; Windows NT 5.1; .NET CLR 1.1.4322)" "site.musotica.com"
65.54.154.26 - - [09/Sep/2008:05:15:56 -0700] "GET /musotica/images/spacer.gif HTTP/1.0" 404 275 "http://musotica.com/babaskset1.html" "Mozilla/4.0 (compatible; MSIE 7.0; Windows NT 5.1; .NET CLR 1.1.4322)" "site.musotica.com"
196.44.103.162 - - [09/Sep/2008:05:15:57 -0700] "GET /musotica/style/style.css HTTP/1.1" 200 2675 "http://musotica.com/seboyscco.html" "Mozilla/4.0 (compatible; MSIE 7.0; Windows NT 5.1; .NET CLR 1.1.4322; .NET CLR 2.0.50727; InfoPath.1)" "site.musotica.com"
196.44.103.162 - - [09/Sep/2008:05:16:00 -0700] "GET /style/rolldiv-ie.css HTTP/1.1" 200 809 "http://musotica.com/seboyscco.html" "Mozilla/4.0 (compatible; MSIE 7.0; Windows NT 5.1; .NET CLR 1.1.4322; .NET CLR 2.0.50727; InfoPath.1)" "site.musotica.com"
196.44.103.162 - - [09/Sep/2008:05:16:00 -0700] "GET /scripts/rolldiv.js HTTP/1.1" 200 623 "http://musotica.com/seboyscco.html" "Mozilla/4.0 (compatible; MSIE 7.0; Windows NT 5.1; .NET CLR 1.1.4322; .NET CLR 2.0.50727; InfoPath.1)" "site.musotica.com"
196.44.103.162 - - [09/Sep/2008:05:16:01 -0700] "GET /musotica/images/phone.gif HTTP/1.1" 200 385 "http://musotica.com/seboyscco.html" "Mozilla/4.0 (compatible; MSIE 7.0; Windows NT 5.1; .NET CLR 1.1.4322; .NET CLR 2.0.50727; InfoPath.1)" "site.musotica.com"
196.44.103.162 - - [09/Sep/2008:05:16:01 -0700] "GET /musotica/images/logo.gif HTTP/1.1" 200 2006 "http://musotica.com/seboyscco.html" "Mozilla/4.0 (compatible; MSIE 7.0; Windows NT 5.1; .NET CLR 1.1.4322; .NET CLR 2.0.50727; InfoPath.1)" "site.musotica.com"
196.44.103.162 - - [09/Sep/2008:05:16:01 -0700] "GET /rolldiv-images/shadow.png HTTP/1.1" 200 175 "-" "Mozilla/4.0 (compatible; MSIE 7.0; Windows NT 5.1; .NET CLR 1.1.4322; .NET CLR 2.0.50727; InfoPath.1)" "site.musotica.com"
196.44.103.162 - - [09/Sep/2008:05:16:01 -0700] "GET /musotica/images/home.gif HTTP/1.1" 200 70 "http://musotica.com/seboyscco.html" "Mozilla/4.0 (compatible; MSIE 7.0; Windows NT 5.1; .NET CLR 1.1.4322; .NET CLR 2.0.50727; InfoPath.1)" "site.musotica.com"
196.44.103.162 - - [09/Sep/2008:05:16:02 -0700] "GET /musotica/images/tell.gif HTTP/1.1" 200 67 "http://musotica.com/seboyscco.html" "Mozilla/4.0 (compatible; MSIE 7.0; Windows NT 5.1; .NET CLR 1.1.4322; .NET CLR 2.0.50727; InfoPath.1)" "site.musotica.com"
196.44.103.162 - - [09/Sep/2008:05:16:02 -0700] "GET /musotica/images/bookmark.gif HTTP/1.1" 200 124 "http://musotica.com/seboyscco.html" "Mozilla/4.0 (compatible; MSIE 7.0; Windows NT 5.1; .NET CLR 1.1.4322; .NET CLR 2.0.50727; InfoPath.1)" "site.musotica.com"
196.44.103.162 - - [09/Sep/2008:05:16:03 -0700] "GET /musotica/images/go.gif HTTP/1.1" 200 731 "http://musotica.com/seboyscco.html" "Mozilla/4.0 (compatible; MSIE 7.0; Windows NT 5.1; .NET CLR 1.1.4322; .NET CLR 2.0.50727; InfoPath.1)" "site.musotica.com"
196.44.103.162 - - [09/Sep/2008:05:16:03 -0700] "GET /musotica/images/shop.gif HTTP/1.1" 200 83 "http://musotica.com/seboyscco.html" "Mozilla/4.0 (compatible; MSIE 7.0; Windows NT 5.1; .NET CLR 1.1.4322; .NET CLR 2.0.50727; InfoPath.1)" "site.musotica.com"
196.44.103.162 - - [09/Sep/2008:05:16:03 -0700] "GET /musotica/images/arrow.gif HTTP/1.1" 200 61 "http://musotica.com/seboyscco.html" "Mozilla/4.0 (compatible; MSIE 7.0; Windows NT 5.1; .NET CLR 1.1.4322; .NET CLR 2.0.50727; InfoPath.1)" "site.musotica.com"
196.44.103.162 - - [09/Sep/2008:05:16:03 -0700] "GET /musotica/images/head_strip.gif HTTP/1.1" 200 63 "http://musotica.com/seboyscco.html" "Mozilla/4.0 (compatible; MSIE 7.0; Windows NT 5.1; .NET CLR 1.1.4322; .NET CLR 2.0.50727; InfoPath.1)" "site.musotica.com"
196.44.103.162 - - [09/Sep/2008:05:16:04 -0700] "GET /musotica/images/newdot.gif HTTP/1.1" 200 62 "http://musotica.com/seboyscco.html" "Mozilla/4.0 (compatible; MSIE 7.0; Windows NT 5.1; .NET CLR 1.1.4322; .NET CLR 2.0.50727; InfoPath.1)" "site.musotica.com"
