64.19.80.101 - - [09/Sep/2008:05:37:54 -0700] "GET /scripts/rolldiv.js HTTP/1.0" 200 623 "http://musotica.com/adultrobes.html" "Mozilla/4.0 (compatible; MSIE 6.0; Windows NT 5.1; SV1)" "site.musotica.com"
203.87.207.90 - - [09/Sep/2008:05:37:55 -0700] "GET /musotica/images/arrow.gif HTTP/1.1" 200 61 "http://musotica.com/fitness.html" "Mozilla/5.0 (Windows; U; Windows NT 5.1; en-US; rv:1.9.0.1) Gecko/2008070208 Firefox/3.0.1" "site.musotica.com"
203.87.207.90 - - [09/Sep/2008:05:37:55 -0700] "GET /musotica/images/search.gif HTTP/1.1" 200 1538 "http://site.musotica.com/musotica/style/style.css" "Mozilla/5.0 (Windows; U; Windows NT 5.1; en-US; rv:1.9.0.1) Gecko/2008070208 Firefox/3.0.1" "site.musotica.com"
203.87.207.90 - - [09/Sep/2008:05:37:55 -0700] "GET /musotica/images/shop.gif HTTP/1.1" 200 83 "http://musotica.com/fitness.html" "Mozilla/5.0 (Windows; U; Windows NT 5.1; en-US; rv:1.9.0.1) Gecko/2008070208 Firefox/3.0.1" "site.musotica.com"
64.19.80.101 - - [09/Sep/2008:05:37:55 -0700] "GET /musotica/images/logo.gif HTTP/1.0" 200 2006 "http://musotica.com/adultrobes.html" "Mozilla/4.0 (compatible; MSIE 6.0; Windows NT 5.1; SV1)" "site.musotica.com"
64.19.80.101 - - [09/Sep/2008:05:37:55 -0700] "GET /musotica/images/head_strip.gif HTTP/1.0" 200 63 "http://musotica.com/adultrobes.html" "Mozilla/4.0 (compatible; MSIE 6.0; Windows NT 5.1; SV1)" "site.musotica.com"
64.19.80.101 - - [09/Sep/2008:05:37:55 -0700] "GET /musotica/images/phone.gif HTTP/1.0" 200 385 "http://musotica.com/adultrobes.html" "Mozilla/4.0 (compatible; MSIE 6.0; Windows NT 5.1; SV1)" "site.musotica.com"
64.19.80.101 - - [09/Sep/2008:05:37:55 -0700] "GET /musotica/images/tell.gif HTTP/1.0" 200 67 "http://musotica.com/adultrobes.html" "Mozilla/4.0 (compatible; MSIE 6.0; Windows NT 5.1; SV1)" "site.musotica.com"
64.19.80.101 - - [09/Sep/2008:05:37:55 -0700] "GET /musotica/images/go.gif HTTP/1.0" 200 731 "http://musotica.com/adultrobes.html" "Mozilla/4.0 (compatible; MSIE 6.0; Windows NT 5.1; SV1)" "site.musotica.com"
64.19.80.101 - - [09/Sep/2008:05:37:55 -0700] "GET /musotica/images/bookmark.gif HTTP/1.0" 200 124 "http://musotica.com/adultrobes.html" "Mozilla/4.0 (compatible; MSIE 6.0; Windows NT 5.1; SV1)" "site.musotica.com"
64.19.80.101 - - [09/Sep/2008:05:37:55 -0700] "GET /musotica/images/newdot.gif HTTP/1.0" 200 62 "http://musotica.com/adultrobes.html" "Mozilla/4.0 (compatible; MSIE 6.0; Windows NT 5.1; SV1)" "site.musotica.com"
64.19.80.101 - - [09/Sep/2008:05:37:55 -0700] "GET /musotica/images/search.gif HTTP/1.0" 200 1538 "http://musotica.com/adultrobes.html" "Mozilla/4.0 (compatible; MSIE 6.0; Windows NT 5.1; SV1)" "site.musotica.com"
64.19.80.101 - - [09/Sep/2008:05:37:55 -0700] "GET /musotica/images/shop.gif HTTP/1.0" 200 83 "http://musotica.com/adultrobes.html" "Mozilla/4.0 (compatible; MSIE 6.0; Windows NT 5.1; SV1)" "site.musotica.com"
64.19.80.101 - - [09/Sep/2008:05:37:55 -0700] "GET /musotica/images/home.gif HTTP/1.0" 200 70 "http://musotica.com/adultrobes.html" "Mozilla/4.0 (compatible; MSIE 6.0; Windows NT 5.1; SV1)" "site.musotica.com"
64.19.80.101 - - [09/Sep/2008:05:37:55 -0700] "GET /musotica/images/arrow.gif HTTP/1.0" 200 61 "http://musotica.com/adultrobes.html" "Mozilla/4.0 (compatible; MSIE 6.0; Windows NT 5.1; SV1)" "site.musotica.com"
64.19.80.101 - - [09/Sep/2008:05:37:56 -0700] "GET /rolldiv-images/shadow.png HTTP/1.0" 200 175 "-" "Mozilla/4.0 (compatible; MSIE 6.0; Windows NT 5.1; SV1)" "site.musotica.com"
203.87.207.90 - - [09/Sep/2008:05:37:56 -0700] "GET /musotica/images/midline.gif HTTP/1.1" 200 49 "http://site.musotica.com/musotica/style/style.css" "Mozilla/5.0 (Windows; U; Windows NT 5.1; en-US; rv:1.9.0.1) Gecko/2008070208 Firefox/3.0.1" "site.musotica.com"
64.19.80.101 - - [09/Sep/2008:05:37:56 -0700] "GET /scripts/cookies.js HTTP/1.0" 200 1429 "http://musotica.com/adultrobes.html" "Mozilla/4.0 (compatible; MSIE 6.0; Windows NT 5.1; SV1)" "site.musotica.com"
64.19.80.101 - - [09/Sep/2008:05:37:56 -0700] "GET /musotica/images/midline.gif HTTP/1.0" 200 49 "http://musotica.com/adultrobes.html" "Mozilla/4.0 (compatible; MSIE 6.0; Windows NT 5.1; SV1)" "site.musotica.com"
203.87.207.90 - - [09/Sep/2008:05:37:57 -0700] "GET /musotica/images/go.gif HTTP/1.1" 200 731 "http://musotica.com/fitness.html" "Mozilla/5.0 (Windows; U; Windows NT 5.1; en-US; rv:1.9.0.1) Gecko/2008070208 Firefox/3.0.1" "site.musotica.com"
64.19.80.101 - - [09/Sep/2008:05:37:59 -0700] "GET /scripts/pagging-inner.js HTTP/1.0" 200 24676 "http://musotica.com/adultrobes.html" "Mozilla/4.0 (compatible; MSIE 6.0; Windows NT 5.1; SV1)" "site.musotica.com"
116.71.172.224 - - [09/Sep/2008:05:37:59 -0700] "GET /scripts/cookies.js HTTP/1.1" 200 1429 "http://musotica.com/babphatjew.html" "Mozilla/4.0 (compatible; MSIE 6.0; Windows NT 5.1; SV1)" "site.musotica.com"
116.71.172.224 - - [09/Sep/2008:05:37:59 -0700] "GET /scripts/pagging-inner.js HTTP/1.1" 200 24676 "http://musotica.com/babphatjew.html" "Mozilla/4.0 (compatible; MSIE 6.0; Windows NT 5.1; SV1)" "site.musotica.com"
65.54.154.26 - - [09/Sep/2008:05:38:01 -0700] "GET /musotica/style/style.css HTTP/1.0" 304 - "http://musotica.com/sebadoandbo.html" "Mozilla/4.0 (compatible; MSIE 7.0; Windows NT 5.1; .NET CLR 1.1.4322)" "site.musotica.com"
203.87.207.90 - - [09/Sep/2008:05:38:01 -0700] "GET /scripts/pagging-inner.js HTTP/1.1" 200 24676 "http://musotica.com/fitness.html" "Mozilla/5.0 (Windows; U; Windows NT 5.1; en-US; rv:1.9.0.1) Gecko/2008070208 Firefox/3.0.1" "site.musotica.com"
116.71.172.224 - - [09/Sep/2008:05:38:01 -0700] "GET /scripts/dpv.js HTTP/1.1" 200 1545 "http://musotica.com/babphatjew.html" "Mozilla/4.0 (compatible; MSIE 6.0; Windows NT 5.1; SV1)" "site.musotica.com"
64.19.80.101 - - [09/Sep/2008:05:38:02 -0700] "GET /scripts/dpv.js HTTP/1.0" 200 1545 "http://musotica.com/adultrobes.html" "Mozilla/4.0 (compatible; MSIE 6.0; Windows NT 5.1; SV1)" "site.musotica.com"
116.71.172.224 - - [09/Sep/2008:05:38:02 -0700] "GET /musotica/images/spacer.gif HTTP/1.1" 404 275 "http://musotica.com/babphatjew.html" "Mozilla/4.0 (compatible; MSIE 6.0; Windows NT 5.1; SV1)" "site.musotica.com"
65.54.154.26 - - [09/Sep/2008:05:38:02 -0700] "GET /style/rolldiv-ie.css HTTP/1.0" 304 - "http://musotica.com/sebadoandbo.html" "Mozilla/4.0 (compatible; MSIE 7.0; Windows NT 5.1; .NET CLR 1.1.4322)" "site.musotica.com"
65.54.154.26 - - [09/Sep/2008:05:38:02 -0700] "GET /scripts/rolldiv.js HTTP/1.0" 304 - "http://musotica.com/sebadoandbo.html" "Mozilla/4.0 (compatible; MSIE 7.0; Windows NT 5.1; .NET CLR 1.1.4322)" "site.musotica.com"
65.54.154.26 - - [09/Sep/2008:05:38:03 -0700] "GET /scripts/cookies.js HTTP/1.0" 304 - "http://musotica.com/sebadoandbo.html" "Mozilla/4.0 (compatible; MSIE 7.0; Windows NT 5.1; .NET CLR 1.1.4322)" "site.musotica.com"
65.54.154.26 - - [09/Sep/2008:05:38:03 -0700] "GET /scripts/pagging-inner.js HTTP/1.0" 304 - "http://musotica.com/sebadoandbo.html" "Mozilla/4.0 (compatible; MSIE 7.0; Windows NT 5.1; .NET CLR 1.1.4322)" "site.musotica.com"
65.54.154.26 - - [09/Sep/2008:05:38:04 -0700] "GET /scripts/dpv.js HTTP/1.0" 304 - "http://musotica.com/sebadoandbo.html" "Mozilla/4.0 (compatible; MSIE 7.0; Windows NT 5.1; .NET CLR 1.1.4322)" "site.musotica.com"
64.19.80.101 - - [09/Sep/2008:05:38:04 -0700] "GET /musotica/images/lingeris.jpg HTTP/1.0" 200 17260 "http://musotica.com/adultrobes.html" "Mozilla/4.0 (compatible; MSIE 6.0; Windows NT 5.1; SV1)" "site.musotica.com"
64.19.80.101 - - [09/Sep/2008:05:38:04 -0700] "GET /musotica/images/clubwear.jpg HTTP/1.0" 200 15480 "http://musotica.com/adultrobes.html" "Mozilla/4.0 (compatible; MSIE 6.0; Windows NT 5.1; SV1)" "site.musotica.com"
64.19.80.101 - - [09/Sep/2008:05:38:04 -0700] "GET /musotica/images/newgreendot.gif HTTP/1.0" 200 49 "http://musotica.com/adultrobes.html" "Mozilla/4.0 (compatible; MSIE 6.0; Windows NT 5.1; SV1)" "site.musotica.com"
64.19.80.101 - - [09/Sep/2008:05:38:05 -0700] "GET /musotica/images/shoes.jpg HTTP/1.0" 200 14412 "http://musotica.com/adultrobes.html" "Mozilla/4.0 (compatible; MSIE 6.0; Windows NT 5.1; SV1)" "site.musotica.com"
216.82.247.35 - - [09/Sep/2008:05:38:05 -0700] "GET /musotica/style/style.css HTTP/1.0" 200 2675 "http://musotica.com/seziraonepi.html" "Mozilla/4.0 (compatible; MSIE 6.0; Windows NT 5.0; .NET CLR 1.1.4322; .NET CLR 2.0.50727)" "site.musotica.com"
64.19.80.101 - - [09/Sep/2008:05:38:06 -0700] "GET /musotica/images/accessories.jpg HTTP/1.0" 200 17113 "http://musotica.com/adultrobes.html" "Mozilla/4.0 (compatible; MSIE 6.0; Windows NT 5.1; SV1)" "site.musotica.com"
64.19.80.101 - - [09/Sep/2008:05:38:07 -0700] "GET /musotica/images/bannerdot.gif HTTP/1.0" 200 49 "http://musotica.com/adultrobes.html" "Mozilla/4.0 (compatible; MSIE 6.0; Windows NT 5.1; SV1)" "site.musotica.com"
64.19.80.101 - - [09/Sep/2008:05:38:07 -0700] "GET /musotica/images/spacer.gif HTTP/1.0" 404 275 "http://musotica.com/adultrobes.html" "Mozilla/4.0 (compatible; MSIE 6.0; Windows NT 5.1; SV1)" "site.musotica.com"
64.19.80.101 - - [09/Sep/2008:05:38:07 -0700] "GET /musotica/images/pay.jpg HTTP/1.0" 200 13131 "http://musotica.com/adultrobes.html" "Mozilla/4.0 (compatible; MSIE 6.0; Windows NT 5.1; SV1)" "site.musotica.com"
216.82.247.35 - - [09/Sep/2008:05:38:07 -0700] "GET /musotica/images/phone.gif HTTP/1.0" 200 385 "http://musotica.com/seziraonepi.html" "Mozilla/4.0 (compatible; MSIE 6.0; Windows NT 5.0; .NET CLR 1.1.4322; .NET CLR 2.0.50727)" "site.musotica.com"
216.82.247.35 - - [09/Sep/2008:05:38:07 -0700] "GET /musotica/images/logo.gif HTTP/1.0" 200 2006 "http://musotica.com/seziraonepi.html" "Mozilla/4.0 (compatible; MSIE 6.0; Windows NT 5.0; .NET CLR 1.1.4322; .NET CLR 2.0.50727)" "site.musotica.com"
216.82.247.35 - - [09/Sep/2008:05:38:07 -0700] "GET /musotica/images/newdot.gif HTTP/1.0" 200 62 "http://musotica.com/seziraonepi.html" "Mozilla/4.0 (compatible; MSIE 6.0; Windows NT 5.0; .NET CLR 1.1.4322; .NET CLR 2.0.50727)" "site.musotica.com"
216.82.247.35 - - [09/Sep/2008:05:38:07 -0700] "GET /musotica/images/head_strip.gif HTTP/1.0" 200 63 "http://musotica.com/seziraonepi.html" "Mozilla/4.0 (compatible; MSIE 6.0; Windows NT 5.0; .NET CLR 1.1.4322; .NET CLR 2.0.50727)" "site.musotica.com"
216.82.247.35 - - [09/Sep/2008:05:38:07 -0700] "GET /musotica/images/home.gif HTTP/1.0" 200 70 "http://musotica.com/seziraonepi.html" "Mozilla/4.0 (compatible; MSIE 6.0; Windows NT 5.0; .NET CLR 1.1.4322; .NET CLR 2.0.50727)" "site.musotica.com"
216.82.247.35 - - [09/Sep/2008:05:38:07 -0700] "GET /musotica/images/go.gif HTTP/1.0" 200 731 "http://musotica.com/seziraonepi.html" "Mozilla/4.0 (compatible; MSIE 6.0; Windows NT 5.0; .NET CLR 1.1.4322; .NET CLR 2.0.50727)" "site.musotica.com"
216.82.247.35 - - [09/Sep/2008:05:38:07 -0700] "GET /musotica/images/bookmark.gif HTTP/1.0" 200 124 "http://musotica.com/seziraonepi.html" "Mozilla/4.0 (compatible; MSIE 6.0; Windows NT 5.0; .NET CLR 1.1.4322; .NET CLR 2.0.50727)" "site.musotica.com"
216.82.247.35 - - [09/Sep/2008:05:38:07 -0700] "GET /musotica/images/shop.gif HTTP/1.0" 200 83 "http://musotica.com/seziraonepi.html" "Mozilla/4.0 (compatible; MSIE 6.0; Windows NT 5.0; .NET CLR 1.1.4322; .NET CLR 2.0.50727)" "site.musotica.com"
216.82.247.35 - - [09/Sep/2008:05:38:07 -0700] "GET /musotica/images/tell.gif HTTP/1.0" 200 67 "http://musotica.com/seziraonepi.html" "Mozilla/4.0 (compatible; MSIE 6.0; Windows NT 5.0; .NET CLR 1.1.4322; .NET CLR 2.0.50727)" "site.musotica.com"
216.82.247.35 - - [09/Sep/2008:05:38:07 -0700] "GET /musotica/images/arrow.gif HTTP/1.0" 200 61 "http://musotica.com/seziraonepi.html" "Mozilla/4.0 (compatible; MSIE 6.0; Windows NT 5.0; .NET CLR 1.1.4322; .NET CLR 2.0.50727)" "site.musotica.com"
216.82.247.35 - - [09/Sep/2008:05:38:09 -0700] "GET /musotica/images/search.gif HTTP/1.0" 200 1538 "http://musotica.com/seziraonepi.html" "Mozilla/4.0 (compatible; MSIE 6.0; Windows NT 5.0; .NET CLR 1.1.4322; .NET CLR 2.0.50727)" "site.musotica.com"
216.82.247.35 - - [09/Sep/2008:05:38:09 -0700] "GET /musotica/images/midline.gif HTTP/1.0" 200 49 "http://musotica.com/seziraonepi.html" "Mozilla/4.0 (compatible; MSIE 6.0; Windows NT 5.0; .NET CLR 1.1.4322; .NET CLR 2.0.50727)" "site.musotica.com"
64.19.80.101 - - [09/Sep/2008:05:38:09 -0700] "GET /musotica/images/ss.jpg HTTP/1.0" 200 5500 "http://musotica.com/adultrobes.html" "Mozilla/4.0 (compatible; MSIE 6.0; Windows NT 5.1; SV1)" "site.musotica.com"
216.82.247.35 - - [09/Sep/2008:05:38:09 -0700] "GET /scripts/paging-images/images/spacer.gif HTTP/1.0" 404 275 "http://musotica.com/seziraonepi.html" "Mozilla/4.0 (compatible; MSIE 6.0; Windows NT 5.0; .NET CLR 1.1.4322; .NET CLR 2.0.50727)" "site.musotica.com"
203.87.207.90 - - [09/Sep/2008:05:38:10 -0700] "GET /scripts/dpv.js HTTP/1.1" 200 1545 "http://musotica.com/fitness.html" "Mozilla/5.0 (Windows; U; Windows NT 5.1; en-US; rv:1.9.0.1) Gecko/2008070208 Firefox/3.0.1" "site.musotica.com"
216.82.247.35 - - [09/Sep/2008:05:38:10 -0700] "GET /musotica/images/lingeris.jpg HTTP/1.0" 200 17260 "http://musotica.com/seziraonepi.html" "Mozilla/4.0 (compatible; MSIE 6.0; Windows NT 5.0; .NET CLR 1.1.4322; .NET CLR 2.0.50727)" "site.musotica.com"
216.82.247.35 - - [09/Sep/2008:05:38:10 -0700] "GET /musotica/images/clubwear.jpg HTTP/1.0" 200 15480 "http://musotica.com/seziraonepi.html" "Mozilla/4.0 (compatible; MSIE 6.0; Windows NT 5.0; .NET CLR 1.1.4322; .NET CLR 2.0.50727)" "site.musotica.com"
216.82.247.35 - - [09/Sep/2008:05:38:10 -0700] "GET /musotica/images/spacer.gif HTTP/1.0" 404 275 "http://musotica.com/seziraonepi.html" "Mozilla/4.0 (compatible; MSIE 6.0; Windows NT 5.0; .NET CLR 1.1.4322; .NET CLR 2.0.50727)" "site.musotica.com"
64.19.80.101 - - [09/Sep/2008:05:38:10 -0700] "GET /musotica/images/stockings.jpg HTTP/1.0" 200 15303 "http://musotica.com/adultrobes.html" "Mozilla/4.0 (compatible; MSIE 6.0; Windows NT 5.1; SV1)" "site.musotica.com"
216.82.247.35 - - [09/Sep/2008:05:38:10 -0700] "GET /musotica/images/newgreendot.gif HTTP/1.0" 200 49 "http://musotica.com/seziraonepi.html" "Mozilla/4.0 (compatible; MSIE 6.0; Windows NT 5.0; .NET CLR 1.1.4322; .NET CLR 2.0.50727)" "site.musotica.com"
216.82.247.35 - - [09/Sep/2008:05:38:10 -0700] "GET /musotica/images/shoes.jpg HTTP/1.0" 200 14412 "http://musotica.com/seziraonepi.html" "Mozilla/4.0 (compatible; MSIE 6.0; Windows NT 5.0; .NET CLR 1.1.4322; .NET CLR 2.0.50727)" "site.musotica.com"
216.82.247.35 - - [09/Sep/2008:05:38:11 -0700] "GET /musotica/images/accessories.jpg HTTP/1.0" 200 17113 "http://musotica.com/seziraonepi.html" "Mozilla/4.0 (compatible; MSIE 6.0; Windows NT 5.0; .NET CLR 1.1.4322; .NET CLR 2.0.50727)" "site.musotica.com"
216.82.247.35 - - [09/Sep/2008:05:38:11 -0700] "GET /musotica/images/pay.jpg HTTP/1.0" 200 13131 "http://musotica.com/seziraonepi.html" "Mozilla/4.0 (compatible; MSIE 6.0; Windows NT 5.0; .NET CLR 1.1.4322; .NET CLR 2.0.50727)" "site.musotica.com"
216.82.247.35 - - [09/Sep/2008:05:38:11 -0700] "GET /musotica/images/ss.jpg HTTP/1.0" 200 5500 "http://musotica.com/seziraonepi.html" "Mozilla/4.0 (compatible; MSIE 6.0; Windows NT 5.0; .NET CLR 1.1.4322; .NET CLR 2.0.50727)" "site.musotica.com"
203.87.207.90 - - [09/Sep/2008:05:38:11 -0700] "GET /musotica/images/lingeris.jpg HTTP/1.1" 200 17260 "http://musotica.com/fitness.html" "Mozilla/5.0 (Windows; U; Windows NT 5.1; en-US; rv:1.9.0.1) Gecko/2008070208 Firefox/3.0.1" "site.musotica.com"
203.87.207.90 - - [09/Sep/2008:05:38:11 -0700] "GET /musotica/images/clubwear.jpg HTTP/1.1" 200 15480 "http://musotica.com/fitness.html" "Mozilla/5.0 (Windows; U; Windows NT 5.1; en-US; rv:1.9.0.1) Gecko/2008070208 Firefox/3.0.1" "site.musotica.com"
203.87.207.90 - - [09/Sep/2008:05:38:11 -0700] "GET /musotica/images/stockings.jpg HTTP/1.1" 200 15303 "http://musotica.com/fitness.html" "Mozilla/5.0 (Windows; U; Windows NT 5.1; en-US; rv:1.9.0.1) Gecko/2008070208 Firefox/3.0.1" "site.musotica.com"
203.87.207.90 - - [09/Sep/2008:05:38:11 -0700] "GET /musotica/images/shoes.jpg HTTP/1.1" 200 14412 "http://musotica.com/fitness.html" "Mozilla/5.0 (Windows; U; Windows NT 5.1; en-US; rv:1.9.0.1) Gecko/2008070208 Firefox/3.0.1" "site.musotica.com"
216.82.247.35 - - [09/Sep/2008:05:38:11 -0700] "GET /musotica/images/bannerdot.gif HTTP/1.0" 200 49 "http://musotica.com/seziraonepi.html" "Mozilla/4.0 (compatible; MSIE 6.0; Windows NT 5.0; .NET CLR 1.1.4322; .NET CLR 2.0.50727)" "site.musotica.com"
216.82.247.35 - - [09/Sep/2008:05:38:11 -0700] "GET /musotica/images/stockings.jpg HTTP/1.0" 200 15303 "http://musotica.com/seziraonepi.html" "Mozilla/4.0 (compatible; MSIE 6.0; Windows NT 5.0; .NET CLR 1.1.4322; .NET CLR 2.0.50727)" "site.musotica.com"
203.87.207.90 - - [09/Sep/2008:05:38:14 -0700] "GET /musotica/images/pay.jpg HTTP/1.1" 200 13131 "http://musotica.com/fitness.html" "Mozilla/5.0 (Windows; U; Windows NT 5.1; en-US; rv:1.9.0.1) Gecko/2008070208 Firefox/3.0.1" "site.musotica.com"
203.87.207.90 - - [09/Sep/2008:05:38:14 -0700] "GET /musotica/images/spacer.gif HTTP/1.1" 404 275 "http://musotica.com/fitness.html" "Mozilla/5.0 (Windows; U; Windows NT 5.1; en-US; rv:1.9.0.1) Gecko/2008070208 Firefox/3.0.1" "site.musotica.com"
203.87.207.90 - - [09/Sep/2008:05:38:14 -0700] "GET /musotica/images/ss.jpg HTTP/1.1" 200 5500 "http://musotica.com/fitness.html" "Mozilla/5.0 (Windows; U; Windows NT 5.1; en-US; rv:1.9.0.1) Gecko/2008070208 Firefox/3.0.1" "site.musotica.com"
203.87.207.90 - - [09/Sep/2008:05:38:14 -0700] "GET /musotica/images/accessories.jpg HTTP/1.1" 200 17113 "http://musotica.com/fitness.html" "Mozilla/5.0 (Windows; U; Windows NT 5.1; en-US; rv:1.9.0.1) Gecko/2008070208 Firefox/3.0.1" "site.musotica.com"
203.87.207.90 - - [09/Sep/2008:05:38:15 -0700] "GET /musotica/images/bannerdot.gif HTTP/1.1" 200 49 "http://site.musotica.com/musotica/style/style.css" "Mozilla/5.0 (Windows; U; Windows NT 5.1; en-US; rv:1.9.0.1) Gecko/2008070208 Firefox/3.0.1" "site.musotica.com"
203.87.207.90 - - [09/Sep/2008:05:38:15 -0700] "GET /musotica/images/newgreendot.gif HTTP/1.1" 200 49 "http://site.musotica.com/musotica/style/style.css" "Mozilla/5.0 (Windows; U; Windows NT 5.1; en-US; rv:1.9.0.1) Gecko/2008070208 Firefox/3.0.1" "site.musotica.com"
64.19.80.101 - - [09/Sep/2008:05:38:22 -0700] "GET /rolldiv-images/footer.png HTTP/1.0" 200 637 "-" "Mozilla/4.0 (compatible; MSIE 6.0; Windows NT 5.1; SV1)" "site.musotica.com"
64.19.80.101 - - [09/Sep/2008:05:38:23 -0700] "GET /rolldiv-images/header.png HTTP/1.0" 200 730 "-" "Mozilla/4.0 (compatible; MSIE 6.0; Windows NT 5.1; SV1)" "site.musotica.com"
116.71.172.224 - - [09/Sep/2008:05:38:24 -0700] "GET /musotica/images/spacer.gif HTTP/1.1" 404 275 "http://musotica.com/trendylingerie.html" "Mozilla/4.0 (compatible; MSIE 6.0; Windows NT 5.1; SV1)" "site.musotica.com"
90.18.174.23 - - [09/Sep/2008:05:38:27 -0700] "GET /musotica/style/style.css HTTP/1.1" 200 2675 "http://musotica.com/sewaco.html" "Mozilla/4.0 (compatible; MSIE 7.0; Windows NT 6.0; SLCC1; .NET CLR 2.0.50727; Media Center PC 5.0; .NET CLR 3.0.04506; InfoPath.2)" "site.musotica.com"
90.18.174.23 - - [09/Sep/2008:05:38:28 -0700] "GET /style/rolldiv-ie.css HTTP/1.1" 200 809 "http://musotica.com/sewaco.html" "Mozilla/4.0 (compatible; MSIE 7.0; Windows NT 6.0; SLCC1; .NET CLR 2.0.50727; Media Center PC 5.0; .NET CLR 3.0.04506; InfoPath.2)" "site.musotica.com"
90.18.174.23 - - [09/Sep/2008:05:38:28 -0700] "GET /scripts/rolldiv.js HTTP/1.1" 200 623 "http://musotica.com/sewaco.html" "Mozilla/4.0 (compatible; MSIE 7.0; Windows NT 6.0; SLCC1; .NET CLR 2.0.50727; Media Center PC 5.0; .NET CLR 3.0.04506; InfoPath.2)" "site.musotica.com"
90.18.174.23 - - [09/Sep/2008:05:38:29 -0700] "GET /musotica/images/phone.gif HTTP/1.1" 200 385 "http://musotica.com/sewaco.html" "Mozilla/4.0 (compatible; MSIE 7.0; Windows NT 6.0; SLCC1; .NET CLR 2.0.50727; Media Center PC 5.0; .NET CLR 3.0.04506; InfoPath.2)" "site.musotica.com"
90.18.174.23 - - [09/Sep/2008:05:38:29 -0700] "GET /musotica/images/logo.gif HTTP/1.1" 200 2006 "http://musotica.com/sewaco.html" "Mozilla/4.0 (compatible; MSIE 7.0; Windows NT 6.0; SLCC1; .NET CLR 2.0.50727; Media Center PC 5.0; .NET CLR 3.0.04506; InfoPath.2)" "site.musotica.com"
90.18.174.23 - - [09/Sep/2008:05:38:29 -0700] "GET /rolldiv-images/shadow.png HTTP/1.1" 200 175 "-" "Mozilla/4.0 (compatible; MSIE 7.0; Windows NT 6.0; SLCC1; .NET CLR 2.0.50727; Media Center PC 5.0; .NET CLR 3.0.04506; InfoPath.2)" "site.musotica.com"
90.18.174.23 - - [09/Sep/2008:05:38:29 -0700] "GET /musotica/images/home.gif HTTP/1.1" 200 70 "http://musotica.com/sewaco.html" "Mozilla/4.0 (compatible; MSIE 7.0; Windows NT 6.0; SLCC1; .NET CLR 2.0.50727; Media Center PC 5.0; .NET CLR 3.0.04506; InfoPath.2)" "site.musotica.com"
90.18.174.23 - - [09/Sep/2008:05:38:29 -0700] "GET /musotica/images/tell.gif HTTP/1.1" 200 67 "http://musotica.com/sewaco.html" "Mozilla/4.0 (compatible; MSIE 7.0; Windows NT 6.0; SLCC1; .NET CLR 2.0.50727; Media Center PC 5.0; .NET CLR 3.0.04506; InfoPath.2)" "site.musotica.com"
90.18.174.23 - - [09/Sep/2008:05:38:29 -0700] "GET /musotica/images/bookmark.gif HTTP/1.1" 200 124 "http://musotica.com/sewaco.html" "Mozilla/4.0 (compatible; MSIE 7.0; Windows NT 6.0; SLCC1; .NET CLR 2.0.50727; Media Center PC 5.0; .NET CLR 3.0.04506; InfoPath.2)" "site.musotica.com"
90.18.174.23 - - [09/Sep/2008:05:38:30 -0700] "GET /musotica/images/go.gif HTTP/1.1" 200 731 "http://musotica.com/sewaco.html" "Mozilla/4.0 (compatible; MSIE 7.0; Windows NT 6.0; SLCC1; .NET CLR 2.0.50727; Media Center PC 5.0; .NET CLR 3.0.04506; InfoPath.2)" "site.musotica.com"
90.18.174.23 - - [09/Sep/2008:05:38:30 -0700] "GET /musotica/images/shop.gif HTTP/1.1" 200 83 "http://musotica.com/sewaco.html" "Mozilla/4.0 (compatible; MSIE 7.0; Windows NT 6.0; SLCC1; .NET CLR 2.0.50727; Media Center PC 5.0; .NET CLR 3.0.04506; InfoPath.2)" "site.musotica.com"
90.18.174.23 - - [09/Sep/2008:05:38:30 -0700] "GET /musotica/images/arrow.gif HTTP/1.1" 200 61 "http://musotica.com/sewaco.html" "Mozilla/4.0 (compatible; MSIE 7.0; Windows NT 6.0; SLCC1; .NET CLR 2.0.50727; Media Center PC 5.0; .NET CLR 3.0.04506; InfoPath.2)" "site.musotica.com"
90.18.174.23 - - [09/Sep/2008:05:38:30 -0700] "GET /musotica/images/head_strip.gif HTTP/1.1" 200 63 "http://musotica.com/sewaco.html" "Mozilla/4.0 (compatible; MSIE 7.0; Windows NT 6.0; SLCC1; .NET CLR 2.0.50727; Media Center PC 5.0; .NET CLR 3.0.04506; InfoPath.2)" "site.musotica.com"
90.18.174.23 - - [09/Sep/2008:05:38:30 -0700] "GET /musotica/images/search.gif HTTP/1.1" 200 1538 "http://musotica.com/sewaco.html" "Mozilla/4.0 (compatible; MSIE 7.0; Windows NT 6.0; SLCC1; .NET CLR 2.0.50727; Media Center PC 5.0; .NET CLR 3.0.04506; InfoPath.2)" "site.musotica.com"
90.18.174.23 - - [09/Sep/2008:05:38:30 -0700] "GET /musotica/images/newdot.gif HTTP/1.1" 200 62 "http://musotica.com/sewaco.html" "Mozilla/4.0 (compatible; MSIE 7.0; Windows NT 6.0; SLCC1; .NET CLR 2.0.50727; Media Center PC 5.0; .NET CLR 3.0.04506; InfoPath.2)" "site.musotica.com"
90.18.174.23 - - [09/Sep/2008:05:38:31 -0700] "GET /musotica/images/midline.gif HTTP/1.1" 200 49 "http://musotica.com/sewaco.html" "Mozilla/4.0 (compatible; MSIE 7.0; Windows NT 6.0; SLCC1; .NET CLR 2.0.50727; Media Center PC 5.0; .NET CLR 3.0.04506; InfoPath.2)" "site.musotica.com"
90.18.174.23 - - [09/Sep/2008:05:38:31 -0700] "GET /scripts/cookies.js HTTP/1.1" 200 1429 "http://musotica.com/sewaco.html" "Mozilla/4.0 (compatible; MSIE 7.0; Windows NT 6.0; SLCC1; .NET CLR 2.0.50727; Media Center PC 5.0; .NET CLR 3.0.04506; InfoPath.2)" "site.musotica.com"
90.18.174.23 - - [09/Sep/2008:05:38:31 -0700] "GET /scripts/pagging-inner.js HTTP/1.1" 200 24676 "http://musotica.com/sewaco.html" "Mozilla/4.0 (compatible; MSIE 7.0; Windows NT 6.0; SLCC1; .NET CLR 2.0.50727; Media Center PC 5.0; .NET CLR 3.0.04506; InfoPath.2)" "site.musotica.com"
90.18.174.23 - - [09/Sep/2008:05:38:32 -0700] "GET /scripts/dpv.js HTTP/1.1" 200 1545 "http://musotica.com/sewaco.html" "Mozilla/4.0 (compatible; MSIE 7.0; Windows NT 6.0; SLCC1; .NET CLR 2.0.50727; Media Center PC 5.0; .NET CLR 3.0.04506; InfoPath.2)" "site.musotica.com"
90.18.174.23 - - [09/Sep/2008:05:38:33 -0700] "GET /musotica/images/spacer.gif HTTP/1.1" 404 275 "http://musotica.com/sewaco.html" "Mozilla/4.0 (compatible; MSIE 7.0; Windows NT 6.0; SLCC1; .NET CLR 2.0.50727; Media Center PC 5.0; .NET CLR 3.0.04506; InfoPath.2)" "site.musotica.com"
90.18.174.23 - - [09/Sep/2008:05:38:33 -0700] "GET /musotica/images/lingeris.jpg HTTP/1.1" 200 17260 "http://musotica.com/sewaco.html" "Mozilla/4.0 (compatible; MSIE 7.0; Windows NT 6.0; SLCC1; .NET CLR 2.0.50727; Media Center PC 5.0; .NET CLR 3.0.04506; InfoPath.2)" "site.musotica.com"
90.18.174.23 - - [09/Sep/2008:05:38:33 -0700] "GET /musotica/images/clubwear.jpg HTTP/1.1" 200 15480 "http://musotica.com/sewaco.html" "Mozilla/4.0 (compatible; MSIE 7.0; Windows NT 6.0; SLCC1; .NET CLR 2.0.50727; Med