63.113.199.109 - - [09/Sep/2008:05:09:13 -0700] "GET /musotica/images/bannerdot.gif HTTP/1.1" 200 49 "http://musotica.com/segaco.html" "Mozilla/4.0 (compatible; MSIE 6.0; Windows NT 5.1; SV1; .NET CLR 1.1.4322)" "site.musotica.com"
63.113.199.109 - - [09/Sep/2008:05:09:13 -0700] "GET /musotica/images/newgreendot.gif HTTP/1.1" 200 49 "http://musotica.com/segaco.html" "Mozilla/4.0 (compatible; MSIE 6.0; Windows NT 5.1; SV1; .NET CLR 1.1.4322)" "site.musotica.com"
136.176.103.98 - - [09/Sep/2008:05:09:18 -0700] "GET /musotica/style/style.css HTTP/1.1" 200 2675 "http://musotica.com/seligilo.html" "Mozilla/5.0 (Macintosh; U; Intel Mac OS X 10.5; en-US; rv:1.9.0.1) Gecko/2008070206 Firefox/3.0.1" "site.musotica.com"
136.176.103.98 - - [09/Sep/2008:05:09:19 -0700] "GET /style/rolldiv-mozilla.css HTTP/1.1" 200 711 "http://musotica.com/seligilo.html" "Mozilla/5.0 (Macintosh; U; Intel Mac OS X 10.5; en-US; rv:1.9.0.1) Gecko/2008070206 Firefox/3.0.1" "site.musotica.com"
136.176.103.98 - - [09/Sep/2008:05:09:19 -0700] "GET /scripts/rolldiv.js HTTP/1.1" 200 623 "http://musotica.com/seligilo.html" "Mozilla/5.0 (Macintosh; U; Intel Mac OS X 10.5; en-US; rv:1.9.0.1) Gecko/2008070206 Firefox/3.0.1" "site.musotica.com"
136.176.103.98 - - [09/Sep/2008:05:09:19 -0700] "GET /musotica/images/logo.gif HTTP/1.1" 200 2006 "http://musotica.com/seligilo.html" "Mozilla/5.0 (Macintosh; U; Intel Mac OS X 10.5; en-US; rv:1.9.0.1) Gecko/2008070206 Firefox/3.0.1" "site.musotica.com"
136.176.103.98 - - [09/Sep/2008:05:09:19 -0700] "GET /musotica/images/phone.gif HTTP/1.1" 200 385 "http://musotica.com/seligilo.html" "Mozilla/5.0 (Macintosh; U; Intel Mac OS X 10.5; en-US; rv:1.9.0.1) Gecko/2008070206 Firefox/3.0.1" "site.musotica.com"
136.176.103.98 - - [09/Sep/2008:05:09:19 -0700] "GET /musotica/images/home.gif HTTP/1.1" 200 70 "http://musotica.com/seligilo.html" "Mozilla/5.0 (Macintosh; U; Intel Mac OS X 10.5; en-US; rv:1.9.0.1) Gecko/2008070206 Firefox/3.0.1" "site.musotica.com"
136.176.103.98 - - [09/Sep/2008:05:09:19 -0700] "GET /musotica/images/tell.gif HTTP/1.1" 200 67 "http://musotica.com/seligilo.html" "Mozilla/5.0 (Macintosh; U; Intel Mac OS X 10.5; en-US; rv:1.9.0.1) Gecko/2008070206 Firefox/3.0.1" "site.musotica.com"
136.176.103.98 - - [09/Sep/2008:05:09:19 -0700] "GET /musotica/images/bookmark.gif HTTP/1.1" 200 124 "http://musotica.com/seligilo.html" "Mozilla/5.0 (Macintosh; U; Intel Mac OS X 10.5; en-US; rv:1.9.0.1) Gecko/2008070206 Firefox/3.0.1" "site.musotica.com"
136.176.103.98 - - [09/Sep/2008:05:09:19 -0700] "GET /musotica/images/go.gif HTTP/1.1" 200 731 "http://musotica.com/seligilo.html" "Mozilla/5.0 (Macintosh; U; Intel Mac OS X 10.5; en-US; rv:1.9.0.1) Gecko/2008070206 Firefox/3.0.1" "site.musotica.com"
136.176.103.98 - - [09/Sep/2008:05:09:19 -0700] "GET /scripts/cookies.js HTTP/1.1" 200 1429 "http://musotica.com/seligilo.html" "Mozilla/5.0 (Macintosh; U; Intel Mac OS X 10.5; en-US; rv:1.9.0.1) Gecko/2008070206 Firefox/3.0.1" "site.musotica.com"
136.176.103.98 - - [09/Sep/2008:05:09:19 -0700] "GET /musotica/images/head_strip.gif HTTP/1.1" 200 63 "http://site.musotica.com/musotica/style/style.css" "Mozilla/5.0 (Macintosh; U; Intel Mac OS X 10.5; en-US; rv:1.9.0.1) Gecko/2008070206 Firefox/3.0.1" "site.musotica.com"
136.176.103.98 - - [09/Sep/2008:05:09:19 -0700] "GET /musotica/images/newdot.gif HTTP/1.1" 200 62 "http://site.musotica.com/musotica/style/style.css" "Mozilla/5.0 (Macintosh; U; Intel Mac OS X 10.5; en-US; rv:1.9.0.1) Gecko/2008070206 Firefox/3.0.1" "site.musotica.com"
136.176.103.98 - - [09/Sep/2008:05:09:19 -0700] "GET /musotica/images/arrow.gif HTTP/1.1" 200 61 "http://musotica.com/seligilo.html" "Mozilla/5.0 (Macintosh; U; Intel Mac OS X 10.5; en-US; rv:1.9.0.1) Gecko/2008070206 Firefox/3.0.1" "site.musotica.com"
136.176.103.98 - - [09/Sep/2008:05:09:19 -0700] "GET /musotica/images/search.gif HTTP/1.1" 200 1538 "http://site.musotica.com/musotica/style/style.css" "Mozilla/5.0 (Macintosh; U; Intel Mac OS X 10.5; en-US; rv:1.9.0.1) Gecko/2008070206 Firefox/3.0.1" "site.musotica.com"
136.176.103.98 - - [09/Sep/2008:05:09:19 -0700] "GET /musotica/images/shop.gif HTTP/1.1" 200 83 "http://musotica.com/seligilo.html" "Mozilla/5.0 (Macintosh; U; Intel Mac OS X 10.5; en-US; rv:1.9.0.1) Gecko/2008070206 Firefox/3.0.1" "site.musotica.com"
136.176.103.98 - - [09/Sep/2008:05:09:19 -0700] "GET /musotica/images/midline.gif HTTP/1.1" 200 49 "http://site.musotica.com/musotica/style/style.css" "Mozilla/5.0 (Macintosh; U; Intel Mac OS X 10.5; en-US; rv:1.9.0.1) Gecko/2008070206 Firefox/3.0.1" "site.musotica.com"
136.176.103.98 - - [09/Sep/2008:05:09:19 -0700] "GET /scripts/pagging-inner.js HTTP/1.1" 200 24676 "http://musotica.com/seligilo.html" "Mozilla/5.0 (Macintosh; U; Intel Mac OS X 10.5; en-US; rv:1.9.0.1) Gecko/2008070206 Firefox/3.0.1" "site.musotica.com"
136.176.103.98 - - [09/Sep/2008:05:09:20 -0700] "GET /scripts/dpv.js HTTP/1.1" 200 1545 "http://musotica.com/seligilo.html" "Mozilla/5.0 (Macintosh; U; Intel Mac OS X 10.5; en-US; rv:1.9.0.1) Gecko/2008070206 Firefox/3.0.1" "site.musotica.com"
136.176.103.98 - - [09/Sep/2008:05:09:20 -0700] "GET /musotica/images/clubwear.jpg HTTP/1.1" 200 15480 "http://musotica.com/seligilo.html" "Mozilla/5.0 (Macintosh; U; Intel Mac OS X 10.5; en-US; rv:1.9.0.1) Gecko/2008070206 Firefox/3.0.1" "site.musotica.com"
136.176.103.98 - - [09/Sep/2008:05:09:20 -0700] "GET /musotica/images/stockings.jpg HTTP/1.1" 200 15303 "http://musotica.com/seligilo.html" "Mozilla/5.0 (Macintosh; U; Intel Mac OS X 10.5; en-US; rv:1.9.0.1) Gecko/2008070206 Firefox/3.0.1" "site.musotica.com"
136.176.103.98 - - [09/Sep/2008:05:09:20 -0700] "GET /musotica/images/lingeris.jpg HTTP/1.1" 200 17260 "http://musotica.com/seligilo.html" "Mozilla/5.0 (Macintosh; U; Intel Mac OS X 10.5; en-US; rv:1.9.0.1) Gecko/2008070206 Firefox/3.0.1" "site.musotica.com"
136.176.103.98 - - [09/Sep/2008:05:09:20 -0700] "GET /musotica/images/spacer.gif HTTP/1.1" 404 275 "http://musotica.com/seligilo.html" "Mozilla/5.0 (Macintosh; U; Intel Mac OS X 10.5; en-US; rv:1.9.0.1) Gecko/2008070206 Firefox/3.0.1" "site.musotica.com"
136.176.103.98 - - [09/Sep/2008:05:09:20 -0700] "GET /musotica/images/shoes.jpg HTTP/1.1" 200 14412 "http://musotica.com/seligilo.html" "Mozilla/5.0 (Macintosh; U; Intel Mac OS X 10.5; en-US; rv:1.9.0.1) Gecko/2008070206 Firefox/3.0.1" "site.musotica.com"
136.176.103.98 - - [09/Sep/2008:05:09:20 -0700] "GET /musotica/images/accessories.jpg HTTP/1.1" 200 17113 "http://musotica.com/seligilo.html" "Mozilla/5.0 (Macintosh; U; Intel Mac OS X 10.5; en-US; rv:1.9.0.1) Gecko/2008070206 Firefox/3.0.1" "site.musotica.com"
136.176.103.98 - - [09/Sep/2008:05:09:20 -0700] "GET /musotica/images/pay.jpg HTTP/1.1" 200 13131 "http://musotica.com/seligilo.html" "Mozilla/5.0 (Macintosh; U; Intel Mac OS X 10.5; en-US; rv:1.9.0.1) Gecko/2008070206 Firefox/3.0.1" "site.musotica.com"
136.176.103.98 - - [09/Sep/2008:05:09:20 -0700] "GET /musotica/images/ss.jpg HTTP/1.1" 200 5500 "http://musotica.com/seligilo.html" "Mozilla/5.0 (Macintosh; U; Intel Mac OS X 10.5; en-US; rv:1.9.0.1) Gecko/2008070206 Firefox/3.0.1" "site.musotica.com"
136.176.103.98 - - [09/Sep/2008:05:09:21 -0700] "GET /musotica/images/bannerdot.gif HTTP/1.1" 200 49 "http://site.musotica.com/musotica/style/style.css" "Mozilla/5.0 (Macintosh; U; Intel Mac OS X 10.5; en-US; rv:1.9.0.1) Gecko/2008070206 Firefox/3.0.1" "site.musotica.com"
136.176.103.98 - - [09/Sep/2008:05:09:21 -0700] "GET /musotica/images/newgreendot.gif HTTP/1.1" 200 49 "http://site.musotica.com/musotica/style/style.css" "Mozilla/5.0 (Macintosh; U; Intel Mac OS X 10.5; en-US; rv:1.9.0.1) Gecko/2008070206 Firefox/3.0.1" "site.musotica.com"
68.89.172.20 - - [09/Sep/2008:05:09:40 -0700] "GET /musotica/style/style.css HTTP/1.1" 200 2675 "http://musotica.com/sewaco.html" "Mozilla/4.0 (compatible; MSIE 6.0; Windows NT 5.1; SV1; .NET CLR 1.1.4322; .NET CLR 2.0.50727; .NET CLR 3.0.04506.30)" "site.musotica.com"
68.89.172.20 - - [09/Sep/2008:05:09:40 -0700] "GET /style/rolldiv-ie.css HTTP/1.1" 200 809 "http://musotica.com/sewaco.html" "Mozilla/4.0 (compatible; MSIE 6.0; Windows NT 5.1; SV1; .NET CLR 1.1.4322; .NET CLR 2.0.50727; .NET CLR 3.0.04506.30)" "site.musotica.com"
68.89.172.20 - - [09/Sep/2008:05:09:40 -0700] "GET /scripts/rolldiv.js HTTP/1.1" 200 623 "http://musotica.com/sewaco.html" "Mozilla/4.0 (compatible; MSIE 6.0; Windows NT 5.1; SV1; .NET CLR 1.1.4322; .NET CLR 2.0.50727; .NET CLR 3.0.04506.30)" "site.musotica.com"
68.89.172.20 - - [09/Sep/2008:05:09:40 -0700] "GET /musotica/images/logo.gif HTTP/1.1" 200 2006 "http://musotica.com/sewaco.html" "Mozilla/4.0 (compatible; MSIE 6.0; Windows NT 5.1; SV1; .NET CLR 1.1.4322; .NET CLR 2.0.50727; .NET CLR 3.0.04506.30)" "site.musotica.com"
68.89.172.20 - - [09/Sep/2008:05:09:40 -0700] "GET /musotica/images/head_strip.gif HTTP/1.1" 200 63 "http://musotica.com/sewaco.html" "Mozilla/4.0 (compatible; MSIE 6.0; Windows NT 5.1; SV1; .NET CLR 1.1.4322; .NET CLR 2.0.50727; .NET CLR 3.0.04506.30)" "site.musotica.com"
68.89.172.20 - - [09/Sep/2008:05:09:41 -0700] "GET /rolldiv-images/shadow.png HTTP/1.1" 200 175 "-" "Mozilla/4.0 (compatible; MSIE 6.0; Windows NT 5.1; SV1; .NET CLR 1.1.4322; .NET CLR 2.0.50727; .NET CLR 3.0.04506.30)" "site.musotica.com"
68.89.172.20 - - [09/Sep/2008:05:09:41 -0700] "GET /musotica/images/phone.gif HTTP/1.1" 200 385 "http://musotica.com/sewaco.html" "Mozilla/4.0 (compatible; MSIE 6.0; Windows NT 5.1; SV1; .NET CLR 1.1.4322; .NET CLR 2.0.50727; .NET CLR 3.0.04506.30)" "site.musotica.com"
68.89.172.20 - - [09/Sep/2008:05:09:41 -0700] "GET /musotica/images/home.gif HTTP/1.1" 200 70 "http://musotica.com/sewaco.html" "Mozilla/4.0 (compatible; MSIE 6.0; Windows NT 5.1; SV1; .NET CLR 1.1.4322; .NET CLR 2.0.50727; .NET CLR 3.0.04506.30)" "site.musotica.com"
68.89.172.20 - - [09/Sep/2008:05:09:41 -0700] "GET /musotica/images/newdot.gif HTTP/1.1" 200 62 "http://musotica.com/sewaco.html" "Mozilla/4.0 (compatible; MSIE 6.0; Windows NT 5.1; SV1; .NET CLR 1.1.4322; .NET CLR 2.0.50727; .NET CLR 3.0.04506.30)" "site.musotica.com"
68.89.172.20 - - [09/Sep/2008:05:09:41 -0700] "GET /musotica/images/tell.gif HTTP/1.1" 200 67 "http://musotica.com/sewaco.html" "Mozilla/4.0 (compatible; MSIE 6.0; Windows NT 5.1; SV1; .NET CLR 1.1.4322; .NET CLR 2.0.50727; .NET CLR 3.0.04506.30)" "site.musotica.com"
68.89.172.20 - - [09/Sep/2008:05:09:41 -0700] "GET /musotica/images/bookmark.gif HTTP/1.1" 200 124 "http://musotica.com/sewaco.html" "Mozilla/4.0 (compatible; MSIE 6.0; Windows NT 5.1; SV1; .NET CLR 1.1.4322; .NET CLR 2.0.50727; .NET CLR 3.0.04506.30)" "site.musotica.com"
68.89.172.20 - - [09/Sep/2008:05:09:41 -0700] "GET /musotica/images/go.gif HTTP/1.1" 200 731 "http://musotica.com/sewaco.html" "Mozilla/4.0 (compatible; MSIE 6.0; Windows NT 5.1; SV1; .NET CLR 1.1.4322; .NET CLR 2.0.50727; .NET CLR 3.0.04506.30)" "site.musotica.com"
68.89.172.20 - - [09/Sep/2008:05:09:41 -0700] "GET /musotica/images/shop.gif HTTP/1.1" 200 83 "http://musotica.com/sewaco.html" "Mozilla/4.0 (compatible; MSIE 6.0; Windows NT 5.1; SV1; .NET CLR 1.1.4322; .NET CLR 2.0.50727; .NET CLR 3.0.04506.30)" "site.musotica.com"
68.89.172.20 - - [09/Sep/2008:05:09:41 -0700] "GET /musotica/images/arrow.gif HTTP/1.1" 200 61 "http://musotica.com/sewaco.html" "Mozilla/4.0 (compatible; MSIE 6.0; Windows NT 5.1; SV1; .NET CLR 1.1.4322; .NET CLR 2.0.50727; .NET CLR 3.0.04506.30)" "site.musotica.com"
68.89.172.20 - - [09/Sep/2008:05:09:41 -0700] "GET /musotica/images/search.gif HTTP/1.1" 200 1538 "http://musotica.com/sewaco.html" "Mozilla/4.0 (compatible; MSIE 6.0; Windows NT 5.1; SV1; .NET CLR 1.1.4322; .NET CLR 2.0.50727; .NET CLR 3.0.04506.30)" "site.musotica.com"
68.89.172.20 - - [09/Sep/2008:05:09:41 -0700] "GET /musotica/images/midline.gif HTTP/1.1" 200 49 "http://musotica.com/sewaco.html" "Mozilla/4.0 (compatible; MSIE 6.0; Windows NT 5.1; SV1; .NET CLR 1.1.4322; .NET CLR 2.0.50727; .NET CLR 3.0.04506.30)" "site.musotica.com"
68.89.172.20 - - [09/Sep/2008:05:09:41 -0700] "GET /scripts/cookies.js HTTP/1.1" 200 1429 "http://musotica.com/sewaco.html" "Mozilla/4.0 (compatible; MSIE 6.0; Windows NT 5.1; SV1; .NET CLR 1.1.4322; .NET CLR 2.0.50727; .NET CLR 3.0.04506.30)" "site.musotica.com"
68.89.172.20 - - [09/Sep/2008:05:09:41 -0700] "GET /scripts/pagging-inner.js HTTP/1.1" 200 24676 "http://musotica.com/sewaco.html" "Mozilla/4.0 (compatible; MSIE 6.0; Windows NT 5.1; SV1; .NET CLR 1.1.4322; .NET CLR 2.0.50727; .NET CLR 3.0.04506.30)" "site.musotica.com"
68.89.172.20 - - [09/Sep/2008:05:09:42 -0700] "GET /scripts/dpv.js HTTP/1.1" 200 1545 "http://musotica.com/sewaco.html" "Mozilla/4.0 (compatible; MSIE 6.0; Windows NT 5.1; SV1; .NET CLR 1.1.4322; .NET CLR 2.0.50727; .NET CLR 3.0.04506.30)" "site.musotica.com"
68.89.172.20 - - [09/Sep/2008:05:09:42 -0700] "GET /musotica/images/lingeris.jpg HTTP/1.1" 200 17260 "http://musotica.com/sewaco.html" "Mozilla/4.0 (compatible; MSIE 6.0; Windows NT 5.1; SV1; .NET CLR 1.1.4322; .NET CLR 2.0.50727; .NET CLR 3.0.04506.30)" "site.musotica.com"
68.89.172.20 - - [09/Sep/2008:05:09:42 -0700] "GET /musotica/images/bannerdot.gif HTTP/1.1" 200 49 "http://musotica.com/sewaco.html" "Mozilla/4.0 (compatible; MSIE 6.0; Windows NT 5.1; SV1; .NET CLR 1.1.4322; .NET CLR 2.0.50727; .NET CLR 3.0.04506.30)" "site.musotica.com"
68.89.172.20 - - [09/Sep/2008:05:09:43 -0700] "GET /musotica/images/spacer.gif HTTP/1.1" 404 275 "http://musotica.com/sewaco.html" "Mozilla/4.0 (compatible; MSIE 6.0; Windows NT 5.1; SV1; .NET CLR 1.1.4322; .NET CLR 2.0.50727; .NET CLR 3.0.04506.30)" "site.musotica.com"
68.89.172.20 - - [09/Sep/2008:05:09:43 -0700] "GET /musotica/images/clubwear.jpg HTTP/1.1" 200 15480 "http://musotica.com/sewaco.html" "Mozilla/4.0 (compatible; MSIE 6.0; Windows NT 5.1; SV1; .NET CLR 1.1.4322; .NET CLR 2.0.50727; .NET CLR 3.0.04506.30)" "site.musotica.com"
68.89.172.20 - - [09/Sep/2008:05:09:43 -0700] "GET /musotica/images/newgreendot.gif HTTP/1.1" 200 49 "http://musotica.com/sewaco.html" "Mozilla/4.0 (compatible; MSIE 6.0; Windows NT 5.1; SV1; .NET CLR 1.1.4322; .NET CLR 2.0.50727; .NET CLR 3.0.04506.30)" "site.musotica.com"
68.89.172.20 - - [09/Sep/2008:05:09:44 -0700] "GET /musotica/images/stockings.jpg HTTP/1.1" 200 15303 "http://musotica.com/sewaco.html" "Mozilla/4.0 (compatible; MSIE 6.0; Windows NT 5.1; SV1; .NET CLR 1.1.4322; .NET CLR 2.0.50727; .NET CLR 3.0.04506.30)" "site.musotica.com"
68.89.172.20 - - [09/Sep/2008:05:09:44 -0700] "GET /musotica/images/shoes.jpg HTTP/1.1" 200 14412 "http://musotica.com/sewaco.html" "Mozilla/4.0 (compatible; MSIE 6.0; Windows NT 5.1; SV1; .NET CLR 1.1.4322; .NET CLR 2.0.50727; .NET CLR 3.0.04506.30)" "site.musotica.com"
68.89.172.20 - - [09/Sep/2008:05:09:44 -0700] "GET /musotica/images/accessories.jpg HTTP/1.1" 200 17113 "http://musotica.com/sewaco.html" "Mozilla/4.0 (compatible; MSIE 6.0; Windows NT 5.1; SV1; .NET CLR 1.1.4322; .NET CLR 2.0.50727; .NET CLR 3.0.04506.30)" "site.musotica.com"
68.89.172.20 - - [09/Sep/2008:05:09:44 -0700] "GET /musotica/images/pay.jpg HTTP/1.1" 200 13131 "http://musotica.com/sewaco.html" "Mozilla/4.0 (compatible; MSIE 6.0; Windows NT 5.1; SV1; .NET CLR 1.1.4322; .NET CLR 2.0.50727; .NET CLR 3.0.04506.30)" "site.musotica.com"
68.89.172.20 - - [09/Sep/2008:05:09:45 -0700] "GET /rolldiv-images/header.png HTTP/1.1" 200 730 "-" "Mozilla/4.0 (compatible; MSIE 6.0; Windows NT 5.1; SV1; .NET CLR 1.1.4322; .NET CLR 2.0.50727; .NET CLR 3.0.04506.30)" "site.musotica.com"
68.89.172.20 - - [09/Sep/2008:05:09:45 -0700] "GET /musotica/images/ss.jpg HTTP/1.1" 200 5500 "http://musotica.com/sewaco.html" "Mozilla/4.0 (compatible; MSIE 6.0; Windows NT 5.1; SV1; .NET CLR 1.1.4322; .NET CLR 2.0.50727; .NET CLR 3.0.04506.30)" "site.musotica.com"
68.89.172.20 - - [09/Sep/2008:05:09:45 -0700] "GET /rolldiv-images/footer.png HTTP/1.1" 200 637 "-" "Mozilla/4.0 (compatible; MSIE 6.0; Windows NT 5.1; SV1; .NET CLR 1.1.4322; .NET CLR 2.0.50727; .NET CLR 3.0.04506.30)" "site.musotica.com"
64.12.116.204 - - [09/Sep/2008:05:09:46 -0700] "GET /musotica/images/logo.gif HTTP/1.1" 200 2006 "http://musotica.com/seswpi.html?gclid=CPGAwMrWzpUCFQKJxgodBzi-iQ" "Mozilla/4.0 (compatible; MSIE 7.0; AOL 9.1; AOLBuild 4334.34; Windows NT 5.1; .NET CLR 1.1.4322; .NET CLR 2.0.50727; .NET CLR 3.0.04506.30; IEMB3; IEMB3)" "site.musotica.com"
64.12.116.138 - - [09/Sep/2008:05:09:46 -0700] "GET /musotica/images/home.gif HTTP/1.1" 200 70 "http://musotica.com/seswpi.html?gclid=CPGAwMrWzpUCFQKJxgodBzi-iQ" "Mozilla/4.0 (compatible; MSIE 7.0; AOL 9.1; AOLBuild 4334.34; Windows NT 5.1; .NET CLR 1.1.4322; .NET CLR 2.0.50727; .NET CLR 3.0.04506.30; IEMB3; IEMB3)" "site.musotica.com"
64.12.117.70 - - [09/Sep/2008:05:09:46 -0700] "GET /musotica/images/go.gif HTTP/1.1" 200 731 "http://musotica.com/seswpi.html?gclid=CPGAwMrWzpUCFQKJxgodBzi-iQ" "Mozilla/4.0 (compatible; MSIE 7.0; AOL 9.1; AOLBuild 4334.34; Windows NT 5.1; .NET CLR 1.1.4322; .NET CLR 2.0.50727; .NET CLR 3.0.04506.30; IEMB3; IEMB3)" "site.musotica.com"
64.12.117.206 - - [09/Sep/2008:05:09:50 -0700] "GET /musotica/images/spacer.gif HTTP/1.1" 404 275 "http://musotica.com/seswpi.html?gclid=CPGAwMrWzpUCFQKJxgodBzi-iQ" "Mozilla/4.0 (compatible; MSIE 7.0; AOL 9.1; AOLBuild 4334.34; Windows NT 5.1; .NET CLR 1.1.4322; .NET CLR 2.0.50727; .NET CLR 3.0.04506.30; IEMB3; IEMB3)" "site.musotica.com"
65.54.154.26 - - [09/Sep/2008:05:09:50 -0700] "GET /musotica/style/style.css HTTP/1.0" 304 - "http://musotica.com/sefishtop.html" "Mozilla/4.0 (compatible; MSIE 7.0; Windows NT 5.1; .NET CLR 1.1.4322)" "site.musotica.com"
65.54.154.26 - - [09/Sep/2008:05:09:51 -0700] "GET /style/rolldiv-ie.css HTTP/1.0" 304 - "http://musotica.com/sefishtop.html" "Mozilla/4.0 (compatible; MSIE 7.0; Windows NT 5.1; .NET CLR 1.1.4322)" "site.musotica.com"
65.54.154.26 - - [09/Sep/2008:05:09:51 -0700] "GET /scripts/rolldiv.js HTTP/1.0" 304 - "http://musotica.com/sefishtop.html" "Mozilla/4.0 (compatible; MSIE 7.0; Windows NT 5.1; .NET CLR 1.1.4322)" "site.musotica.com"
65.54.154.26 - - [09/Sep/2008:05:09:52 -0700] "GET /scripts/paging-images/images/spacer.gif HTTP/1.0" 404 275 "http://musotica.com/sefishtop.html" "Mozilla/4.0 (compatible; MSIE 7.0; Windows NT 5.1; .NET CLR 1.1.4322)" "site.musotica.com"
65.54.154.26 - - [09/Sep/2008:05:09:52 -0700] "GET /musotica/images/spacer.gif HTTP/1.0" 404 275 "http://musotica.com/sefishtop.html" "Mozilla/4.0 (compatible; MSIE 7.0; Windows NT 5.1; .NET CLR 1.1.4322)" "site.musotica.com"
68.89.172.20 - - [09/Sep/2008:05:10:05 -0700] "GET /scripts/paging-images/images/spacer.gif HTTP/1.1" 404 275 "http://musotica.com/selahaco.html" "Mozilla/4.0 (compatible; MSIE 6.0; Windows NT 5.1; SV1; .NET CLR 1.1.4322; .NET CLR 2.0.50727; .NET CLR 3.0.04506.30)" "site.musotica.com"
68.89.172.20 - - [09/Sep/2008:05:10:06 -0700] "GET /musotica/images/spacer.gif HTTP/1.1" 404 275 "http://musotica.com/selahaco.html" "Mozilla/4.0 (compatible; MSIE 6.0; Windows NT 5.1; SV1; .NET CLR 1.1.4322; .NET CLR 2.0.50727; .NET CLR 3.0.04506.30)" "site.musotica.com"
68.89.172.20 - - [09/Sep/2008:05:10:18 -0700] "GET /musotica/style/style.css HTTP/1.1" 304 - "http://musotica.com/sewaco.html" "Mozilla/4.0 (compatible; MSIE 6.0; Windows NT 5.1; SV1; .NET CLR 1.1.4322; .NET CLR 2.0.50727; .NET CLR 3.0.04506.30)" "site.musotica.com"
68.89.172.20 - - [09/Sep/2008:05:10:18 -0700] "GET /style/rolldiv-ie.css HTTP/1.1" 304 - "http://musotica.com/sewaco.html" "Mozilla/4.0 (compatible; MSIE 6.0; Windows NT 5.1; SV1; .NET CLR 1.1.4322; .NET CLR 2.0.50727; .NET CLR 3.0.04506.30)" "site.musotica.com"
68.89.172.20 - - [09/Sep/2008:05:10:18 -0700] "GET /scripts/rolldiv.js HTTP/1.1" 304 - "http://musotica.com/sewaco.html" "Mozilla/4.0 (compatible; MSIE 6.0; Windows NT 5.1; SV1; .NET CLR 1.1.4322; .NET CLR 2.0.50727; .NET CLR 3.0.04506.30)" "site.musotica.com"
68.89.172.20 - - [09/Sep/2008:05:10:19 -0700] "GET /scripts/cookies.js HTTP/1.1" 304 - "http://musotica.com/sewaco.html" "Mozilla/4.0 (compatible; MSIE 6.0; Windows NT 5.1; SV1; .NET CLR 1.1.4322; .NET CLR 2.0.50727; .NET CLR 3.0.04506.30)" "site.musotica.com"
68.89.172.20 - - [09/Sep/2008:05:10:19 -0700] "GET /scripts/pagging-inner.js HTTP/1.1" 304 - "http://musotica.com/sewaco.html" "Mozilla/4.0 (compatible; MSIE 6.0; Windows NT 5.1; SV1; .NET CLR 1.1.4322; .NET CLR 2.0.50727; .NET CLR 3.0.04506.30)" "site.musotica.com"
68.89.172.20 - - [09/Sep/2008:05:10:19 -0700] "GET /scripts/dpv.js HTTP/1.1" 304 - "http://musotica.com/sewaco.html" "Mozilla/4.0 (compatible; MSIE 6.0; Windows NT 5.1; SV1; .NET CLR 1.1.4322; .NET CLR 2.0.50727; .NET CLR 3.0.04506.30)" "site.musotica.com"
68.89.172.20 - - [09/Sep/2008:05:10:19 -0700] "GET /musotica/images/spacer.gif HTTP/1.1" 404 275 "http://musotica.com/sewaco.html" "Mozilla/4.0 (compatible; MSIE 6.0; Windows NT 5.1; SV1; .NET CLR 1.1.4322; .NET CLR 2.0.50727; .NET CLR 3.0.04506.30)" "site.musotica.com"
65.54.154.26 - - [09/Sep/2008:05:10:21 -0700] "GET /musotica/style/style.css HTTP/1.0" 304 - "http://musotica.com/rodofishset.html" "Mozilla/4.0 (compatible; MSIE 7.0; Windows NT 5.1; .NET CLR 1.1.4322)" "site.musotica.com"
65.54.154.26 - - [09/Sep/2008:05:10:22 -0700] "GET /style/rolldiv-ie.css HTTP/1.0" 304 - "http://musotica.com/rodofishset.html" "Mozilla/4.0 (compatible; MSIE 7.0; Windows NT 5.1; .NET CLR 1.1.4322)" "site.musotica.com"
65.54.154.26 - - [09/Sep/2008:05:10:22 -0700] "GET /scripts/rolldiv.js HTTP/1.0" 304 - "http://musotica.com/rodofishset.html" "Mozilla/4.0 (compatible; MSIE 7.0; Windows NT 5.1; .NET CLR 1.1.4322)" "site.musotica.com"
65.54.154.26 - - [09/Sep/2008:05:10:23 -0700] "GET /scripts/paging-images/images/spacer.gif HTTP/1.0" 404 275 "http://musotica.com/rodofishset.html" "Mozilla/4.0 (compatible; MSIE 7.0; Windows NT 5.1; .NET CLR 1.1.4322)" "site.musotica.com"
65.54.154.26 - - [09/Sep/2008:05:10:23 -0700] "GET /musotica/images/spacer.gif HTTP/1.0" 404 275 "http://musotica.com/rodofishset.html" "Mozilla/4.0 (compatible; MSIE 7.0; Windows NT 5.1; .NET CLR 1.1.4322)" "site.musotica.com"
67.217.3.217 - - [09/Sep/2008:05:10:27 -0700] "GET /musotica/style/style.css HTTP/1.1" 200 2675 "http://musotica.com/sesoseknhiso.html" "Mozilla/5.0 (Windows; U; Windows NT 5.1; en-US; rv:1.9.0.1) Gecko/2008070208 Firefox/3.0.1" "site.musotica.com"
67.217.3.217 - - [09/Sep/2008:05:10:28 -0700] "GET /scripts/rolldiv.js HTTP/1.1" 200 623 "http://musotica.com/sesoseknhiso.html" "Mozilla/5.0 (Windows; U; Windows NT 5.1; en-US; rv:1.9.0.1) Gecko/2008070208 Firefox/3.0.1" "site.musotica.com"
67.217.3.217 - - [09/Sep/2008:05:10:28 -0700] "GET /style/rolldiv-mozilla.css HTTP/1.1" 200 711 "http://musotica.com/sesoseknhiso.html" "Mozilla/5.0 (Windows; U; Windows NT 5.1; en-US; rv:1.9.0.1) Gecko/2008070208 Firefox/3.0.1" "site.musotica.com"
67.217.3.217 - - [09/Sep/2008:05:10:28 -0700] "GET /musotica/images/logo.gif HTTP/1.1" 200 2006 "http://musotica.com/sesoseknhiso.html" "Mozilla/5.0 (Windows; U; Windows NT 5.1; en-US; rv:1.9.0.1) Gecko/2008070208 Firefox/3.0.1" "site.musotica.com"
67.217.3.217 - - [09/Sep/2008:05:10:28 -0700] "GET /musotica/images/tell.gif HTTP/1.1" 200 67 "http://musotica.com/sesoseknhiso.html" "Mozilla/5.0 (Windows; U; Windows NT 5.1; en-US; rv:1.9.0.1) Gecko/2008070208 Firefox/3.0.1" "site.musotica.com"
67.217.3.217 - - [09/Sep/2008:05:10:28 -0700] "GET /musotica/images/phone.gif HTTP/1.1" 200 385 "http://musotica.com/sesoseknhiso.html" "Mozilla/5.0 (Windows; U; Windows NT 5.1; en-US; rv:1.9.0.1) Gecko/2008070208 Firefox/3.0.1" "site.musotica.com"
67.217.3.217 - - [09/Sep/2008:05:10:28 -0700] "GET /musotica/images/home.gif HTTP/1.1" 200 70 "http://musotica.com/sesoseknhiso.html" "Mozilla/5.0 (Windows; U; Windows NT 5.1; en-US; rv:1.9.0.1) Gecko/2008070208 Firefox/3.0.1" "site.musotica.com"
67.217.3.217 - - [09/Sep/2008:05:10:28 -0700] "GET /musotica/images/bookmark.gif HTTP/1.1" 200 124 "http://musotica.com/sesoseknhiso.html" "Mozilla/5.0 (Windows; U; Windows NT 5.1; en-US; rv:1.9.0.1) Gecko/2008070208 Firefox/3.0.1" "site.musotica.com"
67.217.3.217 - - [09/Sep/2008:05:10:28 -0700] "GET /musotica/images/go.gif HTTP/1.1" 200 731 "http://musotica.com/sesoseknhiso.html" "Mozilla/5.0 (Windows; U; Windows NT 5.1; en-US; rv:1.9.0.1) Gecko/2008070208 Firefox/3.0.1" "site.musotica.com"
67.217.3.217 - - [09/Sep/2008:05:10:28 -0700] "GET /scripts/cookies.js HTTP/1.1" 200 1429 "http://musotica.com/sesoseknhiso.html" "Mozilla/5.0 (Windows; U; Windows NT 5.1; en-US; rv:1.9.0.1) Gecko/2008070208 Firefox/3.0.1" "site.musotica.com"
67.217.3.217 - - [09/Sep/2008:05:10:28 -0700] "GET /musotica/images/arrow.gif HTTP/1.1" 200 61 "http://musotica.com/sesoseknhiso.html" "Mozilla/5.0 (Windows; U; Windows NT 5.1; en-US; rv:1.9.0.1) Gecko/2008070208 Firefox/3.0.1" "site.musotica.com"
67.217.3.217 - - [09/Sep/2008:05:10:28 -0700] "GET /musotica/images/shop.gif HTTP/1.1" 200 83 "http://musotica.com/sesoseknhiso.html" "Mozilla/5.0 (Windows; U; Windows NT 5.1; en-US; rv:1.9.0.1) Gecko/2008070208 Firefox/3.0.1" "site.musotica.com"
67.217.3.217 - - [09/Sep/2008:05:10:28 -0700] "GET /musotica/images/head_strip.gif HTTP/1.1" 200 63 "http://site.musotica.com/musotica/style/style.css" "Mozilla/5.0 (Windows; U; Windows NT 5.1; en-US; rv:1.9.0.1) Gecko/2008070208 Firefox/3.0.1" "site.musotica.com"
67.217.3.217 - - [09/Sep/2008:05:10:28 -0700] "GET /musotica/images/newdot.gif HTTP/1.1" 200 62 "http://site.musotica.com/musotica/style/style.css" "Mozilla/5.0 (Windows; U; Windows NT 5.1; en-US; rv:1.9.0.1) Gecko/2008070208 Firefox/3.0.1" "site.musotica.com"
67.217.3.217 - - [09/Sep/2008:05:10:28 -0700] "GET /musotica/images/search.gif HTTP/1.1" 200 1538 "http://site.musotica.com/musotica/style/style.css" "Mozilla/5.0 (Windows; U; Windows NT 5.1; en-US; rv:1.9.0.1) Gecko/2008070208 Firefox/3.0.1" "site.musotica.com"
67.217.3.217 - - [09/Sep/2008:05:10:28 -0700] "GET /musotica/images/midline.gif HTTP/1.1" 200 49 "http://site.musotica.com/musotica/style/style.css" "Mozilla/5.0 (Windows; U; Windows NT 5.1; en-US; rv:1.9.0.1) Gecko/2008070208 Firefox/3.0.1" "site.musotica.com"
67.217.3.217 - - [09/Sep/2008:05:10:28 -0700] "GET /scripts/pagging-inner.js HTTP/1.1" 200 24676 "http://musotica.com/sesoseknhiso.html" "Mozilla/5.0 (Windows; U; Windows NT 5.1; en-US; rv:1.9.0.1) Gecko/2008070208 Firefox/3.0.1" "site.musotica.com"
67.217.3.217 - - [09/Sep/2008:05:10:28 -0700] "GET /scripts/dpv.js HTTP/1.1" 200 1545 "http://musotica.com/sesoseknhiso.html" "Mozilla/5.0 (Windows; U; Windows NT 5.1; en-US; rv:1.9.0.1) Gecko/2008070208 Firefox/3.0.1" "site.musotica.com"
67.217.3.217 - - [09/Sep/2008:05:10:28 -0700] "GET /musotica/images/lingeris.jpg HTTP/1.1" 200 17260 "http://musotica.com/sesoseknhiso.html" "Mozilla/5.0 (Windows; U; Windows NT 5.1; en-US; rv:1.9.0.1) Gecko/2008070208 Firefox/3.0.1" "site.musotica.com"
67.217.3.217 - - [09/Sep/2008:05:10:28 -0700] "GET /musotica/images/shoes.jpg HTTP/1.1" 200 14412 "http://musotica.com/sesoseknhiso.html" "Mozilla/5.0 (Windows; U; Windows NT 5.1; en-US; rv:1.9.0.1) Gecko/2008070208 Firefox/3.0.1" "site.musotica.com"
67.217.3.217 - - [09/Sep/2008:05:10:28 -0700] "GET /musotica/images/clubwear.jpg HTTP/1.1" 200 15480 "http://musotica.com/sesoseknhiso.html" "Mozilla/5.0 (Windows; U; Windows NT 5.1; en-US; rv:1.9.0.1) Gecko/2008070208 Firefox/3.0.1" "site.musotica.com"
67.217.3.217 - - [09/Sep/2008:05:10:28 -0700] "GET /musotica/images/accessories.jpg HTTP/1.1" 200 17113 "http://musotica.com/sesoseknhiso.html" "Mozilla/5.0 (Windows; U; Windows NT 5.1; en-US; rv:1.9.0.1) Gecko/2008070208 Firefox/3.0.1" "site.musotica.com"
67.217.3.217 - - [09/Sep/2008:05:10:28 -0700] "GET /musotica/images/stockings.jpg HTTP/1.1" 200 15303 "http://musotica.com/sesoseknhiso.html" "Mozilla/5.0 (Windows; U; Windows NT 5.1; en-US; rv:1.9.0.1) Gecko/2008070208 Firefox/3.0.1" "site.musotica.com"
67.217.3.217 - - [09/Sep/2008:05:10:28 -0700] "GET /musotica/images/spacer.gif HTTP/1.1" 404 275 "http://musotica.com/sesoseknhiso.html" "Mozilla/5.0 (Windows; U; Windows NT 5.1; en-US; rv:1.9.0.1) Gecko/2008070208 Firefox/3.0.1" "site.musotica.com"
67.217.3.217 - - [09/Sep/2008:05:10:29 -0700] "GET /musotica/images/pay.jpg HTTP/1.1" 200 13131 "http://musotica.com/sesoseknhiso.html" "Mozilla/5.0 (Windows; U; Windows NT 5.1; en-US; rv:1.9.0.1) Gecko/2008070208 Firefox/3.0.1" "site.musotica.com"
67.217.3.217 - - [09/Sep/2008:05:10:29 -0700] "GET /musotica/images/ss.jpg HTTP/1.1" 200 5500 "http://musotica.com/sesoseknhiso.html" "Mozilla/5.0 (Windows; U; Windows NT 5.1; en-US; rv:1.9.0.1) Gecko/2008070208 Firefox/3.0.1" "site.musotica.com"
67.217.3.217 - - [09/Sep/2008:05:10:29 -0700] "GET /musotica/images/bannerdot.gif HTTP/1.1" 200 49 "http://site.musotica.com/musotica/style/style.css" "Mozilla/5.0 (Windows; U; Windows NT 5.1; en-US; rv:1.9.0.1) Gecko/2008070208 Firefox/3.0.1" "site.musotica.com"
67.217.3.217 - - [09/Sep/2008:05:10:29 -0700] "GET /musotica/images/newgreendot.gif HTTP/1.1" 200 49 "http://site.musotica.com/musotica/style/style.css" "Mozilla/5.0 (Windows; U; Windows NT 5.1; en-US; rv:1.9.0.1) Gecko/2008070208 Firefox/3.0.1" "site.musotica.com"
83.9.68.139 - - [09/Sep/2008:05:10:58 -0700] "GET /musotica/style/style.css HTTP/1.1" 200 2675 "http://musotica.com/sesoseknhiso.html" "Mozilla/5.0 (Windows; U; Windows NT 5.1; pl; rv:1.9.0.1) Gecko/2008070208 Firefox/3.0.1" "site.musotica.com"
83.9.68.139 - - [09/Sep/2008:05:10:59 -0700] "GET /style/rolldiv-mozilla.css HTTP/1.1" 200 711 "http://musotica.com/sesoseknhiso.html" "Mozilla/5.0 (Windows; U; Windows NT 5.1; pl; rv:1.9.0.1) Gecko/2008070208 Firefox/3.0.1" "site.musotica.com"
83.9.68.139 - - [09/Sep/2008:05:10:59 -0700] "GET /scripts/rolldiv.js HTTP/1.1" 200 623 "http://musotica.com/sesoseknhiso.html" "Mozilla/5.0 (Windows; U; Windows NT 5.1; pl; rv:1.9.0.1) Gecko/2008070208 Firefox/3.0.1" "site.musotica.com"
83.9.68.139 - - [09/Sep/2008:05:11:00 -0700] "GET /musotica/images/logo.gif HTTP/1.1" 200 2006 "http://musotica.com/sesoseknhiso.html" "Mozilla/5.0 (Windows; U; Windows NT 5.1; pl; rv:1.9.0.1) Gecko/2008070208 Firefox/3.0.1" "site.musotica.com"
83.9.68.139 - - [09/Sep/2008:05:11:00 -0700] "GET /musotica/images/phone.gif HTTP/1.1" 200 385 "http://musotica.com/sesoseknhiso.html" "Mozilla/5.0 (Windows; U; Windows NT 5.1; pl; rv:1.9.0.1) Gecko/2008070208 Firefox/3.0.1" "site.musotica.com"
83.9.68.139 - - [09/Sep/2008:05:11:00 -0700] "GET /musotica/images/home.gif HTTP/1.1" 200 70 "http://musotica.com/sesoseknhiso.html" "Mozilla/5.0 (Windows; U; Windows NT 5.1; pl; rv:1.9.0.1) Gecko/2008070208 Firefox/3.0.1" "site.musotica.com"
83.9.68.139 - - [09/Sep/2008:05:11:00 -0700] "GET /musotica/images/tell.gif HTTP/1.1" 200 67 "http://musotica.com/sesoseknhiso.html" "Mozilla/5.0 (Windows; U; Windows NT 5.1; pl; rv:1.9.0.1) Gecko/2008070208 Firefox/3.0.1" "site.musotica.com"
83.9.68.139 - - [09/Sep/2008:05:11:00 -0700] "GET /musotica/images/bookmark.gif HTTP/1.1" 200 124 "http://musotica.com/sesoseknhiso.html" "Mozilla/5.0 (Windows; U; Windows NT 5.1; pl; rv:1.9.0.1) Gecko/2008070208 Firefox/3.0.1" "site.musotica.com"
83.9.68.139 - - [09/Sep/2008:05:11:00 -0700] "GET /musotica/images/go.gif HTTP/1.1" 200 731 "http://musotica.com/sesoseknhiso.html" "Mozilla/5.0 (Windows; U; Windows NT 5.1; pl; rv:1.9.0.1) Gecko/2008070208 Firefox/3.0.1" "site.musotica.com"
83.9.68.139 - - [09/Sep/2008:05:11:01 -0700] "GET /scripts/cookies.js HTTP/1.1" 200 1429 "http://musotica.com/sesoseknhiso.html" "Mozilla/5.0 (Windows; U; Windows NT 5.1; pl; rv:1.9.0.1) Gecko/2008070208 Firefox/3.0.1" "site.musotica.com"
83.9.68.139 - - [09/Sep/2008:05:11:01 -0700] "GET /musotica/images/arrow.gif HTTP/1.1" 200 61 "http://musotica.com/sesoseknhiso.html" "Mozilla/5.0 (Windows; U; Windows NT 5.1; pl; rv:1.9.0.1) Gecko/2008070208 Firefox/3.0.1" "site.musotica.com"
83.9.68.139 - - [09/Sep/2008:05:11:01 -0700] "GET /musotica/images/shop.gif HTTP/1.1" 200 83 "http://musotica.com/sesoseknhiso.html" "Mozilla/5.0 (Windows; U; Windows NT 5.1; pl; rv:1.9.0.1) Gecko/2008070208 Firefox/3.0.1" "site.musotica.com"
83.9.68.139 - - [09/Sep/2008:05:11:01 -0700] "GET /musotica/images/head_strip.gif HTTP/1.1" 200 63 "http://site.musotica.com/musotica/style/style.css" "Mozilla/5.0 (Windows; U; Windows NT 5.1; pl; rv:1.9.0.1) Gecko/2008070208 Firefox/3.0.1" "site.musotica.com"
83.9.68.139 - - [09/Sep/2008:05:11:01 -0700] "GET /musotica/images/newdot.gif HTTP/1.1" 200 62 "http://site.musotica.com/musotica/style/style.css" "Mozilla/5.0 (Windows; U; Windows NT 5.1; pl; rv:1.9.0.1) Gecko/2008070208 Firefox/3.0.1" "site.musotica.com"
83.9.68.139 - - [09/Sep/2008:05:11:01 -0700] "GET /musotica/images/search.gif HTTP/1.1" 200 1538 "http://site.musotica.com/musotica/style/style.css" "Mozilla/5.0 (Windows; U; Windows NT 5.1; pl; rv:1.9.0.1) Gecko/2008070208 Firefox/3.0.1" "site.musotica.com"
63.113.199.109 - - [09/Sep/2008:05:11:01 -0700] "GET /scripts/paging-images/images/spacer.gif HTTP/1.1" 404 275 "http://musotica.com/semabocoseha1.html" "Mozilla/4.0 (compatible; MSIE 6.0; Windows NT 5.1; SV1; .NET CLR 1.1.4322)" "site.musotica.com"
83.9.68.139 - - [09/Sep/2008:05:11:02 -0700] "GET /musotica/images/midline.gif HTTP/1.1" 200 49 "http://site.musotica.com/musotica/style/style.css" "Mozilla/5.0 (Windows; U; Windows NT 5.1; pl; rv:1.9.0.1) Gecko/2008070208 Firefox/3.0.1" "site.musotica.com"
83.9.68.139 - - [09/Sep/2008:05:11:02 -0700] "GET /scripts/pagging-inner.js HTTP/1.1" 200 24676 "http://musotica.com/sesoseknhiso.html" "Mozilla/5.0 (Windows; U; Windows NT 5.1; pl; rv:1.9.0.1) Gecko/2008070208 Firefox/3.0.1" "site.musotica.com"
65.54.154.26 - - [09/Sep/2008:05:11:02 -0700] "GET /musotica/style/style.css HTTP/1.0" 304 - "http://musotica.com/nesehuwe.html" "Mozilla/4.0 (compatible; MSIE 7.0; Windows NT 5.1; .NET CLR 1.1.4322)" "site.musotica.com"
63.113.199.109 - - [09/Sep/2008:05:11:02 -0700] "GET /musotica/images/spacer.gif HTTP/1.1" 404 275 "http://musotica.com/semabocoseha1.html" "Mozilla/4.0 (compatible; MSIE 6.0; Windows NT 5.1; SV1; .NET CLR 1.1.4322)" "site.musotica.com"
65.54.154.26 - - [09/Sep/2008:05:11:03 -0700] "GET /style/rolldiv-ie.css HTTP/1.0" 304 - "http://musotica.com/nesehuwe.html" "Mozilla/4.0 (compatible; MSIE 7.0; Windows NT 5.1; .NET CLR 1.1.4322)" "site.musotica.com"
65.54.154.26 - - [09/Sep/2008:05:11:03 -0700] "GET /scripts/rolldiv.js HTTP/1.0" 304 - "http://musotica.com/nesehuwe.html" "Mozilla/4.0 (compatible; MSIE 7.0; Windows NT 5.1; .NET CLR 1.1.4322)" "site.musotica.com"
83.9.68.139 - - [09/Sep/2008:05:11:03 -0700] "GET /scripts/dpv.js HTTP/1.1" 200 1545 "http://musotica.com/sesoseknhiso.html" "Mozilla/5.0 (Windows; U; Windows NT 5.1; pl; rv:1.9.0.1) Gecko/2008070208 Firefox/3.0.1" "site.musotica.com"
65.54.154.26 - - [09/Sep/2008:05:11:03 -0700] "GET /scripts/cookies.js HTTP/1.0" 304 - "http://musotica.com/nesehuwe.html" "Mozilla/4.0 (compatible; MSIE 7.0; Windows NT 5.1; .NET CLR 1.1.4322)" "site.musotica.com"
65.54.154.26 - - [09/Sep/2008:05:11:04 -0700] "GET /scripts/pagging-inner.js HTTP/1.0" 304 - "http://musotica.com/nesehuwe.html" "Mozilla/4.0 (compatible; MSIE 7.0; Windows NT 5.1; .NET CLR 1.1.4322)" "site.musotica.com"
83.9.68.139 - - [09/Sep/2008:05:11:04 -0700] "GET /musotica/images/lingeris.jpg HTTP/1.1" 200 17260 "http://musotica.com/sesoseknhiso.html" "Mozilla/5.0 (Windows; U; Windows NT 5.1; pl; rv:1.9.0.1) Gecko/2008070208 Firefox/3.0.1" "site.musotica.com"
83.9.68.139 - - [09/Sep/2008:05:11:04 -0700] "GET /musotica/images/spacer.gif HTTP/1.1" 404 275 "http://musotica.com/sesoseknhiso.html" "Mozilla/5.0 (Windows; U; Windows NT 5.1; pl; rv:1.9.0.1) Gecko/2008070208 Firefox/3.0.1" "site.musotica.com"
83.9.68.139 - - [09/Sep/2008:05:11:04 -0700] "GET /musotica/images/clubwear.jpg HTTP/1.1" 200 15480 "http://musotica.com/sesoseknhiso.html" "Mozilla/5.0 (Windows; U; Windows NT 5.1; pl; rv:1.9.0.1) Gecko/2008070208 Firefox/3.0.1" "site.musotica.com"
83.9.68.139 - - [09/Sep/2008:05:11:04 -0700] "GET /musotica/images/newgreendot.gif HTTP/1.1" 200 49 "http://site.musotica.com/musotica/style/style.css" "Mozilla/5.0 (Windows; U; Windows NT 5.1; pl; rv:1.9.0.1) Gecko/2008070208 Firefox/3.0.1" "site.musotica.com"
83.9.68.139 - - [09/Sep/2008:05:11:04 -0700] "GET /musotica/images/stockings.jpg HTTP/1.1" 200 15303 "http://musotica.com/sesoseknhiso.html" "Mozilla/5.0 (Windows; U; Windows NT 5.1; pl; rv:1.9.0.1) Gecko/2008070208 Firefox/3.0.1" "site.musotica.com"
65.54.154.26 - - [09/Sep/2008:05:11:04 -0700] "GET /scripts/dpv.js HTTP/1.0" 304 - "http://musotica.com/nesehuwe.html" "Mozilla/4.0 (compatible; MSIE 7.0; Windows NT 5.1; .NET CLR 1.1.4322)" "site.musotica.com"
83.9.68.139 - - [09/Sep/2008:05:11:05 -0700] "GET /musotica/images/pay.jpg HTTP/1.1" 200 13131 "http://musotica.com/sesoseknhiso.html" "Mozilla/5.0 (Windows; U; Windows NT 5.1; pl; rv:1.9.0.1) Gecko/2008070208 Firefox/3.0.1" "site.musotica.com"
83.9.68.139 - - [09/Sep/2008:05:11:05 -0700] "GET /musotica/images/ss.jpg HTTP/1.1" 200 5500 "http://musotica.com/sesoseknhiso.html" "Mozilla/5.0 (Windows; U; Windows NT 5.1; pl; rv:1.9.0.1) Gecko/2008070208 Firefox/3.0.1" "site.musotica.com"
83.9.68.139 - - [09/Sep/2008:05:11:05 -0700] "GET /musotica/images/shoes.jpg HTTP/1.1" 200 14412 "http://musotica.com/sesoseknhiso.html" "Mozilla/5.0 (Windows; U; Windows NT 5.1; pl; rv:1.9.0.1) Gecko/2008070208 Firefox/3.0.1" "site.musotica.com"
65.54.154.26 - - [09/Sep/2008:05:11:05 -0700] "GET /musotica/images/spacer.gif HTTP/1.0" 404 275 "http://musotica.com/nesehuwe.html" "Mozilla/4.0 (compatible; MSIE 7.0; Windows NT 5.1; .NET CLR 1.1.4322)" "site.musotica.com"
213.165.162.11 - - [09/Sep/2008:05:11:06 -0700] "GET /musotica/style/style.css HTTP/1.1" 200 2675 "http://musotica.com/dancerwear1.html" "Mozilla/4.0 (compatible; MSIE 7.0; Windows NT 6.0; SLCC1; .NET CLR 2.0.50727; .NET CLR 3.0.04506)" "site.musotica.com"
83.9.68.139 - - [09/Sep/2008:05:11:07 -0700] "GET /musotica/images/accessories.jpg HTTP/1.1" 200 17113 "http://musotica.com/sesoseknhiso.html" "Mozilla/5.0 (Windows; U; Windows NT 5.1; pl; rv:1.9.0.1) Gecko/2008070208 Firefox/3.0.1" "site.musotica.com"
213.165.162.11 - - [09/Sep/2008:05:11:07 -0700] "GET /style/rolldiv-ie.css HTTP/1.1" 200 809 "http://musotica.com/dancerwear1.html" "Mozilla/4.0 (compatible; MSIE 7.0; Windows NT 6.0; SLCC1; .NET CLR 2.0.50727; .NET CLR 3.0.04506)" "site.musotica.com"
213.165.162.11 - - [09/Sep/2008:05:11:07 -0700] "GET /scripts/rolldiv.js HTTP/1.1" 200 623 "http://musotica.com/dancerwear1.html" "Mozilla/4.0 (compatible; MSIE 7.0; Windows NT 6.0; SLCC1; .NET CLR 2.0.50727; .NET CLR 3.0.04506)" "site.musotica.com"
213.165.162.11 - - [09/Sep/2008:05:11:07 -0700] "GET /musotica/images/phone.gif HTTP/1.1" 200 385 "http://musotica.com/dancerwear1.html" "Mozilla/4.0 (compatible; MSIE 7.0; Windows NT 6.0; SLCC1; .NET CLR 2.0.50727; .NET CLR 3.0.04506)" "site.musotica.com"
213.165.162.11 - - [09/Sep/2008:05:11:07 -0700] "GET /musotica/images/logo.gif HTTP/1.1" 200 2006 "http://musotica.com/dancerwear1.html" "Mozilla/4.0 (compatible; MSIE 7.0; Windows NT 6.0; SLCC1; .NET CLR 2.0.50727; .NET CLR 3.0.04506)" "site.musotica.com"
213.165.162.11 - - [09/Sep/2008:05:11:07 -0700] "GET /musotica/images/home.gif HTTP/1.1" 200 70 "http://musotica.com/dancerwear1.html" "Mozilla/4.0 (compatible; MSIE 7.0; Windows NT 6.0; SLCC1; .NET CLR 2.0.50727; .NET CLR 3.0.04506)" "site.musotica.com"
213.165.162.11 - - [09/Sep/2008:05:11:07 -0700] "GET /musotica/images/tell.gif HTTP/1.1" 200 67 "http://musotica.com/dancerwear1.html" "Mozilla/4.0 (compatible; MSIE 7.0; Windows NT 6.0; SLCC1; .NET CLR 2.0.50727; .NET CLR 3.0.04506)" "site.musotica.com"
213.165.162.11 - - [09/Sep/2008:05:11:08 -0700] "GET /musotica/images/go.gif HTTP/1.1" 200 731 "http://musotica.com/dancerwear1.html" "Mozilla/4.0 (compatible; MSIE 7.0; Windows NT 6.0; SLCC1; .NET CLR 2.0.50727; .NET CLR 3.0.04506)" "site.musotica.com"
213.165.162.11 - - [09/Sep/2008:05:11:08 -0700] "GET /musotica/images/bookmark.gif HTTP/1.1" 200 124 "http://musotica.com/dancerwear1.html" "Mozilla/4.0 (compatible; MSIE 7.0; Windows NT 6.0; SLCC1; .NET CLR 2.0.50727; .NET CLR 3.0.04506)" "site.musotica.com"
213.165.162.11 - - [09/Sep/2008:05:11:08 -0700] "GET /musotica/images/arrow.gif HTTP/1.1" 200 61 "http://musotica.com/dancerwear1.html" "Mozilla/4.0 (compatible; MSIE 7.0; Windows NT 6.0; SLCC1; .NET CLR 2.0.50727; .NET CLR 3.0.04506)" "site.musotica.com"
213.165.162.11 - - [09/Sep/2008:05:11:08 -0700] "GET /musotica/images/shop.gif HTTP/1.1" 200 83 "http://musotica.com/dancerwear1.html" "Mozilla/4.0 (compatible; MSIE 7.0; Windows NT 6.0; SLCC1; .NET CLR 2.0.50727; .NET CLR 3.0.04506)" "site.musotica.com"
213.165.162.11 - - [09/Sep/2008:05:11:09 -0700] "GET /musotica/images/search.gif HTTP/1.1" 200 1538 "http://musotica.com/dancerwear1.html" "Mozilla/4.0 (compatible; MSIE 7.0; Windows NT 6.0; SLCC1; .NET CLR 2.0.50727; .NET CLR 3.0.04506)" "site.musotica.com"
213.165.162.11 - - [09/Sep/2008:05:11:09 -0700] "GET /musotica/images/head_strip.gif HTTP/1.1" 200 63 "http://musotica.com/dancerwear1.html" "Mozilla/4.0 (compatible; MSIE 7.0; Windows NT 6.0; SLCC1; .NET CLR 2.0.50727; .NET CLR 3.0.04506)" "site.musotica.com"
213.165.162.11 - - [09/Sep/2008:05:11:09 -0700] "GET /musotica/images/newdot.gif HTTP/1.1" 200 62 "http://musotica.com/dancerwear1.html" "Mozilla/4.0 (compatible; MSIE 7.0; Windows NT 6.0; SLCC1; .NET CLR 2.0.50727; .NET CLR 3.0.04506)" "site.musotica.com"
213.165.162.11 - - [09/Sep/2008:05:11:09 -0700] "GET /musotica/images/midline.gif HTTP/1.1" 200 49 "http://musotica.com/dancerwear1.html" "Mozilla/4.0 (compatible; MSIE 7.0; Windows NT 6.0; SLCC1; .NET CLR 2.0.50727; .NET CLR 3.0.04506)" "site.musotica.com"
213.165.162.11 - - [09/Sep/2008:05:11:10 -0700] "GET /musotica/images/lingeris.jpg HTTP/1.1" 200 17260 "http://musotica.com/dancerwear1.html" "Mozilla/4.0 (compatible; MSIE 7.0; Windows NT 6.0; SLCC1; .NET CLR 2.0.50727; .NET CLR 3.0.04506)" "site.musotica.com"
213.165.162.11 - - [09/Sep/2008:05:11:10 -0700] "GET /musotica/images/spacer.gif HTTP/1.1" 404 275 "http://musotica.com/dancerwear1.html" "Mozilla/4.0 (compatible; MSIE 7.0; Windows NT 6.0; SLCC1; .NET CLR 2.0.50727; .NET CLR 3.0.04506)" "site.musotica.com"
213.165.162.11 - - [09/Sep/2008:05:11:11 -0700] "GET /rolldiv-images/shadow.png HTTP/1.1" 200 175 "-" "Mozilla/4.0 (compatible; MSIE 7.0; Windows NT 6.0; SLCC1; .NET CLR 2.0.50727; .NET CLR 3.0.04506)" "site.musotica.com"
213.165.162.11 - - [09/Sep/2008:05:11:11 -0700] "GET /musotica/images/clubwear.jpg HTTP/1.1" 200 15480 "http://musotica.com/dancerwear1.html" "Mozilla/4.0 (compatible; MSIE 7.0; Windows NT 6.0; SLCC1; .NET CLR 2.0.50727; .NET CLR 3.0.04506)" "site.musotica.com"
96.239.40.82 - - [09/Sep/2008:05:11:12 -0700] "GET /scripts/cookies.js HTTP/1.1" 200 1429 "http://musotica.com/sexysports.html" "Mozilla/5.0 (Macintosh; U; PPC Mac OS X; en-us) AppleWebKit/85.8.5 (KHTML, like Gecko) Safari/85.8.1" "site.musotica.com"
213.165.162.11 - - [09/Sep/2008:05:11:12 -0700] "GET /musotica/images/shoes.jpg HTTP/1.1" 200 14412 "http://musotica.com/dancerwear1.html" "Mozilla/4.0 (compatible; MSIE 7.0; Windows NT 6.0; SLCC1; .NET CLR 2.0.50727; .NET CLR 3.0.04506)" "site.musotica.com"
96.239.40.82 - - [09/Sep/2008:05:11:12 -0700] "GET /scripts/pagging-inner.js HTTP/1.1" 200 24676 "http://musotica.com/sexysports.html" "Mozilla/5.0 (Macintosh; U; PPC Mac OS X; en-us) AppleWebKit/85.8.5 (KHTML, like Gecko) Safari/85.8.1" "site.musotica.com"
96.239.40.82 - - [09/Sep/2008:05:11:13 -0700] "GET /scripts/dpv.js HTTP/1.1" 200 1545 "http://musotica.com/sexysports.html" "Mozilla/5.0 (Macintosh; U; PPC Mac OS X; en-us) AppleWebKit/85.8.5 (KHTML, like Gecko) Safari/85.8.1" "site.musotica.com"
63.113.199.109 - - [09/Sep/2008:05:11:13 -0700] "GET /musotica/images/spacer.gif HTTP/1.1" 404 275 "http://musotica.com/haco.html" "Mozilla/4.0 (compatible; MSIE 6.0; Windows NT 5.1; SV1; .NET CLR 1.1.4322)" "site.musotica.com"
213.165.162.11 - - [09/Sep/2008:05:11:14 -0700] "GET /musotica/images/pay.jpg HTTP/1.1" 200 13131 "http://musotica.com/dancerwear1.html" "Mozilla/4.0 (compatible; MSIE 7.0; Windows NT 6.0; SLCC1; .NET CLR 2.0.50727; .NET CLR 3.0.04506)" "site.musotica.com"
213.165.162.11 - - [09/Sep/2008:05:11:15 -0700] "GET /musotica/images/stockings.jpg HTTP/1.1" 200 15303 "http://musotica.com/dancerwear1.html" "Mozilla/4.0 (compatible; MSIE 7.0; Windows NT 6.0; SLCC1; .NET CLR 2.0.50727; .NET CLR 3.0.04506)" "site.musotica.com"
213.165.162.11 - - [09/Sep/2008:05:11:15 -0700] "GET /musotica/images/ss.jpg HTTP/1.1" 200 5500 "http://musotica.com/dancerwear1.html" "Mozilla/4.0 (compatible; MSIE 7.0; Windows NT 6.0; SLCC1; .NET CLR 2.0.50727; .NET CLR 3.0.04506)" "site.musotica.com"
213.165.162.11 - - [09/Sep/2008:05:11:16 -0700] "GET /musotica/images/accessories.jpg HTTP/1.1" 200 17113 "http://musotica.com/dancerwear1.html" "Mozilla/4.0 (compatible; MSIE 7.0; Windows NT 6.0; SLCC1; .NET CLR 2.0.50727; .NET CLR 3.0.04506)" "site.musotica.com"
213.165.162.11 - - [09/Sep/2008:05:11:17 -0700] "GET /musotica/images/bannerdot.gif HTTP/1.1" 200 49 "http://musotica.com/dancerwear1.html" "Mozilla/4.0 (compatible; MSIE 7.0; Windows NT 6.0; SLCC1; .NET CLR 2.0.50727; .NET CLR 3.0.04506)" "site.musotica.com"
213.165.162.11 - - [09/Sep/2008:05:11:17 -0700] "GET /musotica/images/newgreendot.gif HTTP/1.1" 200 49 "http://musotica.com/dancerwear1.html" "Mozilla/4.0 (compatible; MSIE 7.0; Windows NT 6.0; SLCC1; .NET CLR 2.0.50727; .NET CLR 3.0.04506)" "site.musotica.com"
79.130.223.166 - - [09/Sep/2008:05:11:18 -0700] "GET /musotica/style/style.css HTTP/1.1" 200 2675 "http://musotica.com/selegavsw.html" "Mozilla/5.0 (Windows; U; Windows NT 5.1; el; rv:1.8.1.16) Gecko/20080702 Firefox/2.0.0.16" "site.musotica.com"
213.165.162.11 - - [09/Sep/2008:05:11:19 -0700] "GET /rolldiv-images/header.png HTTP/1.1" 200 730 "-" "Mozilla/4.0 (compatible; MSIE 7.0; Windows NT 6.0; SLCC1; .NET CLR 2.0.50727; .NET CLR 3.0.04506)" "site.musotica.com"
213.165.162.11 - - [09/Sep/2008:05:11:20 -0700] "GET /rolldiv-images/footer.png HTTP/1.1" 200 637 "-" "Mozilla/4.0 (compatible; MSIE 7.0; Windows NT 6.0; SLCC1; .NET CLR 2.0.50727; .NET CLR 3.0.04506)" "site.musotica.com"
79.130.223.166 - - [09/Sep/2008:05:11:20 -0700] "GET /style/rolldiv-mozilla.css HTTP/1.1" 200 711 "http://musotica.com/selegavsw.html" "Mozilla/5.0 (Windows; U; Windows NT 5.1; el; rv:1.8.1.16) Gecko/20080702 Firefox/2.0.0.16" "site.musotica.com"
79.130.223.166 - - [09/Sep/2008:05:11:20 -0700] "GET /scripts/rolldiv.js HTTP/1.1" 200 623 "http://musotica.com/selegavsw.html" "Mozilla/5.0 (Windows; U; Windows NT 5.1; el; rv:1.8.1.16) Gecko/20080702 Firefox/2.0.0.16" "site.musotica.com"
79.130.223.166 - - [09/Sep/2008:05:11:21 -0700] "GET /musotica/images/logo.gif HTTP/1.1" 200 2006 "http://musotica.com/selegavsw.html" "Mozilla/5.0 (Windows; U; Windows NT 5.1; el; rv:1.8.1.16) Gecko/20080702 Firefox/2.0.0.16" "site.musotica.com"
79.130.223.166 - - [09/Sep/2008:05:11:21 -0700] "GET /musotica/images/phone.gif HTTP/1.1" 200 385 "http://musotica.com/selegavsw.html" "Mozilla/5.0 (Windows; U; Windows NT 5.1; el; rv:1.8.1.16) Gecko/20080702 Firefox/2.0.0.16" "site.musotica.com"
79.130.223.166 - - [09/Sep/2008:05:11:21 -0700] "GET /scripts/cookies.js HTTP/1.1" 200 1429 "http://musotica.com/selegavsw.html" "Mozilla/5.0 (Windows; U; Windows NT 5.1; el; rv:1.8.1.16) Gecko/20080702 Firefox/2.0.0.16" "site.musotica.com"
79.130.223.166 - - [09/Sep/2008:05:11:21 -0700] "GET /musotica/images/home.gif HTTP/1.1" 200 70 "http://musotica.com/selegavsw.html" "Mozilla/5.0 (Windows; U; Windows NT 5.1; el; rv:1.8.1.16) Gecko/20080702 Firefox/2.0.0.16" "site.musotica.com"
79.130.223.166 - - [09/Sep/2008:05:11:21 -0700] "GET /musotica/images/tell.gif HTTP/1.1" 200 67 "http://musotica.com/selegavsw.html" "Mozilla/5.0 (Windows; U; Windows NT 5.1; el; rv:1.8.1.16) Gecko/20080702 Firefox/2.0.0.16" "site.musotica.com"
79.130.223.166 - - [09/Sep/2008:05:11:21 -0700] "GET /scripts/pagging-inner.js HTTP/1.1" 200 24676 "http://musotica.com/selegavsw.html" "Mozilla/5.0 (Windows; U; Windows NT 5.1; el; rv:1.8.1.16) Gecko/20080702 Firefox/2.0.0.16" "site.musotica.com"
79.130.223.166 - - [09/Sep/2008:05:11:22 -0700] "GET /musotica/images/bookmark.gif HTTP/1.1" 200 124 "http://musotica.com/selegavsw.html" "Mozilla/5.0 (Windows; U; Windows NT 5.1; el; rv:1.8.1.16) Gecko/20080702 Firefox/2.0.0.16" "site.musotica.com"
79.130.223.166 - - [09/Sep/2008:05:11:22 -0700] "GET /musotica/images/go.gif HTTP/1.1" 200 731 "http://musotica.com/selegavsw.html" "Mozilla/5.0 (Windows; U; Windows NT 5.1; el; rv:1.8.1.16) Gecko/20080702 Firefox/2.0.0.16" "site.musotica.com"
79.130.223.166 - - [09/Sep/2008:05:11:22 -0700] "GET /musotica/images/shop.gif HTTP/1.1" 200 83 "http://musotica.com/selegavsw.html" "Mozilla/5.0 (Windows; U; Windows NT 5.1; el; rv:1.8.1.16) Gecko/20080702 Firefox/2.0.0.16" "site.musotica.com"
79.130.223.166 - - [09/Sep/2008:05:11:23 -0700] "GET /scripts/dpv.js HTTP/1.1" 200 1545 "http://musotica.com/selegavsw.html" "Mozilla/5.0 (Windows; U; Windows NT 5.1; el; rv:1.8.1.16) Gecko/20080702 Firefox/2.0.0.16" "site.musotica.com"
79.130.223.166 - - [09/Sep/2008:05:11:23 -0700] "GET /musotica/images/arrow.gif HTTP/1.1" 200 61 "http://musotica.com/selegavsw.html" "Mozilla/5.0 (Windows; U; Windows NT 5.1; el; rv:1.8.1.16) Gecko/20080702 Firefox/2.0.0.16" "site.musotica.com"
79.130.223.166 - - [09/Sep/2008:05:11:23 -0700] "GET /musotica/images/head_strip.gif HTTP/1.1" 200 63 "http://site.musotica.com/musotica/style/style.css" "Mozilla/5.0 (Windows; U; Windows NT 5.1; el; rv:1.8.1.16) Gecko/20080702 Firefox/2.0.0.16" "site.musotica.com"
79.130.223.166 - - [09/Sep/2008:05:11:23 -0700] "GET /musotica/images/lingeris.jpg HTTP/1.1" 200 17260 "http://musotica.com/selegavsw.html" "Mozilla/5.0 (Windows; U; Windows NT 5.1; el; rv:1.8.1.16) Gecko/20080702 Firefox/2.0.0.16" "site.musotica.com"
